[INFO] fetching crate acme-conduits 0.2.4...
[INFO] testing acme-conduits-0.2.4 against 1.75.0 for beta-1.76-1
[INFO] extracting crate acme-conduits 0.2.4 into /workspace/builds/worker-6-tc1/source
[INFO] validating manifest of crates.io crate acme-conduits 0.2.4 on toolchain 1.75.0
[INFO] running `Command { std: CARGO_HOME="/workspace/cargo-home" RUSTUP_HOME="/workspace/rustup-home" "/workspace/cargo-home/bin/cargo" "+1.75.0" "metadata" "--manifest-path" "Cargo.toml" "--no-deps", kill_on_drop: false }`
[INFO] started tweaking crates.io crate acme-conduits 0.2.4
[INFO] finished tweaking crates.io crate acme-conduits 0.2.4
[INFO] tweaked toml for crates.io crate acme-conduits 0.2.4 written to /workspace/builds/worker-6-tc1/source/Cargo.toml
[INFO] running `Command { std: CARGO_HOME="/workspace/cargo-home" RUSTUP_HOME="/workspace/rustup-home" "/workspace/cargo-home/bin/cargo" "+1.75.0" "generate-lockfile" "--manifest-path" "Cargo.toml", kill_on_drop: false }`
[INFO] [stderr]     Updating crates.io index
[INFO] running `Command { std: CARGO_HOME="/workspace/cargo-home" RUSTUP_HOME="/workspace/rustup-home" "/workspace/cargo-home/bin/cargo" "+1.75.0" "fetch" "--manifest-path" "Cargo.toml", kill_on_drop: false }`
[INFO] [stderr]  Downloading crates ...
[INFO] [stderr]   Downloaded dlv-list v0.3.0
[INFO] [stderr]   Downloaded radium v0.7.0
[INFO] [stderr]   Downloaded pest_meta v2.7.6
[INFO] [stderr]   Downloaded rust-ini v0.18.0
[INFO] [stderr]   Downloaded funty v2.0.0
[INFO] [stderr]   Downloaded config v0.13.4
[INFO] [stderr]   Downloaded time-macros v0.2.16
[INFO] [stderr]   Downloaded decanter-crypto v0.1.5
[INFO] [stderr]   Downloaded tap v1.0.1
[INFO] [stderr]   Downloaded json5 v0.4.1
[INFO] [stderr]   Downloaded pest_generator v2.7.6
[INFO] [stderr]   Downloaded minimal-lexical v0.2.1
[INFO] [stderr]   Downloaded bitvec v1.0.1
[INFO] [stderr]   Downloaded nom v7.1.3
[INFO] [stderr]   Downloaded yaml-rust v0.4.5
[INFO] [stderr]   Downloaded ron v0.7.1
[INFO] [stderr]   Downloaded pest v2.7.6
[INFO] [stderr]   Downloaded bson v2.8.1
[INFO] [stderr]   Downloaded uuid v1.6.1
[INFO] [stderr]   Downloaded time v0.3.31
[INFO] [stderr]   Downloaded pest_derive v2.7.6
[INFO] [stderr]   Downloaded wyz v0.5.1
[INFO] [stderr]   Downloaded smart-default v0.6.0
[INFO] [stderr]   Downloaded ucd-trie v0.1.6
[INFO] [stderr]   Downloaded deranged v0.3.11
[INFO] [stderr]   Downloaded linked-hash-map v0.5.6
[INFO] [stderr]   Downloaded pathdiff v0.2.1
[INFO] [stderr]   Downloaded strum v0.24.1
[INFO] [stderr]   Downloaded ordered-multimap v0.4.3
[INFO] [stderr]   Downloaded strum_macros v0.24.3
[INFO] [stderr]   Downloaded scsys-derive v0.1.42
[INFO] [stderr]   Downloaded scsys-core v0.1.42
[INFO] [stderr]   Downloaded decanter-derive v0.1.6
[INFO] [stderr]   Downloaded scsys-macros v0.1.42
[INFO] [stderr]   Downloaded scsys v0.1.42
[INFO] [stderr]   Downloaded scsys-actors v0.1.42
[INFO] [stderr]   Downloaded decanter v0.1.5
[INFO] running `Command { std: "docker" "create" "-v" "/var/lib/crater-agent-workspace/builds/worker-6-tc1/target:/opt/rustwide/target:rw,Z" "-v" "/var/lib/crater-agent-workspace/builds/worker-6-tc1/source:/opt/rustwide/workdir:ro,Z" "-v" "/var/lib/crater-agent-workspace/cargo-home:/opt/rustwide/cargo-home:ro,Z" "-v" "/var/lib/crater-agent-workspace/rustup-home:/opt/rustwide/rustup-home:ro,Z" "-e" "SOURCE_DIR=/opt/rustwide/workdir" "-e" "CARGO_TARGET_DIR=/opt/rustwide/target" "-e" "CARGO_HOME=/opt/rustwide/cargo-home" "-e" "RUSTUP_HOME=/opt/rustwide/rustup-home" "-w" "/opt/rustwide/workdir" "-m" "1610612736" "--user" "0:0" "--network" "none" "ghcr.io/rust-lang/crates-build-env/linux@sha256:2788e3201cd34a07e3172128adcd8b3090168a8e3bcc40d7c032b9dda1df7d1c" "/opt/rustwide/cargo-home/bin/cargo" "+1.75.0" "metadata" "--no-deps" "--format-version=1", kill_on_drop: false }`
[INFO] [stdout] 27887d6b3fb4fa1af3d37b98cf37431d0bdebdbdce609c9285f73e9807640c08
[INFO] running `Command { std: "docker" "start" "-a" "27887d6b3fb4fa1af3d37b98cf37431d0bdebdbdce609c9285f73e9807640c08", kill_on_drop: false }`
[INFO] running `Command { std: "docker" "inspect" "27887d6b3fb4fa1af3d37b98cf37431d0bdebdbdce609c9285f73e9807640c08", kill_on_drop: false }`
[INFO] running `Command { std: "docker" "rm" "-f" "27887d6b3fb4fa1af3d37b98cf37431d0bdebdbdce609c9285f73e9807640c08", kill_on_drop: false }`
[INFO] [stdout] 27887d6b3fb4fa1af3d37b98cf37431d0bdebdbdce609c9285f73e9807640c08
[INFO] running `Command { std: "docker" "create" "-v" "/var/lib/crater-agent-workspace/builds/worker-6-tc1/target:/opt/rustwide/target:rw,Z" "-v" "/var/lib/crater-agent-workspace/builds/worker-6-tc1/source:/opt/rustwide/workdir:ro,Z" "-v" "/var/lib/crater-agent-workspace/cargo-home:/opt/rustwide/cargo-home:ro,Z" "-v" "/var/lib/crater-agent-workspace/rustup-home:/opt/rustwide/rustup-home:ro,Z" "-e" "SOURCE_DIR=/opt/rustwide/workdir" "-e" "CARGO_TARGET_DIR=/opt/rustwide/target" "-e" "CARGO_INCREMENTAL=0" "-e" "RUST_BACKTRACE=full" "-e" "RUSTFLAGS=--cap-lints=warn" "-e" "RUSTDOCFLAGS=--cap-lints=warn" "-e" "CARGO_HOME=/opt/rustwide/cargo-home" "-e" "RUSTUP_HOME=/opt/rustwide/rustup-home" "-w" "/opt/rustwide/workdir" "-m" "1610612736" "--user" "0:0" "--network" "none" "ghcr.io/rust-lang/crates-build-env/linux@sha256:2788e3201cd34a07e3172128adcd8b3090168a8e3bcc40d7c032b9dda1df7d1c" "/opt/rustwide/cargo-home/bin/cargo" "+1.75.0" "build" "--frozen" "--message-format=json", kill_on_drop: false }`
[INFO] [stdout] ff7cce06ee4f710202c21e4888288f173243df5861599f93ce0a20d4b18aa883
[INFO] running `Command { std: "docker" "start" "-a" "ff7cce06ee4f710202c21e4888288f173243df5861599f93ce0a20d4b18aa883", kill_on_drop: false }`
[INFO] [stderr]    Compiling proc-macro2 v1.0.75
[INFO] [stderr]    Compiling unicode-ident v1.0.12
[INFO] [stderr]    Compiling libc v0.2.151
[INFO] [stderr]    Compiling version_check v0.9.4
[INFO] [stderr]    Compiling serde v1.0.194
[INFO] [stderr]    Compiling once_cell v1.19.0
[INFO] [stderr]    Compiling syn v1.0.109
[INFO] [stderr]    Compiling serde_json v1.0.111
[INFO] [stderr]    Compiling hashbrown v0.14.3
[INFO] [stderr]    Compiling itoa v1.0.10
[INFO] [stderr]    Compiling thiserror v1.0.56
[INFO] [stderr]    Compiling ryu v1.0.16
[INFO] [stderr]    Compiling memchr v2.7.1
[INFO] [stderr]    Compiling strsim v0.10.0
[INFO] [stderr]    Compiling ident_case v1.0.1
[INFO] [stderr]    Compiling fnv v1.0.7
[INFO] [stderr]    Compiling ucd-trie v0.1.6
[INFO] [stderr]    Compiling rustversion v1.0.14
[INFO] [stderr]    Compiling num-traits v0.2.17
[INFO] [stderr]    Compiling radium v0.7.0
[INFO] [stderr]    Compiling indexmap v1.9.3
[INFO] [stderr]    Compiling tap v1.0.1
[INFO] [stderr]    Compiling base64 v0.13.1
[INFO] [stderr]    Compiling heck v0.4.1
[INFO] [stderr]    Compiling deranged v0.3.11
[INFO] [stderr]    Compiling ahash v0.7.7
[INFO] [stderr]    Compiling ahash v0.8.7
[INFO] [stderr]    Compiling wyz v0.5.1
[INFO] [stderr]    Compiling time-macros v0.2.16
[INFO] [stderr]    Compiling zerocopy v0.7.32
[INFO] [stderr]    Compiling iana-time-zone v0.1.59
[INFO] [stderr]    Compiling dlv-list v0.3.0
[INFO] [stderr]    Compiling funty v2.0.0
[INFO] [stderr]    Compiling async-trait v0.1.77
[INFO] [stderr]    Compiling indexmap v2.1.0
[INFO] [stderr]    Compiling generic-array v0.14.7
[INFO] [stderr]    Compiling percent-encoding v2.3.1
[INFO] [stderr]    Compiling unicode-bidi v0.3.14
[INFO] [stderr]    Compiling linked-hash-map v0.5.6
[INFO] [stderr]    Compiling minimal-lexical v0.2.1
[INFO] [stderr]    Compiling quote v1.0.35
[INFO] [stderr]    Compiling form_urlencoded v1.2.1
[INFO] [stderr]    Compiling anyhow v1.0.79
[INFO] [stderr]    Compiling constant_time_eq v0.3.0
[INFO] [stderr]    Compiling yaml-rust v0.4.5
[INFO] [stderr]    Compiling pathdiff v0.2.1
[INFO] [stderr]    Compiling nom v7.1.3
[INFO] [stderr]    Compiling arrayvec v0.7.4
[INFO] [stderr]    Compiling syn v2.0.48
[INFO] [stderr]    Compiling getrandom v0.2.11
[INFO] [stderr]    Compiling cc v1.0.83
[INFO] [stderr]    Compiling bitvec v1.0.1
[INFO] [stderr]    Compiling idna v0.5.0
[INFO] [stderr]    Compiling rand_core v0.6.4
[INFO] [stderr]    Compiling arrayref v0.3.7
[INFO] [stderr]    Compiling hashbrown v0.12.3
[INFO] [stderr]    Compiling rand_chacha v0.3.1
[INFO] [stderr]    Compiling chrono v0.4.31
[INFO] [stderr]    Compiling glob v0.3.1
[INFO] [stderr]    Compiling pin-project-lite v0.2.13
[INFO] [stderr]    Compiling mio v0.8.10
[INFO] [stderr]    Compiling rand v0.8.5
[INFO] [stderr]    Compiling url v2.5.0
[INFO] [stderr]    Compiling ordered-multimap v0.4.3
[INFO] [stderr]    Compiling time v0.3.31
[INFO] [stderr]    Compiling ring v0.16.20
[INFO] [stderr]    Compiling blake3 v1.5.0
[INFO] [stderr]    Compiling rust-ini v0.18.0
[INFO] [stderr]    Compiling darling_core v0.13.4
[INFO] [stderr]    Compiling serde_derive v1.0.194
[INFO] [stderr]    Compiling thiserror-impl v1.0.56
[INFO] [stderr]    Compiling tokio-macros v2.2.0
[INFO] [stderr]    Compiling tokio v1.35.1
[INFO] [stderr]    Compiling pest v2.7.6
[INFO] [stderr]    Compiling strum_macros v0.24.3
[INFO] [stderr]    Compiling smart-default v0.6.0
[INFO] [stderr]    Compiling darling_macro v0.13.4
[INFO] [stderr]    Compiling darling v0.13.4
[INFO] [stderr]    Compiling serde_with_macros v1.5.2
[INFO] [stderr]    Compiling pest_meta v2.7.6
[INFO] [stderr]    Compiling strum v0.24.1
[INFO] [stderr]    Compiling pest_generator v2.7.6
[INFO] [stderr]    Compiling pest_derive v2.7.6
[INFO] [stderr]    Compiling serde_with v1.14.0
[INFO] [stderr]    Compiling uuid v0.8.2
[INFO] [stderr]    Compiling uuid v1.6.1
[INFO] [stderr]    Compiling serde_bytes v0.11.14
[INFO] [stderr]    Compiling toml v0.5.11
[INFO] [stderr]    Compiling json5 v0.4.1
[INFO] [stderr]    Compiling ron v0.7.1
[INFO] [stderr]    Compiling config v0.13.4
[INFO] [stderr]    Compiling decanter-crypto v0.1.5
[INFO] [stderr]    Compiling decanter-derive v0.1.6
[INFO] [stderr]    Compiling scsys-derive v0.1.42
[INFO] [stderr]    Compiling bson v2.8.1
[INFO] [stderr]    Compiling decanter v0.1.5
[INFO] [stderr]    Compiling scsys-macros v0.1.42
[INFO] [stderr]    Compiling scsys-core v0.1.42
[INFO] [stderr]    Compiling scsys-actors v0.1.42
[INFO] [stdout] error[E0432]: unresolved imports `decanter::crypto::Hashable`, `decanter::Hash`
[INFO] [stdout]  --> /opt/rustwide/cargo-home/registry/src/index.crates.io-6f17d22bba15001f/scsys-actors-0.1.42/src/catalysts/catalyst.rs:7:16
[INFO] [stdout]   |
[INFO] [stdout] 7 | use decanter::{crypto::Hashable, Hash};
[INFO] [stdout]   |                ^^^^^^^^^^^^^^^^  ^^^^
[INFO] [stdout]   |                |                 |
[INFO] [stdout]   |                |                 no `Hash` in the root
[INFO] [stdout]   |                |                 help: a similar name exists in the module: `hash`
[INFO] [stdout]   |                no `Hashable` in the root
[INFO] [stdout]   |
[INFO] [stdout]   = help: consider importing this trait instead:
[INFO] [stdout]           decanter::prelude::Hashable
[INFO] [stdout]   = help: consider importing one of these items instead:
[INFO] [stdout]           std::hash::Hash
[INFO] [stdout]           core::hash::Hash
[INFO] [stdout] 
[INFO] [stdout] 
[INFO] [stdout] error[E0432]: unresolved imports `decanter::crypto::Hashable`, `decanter::Hash`
[INFO] [stdout]  --> /opt/rustwide/cargo-home/registry/src/index.crates.io-6f17d22bba15001f/scsys-actors-0.1.42/src/messages/message.rs:7:16
[INFO] [stdout]   |
[INFO] [stdout] 7 | use decanter::{crypto::Hashable, Hash};
[INFO] [stdout]   |                ^^^^^^^^^^^^^^^^  ^^^^
[INFO] [stdout]   |                |                 |
[INFO] [stdout]   |                |                 no `Hash` in the root
[INFO] [stdout]   |                |                 help: a similar name exists in the module: `hash`
[INFO] [stdout]   |                no `Hashable` in the root
[INFO] [stdout]   |
[INFO] [stdout]   = help: consider importing this trait instead:
[INFO] [stdout]           decanter::prelude::Hashable
[INFO] [stdout]   = help: consider importing one of these items instead:
[INFO] [stdout]           std::hash::Hash
[INFO] [stdout]           core::hash::Hash
[INFO] [stdout] 
[INFO] [stdout] 
[INFO] [stdout] error[E0432]: unresolved import `decanter::prelude::Hash`
[INFO] [stdout]   --> /opt/rustwide/cargo-home/registry/src/index.crates.io-6f17d22bba15001f/scsys-actors-0.1.42/src/states/state.rs:10:25
[INFO] [stdout]    |
[INFO] [stdout] 10 | use decanter::prelude::{Hash, Hashable, H256};
[INFO] [stdout]    |                         ^^^^
[INFO] [stdout]    |                         |
[INFO] [stdout]    |                         no `Hash` in `prelude`
[INFO] [stdout]    |                         help: a similar name exists in the module: `hash`
[INFO] [stdout]    |
[INFO] [stdout]    = help: consider importing one of these items instead:
[INFO] [stdout]            std::hash::Hash
[INFO] [stdout]            core::hash::Hash
[INFO] [stdout] 
[INFO] [stdout] 
[INFO] [stdout] error[E0432]: unresolved imports `decanter::crypto::Hashable`, `decanter::Hash`
[INFO] [stdout]  --> /opt/rustwide/cargo-home/registry/src/index.crates.io-6f17d22bba15001f/scsys-actors-0.1.42/src/direction.rs:6:16
[INFO] [stdout]   |
[INFO] [stdout] 6 | use decanter::{crypto::Hashable, Hash};
[INFO] [stdout]   |                ^^^^^^^^^^^^^^^^  ^^^^
[INFO] [stdout]   |                |                 |
[INFO] [stdout]   |                |                 no `Hash` in the root
[INFO] [stdout]   |                |                 help: a similar name exists in the module: `hash`
[INFO] [stdout]   |                no `Hashable` in the root
[INFO] [stdout]   |
[INFO] [stdout]   = help: consider importing this trait instead:
[INFO] [stdout]           decanter::prelude::Hashable
[INFO] [stdout]   = help: consider importing one of these items instead:
[INFO] [stdout]           std::hash::Hash
[INFO] [stdout]           core::hash::Hash
[INFO] [stdout] 
[INFO] [stdout] 
[INFO] [stdout] error[E0277]: the trait bound `context::Context<Cnf>: AsRef<[u8]>` is not satisfied
[INFO] [stdout]   --> /opt/rustwide/cargo-home/registry/src/index.crates.io-6f17d22bba15001f/scsys-actors-0.1.42/src/contexts/context.rs:23:16
[INFO] [stdout]    |
[INFO] [stdout] 23 |         hasher(self).into()
[INFO] [stdout]    |         ------ ^^^^ the trait `AsRef<[u8]>` is not implemented for `context::Context<Cnf>`
[INFO] [stdout]    |         |
[INFO] [stdout]    |         required by a bound introduced by this call
[INFO] [stdout]    |
[INFO] [stdout]    = note: required for `&context::Context<Cnf>` to implement `AsRef<[u8]>`
[INFO] [stdout] note: required by a bound in `hasher`
[INFO] [stdout]   --> /opt/rustwide/cargo-home/registry/src/index.crates.io-6f17d22bba15001f/decanter-0.1.5/src/hash/mod.rs:57:26
[INFO] [stdout]    |
[INFO] [stdout] 57 | pub fn hasher(data: impl AsRef<[u8]>) -> GenericHash {
[INFO] [stdout]    |                          ^^^^^^^^^^^ required by this bound in `hasher`
[INFO] [stdout] 
[INFO] [stdout] 
[INFO] [stdout] error: aborting due to 5 previous errors
[INFO] [stdout] 
[INFO] [stdout] 
[INFO] [stdout] Some errors have detailed explanations: E0277, E0432.
[INFO] [stdout] 
[INFO] [stdout] For more information about an error, try `rustc --explain E0277`.
[INFO] [stdout] 
[INFO] [stderr] error: could not compile `scsys-actors` (lib) due to 6 previous errors
[INFO] [stderr] warning: build failed, waiting for other jobs to finish...
[INFO] running `Command { std: "docker" "inspect" "ff7cce06ee4f710202c21e4888288f173243df5861599f93ce0a20d4b18aa883", kill_on_drop: false }`
[INFO] running `Command { std: "docker" "rm" "-f" "ff7cce06ee4f710202c21e4888288f173243df5861599f93ce0a20d4b18aa883", kill_on_drop: false }`
[INFO] [stdout] ff7cce06ee4f710202c21e4888288f173243df5861599f93ce0a20d4b18aa883
[INFO] testing acme-conduits-0.2.4 against beta-2023-12-22 for beta-1.76-1
[INFO] extracting crate acme-conduits 0.2.4 into /workspace/builds/worker-6-tc2/source
[INFO] validating manifest of crates.io crate acme-conduits 0.2.4 on toolchain beta-2023-12-22
[INFO] running `Command { std: CARGO_HOME="/workspace/cargo-home" RUSTUP_HOME="/workspace/rustup-home" "/workspace/cargo-home/bin/cargo" "+beta-2023-12-22" "metadata" "--manifest-path" "Cargo.toml" "--no-deps", kill_on_drop: false }`
[INFO] started tweaking crates.io crate acme-conduits 0.2.4
[INFO] finished tweaking crates.io crate acme-conduits 0.2.4
[INFO] tweaked toml for crates.io crate acme-conduits 0.2.4 written to /workspace/builds/worker-6-tc2/source/Cargo.toml
[INFO] running `Command { std: CARGO_HOME="/workspace/cargo-home" RUSTUP_HOME="/workspace/rustup-home" "/workspace/cargo-home/bin/cargo" "+beta-2023-12-22" "generate-lockfile" "--manifest-path" "Cargo.toml", kill_on_drop: false }`
[INFO] [stderr]     Updating crates.io index
[INFO] running `Command { std: CARGO_HOME="/workspace/cargo-home" RUSTUP_HOME="/workspace/rustup-home" "/workspace/cargo-home/bin/cargo" "+beta-2023-12-22" "fetch" "--manifest-path" "Cargo.toml", kill_on_drop: false }`
[INFO] running `Command { std: "docker" "create" "-v" "/var/lib/crater-agent-workspace/builds/worker-6-tc2/target:/opt/rustwide/target:rw,Z" "-v" "/var/lib/crater-agent-workspace/builds/worker-6-tc2/source:/opt/rustwide/workdir:ro,Z" "-v" "/var/lib/crater-agent-workspace/cargo-home:/opt/rustwide/cargo-home:ro,Z" "-v" "/var/lib/crater-agent-workspace/rustup-home:/opt/rustwide/rustup-home:ro,Z" "-e" "SOURCE_DIR=/opt/rustwide/workdir" "-e" "CARGO_TARGET_DIR=/opt/rustwide/target" "-e" "CARGO_HOME=/opt/rustwide/cargo-home" "-e" "RUSTUP_HOME=/opt/rustwide/rustup-home" "-w" "/opt/rustwide/workdir" "-m" "1610612736" "--user" "0:0" "--network" "none" "ghcr.io/rust-lang/crates-build-env/linux@sha256:2788e3201cd34a07e3172128adcd8b3090168a8e3bcc40d7c032b9dda1df7d1c" "/opt/rustwide/cargo-home/bin/cargo" "+beta-2023-12-22" "metadata" "--no-deps" "--format-version=1", kill_on_drop: false }`
[INFO] [stdout] cbd93eaac5ad5ff81934d5089dcf797d0b325efa9193bbcd33f5a70d1e154706
[INFO] running `Command { std: "docker" "start" "-a" "cbd93eaac5ad5ff81934d5089dcf797d0b325efa9193bbcd33f5a70d1e154706", kill_on_drop: false }`
[INFO] running `Command { std: "docker" "inspect" "cbd93eaac5ad5ff81934d5089dcf797d0b325efa9193bbcd33f5a70d1e154706", kill_on_drop: false }`
[INFO] running `Command { std: "docker" "rm" "-f" "cbd93eaac5ad5ff81934d5089dcf797d0b325efa9193bbcd33f5a70d1e154706", kill_on_drop: false }`
[INFO] [stdout] cbd93eaac5ad5ff81934d5089dcf797d0b325efa9193bbcd33f5a70d1e154706
[INFO] running `Command { std: "docker" "create" "-v" "/var/lib/crater-agent-workspace/builds/worker-6-tc2/target:/opt/rustwide/target:rw,Z" "-v" "/var/lib/crater-agent-workspace/builds/worker-6-tc2/source:/opt/rustwide/workdir:ro,Z" "-v" "/var/lib/crater-agent-workspace/cargo-home:/opt/rustwide/cargo-home:ro,Z" "-v" "/var/lib/crater-agent-workspace/rustup-home:/opt/rustwide/rustup-home:ro,Z" "-e" "SOURCE_DIR=/opt/rustwide/workdir" "-e" "CARGO_TARGET_DIR=/opt/rustwide/target" "-e" "CARGO_INCREMENTAL=0" "-e" "RUST_BACKTRACE=full" "-e" "RUSTFLAGS=--cap-lints=warn" "-e" "RUSTDOCFLAGS=--cap-lints=warn" "-e" "CARGO_HOME=/opt/rustwide/cargo-home" "-e" "RUSTUP_HOME=/opt/rustwide/rustup-home" "-w" "/opt/rustwide/workdir" "-m" "1610612736" "--user" "0:0" "--network" "none" "ghcr.io/rust-lang/crates-build-env/linux@sha256:2788e3201cd34a07e3172128adcd8b3090168a8e3bcc40d7c032b9dda1df7d1c" "/opt/rustwide/cargo-home/bin/cargo" "+beta-2023-12-22" "build" "--frozen" "--message-format=json", kill_on_drop: false }`
[INFO] [stdout] 51e87bbc16c3a3fa28f46b4941ddc0f35b6c1f07079bbbd584c4455e3ffb6224
[INFO] running `Command { std: "docker" "start" "-a" "51e87bbc16c3a3fa28f46b4941ddc0f35b6c1f07079bbbd584c4455e3ffb6224", kill_on_drop: false }`
[INFO] [stderr]    Compiling proc-macro2 v1.0.75
[INFO] [stderr]    Compiling unicode-ident v1.0.12
[INFO] [stderr]    Compiling libc v0.2.151
[INFO] [stderr]    Compiling serde v1.0.194
[INFO] [stderr]    Compiling version_check v0.9.4
[INFO] [stderr]    Compiling once_cell v1.19.0
[INFO] [stderr]    Compiling syn v1.0.109
[INFO] [stderr]    Compiling hashbrown v0.14.3
[INFO] [stderr]    Compiling itoa v1.0.10
[INFO] [stderr]    Compiling serde_json v1.0.111
[INFO] [stderr]    Compiling thiserror v1.0.56
[INFO] [stderr]    Compiling ryu v1.0.16
[INFO] [stderr]    Compiling strsim v0.10.0
[INFO] [stderr]    Compiling memchr v2.7.1
[INFO] [stderr]    Compiling ident_case v1.0.1
[INFO] [stderr]    Compiling fnv v1.0.7
[INFO] [stderr]    Compiling ucd-trie v0.1.6
[INFO] [stderr]    Compiling rustversion v1.0.14
[INFO] [stderr]    Compiling num-traits v0.2.17
[INFO] [stderr]    Compiling radium v0.7.0
[INFO] [stderr]    Compiling indexmap v1.9.3
[INFO] [stderr]    Compiling base64 v0.13.1
[INFO] [stderr]    Compiling heck v0.4.1
[INFO] [stderr]    Compiling ahash v0.7.7
[INFO] [stderr]    Compiling ahash v0.8.7
[INFO] [stderr]    Compiling tap v1.0.1
[INFO] [stderr]    Compiling deranged v0.3.11
[INFO] [stderr]    Compiling wyz v0.5.1
[INFO] [stderr]    Compiling time-macros v0.2.16
[INFO] [stderr]    Compiling dlv-list v0.3.0
[INFO] [stderr]    Compiling zerocopy v0.7.32
[INFO] [stderr]    Compiling iana-time-zone v0.1.59
[INFO] [stderr]    Compiling async-trait v0.1.77
[INFO] [stderr]    Compiling funty v2.0.0
[INFO] [stderr]    Compiling generic-array v0.14.7
[INFO] [stderr]    Compiling percent-encoding v2.3.1
[INFO] [stderr]    Compiling minimal-lexical v0.2.1
[INFO] [stderr]    Compiling linked-hash-map v0.5.6
[INFO] [stderr]    Compiling indexmap v2.1.0
[INFO] [stderr]    Compiling unicode-bidi v0.3.14
[INFO] [stderr]    Compiling quote v1.0.35
[INFO] [stderr]    Compiling yaml-rust v0.4.5
[INFO] [stderr]    Compiling nom v7.1.3
[INFO] [stderr]    Compiling form_urlencoded v1.2.1
[INFO] [stderr]    Compiling anyhow v1.0.79
[INFO] [stderr]    Compiling arrayvec v0.7.4
[INFO] [stderr]    Compiling syn v2.0.48
[INFO] [stderr]    Compiling pathdiff v0.2.1
[INFO] [stderr]    Compiling constant_time_eq v0.3.0
[INFO] [stderr]    Compiling bitvec v1.0.1
[INFO] [stderr]    Compiling getrandom v0.2.11
[INFO] [stderr]    Compiling cc v1.0.83
[INFO] [stderr]    Compiling idna v0.5.0
[INFO] [stderr]    Compiling arrayref v0.3.7
[INFO] [stderr]    Compiling rand_core v0.6.4
[INFO] [stderr]    Compiling glob v0.3.1
[INFO] [stderr]    Compiling hashbrown v0.12.3
[INFO] [stderr]    Compiling rand_chacha v0.3.1
[INFO] [stderr]    Compiling chrono v0.4.31
[INFO] [stderr]    Compiling pin-project-lite v0.2.13
[INFO] [stderr]    Compiling mio v0.8.10
[INFO] [stderr]    Compiling rand v0.8.5
[INFO] [stderr]    Compiling url v2.5.0
[INFO] [stderr]    Compiling ordered-multimap v0.4.3
[INFO] [stderr]    Compiling ring v0.16.20
[INFO] [stderr]    Compiling blake3 v1.5.0
[INFO] [stderr]    Compiling rust-ini v0.18.0
[INFO] [stderr]    Compiling time v0.3.31
[INFO] [stderr]    Compiling darling_core v0.13.4
[INFO] [stderr]    Compiling serde_derive v1.0.194
[INFO] [stderr]    Compiling thiserror-impl v1.0.56
[INFO] [stderr]    Compiling tokio-macros v2.2.0
[INFO] [stderr]    Compiling tokio v1.35.1
[INFO] [stderr]    Compiling strum_macros v0.24.3
[INFO] [stderr]    Compiling smart-default v0.6.0
[INFO] [stderr]    Compiling darling_macro v0.13.4
[INFO] [stderr]    Compiling pest v2.7.6
[INFO] [stderr]    Compiling darling v0.13.4
[INFO] [stderr]    Compiling serde_with_macros v1.5.2
[INFO] [stderr]    Compiling pest_meta v2.7.6
[INFO] [stderr]    Compiling strum v0.24.1
[INFO] [stderr]    Compiling pest_generator v2.7.6
[INFO] [stderr]    Compiling pest_derive v2.7.6
[INFO] [stderr]    Compiling uuid v0.8.2
[INFO] [stderr]    Compiling serde_with v1.14.0
[INFO] [stderr]    Compiling serde_bytes v0.11.14
[INFO] [stderr]    Compiling uuid v1.6.1
[INFO] [stderr]    Compiling ron v0.7.1
[INFO] [stderr]    Compiling toml v0.5.11
[INFO] [stderr]    Compiling json5 v0.4.1
[INFO] [stderr]    Compiling config v0.13.4
[INFO] [stderr]    Compiling decanter-derive v0.1.6
[INFO] [stderr]    Compiling decanter-crypto v0.1.5
[INFO] [stderr]    Compiling scsys-derive v0.1.42
[INFO] [stderr]    Compiling bson v2.8.1
[INFO] [stderr]    Compiling decanter v0.1.5
[INFO] [stderr]    Compiling scsys-core v0.1.42
[INFO] [stderr]    Compiling scsys-actors v0.1.42
[INFO] [stderr]    Compiling scsys-macros v0.1.42
[INFO] [stdout] error[E0432]: unresolved imports `decanter::crypto::Hashable`, `decanter::Hash`
[INFO] [stdout]  --> /opt/rustwide/cargo-home/registry/src/index.crates.io-6f17d22bba15001f/scsys-actors-0.1.42/src/catalysts/catalyst.rs:7:16
[INFO] [stdout]   |
[INFO] [stdout] 7 | use decanter::{crypto::Hashable, Hash};
[INFO] [stdout]   |                ^^^^^^^^^^^^^^^^  ^^^^
[INFO] [stdout]   |                |                 |
[INFO] [stdout]   |                |                 no `Hash` in the root
[INFO] [stdout]   |                |                 help: a similar name exists in the module: `hash`
[INFO] [stdout]   |                no `Hashable` in the root
[INFO] [stdout]   |
[INFO] [stdout]   = help: consider importing this trait instead:
[INFO] [stdout]           decanter::prelude::Hashable
[INFO] [stdout]   = help: consider importing one of these items instead:
[INFO] [stdout]           core::hash::Hash
[INFO] [stdout]           std::hash::Hash
[INFO] [stdout] 
[INFO] [stdout] 
[INFO] [stdout] error[E0432]: unresolved imports `decanter::crypto::Hashable`, `decanter::Hash`
[INFO] [stdout]  --> /opt/rustwide/cargo-home/registry/src/index.crates.io-6f17d22bba15001f/scsys-actors-0.1.42/src/messages/message.rs:7:16
[INFO] [stdout]   |
[INFO] [stdout] 7 | use decanter::{crypto::Hashable, Hash};
[INFO] [stdout]   |                ^^^^^^^^^^^^^^^^  ^^^^
[INFO] [stdout]   |                |                 |
[INFO] [stdout]   |                |                 no `Hash` in the root
[INFO] [stdout]   |                |                 help: a similar name exists in the module: `hash`
[INFO] [stdout]   |                no `Hashable` in the root
[INFO] [stdout]   |
[INFO] [stdout]   = help: consider importing this trait instead:
[INFO] [stdout]           decanter::prelude::Hashable
[INFO] [stdout]   = help: consider importing one of these items instead:
[INFO] [stdout]           core::hash::Hash
[INFO] [stdout]           std::hash::Hash
[INFO] [stdout] 
[INFO] [stdout] 
[INFO] [stdout] error[E0432]: unresolved import `decanter::prelude::Hash`
[INFO] [stdout]   --> /opt/rustwide/cargo-home/registry/src/index.crates.io-6f17d22bba15001f/scsys-actors-0.1.42/src/states/state.rs:10:25
[INFO] [stdout]    |
[INFO] [stdout] 10 | use decanter::prelude::{Hash, Hashable, H256};
[INFO] [stdout]    |                         ^^^^
[INFO] [stdout]    |                         |
[INFO] [stdout]    |                         no `Hash` in `prelude`
[INFO] [stdout]    |                         help: a similar name exists in the module: `hash`
[INFO] [stdout]    |
[INFO] [stdout]    = help: consider importing one of these items instead:
[INFO] [stdout]            core::hash::Hash
[INFO] [stdout]            std::hash::Hash
[INFO] [stdout] 
[INFO] [stdout] 
[INFO] [stdout] error[E0432]: unresolved imports `decanter::crypto::Hashable`, `decanter::Hash`
[INFO] [stdout]  --> /opt/rustwide/cargo-home/registry/src/index.crates.io-6f17d22bba15001f/scsys-actors-0.1.42/src/direction.rs:6:16
[INFO] [stdout]   |
[INFO] [stdout] 6 | use decanter::{crypto::Hashable, Hash};
[INFO] [stdout]   |                ^^^^^^^^^^^^^^^^  ^^^^
[INFO] [stdout]   |                |                 |
[INFO] [stdout]   |                |                 no `Hash` in the root
[INFO] [stdout]   |                |                 help: a similar name exists in the module: `hash`
[INFO] [stdout]   |                no `Hashable` in the root
[INFO] [stdout]   |
[INFO] [stdout]   = help: consider importing this trait instead:
[INFO] [stdout]           decanter::prelude::Hashable
[INFO] [stdout]   = help: consider importing one of these items instead:
[INFO] [stdout]           core::hash::Hash
[INFO] [stdout]           std::hash::Hash
[INFO] [stdout] 
[INFO] [stdout] 
[INFO] [stdout] error[E0277]: the trait bound `context::Context<Cnf>: AsRef<[u8]>` is not satisfied
[INFO] [stdout]   --> /opt/rustwide/cargo-home/registry/src/index.crates.io-6f17d22bba15001f/scsys-actors-0.1.42/src/contexts/context.rs:23:16
[INFO] [stdout]    |
[INFO] [stdout] 23 |         hasher(self).into()
[INFO] [stdout]    |         ------ ^^^^ the trait `AsRef<[u8]>` is not implemented for `context::Context<Cnf>`
[INFO] [stdout]    |         |
[INFO] [stdout]    |         required by a bound introduced by this call
[INFO] [stdout]    |
[INFO] [stdout]    = note: required for `&context::Context<Cnf>` to implement `AsRef<[u8]>`
[INFO] [stdout] note: required by a bound in `hasher`
[INFO] [stdout]   --> /opt/rustwide/cargo-home/registry/src/index.crates.io-6f17d22bba15001f/decanter-0.1.5/src/hash/mod.rs:57:26
[INFO] [stdout]    |
[INFO] [stdout] 57 | pub fn hasher(data: impl AsRef<[u8]>) -> GenericHash {
[INFO] [stdout]    |                          ^^^^^^^^^^^ required by this bound in `hasher`
[INFO] [stdout] 
[INFO] [stdout] 
[INFO] [stdout] error: aborting due to 5 previous errors
[INFO] [stdout] 
[INFO] [stdout] 
[INFO] [stdout] Some errors have detailed explanations: E0277, E0432.
[INFO] [stdout] 
[INFO] [stdout] For more information about an error, try `rustc --explain E0277`.
[INFO] [stdout] 
[INFO] [stderr] error: could not compile `scsys-actors` (lib) due to 6 previous errors
[INFO] [stderr] warning: build failed, waiting for other jobs to finish...
[INFO] running `Command { std: "docker" "inspect" "51e87bbc16c3a3fa28f46b4941ddc0f35b6c1f07079bbbd584c4455e3ffb6224", kill_on_drop: false }`
[INFO] running `Command { std: "docker" "rm" "-f" "51e87bbc16c3a3fa28f46b4941ddc0f35b6c1f07079bbbd584c4455e3ffb6224", kill_on_drop: false }`
[INFO] [stdout] 51e87bbc16c3a3fa28f46b4941ddc0f35b6c1f07079bbbd584c4455e3ffb6224
