[INFO] fetching crate acacia_net 0.1.0...
[INFO] testing acacia_net-0.1.0 against 1.75.0 for beta-1.76-1
[INFO] extracting crate acacia_net 0.1.0 into /workspace/builds/worker-2-tc1/source
[INFO] validating manifest of crates.io crate acacia_net 0.1.0 on toolchain 1.75.0
[INFO] running `Command { std: CARGO_HOME="/workspace/cargo-home" RUSTUP_HOME="/workspace/rustup-home" "/workspace/cargo-home/bin/cargo" "+1.75.0" "metadata" "--manifest-path" "Cargo.toml" "--no-deps", kill_on_drop: false }`
[INFO] started tweaking crates.io crate acacia_net 0.1.0
[INFO] finished tweaking crates.io crate acacia_net 0.1.0
[INFO] tweaked toml for crates.io crate acacia_net 0.1.0 written to /workspace/builds/worker-2-tc1/source/Cargo.toml
[INFO] running `Command { std: CARGO_HOME="/workspace/cargo-home" RUSTUP_HOME="/workspace/rustup-home" "/workspace/cargo-home/bin/cargo" "+1.75.0" "generate-lockfile" "--manifest-path" "Cargo.toml", kill_on_drop: false }`
[INFO] [stderr]     Updating crates.io index
[INFO] running `Command { std: CARGO_HOME="/workspace/cargo-home" RUSTUP_HOME="/workspace/rustup-home" "/workspace/cargo-home/bin/cargo" "+1.75.0" "fetch" "--manifest-path" "Cargo.toml", kill_on_drop: false }`
[INFO] [stderr]  Downloading crates ...
[INFO] [stderr]   Downloaded backtrace v0.3.69
[INFO] [stderr]   Downloaded failure_derive v0.1.8
[INFO] [stderr]   Downloaded failure v0.1.8
[INFO] [stderr]   Downloaded byteorder v1.5.0
[INFO] [stderr]   Downloaded cesu8 v1.1.0
[INFO] [stderr]   Downloaded rustc-demangle v0.1.23
[INFO] [stderr]   Downloaded flate2 v0.2.20
[INFO] [stderr]   Downloaded serde_derive v1.0.194
[INFO] [stderr]   Downloaded object v0.32.2
[INFO] [stderr]   Downloaded gimli v0.28.1
[INFO] [stderr]   Downloaded miniz-sys v0.1.12
[INFO] [stderr]   Downloaded addr2line v0.21.0
[INFO] [stderr]   Downloaded hematite-nbt v0.4.1
[INFO] running `Command { std: "docker" "create" "-v" "/var/lib/crater-agent-workspace/builds/worker-2-tc1/target:/opt/rustwide/target:rw,Z" "-v" "/var/lib/crater-agent-workspace/builds/worker-2-tc1/source:/opt/rustwide/workdir:ro,Z" "-v" "/var/lib/crater-agent-workspace/cargo-home:/opt/rustwide/cargo-home:ro,Z" "-v" "/var/lib/crater-agent-workspace/rustup-home:/opt/rustwide/rustup-home:ro,Z" "-e" "SOURCE_DIR=/opt/rustwide/workdir" "-e" "CARGO_TARGET_DIR=/opt/rustwide/target" "-e" "CARGO_HOME=/opt/rustwide/cargo-home" "-e" "RUSTUP_HOME=/opt/rustwide/rustup-home" "-w" "/opt/rustwide/workdir" "-m" "1610612736" "--user" "0:0" "--network" "none" "ghcr.io/rust-lang/crates-build-env/linux@sha256:2788e3201cd34a07e3172128adcd8b3090168a8e3bcc40d7c032b9dda1df7d1c" "/opt/rustwide/cargo-home/bin/cargo" "+1.75.0" "metadata" "--no-deps" "--format-version=1", kill_on_drop: false }`
[INFO] [stdout] c15d5bd5f624cf968cd7d99775976c3c8a10ef5beddda78328d72bcfb0b110b7
[INFO] running `Command { std: "docker" "start" "-a" "c15d5bd5f624cf968cd7d99775976c3c8a10ef5beddda78328d72bcfb0b110b7", kill_on_drop: false }`
[INFO] running `Command { std: "docker" "inspect" "c15d5bd5f624cf968cd7d99775976c3c8a10ef5beddda78328d72bcfb0b110b7", kill_on_drop: false }`
[INFO] running `Command { std: "docker" "rm" "-f" "c15d5bd5f624cf968cd7d99775976c3c8a10ef5beddda78328d72bcfb0b110b7", kill_on_drop: false }`
[INFO] [stdout] c15d5bd5f624cf968cd7d99775976c3c8a10ef5beddda78328d72bcfb0b110b7
[INFO] running `Command { std: "docker" "create" "-v" "/var/lib/crater-agent-workspace/builds/worker-2-tc1/target:/opt/rustwide/target:rw,Z" "-v" "/var/lib/crater-agent-workspace/builds/worker-2-tc1/source:/opt/rustwide/workdir:ro,Z" "-v" "/var/lib/crater-agent-workspace/cargo-home:/opt/rustwide/cargo-home:ro,Z" "-v" "/var/lib/crater-agent-workspace/rustup-home:/opt/rustwide/rustup-home:ro,Z" "-e" "SOURCE_DIR=/opt/rustwide/workdir" "-e" "CARGO_TARGET_DIR=/opt/rustwide/target" "-e" "CARGO_INCREMENTAL=0" "-e" "RUST_BACKTRACE=full" "-e" "RUSTFLAGS=--cap-lints=warn" "-e" "RUSTDOCFLAGS=--cap-lints=warn" "-e" "CARGO_HOME=/opt/rustwide/cargo-home" "-e" "RUSTUP_HOME=/opt/rustwide/rustup-home" "-w" "/opt/rustwide/workdir" "-m" "1610612736" "--user" "0:0" "--network" "none" "ghcr.io/rust-lang/crates-build-env/linux@sha256:2788e3201cd34a07e3172128adcd8b3090168a8e3bcc40d7c032b9dda1df7d1c" "/opt/rustwide/cargo-home/bin/cargo" "+1.75.0" "build" "--frozen" "--message-format=json", kill_on_drop: false }`
[INFO] [stdout] 62ee1a1d6ac90eaa6cc1904905cf53ef3fa068050f502c1e11c0e23478ac549d
[INFO] running `Command { std: "docker" "start" "-a" "62ee1a1d6ac90eaa6cc1904905cf53ef3fa068050f502c1e11c0e23478ac549d", kill_on_drop: false }`
[INFO] [stderr]    Compiling libc v0.2.151
[INFO] [stderr]    Compiling proc-macro2 v1.0.75
[INFO] [stderr]    Compiling unicode-ident v1.0.12
[INFO] [stderr]    Compiling syn v1.0.109
[INFO] [stderr]    Compiling adler v1.0.2
[INFO] [stderr]    Compiling serde v1.0.194
[INFO] [stderr]    Compiling memchr v2.7.1
[INFO] [stderr]    Compiling gimli v0.28.1
[INFO] [stderr]    Compiling unicode-xid v0.2.4
[INFO] [stderr]    Compiling failure_derive v0.1.8
[INFO] [stderr]    Compiling rustc-demangle v0.1.23
[INFO] [stderr]    Compiling cfg-if v1.0.0
[INFO] [stderr]    Compiling byteorder v1.5.0
[INFO] [stderr]    Compiling cesu8 v1.1.0
[INFO] [stderr]    Compiling miniz_oxide v0.7.1
[INFO] [stderr]    Compiling object v0.32.2
[INFO] [stderr]    Compiling quote v1.0.35
[INFO] [stderr]    Compiling syn v2.0.48
[INFO] [stderr]    Compiling cc v1.0.83
[INFO] [stderr]    Compiling miniz-sys v0.1.12
[INFO] [stderr]    Compiling backtrace v0.3.69
[INFO] [stderr]    Compiling flate2 v0.2.20
[INFO] [stderr]    Compiling addr2line v0.21.0
[INFO] [stderr]    Compiling serde_derive v1.0.194
[INFO] [stderr]    Compiling synstructure v0.12.6
[INFO] [stderr]    Compiling failure v0.1.8
[INFO] [stderr]    Compiling hematite-nbt v0.4.1
[INFO] [stdout] error[E0433]: failed to resolve: could not find `export` in `serde`
[INFO] [stdout]    --> /opt/rustwide/cargo-home/registry/src/index.crates.io-6f17d22bba15001f/hematite-nbt-0.4.1/src/blob.rs:174:53
[INFO] [stdout]     |
[INFO] [stdout] 174 |     fn serialize<S>(&self, serializer: S) -> serde::export::Result<S::Ok, S::Error>
[INFO] [stdout]     |                                                     ^^^^^^ could not find `export` in `serde`
[INFO] [stdout] 
[INFO] [stdout] 
[INFO] [stdout] error[E0433]: failed to resolve: could not find `export` in `serde`
[INFO] [stdout]    --> /opt/rustwide/cargo-home/registry/src/index.crates.io-6f17d22bba15001f/hematite-nbt-0.4.1/src/blob.rs:189:50
[INFO] [stdout]     |
[INFO] [stdout] 189 |     fn deserialize<D>(deserializer: D) -> serde::export::Result<Self, D::Error>
[INFO] [stdout]     |                                                  ^^^^^^ could not find `export` in `serde`
[INFO] [stdout] 
[INFO] [stdout] 
[INFO] [stdout] error: aborting due to 2 previous errors
[INFO] [stdout] 
[INFO] [stdout] 
[INFO] [stdout] For more information about this error, try `rustc --explain E0433`.
[INFO] [stdout] 
[INFO] [stderr] error: could not compile `hematite-nbt` (lib) due to 3 previous errors
[INFO] running `Command { std: "docker" "inspect" "62ee1a1d6ac90eaa6cc1904905cf53ef3fa068050f502c1e11c0e23478ac549d", kill_on_drop: false }`
[INFO] running `Command { std: "docker" "rm" "-f" "62ee1a1d6ac90eaa6cc1904905cf53ef3fa068050f502c1e11c0e23478ac549d", kill_on_drop: false }`
[INFO] [stdout] 62ee1a1d6ac90eaa6cc1904905cf53ef3fa068050f502c1e11c0e23478ac549d
[INFO] testing acacia_net-0.1.0 against beta-2023-12-22 for beta-1.76-1
[INFO] extracting crate acacia_net 0.1.0 into /workspace/builds/worker-2-tc2/source
[INFO] validating manifest of crates.io crate acacia_net 0.1.0 on toolchain beta-2023-12-22
[INFO] running `Command { std: CARGO_HOME="/workspace/cargo-home" RUSTUP_HOME="/workspace/rustup-home" "/workspace/cargo-home/bin/cargo" "+beta-2023-12-22" "metadata" "--manifest-path" "Cargo.toml" "--no-deps", kill_on_drop: false }`
[INFO] started tweaking crates.io crate acacia_net 0.1.0
[INFO] finished tweaking crates.io crate acacia_net 0.1.0
[INFO] tweaked toml for crates.io crate acacia_net 0.1.0 written to /workspace/builds/worker-2-tc2/source/Cargo.toml
[INFO] running `Command { std: CARGO_HOME="/workspace/cargo-home" RUSTUP_HOME="/workspace/rustup-home" "/workspace/cargo-home/bin/cargo" "+beta-2023-12-22" "generate-lockfile" "--manifest-path" "Cargo.toml", kill_on_drop: false }`
[INFO] [stderr]     Updating crates.io index
[INFO] running `Command { std: CARGO_HOME="/workspace/cargo-home" RUSTUP_HOME="/workspace/rustup-home" "/workspace/cargo-home/bin/cargo" "+beta-2023-12-22" "fetch" "--manifest-path" "Cargo.toml", kill_on_drop: false }`
[INFO] running `Command { std: "docker" "create" "-v" "/var/lib/crater-agent-workspace/builds/worker-2-tc2/target:/opt/rustwide/target:rw,Z" "-v" "/var/lib/crater-agent-workspace/builds/worker-2-tc2/source:/opt/rustwide/workdir:ro,Z" "-v" "/var/lib/crater-agent-workspace/cargo-home:/opt/rustwide/cargo-home:ro,Z" "-v" "/var/lib/crater-agent-workspace/rustup-home:/opt/rustwide/rustup-home:ro,Z" "-e" "SOURCE_DIR=/opt/rustwide/workdir" "-e" "CARGO_TARGET_DIR=/opt/rustwide/target" "-e" "CARGO_HOME=/opt/rustwide/cargo-home" "-e" "RUSTUP_HOME=/opt/rustwide/rustup-home" "-w" "/opt/rustwide/workdir" "-m" "1610612736" "--user" "0:0" "--network" "none" "ghcr.io/rust-lang/crates-build-env/linux@sha256:2788e3201cd34a07e3172128adcd8b3090168a8e3bcc40d7c032b9dda1df7d1c" "/opt/rustwide/cargo-home/bin/cargo" "+beta-2023-12-22" "metadata" "--no-deps" "--format-version=1", kill_on_drop: false }`
[INFO] [stdout] 7c6a9799c24140e431a4e350917af3fa3898dba9f96dfe3e63cb99437766668a
[INFO] running `Command { std: "docker" "start" "-a" "7c6a9799c24140e431a4e350917af3fa3898dba9f96dfe3e63cb99437766668a", kill_on_drop: false }`
[INFO] running `Command { std: "docker" "inspect" "7c6a9799c24140e431a4e350917af3fa3898dba9f96dfe3e63cb99437766668a", kill_on_drop: false }`
[INFO] running `Command { std: "docker" "rm" "-f" "7c6a9799c24140e431a4e350917af3fa3898dba9f96dfe3e63cb99437766668a", kill_on_drop: false }`
[INFO] [stdout] 7c6a9799c24140e431a4e350917af3fa3898dba9f96dfe3e63cb99437766668a
[INFO] running `Command { std: "docker" "create" "-v" "/var/lib/crater-agent-workspace/builds/worker-2-tc2/target:/opt/rustwide/target:rw,Z" "-v" "/var/lib/crater-agent-workspace/builds/worker-2-tc2/source:/opt/rustwide/workdir:ro,Z" "-v" "/var/lib/crater-agent-workspace/cargo-home:/opt/rustwide/cargo-home:ro,Z" "-v" "/var/lib/crater-agent-workspace/rustup-home:/opt/rustwide/rustup-home:ro,Z" "-e" "SOURCE_DIR=/opt/rustwide/workdir" "-e" "CARGO_TARGET_DIR=/opt/rustwide/target" "-e" "CARGO_INCREMENTAL=0" "-e" "RUST_BACKTRACE=full" "-e" "RUSTFLAGS=--cap-lints=warn" "-e" "RUSTDOCFLAGS=--cap-lints=warn" "-e" "CARGO_HOME=/opt/rustwide/cargo-home" "-e" "RUSTUP_HOME=/opt/rustwide/rustup-home" "-w" "/opt/rustwide/workdir" "-m" "1610612736" "--user" "0:0" "--network" "none" "ghcr.io/rust-lang/crates-build-env/linux@sha256:2788e3201cd34a07e3172128adcd8b3090168a8e3bcc40d7c032b9dda1df7d1c" "/opt/rustwide/cargo-home/bin/cargo" "+beta-2023-12-22" "build" "--frozen" "--message-format=json", kill_on_drop: false }`
[INFO] [stdout] 6a23411b7b39b78e1c7ee192cfb2aea59b2e3b8f5eff8fd85b9242dd56edbd00
[INFO] running `Command { std: "docker" "start" "-a" "6a23411b7b39b78e1c7ee192cfb2aea59b2e3b8f5eff8fd85b9242dd56edbd00", kill_on_drop: false }`
[INFO] [stderr]    Compiling libc v0.2.151
[INFO] [stderr]    Compiling proc-macro2 v1.0.75
[INFO] [stderr]    Compiling unicode-ident v1.0.12
[INFO] [stderr]    Compiling syn v1.0.109
[INFO] [stderr]    Compiling adler v1.0.2
[INFO] [stderr]    Compiling unicode-xid v0.2.4
[INFO] [stderr]    Compiling gimli v0.28.1
[INFO] [stderr]    Compiling serde v1.0.194
[INFO] [stderr]    Compiling memchr v2.7.1
[INFO] [stderr]    Compiling failure_derive v0.1.8
[INFO] [stderr]    Compiling rustc-demangle v0.1.23
[INFO] [stderr]    Compiling cfg-if v1.0.0
[INFO] [stderr]    Compiling byteorder v1.5.0
[INFO] [stderr]    Compiling cesu8 v1.1.0
[INFO] [stderr]    Compiling miniz_oxide v0.7.1
[INFO] [stderr]    Compiling object v0.32.2
[INFO] [stderr]    Compiling quote v1.0.35
[INFO] [stderr]    Compiling syn v2.0.48
[INFO] [stderr]    Compiling cc v1.0.83
[INFO] [stderr]    Compiling miniz-sys v0.1.12
[INFO] [stderr]    Compiling backtrace v0.3.69
[INFO] [stderr]    Compiling addr2line v0.21.0
[INFO] [stderr]    Compiling flate2 v0.2.20
[INFO] [stderr]    Compiling synstructure v0.12.6
[INFO] [stderr]    Compiling serde_derive v1.0.194
[INFO] [stderr]    Compiling failure v0.1.8
[INFO] [stderr]    Compiling hematite-nbt v0.4.1
[INFO] [stdout] error[E0433]: failed to resolve: could not find `export` in `serde`
[INFO] [stdout]    --> /opt/rustwide/cargo-home/registry/src/index.crates.io-6f17d22bba15001f/hematite-nbt-0.4.1/src/blob.rs:174:53
[INFO] [stdout]     |
[INFO] [stdout] 174 |     fn serialize<S>(&self, serializer: S) -> serde::export::Result<S::Ok, S::Error>
[INFO] [stdout]     |                                                     ^^^^^^ could not find `export` in `serde`
[INFO] [stdout] 
[INFO] [stdout] 
[INFO] [stdout] error[E0433]: failed to resolve: could not find `export` in `serde`
[INFO] [stdout]    --> /opt/rustwide/cargo-home/registry/src/index.crates.io-6f17d22bba15001f/hematite-nbt-0.4.1/src/blob.rs:189:50
[INFO] [stdout]     |
[INFO] [stdout] 189 |     fn deserialize<D>(deserializer: D) -> serde::export::Result<Self, D::Error>
[INFO] [stdout]     |                                                  ^^^^^^ could not find `export` in `serde`
[INFO] [stdout] 
[INFO] [stdout] 
[INFO] [stdout] error: aborting due to 2 previous errors
[INFO] [stdout] 
[INFO] [stdout] 
[INFO] [stdout] For more information about this error, try `rustc --explain E0433`.
[INFO] [stdout] 
[INFO] [stderr] error: could not compile `hematite-nbt` (lib) due to 3 previous errors
[INFO] running `Command { std: "docker" "inspect" "6a23411b7b39b78e1c7ee192cfb2aea59b2e3b8f5eff8fd85b9242dd56edbd00", kill_on_drop: false }`
[INFO] running `Command { std: "docker" "rm" "-f" "6a23411b7b39b78e1c7ee192cfb2aea59b2e3b8f5eff8fd85b9242dd56edbd00", kill_on_drop: false }`
[INFO] [stdout] 6a23411b7b39b78e1c7ee192cfb2aea59b2e3b8f5eff8fd85b9242dd56edbd00
