[INFO] fetching crate abstract-staking-adapter-traits 0.18.0...
[INFO] testing abstract-staking-adapter-traits-0.18.0 against 1.75.0 for beta-1.76-1
[INFO] extracting crate abstract-staking-adapter-traits 0.18.0 into /workspace/builds/worker-6-tc1/source
[INFO] validating manifest of crates.io crate abstract-staking-adapter-traits 0.18.0 on toolchain 1.75.0
[INFO] running `Command { std: CARGO_HOME="/workspace/cargo-home" RUSTUP_HOME="/workspace/rustup-home" "/workspace/cargo-home/bin/cargo" "+1.75.0" "metadata" "--manifest-path" "Cargo.toml" "--no-deps", kill_on_drop: false }`
[INFO] started tweaking crates.io crate abstract-staking-adapter-traits 0.18.0
[INFO] finished tweaking crates.io crate abstract-staking-adapter-traits 0.18.0
[INFO] tweaked toml for crates.io crate abstract-staking-adapter-traits 0.18.0 written to /workspace/builds/worker-6-tc1/source/Cargo.toml
[INFO] running `Command { std: CARGO_HOME="/workspace/cargo-home" RUSTUP_HOME="/workspace/rustup-home" "/workspace/cargo-home/bin/cargo" "+1.75.0" "generate-lockfile" "--manifest-path" "Cargo.toml", kill_on_drop: false }`
[INFO] [stderr]     Updating crates.io index
[INFO] running `Command { std: CARGO_HOME="/workspace/cargo-home" RUSTUP_HOME="/workspace/rustup-home" "/workspace/cargo-home/bin/cargo" "+1.75.0" "fetch" "--manifest-path" "Cargo.toml", kill_on_drop: false }`
[INFO] [stderr]  Downloading crates ...
[INFO] [stderr]   Downloaded cw2 v1.1.2
[INFO] [stderr]   Downloaded wasm-bindgen-macro-support v0.2.89
[INFO] [stderr]   Downloaded speculoos v0.11.0
[INFO] [stderr]   Downloaded serde_derive_internals v0.26.0
[INFO] [stderr]   Downloaded bech32 v0.9.1
[INFO] [stderr]   Downloaded humantime v2.1.0
[INFO] [stderr]   Downloaded base16ct v0.2.0
[INFO] [stderr]   Downloaded block-buffer v0.9.0
[INFO] [stderr]   Downloaded wasm-bindgen-macro v0.2.89
[INFO] [stderr]   Downloaded cosmwasm-crypto v1.5.0
[INFO] [stderr]   Downloaded semver v1.0.21
[INFO] [stderr]   Downloaded wasm-bindgen-backend v0.2.89
[INFO] [stderr]   Downloaded wasi v0.9.0+wasi-snapshot-preview1
[INFO] [stderr]   Downloaded winreg v0.50.0
[INFO] [stderr]   Downloaded sha2 v0.9.9
[INFO] [stderr]   Downloaded flex-error v0.4.4
[INFO] [stderr]   Downloaded dyn-clone v1.0.16
[INFO] [stderr]   Downloaded clap_derive v4.4.7
[INFO] [stderr]   Downloaded anstyle-parse v0.2.3
[INFO] [stderr]   Downloaded elliptic-curve v0.13.8
[INFO] [stderr]   Downloaded peg-macros v0.7.0
[INFO] [stderr]   Downloaded cw20 v1.1.2
[INFO] [stderr]   Downloaded futures-timer v3.0.2
[INFO] [stderr]   Downloaded rand_chacha v0.2.2
[INFO] [stderr]   Downloaded cw-ownable-derive v0.5.1
[INFO] [stderr]   Downloaded num-complex v0.4.4
[INFO] [stderr]   Downloaded cw20-base v1.1.2
[INFO] [stderr]   Downloaded rustls-native-certs v0.5.0
[INFO] [stderr]   Downloaded ff v0.12.1
[INFO] [stderr]   Downloaded cw-multi-test v0.16.5
[INFO] [stderr]   Downloaded bip32 v0.5.1
[INFO] [stderr]   Downloaded tokio-rustls v0.22.0
[INFO] [stderr]   Downloaded ring v0.17.7
[INFO] [stderr]   Downloaded anstream v0.6.5
[INFO] [stderr]   Downloaded ring v0.16.20
[INFO] [stderr]   Downloaded rustls v0.20.9
[INFO] [stderr]   Downloaded hyper-rustls v0.22.1
[INFO] [stderr]   Downloaded iana-time-zone v0.1.59
[INFO] [stderr]   Downloaded chrono v0.4.31
[INFO] [stderr]   Downloaded k256 v0.11.6
[INFO] [stderr]   Downloaded abstract-ans-host v0.18.0
[INFO] [stderr]   Downloaded darling_core v0.14.4
[INFO] [stderr]   Downloaded safe-regex v0.2.5
[INFO] [stderr]   Downloaded tungstenite v0.18.0
[INFO] [stderr]   Downloaded bs58 v0.5.0
[INFO] [stderr]   Downloaded safe-proc-macro2 v1.0.67
[INFO] [stderr]   Downloaded toml v0.5.11
[INFO] [stderr]   Downloaded secp256k1-sys v0.8.1
[INFO] [stderr]   Downloaded prost v0.9.0
[INFO] [stderr]   Downloaded darling v0.14.4
[INFO] [stderr]   Downloaded strsim v0.10.0
[INFO] [stderr]   Downloaded darling_macro v0.14.4
[INFO] [stderr]   Downloaded sha1 v0.10.6
[INFO] [stderr]   Downloaded sec1 v0.3.0
[INFO] [stderr]   Downloaded webpki-roots v0.21.1
[INFO] [stderr]   Downloaded prost-derive v0.9.0
[INFO] [stderr]   Downloaded derive_builder_macro v0.12.0
[INFO] [stderr]   Downloaded curve25519-dalek-ng v4.1.1
[INFO] [stderr]   Downloaded sha3 v0.10.8
[INFO] [stderr]   Downloaded abstract-interface v0.18.0
[INFO] [stderr]   Downloaded tendermint-config v0.32.2
[INFO] [stderr]   Downloaded convert_case v0.6.0
[INFO] [stderr]   Downloaded webpki v0.22.4
[INFO] [stderr]   Downloaded tendermint-rpc v0.32.2
[INFO] [stderr]   Downloaded time v0.3.20
[INFO] [stderr]   Downloaded safe-regex-compiler v0.2.5
[INFO] [stderr]   Downloaded derive_more v0.99.17
[INFO] [stderr]   Downloaded hyper-proxy v0.9.1
[INFO] [stderr]   Downloaded clap v4.4.13
[INFO] [stderr]   Downloaded headers v0.3.9
[INFO] [stderr]   Downloaded ed25519-dalek v1.0.1
[INFO] [stderr]   Downloaded cw-semver v1.0.14
[INFO] [stderr]   Downloaded derive_builder_core v0.12.0
[INFO] [stderr]   Downloaded cosmrs v0.14.0
[INFO] [stderr]   Downloaded cosmos-sdk-proto v0.19.0
[INFO] [stderr]   Downloaded der v0.6.1
[INFO] [stderr]   Downloaded abstract-adapter v0.18.0
[INFO] [stderr]   Downloaded pkcs8 v0.9.0
[INFO] [stderr]   Downloaded elliptic-curve v0.12.3
[INFO] [stderr]   Downloaded ed25519-consensus v2.1.0
[INFO] [stderr]   Downloaded pbkdf2 v0.11.0
[INFO] [stderr]   Downloaded tendermint-proto v0.32.2
[INFO] [stderr]   Downloaded ibc-relayer-types v0.24.1
[INFO] [stderr]   Downloaded signature v1.6.4
[INFO] [stderr]   Downloaded ibc-chain-registry v0.24.1
[INFO] [stderr]   Downloaded ed25519 v1.5.3
[INFO] [stderr]   Downloaded informalsystems-pbjson v0.6.0
[INFO] [stderr]   Downloaded cw-orch-fns-derive v0.13.3
[INFO] [stderr]   Downloaded ics23 v0.10.2
[INFO] [stderr]   Downloaded ct-logs v0.8.0
[INFO] [stderr]   Downloaded fixed-hash v0.8.0
[INFO] [stderr]   Downloaded impl-serde v0.4.0
[INFO] [stderr]   Downloaded indenter v0.3.3
[INFO] [stderr]   Downloaded tendermint-light-client-verifier v0.32.2
[INFO] [stderr]   Downloaded base16ct v0.1.1
[INFO] [stderr]   Downloaded rustc_version v0.4.0
[INFO] [stderr]   Downloaded anstyle v1.0.4
[INFO] [stderr]   Downloaded keccak v0.1.4
[INFO] [stderr]   Downloaded headers-core v0.2.0
[INFO] [stderr]   Downloaded abstract-ica v0.18.0
[INFO] [stderr]   Downloaded abstract-module-factory v0.18.0
[INFO] [stderr]   Downloaded wasm-bindgen-futures v0.4.39
[INFO] [stderr]   Downloaded ecdsa v0.14.8
[INFO] [stderr]   Downloaded webpki v0.21.4
[INFO] [stderr]   Downloaded digest v0.9.0
[INFO] [stderr]   Downloaded derive_builder v0.12.0
[INFO] [stderr]   Downloaded peg v0.7.0
[INFO] [stderr]   Downloaded sha256 v1.5.0
[INFO] [stderr]   Downloaded abstract-version-control v0.18.0
[INFO] [stderr]   Downloaded rfc6979 v0.4.0
[INFO] [stderr]   Downloaded hyper-rustls v0.24.2
[INFO] [stderr]   Downloaded utf-8 v0.7.6
[INFO] [stderr]   Downloaded pbkdf2 v0.12.2
[INFO] [stderr]   Downloaded cw-orch-contract-derive v0.13.3
[INFO] [stderr]   Downloaded peg-runtime v0.7.0
[INFO] [stderr]   Downloaded serde_repr v0.1.18
[INFO] [stderr]   Downloaded eyre v0.6.11
[INFO] [stderr]   Downloaded serde_bytes v0.11.14
[INFO] [stderr]   Downloaded time-macros v0.2.8
[INFO] [stderr]   Downloaded cw-controllers v1.1.2
[INFO] [stderr]   Downloaded abstract-testing v0.18.0
[INFO] [stderr]   Downloaded web-sys v0.3.66
[INFO] [stderr]   Downloaded cw-orch v0.13.4
[INFO] [stderr]   Downloaded abstract-sdk v0.18.0
[INFO] [stderr]   Downloaded num-derive v0.3.3
[INFO] [stderr]   Downloaded colorchoice v1.0.0
[INFO] [stderr]   Downloaded clap_lex v0.6.0
[INFO] [stderr]   Downloaded safe-quote v1.0.15
[INFO] [stderr]   Downloaded cw-ownable v0.5.1
[INFO] [stderr]   Downloaded tonic v0.9.2
[INFO] [stderr]   Downloaded primitive-types v0.12.2
[INFO] [stderr]   Downloaded rustls v0.19.1
[INFO] [stderr]   Downloaded axum v0.6.20
[INFO] [stderr]   Downloaded abstract-adapter-utils v0.18.0
[INFO] [stderr]   Downloaded untrusted v0.7.1
[INFO] [stderr]   Downloaded curve25519-dalek v3.2.0
[INFO] [stderr]   Downloaded subtle-ng v2.5.0
[INFO] [stderr]   Downloaded system-configuration-sys v0.5.0
[INFO] [stderr]   Downloaded system-configuration v0.5.1
[INFO] [stderr]   Downloaded webpki-roots v0.25.3
[INFO] [stderr]   Downloaded rstest_macros v0.17.0
[INFO] [stderr]   Downloaded bitcoin v0.30.2
[INFO] [stderr]   Downloaded rustls-webpki v0.101.7
[INFO] [stderr]   Downloaded rustls v0.21.10
[INFO] [stderr]   Downloaded async-tungstenite v0.20.0
[INFO] [stderr]   Downloaded ed25519 v2.2.3
[INFO] [stderr]   Downloaded sct v0.6.1
[INFO] [stderr]   Downloaded rustls-native-certs v0.6.3
[INFO] [stderr]   Downloaded uint v0.9.5
[INFO] [stderr]   Downloaded subtle-encoding v0.5.1
[INFO] [stderr]   Downloaded prost-types v0.11.9
[INFO] [stderr]   Downloaded ibc-proto v0.31.0
[INFO] [stderr]   Downloaded schemars v0.8.16
[INFO] [stderr]   Downloaded bumpalo v3.14.0
[INFO] [stderr]   Downloaded base64 v0.21.5
[INFO] [stderr]   Downloaded der v0.7.8
[INFO] [stderr]   Downloaded hkd32 v0.7.0
[INFO] [stderr]   Downloaded tendermint v0.32.2
[INFO] [stderr]   Downloaded abstract-proxy v0.18.0
[INFO] [stderr]   Downloaded abstract-core v0.18.0
[INFO] [stderr]   Downloaded rstest v0.17.0
[INFO] [stderr]   Downloaded clap_builder v4.4.12
[INFO] [stderr]   Downloaded windows-core v0.52.0
[INFO] [stderr]   Downloaded reqwest v0.11.23
[INFO] [stderr]   Downloaded bitcoin_hashes v0.12.0
[INFO] [stderr]   Downloaded axum-core v0.3.4
[INFO] [stderr]   Downloaded tower v0.4.13
[INFO] [stderr]   Downloaded crypto-bigint v0.4.9
[INFO] [stderr]   Downloaded base16 v0.2.1
[INFO] [stderr]   Downloaded spin v0.5.2
[INFO] [stderr]   Downloaded matchit v0.7.3
[INFO] [stderr]   Downloaded prost-derive v0.11.9
[INFO] [stderr]   Downloaded prost v0.11.9
[INFO] [stderr]   Downloaded tokio-rustls v0.23.4
[INFO] [stderr]   Downloaded abstract-macros v0.18.0
[INFO] [stderr]   Downloaded bitcoin-private v0.1.0
[INFO] [stderr]   Downloaded ripemd v0.1.3
[INFO] [stderr]   Downloaded cosmwasm-schema-derive v1.5.0
[INFO] [stderr]   Downloaded is-terminal v0.4.10
[INFO] [stderr]   Downloaded schemars_derive v0.8.16
[INFO] [stderr]   Downloaded rfc6979 v0.3.1
[INFO] [stderr]   Downloaded safe-regex-macro v0.2.5
[INFO] [stderr]   Downloaded utf8parse v0.2.1
[INFO] [stderr]   Downloaded cw-asset v3.0.0
[INFO] [stderr]   Downloaded android-tzdata v0.1.1
[INFO] [stderr]   Downloaded iana-time-zone-haiku v0.1.2
[INFO] [stderr]   Downloaded tracing-attributes v0.1.27
[INFO] [stderr]   Downloaded derivative v2.2.0
[INFO] [stderr]   Downloaded time-core v0.1.0
[INFO] [stderr]   Downloaded abstract-manager v0.18.0
[INFO] [stderr]   Downloaded sync_wrapper v0.1.2
[INFO] [stderr]   Downloaded cosmwasm-schema v1.5.0
[INFO] [stderr]   Downloaded sct v0.7.1
[INFO] [stderr]   Downloaded num v0.4.1
[INFO] [stderr]   Downloaded group v0.12.1
[INFO] [stderr]   Downloaded hex_lit v0.1.1
[INFO] [stderr]   Downloaded async-stream-impl v0.3.5
[INFO] [stderr]   Downloaded async-stream v0.3.5
[INFO] [stderr]   Downloaded tokio-io-timeout v1.2.0
[INFO] [stderr]   Downloaded hyper-timeout v0.4.1
[INFO] [stderr]   Downloaded untrusted v0.9.0
[INFO] [stderr]   Downloaded cosmwasm-std v1.5.0
[INFO] [stderr]   Downloaded wasm-bindgen v0.2.89
[INFO] [stderr]   Downloaded protobuf v2.28.0
[INFO] [stderr]   Downloaded anstyle-query v1.0.2
[INFO] [stderr]   Downloaded anstyle-wincon v3.0.2
[INFO] [stderr]   Downloaded tower-layer v0.3.2
[INFO] [stderr]   Downloaded byteorder v1.5.0
[INFO] [stderr]   Downloaded cw-storage-plus v1.1.0
[INFO] [stderr]   Downloaded num-bigint v0.4.4
[INFO] [stderr]   Downloaded base64ct v1.6.0
[INFO] [stderr]   Downloaded bnum v0.8.1
[INFO] [stderr]   Downloaded sec1 v0.7.3
[INFO] [stderr]   Downloaded tokio-rustls v0.24.1
[INFO] [stderr]   Downloaded hmac v0.12.1
[INFO] [stderr]   Downloaded js-sys v0.3.66
[INFO] [stderr]   Downloaded wasm-bindgen-shared v0.2.89
[INFO] [stderr]   Downloaded crypto-bigint v0.5.5
[INFO] [stderr]   Downloaded tokio-stream v0.1.14
[INFO] [stderr]   Downloaded zeroize v1.7.0
[INFO] [stderr]   Downloaded serde-json-wasm v0.5.1
[INFO] [stderr]   Downloaded getrandom v0.1.16
[INFO] [stderr]   Downloaded dotenv v0.15.0
[INFO] [stderr]   Downloaded group v0.13.0
[INFO] [stderr]   Downloaded ff v0.13.0
[INFO] [stderr]   Downloaded pkcs8 v0.10.2
[INFO] [stderr]   Downloaded zeroize_derive v1.4.2
[INFO] [stderr]   Downloaded ed25519-zebra v3.1.0
[INFO] [stderr]   Downloaded ahash v0.7.7
[INFO] [stderr]   Downloaded subtle v2.5.0
[INFO] [stderr]   Downloaded cw-utils v1.0.3
[INFO] [stderr]   Downloaded const-oid v0.9.6
[INFO] [stderr]   Downloaded ecdsa v0.16.9
[INFO] [stderr]   Downloaded spki v0.7.3
[INFO] [stderr]   Downloaded env_logger v0.10.1
[INFO] [stderr]   Downloaded hex v0.4.3
[INFO] [stderr]   Downloaded secp256k1 v0.27.0
[INFO] [stderr]   Downloaded abstract-account-factory v0.18.0
[INFO] [stderr]   Downloaded rustls-pemfile v1.0.4
[INFO] [stderr]   Downloaded spki v0.6.0
[INFO] [stderr]   Downloaded cw-address-like v1.0.4
[INFO] [stderr]   Downloaded signature v2.2.0
[INFO] [stderr]   Downloaded k256 v0.13.2
[INFO] [stderr]   Downloaded forward_ref v1.0.0
[INFO] [stderr]   Downloaded cosmwasm-derive v1.5.0
[INFO] [stderr]   Downloaded static_assertions v1.1.0
[INFO] running `Command { std: "docker" "create" "-v" "/var/lib/crater-agent-workspace/builds/worker-6-tc1/target:/opt/rustwide/target:rw,Z" "-v" "/var/lib/crater-agent-workspace/builds/worker-6-tc1/source:/opt/rustwide/workdir:ro,Z" "-v" "/var/lib/crater-agent-workspace/cargo-home:/opt/rustwide/cargo-home:ro,Z" "-v" "/var/lib/crater-agent-workspace/rustup-home:/opt/rustwide/rustup-home:ro,Z" "-e" "SOURCE_DIR=/opt/rustwide/workdir" "-e" "CARGO_TARGET_DIR=/opt/rustwide/target" "-e" "CARGO_HOME=/opt/rustwide/cargo-home" "-e" "RUSTUP_HOME=/opt/rustwide/rustup-home" "-w" "/opt/rustwide/workdir" "-m" "1610612736" "--user" "0:0" "--network" "none" "ghcr.io/rust-lang/crates-build-env/linux@sha256:2788e3201cd34a07e3172128adcd8b3090168a8e3bcc40d7c032b9dda1df7d1c" "/opt/rustwide/cargo-home/bin/cargo" "+1.75.0" "metadata" "--no-deps" "--format-version=1", kill_on_drop: false }`
[INFO] [stdout] e109717cd042b003ce885d65505a226a5862ed2f8f6956d86d0178be0cbf7bb9
[INFO] running `Command { std: "docker" "start" "-a" "e109717cd042b003ce885d65505a226a5862ed2f8f6956d86d0178be0cbf7bb9", kill_on_drop: false }`
[INFO] running `Command { std: "docker" "inspect" "e109717cd042b003ce885d65505a226a5862ed2f8f6956d86d0178be0cbf7bb9", kill_on_drop: false }`
[INFO] running `Command { std: "docker" "rm" "-f" "e109717cd042b003ce885d65505a226a5862ed2f8f6956d86d0178be0cbf7bb9", kill_on_drop: false }`
[INFO] [stdout] e109717cd042b003ce885d65505a226a5862ed2f8f6956d86d0178be0cbf7bb9
[INFO] running `Command { std: "docker" "create" "-v" "/var/lib/crater-agent-workspace/builds/worker-6-tc1/target:/opt/rustwide/target:rw,Z" "-v" "/var/lib/crater-agent-workspace/builds/worker-6-tc1/source:/opt/rustwide/workdir:ro,Z" "-v" "/var/lib/crater-agent-workspace/cargo-home:/opt/rustwide/cargo-home:ro,Z" "-v" "/var/lib/crater-agent-workspace/rustup-home:/opt/rustwide/rustup-home:ro,Z" "-e" "SOURCE_DIR=/opt/rustwide/workdir" "-e" "CARGO_TARGET_DIR=/opt/rustwide/target" "-e" "CARGO_INCREMENTAL=0" "-e" "RUST_BACKTRACE=full" "-e" "RUSTFLAGS=--cap-lints=warn" "-e" "RUSTDOCFLAGS=--cap-lints=warn" "-e" "CARGO_HOME=/opt/rustwide/cargo-home" "-e" "RUSTUP_HOME=/opt/rustwide/rustup-home" "-w" "/opt/rustwide/workdir" "-m" "1610612736" "--user" "0:0" "--network" "none" "ghcr.io/rust-lang/crates-build-env/linux@sha256:2788e3201cd34a07e3172128adcd8b3090168a8e3bcc40d7c032b9dda1df7d1c" "/opt/rustwide/cargo-home/bin/cargo" "+1.75.0" "build" "--frozen" "--message-format=json", kill_on_drop: false }`
[INFO] [stdout] d0e7c1af4b5f5340dd201e5f5c43d0eee8a65892f527db0e6cd63c3a883a21b3
[INFO] running `Command { std: "docker" "start" "-a" "d0e7c1af4b5f5340dd201e5f5c43d0eee8a65892f527db0e6cd63c3a883a21b3", kill_on_drop: false }`
[INFO] [stderr]    Compiling version_check v0.9.4
[INFO] [stderr]    Compiling proc-macro2 v1.0.75
[INFO] [stderr]    Compiling unicode-ident v1.0.12
[INFO] [stderr]    Compiling zeroize v1.7.0
[INFO] [stderr]    Compiling typenum v1.17.0
[INFO] [stderr]    Compiling subtle v2.5.0
[INFO] [stderr]    Compiling cfg-if v1.0.0
[INFO] [stderr]    Compiling libc v0.2.151
[INFO] [stderr]    Compiling const-oid v0.9.6
[INFO] [stderr]    Compiling syn v1.0.109
[INFO] [stderr]    Compiling serde v1.0.194
[INFO] [stderr]    Compiling cpufeatures v0.2.12
[INFO] [stderr]    Compiling der v0.7.8
[INFO] [stderr]    Compiling once_cell v1.19.0
[INFO] [stderr]    Compiling generic-array v0.14.7
[INFO] [stderr]    Compiling ahash v0.7.7
[INFO] [stderr]    Compiling base16ct v0.2.0
[INFO] [stderr]    Compiling serde_json v1.0.111
[INFO] [stderr]    Compiling thiserror v1.0.56
[INFO] [stderr]    Compiling opaque-debug v0.3.0
[INFO] [stderr]    Compiling ryu v1.0.16
[INFO] [stderr]    Compiling byteorder v1.5.0
[INFO] [stderr]    Compiling schemars v0.8.16
[INFO] [stderr]    Compiling quote v1.0.35
[INFO] [stderr]    Compiling rand_core v0.5.1
[INFO] [stderr]    Compiling itoa v1.0.10
[INFO] [stderr]    Compiling hex v0.4.3
[INFO] [stderr]    Compiling syn v2.0.48
[INFO] [stderr]    Compiling getrandom v0.2.11
[INFO] [stderr]    Compiling dyn-clone v1.0.16
[INFO] [stderr]    Compiling bech32 v0.9.1
[INFO] [stderr]    Compiling rand_core v0.6.4
[INFO] [stderr]    Compiling spki v0.7.3
[INFO] [stderr]    Compiling ff v0.13.0
[INFO] [stderr]    Compiling pkcs8 v0.10.2
[INFO] [stderr]    Compiling group v0.13.0
[INFO] [stderr]    Compiling hashbrown v0.12.3
[INFO] [stderr]    Compiling bnum v0.8.1
[INFO] [stderr]    Compiling base64 v0.21.5
[INFO] [stderr]    Compiling static_assertions v1.1.0
[INFO] [stderr]    Compiling forward_ref v1.0.0
[INFO] [stderr]    Compiling semver v1.0.21
[INFO] [stderr]    Compiling cw-semver v1.0.14
[INFO] [stderr]    Compiling block-buffer v0.10.4
[INFO] [stderr]    Compiling crypto-common v0.1.6
[INFO] [stderr]    Compiling sec1 v0.7.3
[INFO] [stderr]    Compiling crypto-bigint v0.5.5
[INFO] [stderr]    Compiling digest v0.9.0
[INFO] [stderr]    Compiling digest v0.10.7
[INFO] [stderr]    Compiling block-buffer v0.9.0
[INFO] [stderr]    Compiling curve25519-dalek v3.2.0
[INFO] [stderr]    Compiling sha2 v0.9.9
[INFO] [stderr]    Compiling hmac v0.12.1
[INFO] [stderr]    Compiling signature v2.2.0
[INFO] [stderr]    Compiling rfc6979 v0.4.0
[INFO] [stderr]    Compiling sha2 v0.10.8
[INFO] [stderr]    Compiling serde_derive v1.0.194
[INFO] [stderr]    Compiling thiserror-impl v1.0.56
[INFO] [stderr]    Compiling elliptic-curve v0.13.8
[INFO] [stderr]    Compiling ecdsa v0.16.9
[INFO] [stderr]    Compiling serde_derive_internals v0.26.0
[INFO] [stderr]    Compiling k256 v0.13.2
[INFO] [stderr]    Compiling schemars_derive v0.8.16
[INFO] [stderr]    Compiling cosmwasm-derive v1.5.0
[INFO] [stderr]    Compiling derivative v2.2.0
[INFO] [stderr]    Compiling cosmwasm-schema-derive v1.5.0
[INFO] [stderr]    Compiling cw-ownable-derive v0.5.1
[INFO] [stderr]    Compiling abstract-macros v0.18.0
[INFO] [stderr]    Compiling ed25519-zebra v3.1.0
[INFO] [stderr]    Compiling serde-json-wasm v0.5.1
[INFO] [stderr]    Compiling cosmwasm-crypto v1.5.0
[INFO] [stderr]    Compiling cosmwasm-std v1.5.0
[INFO] [stderr]    Compiling cosmwasm-schema v1.5.0
[INFO] [stderr]    Compiling cw-storage-plus v1.1.0
[INFO] [stderr]    Compiling cw-address-like v1.0.4
[INFO] [stderr]    Compiling abstract-ica v0.18.0
[INFO] [stderr]    Compiling cw2 v1.1.2
[INFO] [stderr]    Compiling cw-utils v1.0.3
[INFO] [stderr]    Compiling cw20 v1.1.2
[INFO] [stderr]    Compiling cw-controllers v1.1.2
[INFO] [stderr]    Compiling cw-ownable v0.5.1
[INFO] [stderr]    Compiling cw-asset v3.0.0
[INFO] [stderr]    Compiling abstract-core v0.18.0
[INFO] [stderr]    Compiling cw20-base v1.1.2
[INFO] [stderr]    Compiling abstract-adapter-utils v0.18.0
[INFO] [stderr]    Compiling abstract-sdk v0.18.0
[INFO] [stdout] error[E0433]: failed to resolve: could not find `write` in `core`
[INFO] [stdout]   --> /opt/rustwide/cargo-home/registry/src/index.crates.io-6f17d22bba15001f/abstract-sdk-0.18.0/src/error.rs:22:10
[INFO] [stdout]    |
[INFO] [stdout] 22 | #[derive(Error, Debug, PartialEq)]
[INFO] [stdout]    |          ^^^^^ could not find `write` in `core`
[INFO] [stdout]    |
[INFO] [stdout]    = note: this error originates in the derive macro `Error` (in Nightly builds, run with -Z macro-backtrace for more info)
[INFO] [stdout] 
[INFO] [stdout] 
[INFO] [stdout] error[E0433]: failed to resolve: could not find `option` in `core`
[INFO] [stdout]  --> /opt/rustwide/cargo-home/registry/src/index.crates.io-6f17d22bba15001f/abstract-sdk-0.18.0/src/error.rs:9:10
[INFO] [stdout]   |
[INFO] [stdout] 9 | #[derive(Error, Debug, PartialEq)]
[INFO] [stdout]   |          ^^^^^ could not find `option` in `core`
[INFO] [stdout]   |
[INFO] [stdout]   = note: this error originates in the derive macro `Error` (in Nightly builds, run with -Z macro-backtrace for more info)
[INFO] [stdout] help: consider importing one of these items
[INFO] [stdout]   |
[INFO] [stdout] 2 + use core::option;
[INFO] [stdout]   |
[INFO] [stdout] 2 + use std::option;
[INFO] [stdout]   |
[INFO] [stdout] 
[INFO] [stdout] 
[INFO] [stdout] error[E0433]: failed to resolve: could not find `option` in `core`
[INFO] [stdout]  --> /opt/rustwide/cargo-home/registry/src/index.crates.io-6f17d22bba15001f/abstract-sdk-0.18.0/src/error.rs:9:10
[INFO] [stdout]   |
[INFO] [stdout] 9 | #[derive(Error, Debug, PartialEq)]
[INFO] [stdout]   |          ^^^^^ could not find `option` in `core`
[INFO] [stdout]   |
[INFO] [stdout]   = note: this error originates in the derive macro `Error` (in Nightly builds, run with -Z macro-backtrace for more info)
[INFO] [stdout] help: consider importing one of these items
[INFO] [stdout]   |
[INFO] [stdout] 2 + use core::option::Option;
[INFO] [stdout]   |
[INFO] [stdout] 2 + use serde::__private::Option;
[INFO] [stdout]   |
[INFO] [stdout] 2 + use std::option::Option;
[INFO] [stdout]   |
[INFO] [stdout] 
[INFO] [stdout] 
[INFO] [stdout] error[E0433]: failed to resolve: could not find `option` in `core`
[INFO] [stdout]   --> /opt/rustwide/cargo-home/registry/src/index.crates.io-6f17d22bba15001f/abstract-sdk-0.18.0/src/error.rs:22:10
[INFO] [stdout]    |
[INFO] [stdout] 22 | #[derive(Error, Debug, PartialEq)]
[INFO] [stdout]    |          ^^^^^ could not find `option` in `core`
[INFO] [stdout]    |
[INFO] [stdout]    = note: this error originates in the derive macro `Error` (in Nightly builds, run with -Z macro-backtrace for more info)
[INFO] [stdout] help: consider importing one of these items
[INFO] [stdout]    |
[INFO] [stdout] 2  + use core::option;
[INFO] [stdout]    |
[INFO] [stdout] 2  + use std::option;
[INFO] [stdout]    |
[INFO] [stdout] 
[INFO] [stdout] 
[INFO] [stdout] error[E0433]: failed to resolve: could not find `option` in `core`
[INFO] [stdout]   --> /opt/rustwide/cargo-home/registry/src/index.crates.io-6f17d22bba15001f/abstract-sdk-0.18.0/src/error.rs:22:10
[INFO] [stdout]    |
[INFO] [stdout] 22 | #[derive(Error, Debug, PartialEq)]
[INFO] [stdout]    |          ^^^^^ could not find `option` in `core`
[INFO] [stdout]    |
[INFO] [stdout]    = note: this error originates in the derive macro `Error` (in Nightly builds, run with -Z macro-backtrace for more info)
[INFO] [stdout] help: consider importing one of these items
[INFO] [stdout]    |
[INFO] [stdout] 2  + use core::option::Option;
[INFO] [stdout]    |
[INFO] [stdout] 2  + use serde::__private::Option;
[INFO] [stdout]    |
[INFO] [stdout] 2  + use std::option::Option;
[INFO] [stdout]    |
[INFO] [stdout] 
[INFO] [stdout] 
[INFO] [stdout] error[E0433]: failed to resolve: could not find `fmt` in `core`
[INFO] [stdout]   --> /opt/rustwide/cargo-home/registry/src/index.crates.io-6f17d22bba15001f/abstract-sdk-0.18.0/src/error.rs:22:10
[INFO] [stdout]    |
[INFO] [stdout] 22 | #[derive(Error, Debug, PartialEq)]
[INFO] [stdout]    |          ^^^^^ could not find `fmt` in `core`
[INFO] [stdout]    |
[INFO] [stdout]    = note: this error originates in the derive macro `Error` (in Nightly builds, run with -Z macro-backtrace for more info)
[INFO] [stdout] help: consider importing one of these items
[INFO] [stdout]    |
[INFO] [stdout] 2  + use core::fmt;
[INFO] [stdout]    |
[INFO] [stdout] 2  + use serde::__private::fmt;
[INFO] [stdout]    |
[INFO] [stdout] 2  + use std::fmt;
[INFO] [stdout]    |
[INFO] [stdout] 
[INFO] [stdout] 
[INFO] [stdout] error[E0433]: failed to resolve: could not find `convert` in `core`
[INFO] [stdout]   --> /opt/rustwide/cargo-home/registry/src/index.crates.io-6f17d22bba15001f/abstract-sdk-0.18.0/src/error.rs:22:10
[INFO] [stdout]    |
[INFO] [stdout] 22 | #[derive(Error, Debug, PartialEq)]
[INFO] [stdout]    |          ^^^^^ could not find `convert` in `core`
[INFO] [stdout]    |
[INFO] [stdout]    = note: this error originates in the derive macro `Error` (in Nightly builds, run with -Z macro-backtrace for more info)
[INFO] [stdout] help: consider importing one of these items
[INFO] [stdout]    |
[INFO] [stdout] 2  + use core::convert;
[INFO] [stdout]    |
[INFO] [stdout] 2  + use std::convert;
[INFO] [stdout]    |
[INFO] [stdout] 
[INFO] [stdout] 
[INFO] [stdout] error: aborting due to 7 previous errors
[INFO] [stdout] 
[INFO] [stdout] 
[INFO] [stdout] For more information about this error, try `rustc --explain E0433`.
[INFO] [stdout] 
[INFO] [stderr] error: could not compile `abstract-sdk` (lib) due to 8 previous errors
[INFO] [stderr] warning: build failed, waiting for other jobs to finish...
[INFO] running `Command { std: "docker" "inspect" "d0e7c1af4b5f5340dd201e5f5c43d0eee8a65892f527db0e6cd63c3a883a21b3", kill_on_drop: false }`
[INFO] running `Command { std: "docker" "rm" "-f" "d0e7c1af4b5f5340dd201e5f5c43d0eee8a65892f527db0e6cd63c3a883a21b3", kill_on_drop: false }`
[INFO] [stdout] d0e7c1af4b5f5340dd201e5f5c43d0eee8a65892f527db0e6cd63c3a883a21b3
[INFO] testing abstract-staking-adapter-traits-0.18.0 against beta-2023-12-22 for beta-1.76-1
[INFO] extracting crate abstract-staking-adapter-traits 0.18.0 into /workspace/builds/worker-6-tc2/source
[INFO] validating manifest of crates.io crate abstract-staking-adapter-traits 0.18.0 on toolchain beta-2023-12-22
[INFO] running `Command { std: CARGO_HOME="/workspace/cargo-home" RUSTUP_HOME="/workspace/rustup-home" "/workspace/cargo-home/bin/cargo" "+beta-2023-12-22" "metadata" "--manifest-path" "Cargo.toml" "--no-deps", kill_on_drop: false }`
[INFO] started tweaking crates.io crate abstract-staking-adapter-traits 0.18.0
[INFO] finished tweaking crates.io crate abstract-staking-adapter-traits 0.18.0
[INFO] tweaked toml for crates.io crate abstract-staking-adapter-traits 0.18.0 written to /workspace/builds/worker-6-tc2/source/Cargo.toml
[INFO] running `Command { std: CARGO_HOME="/workspace/cargo-home" RUSTUP_HOME="/workspace/rustup-home" "/workspace/cargo-home/bin/cargo" "+beta-2023-12-22" "generate-lockfile" "--manifest-path" "Cargo.toml", kill_on_drop: false }`
[INFO] [stderr]     Updating crates.io index
[INFO] running `Command { std: CARGO_HOME="/workspace/cargo-home" RUSTUP_HOME="/workspace/rustup-home" "/workspace/cargo-home/bin/cargo" "+beta-2023-12-22" "fetch" "--manifest-path" "Cargo.toml", kill_on_drop: false }`
[INFO] running `Command { std: "docker" "create" "-v" "/var/lib/crater-agent-workspace/builds/worker-6-tc2/target:/opt/rustwide/target:rw,Z" "-v" "/var/lib/crater-agent-workspace/builds/worker-6-tc2/source:/opt/rustwide/workdir:ro,Z" "-v" "/var/lib/crater-agent-workspace/cargo-home:/opt/rustwide/cargo-home:ro,Z" "-v" "/var/lib/crater-agent-workspace/rustup-home:/opt/rustwide/rustup-home:ro,Z" "-e" "SOURCE_DIR=/opt/rustwide/workdir" "-e" "CARGO_TARGET_DIR=/opt/rustwide/target" "-e" "CARGO_HOME=/opt/rustwide/cargo-home" "-e" "RUSTUP_HOME=/opt/rustwide/rustup-home" "-w" "/opt/rustwide/workdir" "-m" "1610612736" "--user" "0:0" "--network" "none" "ghcr.io/rust-lang/crates-build-env/linux@sha256:2788e3201cd34a07e3172128adcd8b3090168a8e3bcc40d7c032b9dda1df7d1c" "/opt/rustwide/cargo-home/bin/cargo" "+beta-2023-12-22" "metadata" "--no-deps" "--format-version=1", kill_on_drop: false }`
[INFO] [stdout] 696a9cd3b0eafcd27185c250defbb255b201b897f8b68c6050aa5035a5ba40da
[INFO] running `Command { std: "docker" "start" "-a" "696a9cd3b0eafcd27185c250defbb255b201b897f8b68c6050aa5035a5ba40da", kill_on_drop: false }`
[INFO] running `Command { std: "docker" "inspect" "696a9cd3b0eafcd27185c250defbb255b201b897f8b68c6050aa5035a5ba40da", kill_on_drop: false }`
[INFO] running `Command { std: "docker" "rm" "-f" "696a9cd3b0eafcd27185c250defbb255b201b897f8b68c6050aa5035a5ba40da", kill_on_drop: false }`
[INFO] [stdout] 696a9cd3b0eafcd27185c250defbb255b201b897f8b68c6050aa5035a5ba40da
[INFO] running `Command { std: "docker" "create" "-v" "/var/lib/crater-agent-workspace/builds/worker-6-tc2/target:/opt/rustwide/target:rw,Z" "-v" "/var/lib/crater-agent-workspace/builds/worker-6-tc2/source:/opt/rustwide/workdir:ro,Z" "-v" "/var/lib/crater-agent-workspace/cargo-home:/opt/rustwide/cargo-home:ro,Z" "-v" "/var/lib/crater-agent-workspace/rustup-home:/opt/rustwide/rustup-home:ro,Z" "-e" "SOURCE_DIR=/opt/rustwide/workdir" "-e" "CARGO_TARGET_DIR=/opt/rustwide/target" "-e" "CARGO_INCREMENTAL=0" "-e" "RUST_BACKTRACE=full" "-e" "RUSTFLAGS=--cap-lints=warn" "-e" "RUSTDOCFLAGS=--cap-lints=warn" "-e" "CARGO_HOME=/opt/rustwide/cargo-home" "-e" "RUSTUP_HOME=/opt/rustwide/rustup-home" "-w" "/opt/rustwide/workdir" "-m" "1610612736" "--user" "0:0" "--network" "none" "ghcr.io/rust-lang/crates-build-env/linux@sha256:2788e3201cd34a07e3172128adcd8b3090168a8e3bcc40d7c032b9dda1df7d1c" "/opt/rustwide/cargo-home/bin/cargo" "+beta-2023-12-22" "build" "--frozen" "--message-format=json", kill_on_drop: false }`
[INFO] [stdout] a6dad2066afd5d3d4eac64f6b029ae5c4ada09c722f328c0e3a13803639811ad
[INFO] running `Command { std: "docker" "start" "-a" "a6dad2066afd5d3d4eac64f6b029ae5c4ada09c722f328c0e3a13803639811ad", kill_on_drop: false }`
[INFO] [stderr]    Compiling version_check v0.9.4
[INFO] [stderr]    Compiling proc-macro2 v1.0.75
[INFO] [stderr]    Compiling unicode-ident v1.0.12
[INFO] [stderr]    Compiling zeroize v1.7.0
[INFO] [stderr]    Compiling typenum v1.17.0
[INFO] [stderr]    Compiling libc v0.2.151
[INFO] [stderr]    Compiling subtle v2.5.0
[INFO] [stderr]    Compiling cfg-if v1.0.0
[INFO] [stderr]    Compiling const-oid v0.9.6
[INFO] [stderr]    Compiling syn v1.0.109
[INFO] [stderr]    Compiling serde v1.0.194
[INFO] [stderr]    Compiling der v0.7.8
[INFO] [stderr]    Compiling once_cell v1.19.0
[INFO] [stderr]    Compiling generic-array v0.14.7
[INFO] [stderr]    Compiling ahash v0.7.7
[INFO] [stderr]    Compiling base16ct v0.2.0
[INFO] [stderr]    Compiling cpufeatures v0.2.12
[INFO] [stderr]    Compiling thiserror v1.0.56
[INFO] [stderr]    Compiling serde_json v1.0.111
[INFO] [stderr]    Compiling schemars v0.8.16
[INFO] [stderr]    Compiling rand_core v0.5.1
[INFO] [stderr]    Compiling quote v1.0.35
[INFO] [stderr]    Compiling byteorder v1.5.0
[INFO] [stderr]    Compiling ryu v1.0.16
[INFO] [stderr]    Compiling syn v2.0.48
[INFO] [stderr]    Compiling getrandom v0.2.11
[INFO] [stderr]    Compiling itoa v1.0.10
[INFO] [stderr]    Compiling rand_core v0.6.4
[INFO] [stderr]    Compiling spki v0.7.3
[INFO] [stderr]    Compiling opaque-debug v0.3.0
[INFO] [stderr]    Compiling dyn-clone v1.0.16
[INFO] [stderr]    Compiling ff v0.13.0
[INFO] [stderr]    Compiling hashbrown v0.12.3
[INFO] [stderr]    Compiling pkcs8 v0.10.2
[INFO] [stderr]    Compiling group v0.13.0
[INFO] [stderr]    Compiling hex v0.4.3
[INFO] [stderr]    Compiling base64 v0.21.5
[INFO] [stderr]    Compiling bech32 v0.9.1
[INFO] [stderr]    Compiling forward_ref v1.0.0
[INFO] [stderr]    Compiling static_assertions v1.1.0
[INFO] [stderr]    Compiling bnum v0.8.1
[INFO] [stderr]    Compiling semver v1.0.21
[INFO] [stderr]    Compiling block-buffer v0.10.4
[INFO] [stderr]    Compiling crypto-common v0.1.6
[INFO] [stderr]    Compiling crypto-bigint v0.5.5
[INFO] [stderr]    Compiling digest v0.10.7
[INFO] [stderr]    Compiling sec1 v0.7.3
[INFO] [stderr]    Compiling digest v0.9.0
[INFO] [stderr]    Compiling block-buffer v0.9.0
[INFO] [stderr]    Compiling curve25519-dalek v3.2.0
[INFO] [stderr]    Compiling sha2 v0.9.9
[INFO] [stderr]    Compiling hmac v0.12.1
[INFO] [stderr]    Compiling rfc6979 v0.4.0
[INFO] [stderr]    Compiling signature v2.2.0
[INFO] [stderr]    Compiling sha2 v0.10.8
[INFO] [stderr]    Compiling cw-semver v1.0.14
[INFO] [stderr]    Compiling serde_derive v1.0.194
[INFO] [stderr]    Compiling thiserror-impl v1.0.56
[INFO] [stderr]    Compiling elliptic-curve v0.13.8
[INFO] [stderr]    Compiling ecdsa v0.16.9
[INFO] [stderr]    Compiling serde_derive_internals v0.26.0
[INFO] [stderr]    Compiling k256 v0.13.2
[INFO] [stderr]    Compiling cosmwasm-derive v1.5.0
[INFO] [stderr]    Compiling derivative v2.2.0
[INFO] [stderr]    Compiling cosmwasm-schema-derive v1.5.0
[INFO] [stderr]    Compiling cw-ownable-derive v0.5.1
[INFO] [stderr]    Compiling abstract-macros v0.18.0
[INFO] [stderr]    Compiling schemars_derive v0.8.16
[INFO] [stderr]    Compiling ed25519-zebra v3.1.0
[INFO] [stderr]    Compiling serde-json-wasm v0.5.1
[INFO] [stderr]    Compiling cosmwasm-crypto v1.5.0
[INFO] [stderr]    Compiling cosmwasm-std v1.5.0
[INFO] [stderr]    Compiling cosmwasm-schema v1.5.0
[INFO] [stderr]    Compiling cw-storage-plus v1.1.0
[INFO] [stderr]    Compiling cw-address-like v1.0.4
[INFO] [stderr]    Compiling abstract-ica v0.18.0
[INFO] [stderr]    Compiling cw2 v1.1.2
[INFO] [stderr]    Compiling cw-utils v1.0.3
[INFO] [stderr]    Compiling cw20 v1.1.2
[INFO] [stderr]    Compiling cw-controllers v1.1.2
[INFO] [stderr]    Compiling cw-ownable v0.5.1
[INFO] [stderr]    Compiling cw-asset v3.0.0
[INFO] [stderr]    Compiling cw20-base v1.1.2
[INFO] [stderr]    Compiling abstract-core v0.18.0
[INFO] [stderr]    Compiling abstract-adapter-utils v0.18.0
[INFO] [stderr]    Compiling abstract-sdk v0.18.0
[INFO] [stdout] error[E0433]: failed to resolve: could not find `write` in `core`
[INFO] [stdout]   --> /opt/rustwide/cargo-home/registry/src/index.crates.io-6f17d22bba15001f/abstract-sdk-0.18.0/src/error.rs:22:10
[INFO] [stdout]    |
[INFO] [stdout] 22 | #[derive(Error, Debug, PartialEq)]
[INFO] [stdout]    |          ^^^^^ could not find `write` in `core`
[INFO] [stdout]    |
[INFO] [stdout]    = note: this error originates in the derive macro `Error` (in Nightly builds, run with -Z macro-backtrace for more info)
[INFO] [stdout] 
[INFO] [stdout] 
[INFO] [stdout] error[E0433]: failed to resolve: could not find `option` in `core`
[INFO] [stdout]  --> /opt/rustwide/cargo-home/registry/src/index.crates.io-6f17d22bba15001f/abstract-sdk-0.18.0/src/error.rs:9:10
[INFO] [stdout]   |
[INFO] [stdout] 9 | #[derive(Error, Debug, PartialEq)]
[INFO] [stdout]   |          ^^^^^ could not find `option` in `core`
[INFO] [stdout]   |
[INFO] [stdout]   = note: this error originates in the derive macro `Error` (in Nightly builds, run with -Z macro-backtrace for more info)
[INFO] [stdout] help: consider importing one of these items
[INFO] [stdout]   |
[INFO] [stdout] 2 + use core::option;
[INFO] [stdout]   |
[INFO] [stdout] 2 + use std::option;
[INFO] [stdout]   |
[INFO] [stdout] 
[INFO] [stdout] 
[INFO] [stdout] error[E0433]: failed to resolve: could not find `option` in `core`
[INFO] [stdout]  --> /opt/rustwide/cargo-home/registry/src/index.crates.io-6f17d22bba15001f/abstract-sdk-0.18.0/src/error.rs:9:10
[INFO] [stdout]   |
[INFO] [stdout] 9 | #[derive(Error, Debug, PartialEq)]
[INFO] [stdout]   |          ^^^^^ could not find `option` in `core`
[INFO] [stdout]   |
[INFO] [stdout]   = note: this error originates in the derive macro `Error` (in Nightly builds, run with -Z macro-backtrace for more info)
[INFO] [stdout] help: consider importing one of these items
[INFO] [stdout]   |
[INFO] [stdout] 2 + use core::option::Option;
[INFO] [stdout]   |
[INFO] [stdout] 2 + use serde::__private::Option;
[INFO] [stdout]   |
[INFO] [stdout] 2 + use std::option::Option;
[INFO] [stdout]   |
[INFO] [stdout] 
[INFO] [stdout] 
[INFO] [stdout] error[E0433]: failed to resolve: could not find `option` in `core`
[INFO] [stdout]   --> /opt/rustwide/cargo-home/registry/src/index.crates.io-6f17d22bba15001f/abstract-sdk-0.18.0/src/error.rs:22:10
[INFO] [stdout]    |
[INFO] [stdout] 22 | #[derive(Error, Debug, PartialEq)]
[INFO] [stdout]    |          ^^^^^ could not find `option` in `core`
[INFO] [stdout]    |
[INFO] [stdout]    = note: this error originates in the derive macro `Error` (in Nightly builds, run with -Z macro-backtrace for more info)
[INFO] [stdout] help: consider importing one of these items
[INFO] [stdout]    |
[INFO] [stdout] 2  + use core::option;
[INFO] [stdout]    |
[INFO] [stdout] 2  + use std::option;
[INFO] [stdout]    |
[INFO] [stdout] 
[INFO] [stdout] 
[INFO] [stdout] error[E0433]: failed to resolve: could not find `option` in `core`
[INFO] [stdout]   --> /opt/rustwide/cargo-home/registry/src/index.crates.io-6f17d22bba15001f/abstract-sdk-0.18.0/src/error.rs:22:10
[INFO] [stdout]    |
[INFO] [stdout] 22 | #[derive(Error, Debug, PartialEq)]
[INFO] [stdout]    |          ^^^^^ could not find `option` in `core`
[INFO] [stdout]    |
[INFO] [stdout]    = note: this error originates in the derive macro `Error` (in Nightly builds, run with -Z macro-backtrace for more info)
[INFO] [stdout] help: consider importing one of these items
[INFO] [stdout]    |
[INFO] [stdout] 2  + use core::option::Option;
[INFO] [stdout]    |
[INFO] [stdout] 2  + use serde::__private::Option;
[INFO] [stdout]    |
[INFO] [stdout] 2  + use std::option::Option;
[INFO] [stdout]    |
[INFO] [stdout] 
[INFO] [stdout] 
[INFO] [stdout] error[E0433]: failed to resolve: could not find `fmt` in `core`
[INFO] [stdout]   --> /opt/rustwide/cargo-home/registry/src/index.crates.io-6f17d22bba15001f/abstract-sdk-0.18.0/src/error.rs:22:10
[INFO] [stdout]    |
[INFO] [stdout] 22 | #[derive(Error, Debug, PartialEq)]
[INFO] [stdout]    |          ^^^^^ could not find `fmt` in `core`
[INFO] [stdout]    |
[INFO] [stdout]    = note: this error originates in the derive macro `Error` (in Nightly builds, run with -Z macro-backtrace for more info)
[INFO] [stdout] help: consider importing one of these items
[INFO] [stdout]    |
[INFO] [stdout] 2  + use core::fmt;
[INFO] [stdout]    |
[INFO] [stdout] 2  + use serde::__private::fmt;
[INFO] [stdout]    |
[INFO] [stdout] 2  + use std::fmt;
[INFO] [stdout]    |
[INFO] [stdout] 
[INFO] [stdout] 
[INFO] [stdout] error[E0433]: failed to resolve: could not find `convert` in `core`
[INFO] [stdout]   --> /opt/rustwide/cargo-home/registry/src/index.crates.io-6f17d22bba15001f/abstract-sdk-0.18.0/src/error.rs:22:10
[INFO] [stdout]    |
[INFO] [stdout] 22 | #[derive(Error, Debug, PartialEq)]
[INFO] [stdout]    |          ^^^^^ could not find `convert` in `core`
[INFO] [stdout]    |
[INFO] [stdout]    = note: this error originates in the derive macro `Error` (in Nightly builds, run with -Z macro-backtrace for more info)
[INFO] [stdout] help: consider importing one of these items
[INFO] [stdout]    |
[INFO] [stdout] 2  + use core::convert;
[INFO] [stdout]    |
[INFO] [stdout] 2  + use std::convert;
[INFO] [stdout]    |
[INFO] [stdout] 
[INFO] [stdout] 
[INFO] [stdout] error: aborting due to 7 previous errors
[INFO] [stdout] 
[INFO] [stdout] 
[INFO] [stdout] For more information about this error, try `rustc --explain E0433`.
[INFO] [stdout] 
[INFO] [stderr] error: could not compile `abstract-sdk` (lib) due to 8 previous errors
[INFO] [stderr] warning: build failed, waiting for other jobs to finish...
[INFO] running `Command { std: "docker" "inspect" "a6dad2066afd5d3d4eac64f6b029ae5c4ada09c722f328c0e3a13803639811ad", kill_on_drop: false }`
[INFO] running `Command { std: "docker" "rm" "-f" "a6dad2066afd5d3d4eac64f6b029ae5c4ada09c722f328c0e3a13803639811ad", kill_on_drop: false }`
[INFO] [stdout] a6dad2066afd5d3d4eac64f6b029ae5c4ada09c722f328c0e3a13803639811ad
