[INFO] fetching crate abi_stable 0.11.3...
[INFO] testing abi_stable-0.11.3 against 1.75.0 for beta-1.76-1
[INFO] extracting crate abi_stable 0.11.3 into /workspace/builds/worker-5-tc1/source
[INFO] validating manifest of crates.io crate abi_stable 0.11.3 on toolchain 1.75.0
[INFO] running `Command { std: CARGO_HOME="/workspace/cargo-home" RUSTUP_HOME="/workspace/rustup-home" "/workspace/cargo-home/bin/cargo" "+1.75.0" "metadata" "--manifest-path" "Cargo.toml" "--no-deps", kill_on_drop: false }`
[INFO] started tweaking crates.io crate abi_stable 0.11.3
[INFO] finished tweaking crates.io crate abi_stable 0.11.3
[INFO] tweaked toml for crates.io crate abi_stable 0.11.3 written to /workspace/builds/worker-5-tc1/source/Cargo.toml
[INFO] running `Command { std: CARGO_HOME="/workspace/cargo-home" RUSTUP_HOME="/workspace/rustup-home" "/workspace/cargo-home/bin/cargo" "+1.75.0" "generate-lockfile" "--manifest-path" "Cargo.toml", kill_on_drop: false }`
[INFO] [stderr]     Updating crates.io index
[INFO] running `Command { std: CARGO_HOME="/workspace/cargo-home" RUSTUP_HOME="/workspace/rustup-home" "/workspace/cargo-home/bin/cargo" "+1.75.0" "fetch" "--manifest-path" "Cargo.toml", kill_on_drop: false }`
[INFO] [stderr]  Downloading crates ...
[INFO] [stderr]   Downloaded rustc_version v0.4.0
[INFO] [stderr]   Downloaded parking_lot v0.12.1
[INFO] [stderr]   Downloaded glob v0.3.1
[INFO] [stderr]   Downloaded winapi-util v0.1.6
[INFO] [stderr]   Downloaded windows-targets v0.48.5
[INFO] [stderr]   Downloaded tstr_proc_macros v0.2.2
[INFO] [stderr]   Downloaded typed-arena v2.0.2
[INFO] [stderr]   Downloaded abi_stable_shared v0.11.0
[INFO] [stderr]   Downloaded paste v1.0.14
[INFO] [stderr]   Downloaded generational-arena v0.2.9
[INFO] [stderr]   Downloaded scopeguard v1.2.0
[INFO] [stderr]   Downloaded as_derive_utils v0.11.0
[INFO] [stderr]   Downloaded smallvec v1.11.2
[INFO] [stderr]   Downloaded libloading v0.7.4
[INFO] [stderr]   Downloaded ahash v0.8.7
[INFO] [stderr]   Downloaded hashbrown v0.13.2
[INFO] [stderr]   Downloaded zerocopy v0.7.32
[INFO] [stderr]   Downloaded windows_x86_64_gnullvm v0.48.5
[INFO] [stderr]   Downloaded windows_aarch64_msvc v0.48.5
[INFO] [stderr]   Downloaded windows_i686_msvc v0.48.5
[INFO] [stderr]   Downloaded windows_x86_64_gnu v0.48.5
[INFO] [stderr]   Downloaded windows_x86_64_msvc v0.48.5
[INFO] [stderr]   Downloaded windows_i686_gnu v0.48.5
[INFO] [stderr]   Downloaded windows_aarch64_gnullvm v0.48.5
[INFO] [stderr]   Downloaded core_extensions v1.5.3
[INFO] [stderr]   Downloaded abi_stable_derive v0.11.3
[INFO] [stderr]   Downloaded parking_lot_core v0.9.9
[INFO] [stderr]   Downloaded basic-toml v0.1.8
[INFO] [stderr]   Downloaded core_extensions_proc_macros v1.5.3
[INFO] [stderr]   Downloaded const_panic v0.2.8
[INFO] [stderr]   Downloaded trybuild v1.0.87
[INFO] [stderr]   Downloaded zerocopy-derive v0.7.32
[INFO] [stderr]   Downloaded bincode v1.3.3
[INFO] [stderr]   Downloaded semver v1.0.21
[INFO] [stderr]   Downloaded lock_api v0.4.11
[INFO] [stderr]   Downloaded tstr v0.2.3
[INFO] [stderr]   Downloaded termcolor v1.4.0
[INFO] [stderr]   Downloaded repr_offset v0.2.2
[INFO] running `Command { std: "docker" "create" "-v" "/var/lib/crater-agent-workspace/builds/worker-5-tc1/target:/opt/rustwide/target:rw,Z" "-v" "/var/lib/crater-agent-workspace/builds/worker-5-tc1/source:/opt/rustwide/workdir:ro,Z" "-v" "/var/lib/crater-agent-workspace/cargo-home:/opt/rustwide/cargo-home:ro,Z" "-v" "/var/lib/crater-agent-workspace/rustup-home:/opt/rustwide/rustup-home:ro,Z" "-e" "SOURCE_DIR=/opt/rustwide/workdir" "-e" "CARGO_TARGET_DIR=/opt/rustwide/target" "-e" "CARGO_HOME=/opt/rustwide/cargo-home" "-e" "RUSTUP_HOME=/opt/rustwide/rustup-home" "-w" "/opt/rustwide/workdir" "-m" "1610612736" "--user" "0:0" "--network" "none" "ghcr.io/rust-lang/crates-build-env/linux@sha256:2788e3201cd34a07e3172128adcd8b3090168a8e3bcc40d7c032b9dda1df7d1c" "/opt/rustwide/cargo-home/bin/cargo" "+1.75.0" "metadata" "--no-deps" "--format-version=1", kill_on_drop: false }`
[INFO] [stdout] 3b05c36b3553951c715909d48035669a54fe218be5349caa1e11a5b5d80ea1b7
[INFO] running `Command { std: "docker" "start" "-a" "3b05c36b3553951c715909d48035669a54fe218be5349caa1e11a5b5d80ea1b7", kill_on_drop: false }`
[INFO] running `Command { std: "docker" "inspect" "3b05c36b3553951c715909d48035669a54fe218be5349caa1e11a5b5d80ea1b7", kill_on_drop: false }`
[INFO] running `Command { std: "docker" "rm" "-f" "3b05c36b3553951c715909d48035669a54fe218be5349caa1e11a5b5d80ea1b7", kill_on_drop: false }`
[INFO] [stdout] 3b05c36b3553951c715909d48035669a54fe218be5349caa1e11a5b5d80ea1b7
[INFO] running `Command { std: "docker" "create" "-v" "/var/lib/crater-agent-workspace/builds/worker-5-tc1/target:/opt/rustwide/target:rw,Z" "-v" "/var/lib/crater-agent-workspace/builds/worker-5-tc1/source:/opt/rustwide/workdir:ro,Z" "-v" "/var/lib/crater-agent-workspace/cargo-home:/opt/rustwide/cargo-home:ro,Z" "-v" "/var/lib/crater-agent-workspace/rustup-home:/opt/rustwide/rustup-home:ro,Z" "-e" "SOURCE_DIR=/opt/rustwide/workdir" "-e" "CARGO_TARGET_DIR=/opt/rustwide/target" "-e" "CARGO_INCREMENTAL=0" "-e" "RUST_BACKTRACE=full" "-e" "RUSTFLAGS=--cap-lints=warn" "-e" "RUSTDOCFLAGS=--cap-lints=warn" "-e" "CARGO_HOME=/opt/rustwide/cargo-home" "-e" "RUSTUP_HOME=/opt/rustwide/rustup-home" "-w" "/opt/rustwide/workdir" "-m" "1610612736" "--user" "0:0" "--network" "none" "ghcr.io/rust-lang/crates-build-env/linux@sha256:2788e3201cd34a07e3172128adcd8b3090168a8e3bcc40d7c032b9dda1df7d1c" "/opt/rustwide/cargo-home/bin/cargo" "+1.75.0" "build" "--frozen" "--message-format=json", kill_on_drop: false }`
[INFO] [stdout] 9856c244ebbb6277afe40eac0664f3550b1d070f0fb4ea10fdd9dcb45cc1d8a8
[INFO] running `Command { std: "docker" "start" "-a" "9856c244ebbb6277afe40eac0664f3550b1d070f0fb4ea10fdd9dcb45cc1d8a8", kill_on_drop: false }`
[INFO] [stderr]    Compiling proc-macro2 v1.0.75
[INFO] [stderr]    Compiling unicode-ident v1.0.12
[INFO] [stderr]    Compiling cfg-if v1.0.0
[INFO] [stderr]    Compiling libc v0.2.151
[INFO] [stderr]    Compiling core_extensions_proc_macros v1.5.3
[INFO] [stderr]    Compiling autocfg v1.1.0
[INFO] [stderr]    Compiling syn v1.0.109
[INFO] [stderr]    Compiling crossbeam-utils v0.8.18
[INFO] [stderr]    Compiling parking_lot_core v0.9.9
[INFO] [stderr]    Compiling serde v1.0.194
[INFO] [stderr]    Compiling scopeguard v1.2.0
[INFO] [stderr]    Compiling tstr_proc_macros v0.2.2
[INFO] [stderr]    Compiling serde_json v1.0.111
[INFO] [stderr]    Compiling lock_api v0.4.11
[INFO] [stderr]    Compiling smallvec v1.11.2
[INFO] [stderr]    Compiling paste v1.0.14
[INFO] [stderr]    Compiling ryu v1.0.16
[INFO] [stderr]    Compiling typed-arena v2.0.2
[INFO] [stderr]    Compiling quote v1.0.35
[INFO] [stderr]    Compiling itoa v1.0.10
[INFO] [stderr]    Compiling libloading v0.7.4
[INFO] [stderr]    Compiling syn v2.0.48
[INFO] [stderr]    Compiling tstr v0.2.3
[INFO] [stderr]    Compiling core_extensions v1.5.3
[INFO] [stderr]    Compiling repr_offset v0.2.2
[INFO] [stderr]    Compiling crossbeam-channel v0.5.10
[INFO] [stderr]    Compiling abi_stable_shared v0.11.0
[INFO] [stderr]    Compiling parking_lot v0.12.1
[INFO] [stderr]    Compiling generational-arena v0.2.9
[INFO] [stderr]    Compiling const_panic v0.2.8
[INFO] [stderr]    Compiling serde_derive v1.0.194
[INFO] [stderr]    Compiling as_derive_utils v0.11.0
[INFO] [stderr]    Compiling abi_stable_derive v0.11.3
[INFO] [stderr]    Compiling abi_stable v0.11.3 (/opt/rustwide/workdir)
[INFO] [stdout] warning: variable does not need to be mutable
[INFO] [stdout]    --> src/external_types/parking_lot/once.rs:421:13
[INFO] [stdout]     |
[INFO] [stdout] 421 |         let mut this = unsafe { this.transmute_into_mut::<Self>() };
[INFO] [stdout]     |             ----^^^^
[INFO] [stdout]     |             |
[INFO] [stdout]     |             help: remove this `mut`
[INFO] [stdout]     |
[INFO] [stdout]     = note: `#[warn(unused_mut)]` on by default
[INFO] [stdout] 
[INFO] [stdout] 
[INFO] [stdout] warning: 1 warning emitted
[INFO] [stdout] 
[INFO] [stdout] 
[INFO] [stderr]     Finished dev [unoptimized + debuginfo] target(s) in 13.54s
[INFO] running `Command { std: "docker" "inspect" "9856c244ebbb6277afe40eac0664f3550b1d070f0fb4ea10fdd9dcb45cc1d8a8", kill_on_drop: false }`
[INFO] running `Command { std: "docker" "rm" "-f" "9856c244ebbb6277afe40eac0664f3550b1d070f0fb4ea10fdd9dcb45cc1d8a8", kill_on_drop: false }`
[INFO] [stdout] 9856c244ebbb6277afe40eac0664f3550b1d070f0fb4ea10fdd9dcb45cc1d8a8
[INFO] running `Command { std: "docker" "create" "-v" "/var/lib/crater-agent-workspace/builds/worker-5-tc1/target:/opt/rustwide/target:rw,Z" "-v" "/var/lib/crater-agent-workspace/builds/worker-5-tc1/source:/opt/rustwide/workdir:ro,Z" "-v" "/var/lib/crater-agent-workspace/cargo-home:/opt/rustwide/cargo-home:ro,Z" "-v" "/var/lib/crater-agent-workspace/rustup-home:/opt/rustwide/rustup-home:ro,Z" "-e" "SOURCE_DIR=/opt/rustwide/workdir" "-e" "CARGO_TARGET_DIR=/opt/rustwide/target" "-e" "CARGO_INCREMENTAL=0" "-e" "RUST_BACKTRACE=full" "-e" "RUSTFLAGS=--cap-lints=warn" "-e" "RUSTDOCFLAGS=--cap-lints=warn" "-e" "CARGO_HOME=/opt/rustwide/cargo-home" "-e" "RUSTUP_HOME=/opt/rustwide/rustup-home" "-w" "/opt/rustwide/workdir" "-m" "1610612736" "--user" "0:0" "--network" "none" "ghcr.io/rust-lang/crates-build-env/linux@sha256:2788e3201cd34a07e3172128adcd8b3090168a8e3bcc40d7c032b9dda1df7d1c" "/opt/rustwide/cargo-home/bin/cargo" "+1.75.0" "test" "--frozen" "--no-run" "--message-format=json", kill_on_drop: false }`
[INFO] [stdout] 2b008ba2785b77af9ab67aa8bba2578960a3213d1c5f6acd75b237635e621fab
[INFO] running `Command { std: "docker" "start" "-a" "2b008ba2785b77af9ab67aa8bba2578960a3213d1c5f6acd75b237635e621fab", kill_on_drop: false }`
[INFO] [stderr]    Compiling version_check v0.9.4
[INFO] [stderr]    Compiling once_cell v1.19.0
[INFO] [stderr]    Compiling getrandom v0.2.11
[INFO] [stderr]    Compiling zerocopy v0.7.32
[INFO] [stderr]    Compiling ppv-lite86 v0.2.17
[INFO] [stderr]    Compiling trybuild v1.0.87
[INFO] [stderr]    Compiling basic-toml v0.1.8
[INFO] [stderr]    Compiling termcolor v1.4.0
[INFO] [stderr]    Compiling rand_core v0.6.4
[INFO] [stderr]    Compiling glob v0.3.1
[INFO] [stderr]    Compiling bincode v1.3.3
[INFO] [stderr]    Compiling ahash v0.8.7
[INFO] [stderr]    Compiling rand_chacha v0.3.1
[INFO] [stderr]    Compiling fnv v1.0.7
[INFO] [stdout] warning: variable does not need to be mutable
[INFO] [stdout]    --> src/external_types/parking_lot/once.rs:421:13
[INFO] [stdout]     |
[INFO] [stdout] 421 |         let mut this = unsafe { this.transmute_into_mut::<Self>() };
[INFO] [stdout]     |             ----^^^^
[INFO] [stdout]     |             |
[INFO] [stdout]     |             help: remove this `mut`
[INFO] [stdout]     |
[INFO] [stdout]     = note: `#[warn(unused_mut)]` on by default
[INFO] [stdout] 
[INFO] [stdout] 
[INFO] [stdout] warning: 1 warning emitted
[INFO] [stdout] 
[INFO] [stdout] 
[INFO] [stderr]    Compiling rand v0.8.5
[INFO] [stderr]    Compiling hashbrown v0.13.2
[INFO] [stderr]    Compiling abi_stable v0.11.3 (/opt/rustwide/workdir)
[INFO] [stdout] error: tests must be run with the "testing" feature
[INFO] [stdout]    --> src/lib.rs:371:1
[INFO] [stdout]     |
[INFO] [stdout] 371 | compile_error! { "tests must be run with the \"testing\" feature" }
[INFO] [stdout]     | ^^^^^^^^^^^^^^^^^^^^^^^^^^^^^^^^^^^^^^^^^^^^^^^^^^^^^^^^^^^^^^^^^^^
[INFO] [stdout] 
[INFO] [stdout] 
[INFO] [stdout] error[E0432]: unresolved import `crate::nonexhaustive_enum::examples`
[INFO] [stdout]  --> src/nonexhaustive_enum/nonexhaustive/tests.rs:6:9
[INFO] [stdout]   |
[INFO] [stdout] 6 |         examples::{
[INFO] [stdout]   |         ^^^^^^^^ could not find `examples` in `nonexhaustive_enum`
[INFO] [stdout] 
[INFO] [stdout] 
[INFO] [stdout] error[E0432]: unresolved import `crate::test_utils`
[INFO] [stdout]   --> src/erased_types/dyn_trait/tests.rs:20:5
[INFO] [stdout]    |
[INFO] [stdout] 20 |     test_utils::{GetImpls, GetImplsHelper},
[INFO] [stdout]    |     ^^^^^^^^^^
[INFO] [stdout]    |     |
[INFO] [stdout]    |     unresolved import
[INFO] [stdout]    |     help: a similar path exists: `abi_stable_shared::test_utils`
[INFO] [stdout] 
[INFO] [stdout] 
[INFO] [stdout] error[E0432]: unresolved import `crate::test_utils`
[INFO] [stdout]    --> src/external_types/parking_lot/mutex.rs:358:16
[INFO] [stdout]     |
[INFO] [stdout] 358 |     use crate::test_utils::check_formatting_equivalence;
[INFO] [stdout]     |                ^^^^^^^^^^
[INFO] [stdout]     |                |
[INFO] [stdout]     |                unresolved import
[INFO] [stdout]     |                help: a similar path exists: `abi_stable_shared::test_utils`
[INFO] [stdout] 
[INFO] [stdout] 
[INFO] [stdout] error[E0432]: unresolved import `crate::test_utils`
[INFO] [stdout]    --> src/external_types/parking_lot/rw_lock.rs:536:16
[INFO] [stdout]     |
[INFO] [stdout] 536 |     use crate::test_utils::check_formatting_equivalence;
[INFO] [stdout]     |                ^^^^^^^^^^
[INFO] [stdout]     |                |
[INFO] [stdout]     |                unresolved import
[INFO] [stdout]     |                help: a similar path exists: `abi_stable_shared::test_utils`
[INFO] [stdout] 
[INFO] [stdout] 
[INFO] [stdout] error[E0432]: unresolved import `crate::test_utils`
[INFO] [stdout]    --> src/multikey_map.rs:396:16
[INFO] [stdout]     |
[INFO] [stdout] 396 |     use crate::test_utils::must_panic;
[INFO] [stdout]     |                ^^^^^^^^^^
[INFO] [stdout]     |                |
[INFO] [stdout]     |                unresolved import
[INFO] [stdout]     |                help: a similar path exists: `abi_stable_shared::test_utils`
[INFO] [stdout] 
[INFO] [stdout] 
[INFO] [stdout] error[E0432]: unresolved import `crate::test_utils`
[INFO] [stdout]   --> src/nonexhaustive_enum/nonexhaustive/tests.rs:12:5
[INFO] [stdout]    |
[INFO] [stdout] 12 |     test_utils::{check_formatting_equivalence, must_panic},
[INFO] [stdout]    |     ^^^^^^^^^^
[INFO] [stdout]    |     |
[INFO] [stdout]    |     unresolved import
[INFO] [stdout]    |     help: a similar path exists: `abi_stable_shared::test_utils`
[INFO] [stdout] 
[INFO] [stdout] 
[INFO] [stdout] error[E0432]: unresolved import `crate::test_utils`
[INFO] [stdout]  --> src/type_layout/printing/tests.rs:5:5
[INFO] [stdout]   |
[INFO] [stdout] 5 |     test_utils::AlwaysDisplay, type_layout::TypeLayout, StableAbi,
[INFO] [stdout]   |     ^^^^^^^^^^
[INFO] [stdout]   |     |
[INFO] [stdout]   |     unresolved import
[INFO] [stdout]   |     help: a similar path exists: `abi_stable_shared::test_utils`
[INFO] [stdout] 
[INFO] [stdout] 
[INFO] [stdout] error[E0432]: unresolved import `crate::test_utils`
[INFO] [stdout]  --> src/std_types/boxed/test.rs:5:34
[INFO] [stdout]   |
[INFO] [stdout] 5 | use crate::{sabi_types::MovePtr, test_utils::must_panic};
[INFO] [stdout]   |                                  ^^^^^^^^^^
[INFO] [stdout]   |                                  |
[INFO] [stdout]   |                                  unresolved import
[INFO] [stdout]   |                                  help: a similar path exists: `abi_stable_shared::test_utils`
[INFO] [stdout] 
[INFO] [stdout] 
[INFO] [stdout] error[E0432]: unresolved import `crate::test_utils`
[INFO] [stdout]  --> src/std_types/std_error/test.rs:5:5
[INFO] [stdout]   |
[INFO] [stdout] 5 |     test_utils::{check_formatting_equivalence, deref_address, Stringy},
[INFO] [stdout]   |     ^^^^^^^^^^
[INFO] [stdout]   |     |
[INFO] [stdout]   |     unresolved import
[INFO] [stdout]   |     help: a similar path exists: `abi_stable_shared::test_utils`
[INFO] [stdout] 
[INFO] [stdout] 
[INFO] [stdout] error[E0432]: unresolved import `crate::test_utils`
[INFO] [stdout]    --> src/std_types/std_io.rs:469:16
[INFO] [stdout]     |
[INFO] [stdout] 469 |     use crate::test_utils::{check_formatting_equivalence, deref_address, Stringy};
[INFO] [stdout]     |                ^^^^^^^^^^
[INFO] [stdout]     |                |
[INFO] [stdout]     |                unresolved import
[INFO] [stdout]     |                help: a similar path exists: `abi_stable_shared::test_utils`
[INFO] [stdout] 
[INFO] [stdout] 
[INFO] [stdout] error[E0432]: unresolved import `crate::test_utils`
[INFO] [stdout]  --> src/std_types/string/tests.rs:3:12
[INFO] [stdout]   |
[INFO] [stdout] 3 | use crate::test_utils::must_panic;
[INFO] [stdout]   |            ^^^^^^^^^^
[INFO] [stdout]   |            |
[INFO] [stdout]   |            unresolved import
[INFO] [stdout]   |            help: a similar path exists: `abi_stable_shared::test_utils`
[INFO] [stdout] 
[INFO] [stdout] 
[INFO] [stdout] error[E0432]: unresolved import `crate::test_utils`
[INFO] [stdout]  --> src/std_types/vec/tests.rs:9:5
[INFO] [stdout]   |
[INFO] [stdout] 9 |     test_utils::{must_panic, ShouldHavePanickedAt},
[INFO] [stdout]   |     ^^^^^^^^^^
[INFO] [stdout]   |     |
[INFO] [stdout]   |     unresolved import
[INFO] [stdout]   |     help: a similar path exists: `abi_stable_shared::test_utils`
[INFO] [stdout] 
[INFO] [stdout] 
[INFO] [stdout] error[E0432]: unresolved import `crate::test_utils`
[INFO] [stdout]   --> src/sabi_trait/test_supertraits.rs:18:5
[INFO] [stdout]    |
[INFO] [stdout] 18 |     test_utils::{GetImpls, GetImplsHelper},
[INFO] [stdout]    |     ^^^^^^^^^^
[INFO] [stdout]    |     |
[INFO] [stdout]    |     unresolved import
[INFO] [stdout]    |     help: a similar path exists: `abi_stable_shared::test_utils`
[INFO] [stdout] 
[INFO] [stdout] 
[INFO] [stdout] warning: unused import: `GetEnumInfo`
[INFO] [stdout]   --> src/nonexhaustive_enum/nonexhaustive/tests.rs:10:9
[INFO] [stdout]    |
[INFO] [stdout] 10 |         GetEnumInfo,
[INFO] [stdout]    |         ^^^^^^^^^^^
[INFO] [stdout]    |
[INFO] [stdout]    = note: `#[warn(unused_imports)]` on by default
[INFO] [stdout] 
[INFO] [stdout] 
[INFO] [stdout] warning: unused import: `core_extensions::SelfOps`
[INFO] [stdout]   --> src/nonexhaustive_enum/nonexhaustive/tests.rs:15:5
[INFO] [stdout]    |
[INFO] [stdout] 15 | use core_extensions::SelfOps;
[INFO] [stdout]    |     ^^^^^^^^^^^^^^^^^^^^^^^^
[INFO] [stdout] 
[INFO] [stdout] 
[INFO] [stdout] warning: unused import: `PartialEq`
[INFO] [stdout]   --> src/nonexhaustive_enum/nonexhaustive/tests.rs:18:26
[INFO] [stdout]    |
[INFO] [stdout] 18 |     cmp::{Ord, Ordering, PartialEq, PartialOrd},
[INFO] [stdout]    |                          ^^^^^^^^^
[INFO] [stdout] 
[INFO] [stdout] 
[INFO] [stdout] warning: unused import: `Ord`
[INFO] [stdout]   --> src/nonexhaustive_enum/nonexhaustive/tests.rs:18:11
[INFO] [stdout]    |
[INFO] [stdout] 18 |     cmp::{Ord, Ordering, PartialEq, PartialOrd},
[INFO] [stdout]    |           ^^^
[INFO] [stdout] 
[INFO] [stdout] 
[INFO] [stdout] warning: unused import: `PartialOrd`
[INFO] [stdout]   --> src/nonexhaustive_enum/nonexhaustive/tests.rs:18:37
[INFO] [stdout]    |
[INFO] [stdout] 18 |     cmp::{Ord, Ordering, PartialEq, PartialOrd},
[INFO] [stdout]    |                                     ^^^^^^^^^^
[INFO] [stdout] 
[INFO] [stdout] 
[INFO] [stdout] error: aborting due to 14 previous errors; 5 warnings emitted
[INFO] [stdout] 
[INFO] [stdout] 
[INFO] [stdout] For more information about this error, try `rustc --explain E0432`.
[INFO] [stdout] 
[INFO] [stderr] error: could not compile `abi_stable` (lib test) due to 15 previous errors; 5 warnings emitted
[INFO] running `Command { std: "docker" "inspect" "2b008ba2785b77af9ab67aa8bba2578960a3213d1c5f6acd75b237635e621fab", kill_on_drop: false }`
[INFO] running `Command { std: "docker" "rm" "-f" "2b008ba2785b77af9ab67aa8bba2578960a3213d1c5f6acd75b237635e621fab", kill_on_drop: false }`
[INFO] [stdout] 2b008ba2785b77af9ab67aa8bba2578960a3213d1c5f6acd75b237635e621fab
