[INFO] fetching crate abd-clam 0.26.0...
[INFO] testing abd-clam-0.26.0 against 1.75.0 for beta-1.76-1
[INFO] extracting crate abd-clam 0.26.0 into /workspace/builds/worker-1-tc1/source
[INFO] validating manifest of crates.io crate abd-clam 0.26.0 on toolchain 1.75.0
[INFO] running `Command { std: CARGO_HOME="/workspace/cargo-home" RUSTUP_HOME="/workspace/rustup-home" "/workspace/cargo-home/bin/cargo" "+1.75.0" "metadata" "--manifest-path" "Cargo.toml" "--no-deps", kill_on_drop: false }`
[INFO] started tweaking crates.io crate abd-clam 0.26.0
[INFO] finished tweaking crates.io crate abd-clam 0.26.0
[INFO] tweaked toml for crates.io crate abd-clam 0.26.0 written to /workspace/builds/worker-1-tc1/source/Cargo.toml
[INFO] running `Command { std: CARGO_HOME="/workspace/cargo-home" RUSTUP_HOME="/workspace/rustup-home" "/workspace/cargo-home/bin/cargo" "+1.75.0" "generate-lockfile" "--manifest-path" "Cargo.toml", kill_on_drop: false }`
[INFO] [stderr]     Updating crates.io index
[INFO] running `Command { std: CARGO_HOME="/workspace/cargo-home" RUSTUP_HOME="/workspace/rustup-home" "/workspace/cargo-home/bin/cargo" "+1.75.0" "fetch" "--manifest-path" "Cargo.toml", kill_on_drop: false }`
[INFO] [stderr]  Downloading crates ...
[INFO] [stderr]   Downloaded rand_os v0.1.3
[INFO] [stderr]   Downloaded rand_xorshift v0.1.1
[INFO] [stderr]   Downloaded test-case-macros v3.3.1
[INFO] [stderr]   Downloaded rand_core v0.4.2
[INFO] [stderr]   Downloaded rand_chacha v0.1.1
[INFO] [stderr]   Downloaded cloudabi v0.0.3
[INFO] [stderr]   Downloaded tempdir v0.3.7
[INFO] [stderr]   Downloaded ciborium-ll v0.2.1
[INFO] [stderr]   Downloaded num-rational v0.2.4
[INFO] [stderr]   Downloaded windows_aarch64_msvc v0.52.0
[INFO] [stderr]   Downloaded strum_macros v0.23.1
[INFO] [stderr]   Downloaded rand_jitter v0.1.4
[INFO] [stderr]   Downloaded rand v0.6.5
[INFO] [stderr]   Downloaded rdrand v0.4.0
[INFO] [stderr]   Downloaded priority-queue v1.3.2
[INFO] [stderr]   Downloaded num-bigint v0.2.6
[INFO] [stderr]   Downloaded rayon v1.8.0
[INFO] [stderr]   Downloaded windows_i686_gnu v0.52.0
[INFO] [stderr]   Downloaded windows-sys v0.52.0
[INFO] [stderr]   Downloaded windows_x86_64_gnu v0.52.0
[INFO] [stderr]   Downloaded windows_aarch64_gnullvm v0.52.0
[INFO] [stderr]   Downloaded windows_i686_msvc v0.52.0
[INFO] [stderr]   Downloaded windows_x86_64_gnullvm v0.52.0
[INFO] [stderr]   Downloaded windows_x86_64_msvc v0.52.0
[INFO] [stderr]   Downloaded regex-automata v0.4.3
[INFO] [stderr]   Downloaded regex v1.10.2
[INFO] [stderr]   Downloaded clap_builder v4.4.12
[INFO] [stderr]   Downloaded plotters v0.3.5
[INFO] [stderr]   Downloaded aho-corasick v1.1.2
[INFO] [stderr]   Downloaded regex-syntax v0.8.2
[INFO] [stderr]   Downloaded distances v1.6.2
[INFO] [stderr]   Downloaded crossterm v0.23.2
[INFO] [stderr]   Downloaded windows-core v0.52.0
[INFO] [stderr]   Downloaded signal-hook v0.3.17
[INFO] [stderr]   Downloaded half v1.8.2
[INFO] [stderr]   Downloaded ciborium v0.2.1
[INFO] [stderr]   Downloaded itertools v0.10.5
[INFO] [stderr]   Downloaded tinytemplate v1.2.1
[INFO] [stderr]   Downloaded num-complex v0.2.4
[INFO] [stderr]   Downloaded libm v0.2.8
[INFO] [stderr]   Downloaded rand_core v0.3.1
[INFO] [stderr]   Downloaded cast v0.3.0
[INFO] [stderr]   Downloaded num v0.2.1
[INFO] [stderr]   Downloaded crossterm_winapi v0.9.1
[INFO] [stderr]   Downloaded redox_syscall v0.4.1
[INFO] [stderr]   Downloaded parking_lot_core v0.9.9
[INFO] [stderr]   Downloaded signal-hook-registry v1.4.1
[INFO] [stderr]   Downloaded signal-hook-mio v0.2.3
[INFO] [stderr]   Downloaded linked-hash-map v0.5.6
[INFO] [stderr]   Downloaded anes v0.1.6
[INFO] [stderr]   Downloaded hermit-abi v0.3.3
[INFO] [stderr]   Downloaded plotters-backend v0.3.5
[INFO] [stderr]   Downloaded winapi-util v0.1.6
[INFO] [stderr]   Downloaded float-cmp v0.9.0
[INFO] [stderr]   Downloaded embedded-io v0.4.0
[INFO] [stderr]   Downloaded mt_logger v3.0.2
[INFO] [stderr]   Downloaded crossbeam-epoch v0.9.17
[INFO] [stderr]   Downloaded rand_isaac v0.1.1
[INFO] [stderr]   Downloaded test-case-core v3.3.1
[INFO] [stderr]   Downloaded autocfg v0.1.8
[INFO] [stderr]   Downloaded rand v0.4.6
[INFO] [stderr]   Downloaded criterion-plot v0.5.0
[INFO] [stderr]   Downloaded fuchsia-cprng v0.1.1
[INFO] [stderr]   Downloaded yaml-rust v0.4.5
[INFO] [stderr]   Downloaded test-case v3.3.1
[INFO] [stderr]   Downloaded strum v0.23.0
[INFO] [stderr]   Downloaded oorandom v11.1.3
[INFO] [stderr]   Downloaded chrono v0.4.31
[INFO] [stderr]   Downloaded rayon-core v1.12.0
[INFO] [stderr]   Downloaded getrandom v0.2.11
[INFO] [stderr]   Downloaded rustversion v1.0.14
[INFO] [stderr]   Downloaded comfy-table v5.0.1
[INFO] [stderr]   Downloaded anstyle v1.0.4
[INFO] [stderr]   Downloaded windows-targets v0.52.0
[INFO] [stderr]   Downloaded statistical v1.0.0
[INFO] [stderr]   Downloaded rand_distr v0.4.3
[INFO] [stderr]   Downloaded rand_pcg v0.1.2
[INFO] [stderr]   Downloaded is-terminal v0.4.10
[INFO] [stderr]   Downloaded automl v0.2.7
[INFO] [stderr]   Downloaded ciborium-io v0.2.1
[INFO] [stderr]   Downloaded plotters-svg v0.3.5
[INFO] [stderr]   Downloaded iana-time-zone v0.1.59
[INFO] [stderr]   Downloaded serde_yaml v0.8.26
[INFO] [stderr]   Downloaded clap_lex v0.6.0
[INFO] [stderr]   Downloaded clap v4.4.13
[INFO] [stderr]   Downloaded cobs v0.2.3
[INFO] [stderr]   Downloaded postcard v1.0.8
[INFO] [stderr]   Downloaded rand_hc v0.1.0
[INFO] [stderr]   Downloaded parking_lot v0.12.1
[INFO] [stderr]   Downloaded walkdir v2.4.0
[INFO] [stderr]   Downloaded criterion v0.5.1
[INFO] [stderr]   Downloaded crossbeam-deque v0.8.4
[INFO] [stderr]   Downloaded smartcore v0.2.1
[INFO] running `Command { std: "docker" "create" "-v" "/var/lib/crater-agent-workspace/builds/worker-1-tc1/target:/opt/rustwide/target:rw,Z" "-v" "/var/lib/crater-agent-workspace/builds/worker-1-tc1/source:/opt/rustwide/workdir:ro,Z" "-v" "/var/lib/crater-agent-workspace/cargo-home:/opt/rustwide/cargo-home:ro,Z" "-v" "/var/lib/crater-agent-workspace/rustup-home:/opt/rustwide/rustup-home:ro,Z" "-e" "SOURCE_DIR=/opt/rustwide/workdir" "-e" "CARGO_TARGET_DIR=/opt/rustwide/target" "-e" "CARGO_HOME=/opt/rustwide/cargo-home" "-e" "RUSTUP_HOME=/opt/rustwide/rustup-home" "-w" "/opt/rustwide/workdir" "-m" "1610612736" "--user" "0:0" "--network" "none" "ghcr.io/rust-lang/crates-build-env/linux@sha256:2788e3201cd34a07e3172128adcd8b3090168a8e3bcc40d7c032b9dda1df7d1c" "/opt/rustwide/cargo-home/bin/cargo" "+1.75.0" "metadata" "--no-deps" "--format-version=1", kill_on_drop: false }`
[INFO] [stdout] bc24c3f14439f5238bf05106e7054150ed2e294cb9f0f9713671b9bbe16f31ae
[INFO] running `Command { std: "docker" "start" "-a" "bc24c3f14439f5238bf05106e7054150ed2e294cb9f0f9713671b9bbe16f31ae", kill_on_drop: false }`
[INFO] running `Command { std: "docker" "inspect" "bc24c3f14439f5238bf05106e7054150ed2e294cb9f0f9713671b9bbe16f31ae", kill_on_drop: false }`
[INFO] running `Command { std: "docker" "rm" "-f" "bc24c3f14439f5238bf05106e7054150ed2e294cb9f0f9713671b9bbe16f31ae", kill_on_drop: false }`
[INFO] [stdout] bc24c3f14439f5238bf05106e7054150ed2e294cb9f0f9713671b9bbe16f31ae
[INFO] running `Command { std: "docker" "create" "-v" "/var/lib/crater-agent-workspace/builds/worker-1-tc1/target:/opt/rustwide/target:rw,Z" "-v" "/var/lib/crater-agent-workspace/builds/worker-1-tc1/source:/opt/rustwide/workdir:ro,Z" "-v" "/var/lib/crater-agent-workspace/cargo-home:/opt/rustwide/cargo-home:ro,Z" "-v" "/var/lib/crater-agent-workspace/rustup-home:/opt/rustwide/rustup-home:ro,Z" "-e" "SOURCE_DIR=/opt/rustwide/workdir" "-e" "CARGO_TARGET_DIR=/opt/rustwide/target" "-e" "CARGO_INCREMENTAL=0" "-e" "RUST_BACKTRACE=full" "-e" "RUSTFLAGS=--cap-lints=warn" "-e" "RUSTDOCFLAGS=--cap-lints=warn" "-e" "CARGO_HOME=/opt/rustwide/cargo-home" "-e" "RUSTUP_HOME=/opt/rustwide/rustup-home" "-w" "/opt/rustwide/workdir" "-m" "1610612736" "--user" "0:0" "--network" "none" "ghcr.io/rust-lang/crates-build-env/linux@sha256:2788e3201cd34a07e3172128adcd8b3090168a8e3bcc40d7c032b9dda1df7d1c" "/opt/rustwide/cargo-home/bin/cargo" "+1.75.0" "build" "--frozen" "--message-format=json", kill_on_drop: false }`
[INFO] [stdout] 503ace7dfb52682558dd2d05a66815ed9f6b08f08c75e7ff28708817f69b08d5
[INFO] running `Command { std: "docker" "start" "-a" "503ace7dfb52682558dd2d05a66815ed9f6b08f08c75e7ff28708817f69b08d5", kill_on_drop: false }`
[INFO] [stderr]    Compiling libc v0.2.151
[INFO] [stderr]    Compiling libm v0.2.8
[INFO] [stderr]    Compiling num-traits v0.2.17
[INFO] [stderr]    Compiling crossbeam-utils v0.8.18
[INFO] [stderr]    Compiling ppv-lite86 v0.2.17
[INFO] [stderr]    Compiling parking_lot_core v0.9.9
[INFO] [stderr]    Compiling signal-hook v0.3.17
[INFO] [stderr]    Compiling syn v1.0.109
[INFO] [stderr]    Compiling rustversion v1.0.14
[INFO] [stderr]    Compiling unicode-segmentation v1.10.1
[INFO] [stderr]    Compiling linked-hash-map v0.5.6
[INFO] [stderr]    Compiling rayon-core v1.12.0
[INFO] [stderr]    Compiling either v1.9.0
[INFO] [stderr]    Compiling syn v2.0.48
[INFO] [stderr]    Compiling priority-queue v1.3.2
[INFO] [stderr]    Compiling unicode-width v0.1.11
[INFO] [stderr]    Compiling iana-time-zone v0.1.59
[INFO] [stderr]    Compiling yaml-rust v0.4.5
[INFO] [stderr]    Compiling strum v0.23.0
[INFO] [stderr]    Compiling itertools v0.10.5
[INFO] [stderr]    Compiling humantime v2.1.0
[INFO] [stderr]    Compiling heck v0.3.3
[INFO] [stderr]    Compiling crossbeam-epoch v0.9.17
[INFO] [stderr]    Compiling crossbeam-deque v0.8.4
[INFO] [stderr]    Compiling getrandom v0.2.11
[INFO] [stderr]    Compiling signal-hook-registry v1.4.1
[INFO] [stderr]    Compiling mio v0.8.10
[INFO] [stderr]    Compiling rand_core v0.6.4
[INFO] [stderr]    Compiling parking_lot v0.12.1
[INFO] [stderr]    Compiling rand_chacha v0.3.1
[INFO] [stderr]    Compiling signal-hook-mio v0.2.3
[INFO] [stderr]    Compiling rayon v1.8.0
[INFO] [stderr]    Compiling rand v0.8.5
[INFO] [stderr]    Compiling crossterm v0.23.2
[INFO] [stderr]    Compiling num-integer v0.1.45
[INFO] [stderr]    Compiling num-complex v0.4.4
[INFO] [stderr]    Compiling chrono v0.4.31
[INFO] [stderr]    Compiling num-bigint v0.4.4
[INFO] [stderr]    Compiling num-iter v0.1.43
[INFO] [stderr]    Compiling serde_derive v1.0.194
[INFO] [stderr]    Compiling rand_distr v0.4.3
[INFO] [stderr]    Compiling distances v1.6.2
[INFO] [stderr]    Compiling mt_logger v3.0.2
[INFO] [stderr]    Compiling strum_macros v0.23.1
[INFO] [stderr]    Compiling num-rational v0.4.1
[INFO] [stderr]    Compiling num v0.4.1
[INFO] [stderr]    Compiling comfy-table v5.0.1
[INFO] [stderr]    Compiling serde v1.0.194
[INFO] [stderr]    Compiling serde_yaml v0.8.26
[INFO] [stderr]    Compiling smartcore v0.2.1
[INFO] [stderr]    Compiling bincode v1.3.3
[INFO] [stderr]    Compiling automl v0.2.7
[INFO] [stderr]    Compiling abd-clam v0.26.0 (/opt/rustwide/workdir)
[INFO] [stderr]     Finished dev [unoptimized + debuginfo] target(s) in 10.97s
[INFO] running `Command { std: "docker" "inspect" "503ace7dfb52682558dd2d05a66815ed9f6b08f08c75e7ff28708817f69b08d5", kill_on_drop: false }`
[INFO] running `Command { std: "docker" "rm" "-f" "503ace7dfb52682558dd2d05a66815ed9f6b08f08c75e7ff28708817f69b08d5", kill_on_drop: false }`
[INFO] [stdout] 503ace7dfb52682558dd2d05a66815ed9f6b08f08c75e7ff28708817f69b08d5
[INFO] running `Command { std: "docker" "create" "-v" "/var/lib/crater-agent-workspace/builds/worker-1-tc1/target:/opt/rustwide/target:rw,Z" "-v" "/var/lib/crater-agent-workspace/builds/worker-1-tc1/source:/opt/rustwide/workdir:ro,Z" "-v" "/var/lib/crater-agent-workspace/cargo-home:/opt/rustwide/cargo-home:ro,Z" "-v" "/var/lib/crater-agent-workspace/rustup-home:/opt/rustwide/rustup-home:ro,Z" "-e" "SOURCE_DIR=/opt/rustwide/workdir" "-e" "CARGO_TARGET_DIR=/opt/rustwide/target" "-e" "CARGO_INCREMENTAL=0" "-e" "RUST_BACKTRACE=full" "-e" "RUSTFLAGS=--cap-lints=warn" "-e" "RUSTDOCFLAGS=--cap-lints=warn" "-e" "CARGO_HOME=/opt/rustwide/cargo-home" "-e" "RUSTUP_HOME=/opt/rustwide/rustup-home" "-w" "/opt/rustwide/workdir" "-m" "1610612736" "--user" "0:0" "--network" "none" "ghcr.io/rust-lang/crates-build-env/linux@sha256:2788e3201cd34a07e3172128adcd8b3090168a8e3bcc40d7c032b9dda1df7d1c" "/opt/rustwide/cargo-home/bin/cargo" "+1.75.0" "test" "--frozen" "--no-run" "--message-format=json", kill_on_drop: false }`
[INFO] [stdout] 610e62b39de786ccc40e38b9ed131223c8d540770705e003669d842249987503
[INFO] running `Command { std: "docker" "start" "-a" "610e62b39de786ccc40e38b9ed131223c8d540770705e003669d842249987503", kill_on_drop: false }`
[INFO] [stderr]    Compiling serde v1.0.194
[INFO] [stderr]    Compiling autocfg v0.1.8
[INFO] [stderr]    Compiling rand_core v0.4.2
[INFO] [stderr]    Compiling semver v1.0.21
[INFO] [stderr]    Compiling syn v2.0.48
[INFO] [stderr]    Compiling num-bigint v0.2.6
[INFO] [stderr]    Compiling num-rational v0.2.4
[INFO] [stderr]    Compiling num-complex v0.2.4
[INFO] [stderr]    Compiling rustix v0.38.28
[INFO] [stderr]    Compiling plotters-backend v0.3.5
[INFO] [stderr]    Compiling regex-syntax v0.8.2
[INFO] [stderr]    Compiling bitflags v2.4.1
[INFO] [stderr]    Compiling byteorder v1.5.0
[INFO] [stderr]    Compiling half v1.8.2
[INFO] [stderr]    Compiling anstyle v1.0.4
[INFO] [stderr]    Compiling ciborium-io v0.2.1
[INFO] [stderr]    Compiling rand_chacha v0.1.1
[INFO] [stderr]    Compiling rand_pcg v0.1.2
[INFO] [stderr]    Compiling rand_core v0.3.1
[INFO] [stderr]    Compiling rand v0.6.5
[INFO] [stderr]    Compiling clap_lex v0.6.0
[INFO] [stderr]    Compiling linux-raw-sys v0.4.12
[INFO] [stderr]    Compiling ciborium-ll v0.2.1
[INFO] [stderr]    Compiling plotters-svg v0.3.5
[INFO] [stderr]    Compiling rand_hc v0.1.0
[INFO] [stderr]    Compiling clap_builder v4.4.12
[INFO] [stderr]    Compiling rand_xorshift v0.1.1
[INFO] [stderr]    Compiling rand_isaac v0.1.1
[INFO] [stderr]    Compiling hash32 v0.2.1
[INFO] [stderr]    Compiling rand_os v0.1.3
[INFO] [stderr]    Compiling rand_jitter v0.1.4
[INFO] [stderr]    Compiling spin v0.9.8
[INFO] [stderr]    Compiling same-file v1.0.6
[INFO] [stderr]    Compiling stable_deref_trait v1.2.0
[INFO] [stderr]    Compiling rustc_version v0.4.0
[INFO] [stderr]    Compiling cast v0.3.0
[INFO] [stderr]    Compiling walkdir v2.4.0
[INFO] [stderr]    Compiling plotters v0.3.5
[INFO] [stderr]    Compiling rand v0.4.6
[INFO] [stderr]    Compiling oorandom v11.1.3
[INFO] [stderr]    Compiling anes v0.1.6
[INFO] [stderr]    Compiling remove_dir_all v0.5.3
[INFO] [stderr]    Compiling cobs v0.2.3
[INFO] [stderr]    Compiling criterion-plot v0.5.0
[INFO] [stderr]    Compiling embedded-io v0.4.0
[INFO] [stderr]    Compiling float-cmp v0.9.0
[INFO] [stderr]    Compiling heapless v0.7.17
[INFO] [stderr]    Compiling tempdir v0.3.7
[INFO] [stderr]    Compiling regex-automata v0.4.3
[INFO] [stderr]    Compiling is-terminal v0.4.10
[INFO] [stderr]    Compiling num v0.2.1
[INFO] [stderr]    Compiling statistical v1.0.0
[INFO] [stderr]    Compiling clap v4.4.13
[INFO] [stderr]    Compiling regex v1.10.2
[INFO] [stderr]    Compiling test-case-core v3.3.1
[INFO] [stderr]    Compiling serde_derive v1.0.194
[INFO] [stderr]    Compiling test-case-macros v3.3.1
[INFO] [stderr]    Compiling test-case v3.3.1
[INFO] [stderr]    Compiling serde_json v1.0.111
[INFO] [stderr]    Compiling serde_yaml v0.8.26
[INFO] [stderr]    Compiling bincode v1.3.3
[INFO] [stderr]    Compiling smartcore v0.2.1
[INFO] [stderr]    Compiling ciborium v0.2.1
[INFO] [stderr]    Compiling postcard v1.0.8
[INFO] [stderr]    Compiling tinytemplate v1.2.1
[INFO] [stderr]    Compiling criterion v0.5.1
[INFO] [stderr]    Compiling automl v0.2.7
[INFO] [stderr]    Compiling abd-clam v0.26.0 (/opt/rustwide/workdir)
[INFO] [stdout] error[E0433]: failed to resolve: use of undeclared crate or module `symagen`
[INFO] [stdout]   --> tests/utils.rs:45:16
[INFO] [stdout]    |
[INFO] [stdout] 45 |     let data = symagen::random_data::random_tabular_seedable::<f32>(cardinality, dimensionality, -1., 1., seed);
[INFO] [stdout]    |                ^^^^^^^ use of undeclared crate or module `symagen`
[INFO] [stdout] 
[INFO] [stdout] 
[INFO] [stdout] error[E0433]: failed to resolve: use of undeclared crate or module `symagen`
[INFO] [stdout]   --> tests/utils.rs:45:16
[INFO] [stdout]    |
[INFO] [stdout] 45 |     let data = symagen::random_data::random_tabular_seedable::<f32>(cardinality, dimensionality, -1., 1., seed);
[INFO] [stdout]    |                ^^^^^^^ use of undeclared crate or module `symagen`
[INFO] [stdout] 
[INFO] [stdout] 
[INFO] [stdout] error[E0433]: failed to resolve: use of undeclared crate or module `symagen`
[INFO] [stdout]   --> tests/utils.rs:45:16
[INFO] [stdout]    |
[INFO] [stdout] 45 |     let data = symagen::random_data::random_tabular_seedable::<f32>(cardinality, dimensionality, -1., 1., seed);
[INFO] [stdout]    |                ^^^^^^^ use of undeclared crate or module `symagen`
[INFO] [stdout] 
[INFO] [stdout] 
[INFO] [stdout] error[E0433]: failed to resolve: use of undeclared crate or module `symagen`
[INFO] [stdout]   --> tests/utils.rs:45:16
[INFO] [stdout]    |
[INFO] [stdout] 45 |     let data = symagen::random_data::random_tabular_seedable::<f32>(cardinality, dimensionality, -1., 1., seed);
[INFO] [stdout]    |                ^^^^^^^ use of undeclared crate or module `symagen`
[INFO] [stdout] 
[INFO] [stdout] 
[INFO] [stdout] error[E0433]: failed to resolve: use of undeclared crate or module `symagen`
[INFO] [stdout]   --> tests/utils.rs:45:16
[INFO] [stdout]    |
[INFO] [stdout] 45 |     let data = symagen::random_data::random_tabular_seedable::<f32>(cardinality, dimensionality, -1., 1., seed);
[INFO] [stdout]    |                ^^^^^^^ use of undeclared crate or module `symagen`
[INFO] [stdout] 
[INFO] [stdout] 
[INFO] [stdout] error[E0433]: failed to resolve: use of undeclared crate or module `symagen`
[INFO] [stdout]   --> tests/test_dataset.rs:17:13
[INFO] [stdout]    |
[INFO] [stdout] 17 |             symagen::random_data::random_tabular_seedable::<u32>(cardinality, dimensionality, 0, 100_000, i);
[INFO] [stdout]    |             ^^^^^^^ use of undeclared crate or module `symagen`
[INFO] [stdout] 
[INFO] [stdout] 
[INFO] [stdout] error[E0433]: failed to resolve: use of undeclared crate or module `symagen`
[INFO] [stdout]   --> tests/test_dataset.rs:85:13
[INFO] [stdout]    |
[INFO] [stdout] 85 |             symagen::random_data::random_tabular_seedable::<u32>(cardinality, dimensionality, 0, 100_000, i);
[INFO] [stdout]    |             ^^^^^^^ use of undeclared crate or module `symagen`
[INFO] [stdout] 
[INFO] [stdout] 
[INFO] [stdout] error[E0433]: failed to resolve: use of undeclared crate or module `symagen`
[INFO] [stdout]   --> tests/utils.rs:45:16
[INFO] [stdout]    |
[INFO] [stdout] 45 |     let data = symagen::random_data::random_tabular_seedable::<f32>(cardinality, dimensionality, -1., 1., seed);
[INFO] [stdout]    |                ^^^^^^^ use of undeclared crate or module `symagen`
[INFO] [stdout] 
[INFO] [stdout] 
[INFO] [stdout] error[E0432]: unresolved import `symagen`
[INFO] [stdout]    --> src/cakes/sharded.rs:210:9
[INFO] [stdout]     |
[INFO] [stdout] 210 |     use symagen::random_data;
[INFO] [stdout]     |         ^^^^^^^ use of undeclared crate or module `symagen`
[INFO] [stdout] 
[INFO] [stdout] 
[INFO] [stdout] error[E0432]: unresolved import `symagen`
[INFO] [stdout]    --> src/utils.rs:216:9
[INFO] [stdout]     |
[INFO] [stdout] 216 |     use symagen::random_data;
[INFO] [stdout]     |         ^^^^^^^ use of undeclared crate or module `symagen`
[INFO] [stdout] 
[INFO] [stdout] 
[INFO] [stdout] error[E0433]: failed to resolve: use of undeclared crate or module `symagen`
[INFO] [stdout]    --> tests/test_cakes.rs:103:16
[INFO] [stdout]     |
[INFO] [stdout] 103 |     let data = symagen::random_data::random_string(cardinality, seq_len, seq_len, alphabet, seed);
[INFO] [stdout]     |                ^^^^^^^ use of undeclared crate or module `symagen`
[INFO] [stdout] 
[INFO] [stdout] 
[INFO] [stdout] error[E0433]: failed to resolve: use of undeclared crate or module `symagen`
[INFO] [stdout]    --> tests/test_cakes.rs:109:19
[INFO] [stdout]     |
[INFO] [stdout] 109 |     let queries = symagen::random_data::random_string(num_queries, seq_len, seq_len, alphabet, seed + 1);
[INFO] [stdout]     |                   ^^^^^^^ use of undeclared crate or module `symagen`
[INFO] [stdout] 
[INFO] [stdout] 
[INFO] [stdout] error: aborting due to previous error
[INFO] [stdout] 
[INFO] [stdout] 
[INFO] [stdout] For more information about this error, try `rustc --explain E0433`.
[INFO] [stdout] 
[INFO] [stderr] error: could not compile `abd-clam` (test "utils") due to 2 previous errors
[INFO] [stderr] warning: build failed, waiting for other jobs to finish...
[INFO] [stdout] error: aborting due to previous error
[INFO] [stdout] 
[INFO] [stdout] 
[INFO] [stdout] For more information about this error, try `rustc --explain E0433`.
[INFO] [stdout] 
[INFO] [stdout] error: aborting due to previous error
[INFO] [stdout] 
[INFO] [stdout] 
[INFO] [stdout] For more information about this error, try `rustc --explain E0433`.
[INFO] [stdout] 
[INFO] [stdout] error: aborting due to 3 previous errors
[INFO] [stdout] 
[INFO] [stdout] 
[INFO] [stdout] For more information about this error, try `rustc --explain E0433`.
[INFO] [stdout] 
[INFO] [stderr] error: could not compile `abd-clam` (test "test_tree") due to 2 previous errors
[INFO] [stderr] error: could not compile `abd-clam` (test "test_search_variants") due to 2 previous errors
[INFO] [stdout] error: aborting due to previous error
[INFO] [stdout] 
[INFO] [stdout] 
[INFO] [stdout] For more information about this error, try `rustc --explain E0433`.
[INFO] [stdout] 
[INFO] [stderr] error: could not compile `abd-clam` (test "test_dataset") due to 4 previous errors
[INFO] [stderr] error: could not compile `abd-clam` (test "test_cluster") due to 2 previous errors
[INFO] [stdout] error: aborting due to 3 previous errors
[INFO] [stdout] 
[INFO] [stdout] 
[INFO] [stdout] For more information about this error, try `rustc --explain E0433`.
[INFO] [stdout] 
[INFO] [stderr] error: could not compile `abd-clam` (test "test_cakes") due to 4 previous errors
[INFO] [stdout] error: aborting due to 2 previous errors
[INFO] [stdout] 
[INFO] [stdout] 
[INFO] [stdout] For more information about this error, try `rustc --explain E0432`.
[INFO] [stdout] 
[INFO] [stderr] error: could not compile `abd-clam` (lib test) due to 3 previous errors
[INFO] running `Command { std: "docker" "inspect" "610e62b39de786ccc40e38b9ed131223c8d540770705e003669d842249987503", kill_on_drop: false }`
[INFO] running `Command { std: "docker" "rm" "-f" "610e62b39de786ccc40e38b9ed131223c8d540770705e003669d842249987503", kill_on_drop: false }`
[INFO] [stdout] 610e62b39de786ccc40e38b9ed131223c8d540770705e003669d842249987503
[INFO] testing abd-clam-0.26.0 against beta-2023-12-22 for beta-1.76-1
[INFO] extracting crate abd-clam 0.26.0 into /workspace/builds/worker-1-tc2/source
[INFO] validating manifest of crates.io crate abd-clam 0.26.0 on toolchain beta-2023-12-22
[INFO] running `Command { std: CARGO_HOME="/workspace/cargo-home" RUSTUP_HOME="/workspace/rustup-home" "/workspace/cargo-home/bin/cargo" "+beta-2023-12-22" "metadata" "--manifest-path" "Cargo.toml" "--no-deps", kill_on_drop: false }`
[INFO] started tweaking crates.io crate abd-clam 0.26.0
[INFO] finished tweaking crates.io crate abd-clam 0.26.0
[INFO] tweaked toml for crates.io crate abd-clam 0.26.0 written to /workspace/builds/worker-1-tc2/source/Cargo.toml
[INFO] running `Command { std: CARGO_HOME="/workspace/cargo-home" RUSTUP_HOME="/workspace/rustup-home" "/workspace/cargo-home/bin/cargo" "+beta-2023-12-22" "generate-lockfile" "--manifest-path" "Cargo.toml", kill_on_drop: false }`
[INFO] [stderr]     Updating crates.io index
[INFO] running `Command { std: CARGO_HOME="/workspace/cargo-home" RUSTUP_HOME="/workspace/rustup-home" "/workspace/cargo-home/bin/cargo" "+beta-2023-12-22" "fetch" "--manifest-path" "Cargo.toml", kill_on_drop: false }`
[INFO] running `Command { std: "docker" "create" "-v" "/var/lib/crater-agent-workspace/builds/worker-1-tc2/target:/opt/rustwide/target:rw,Z" "-v" "/var/lib/crater-agent-workspace/builds/worker-1-tc2/source:/opt/rustwide/workdir:ro,Z" "-v" "/var/lib/crater-agent-workspace/cargo-home:/opt/rustwide/cargo-home:ro,Z" "-v" "/var/lib/crater-agent-workspace/rustup-home:/opt/rustwide/rustup-home:ro,Z" "-e" "SOURCE_DIR=/opt/rustwide/workdir" "-e" "CARGO_TARGET_DIR=/opt/rustwide/target" "-e" "CARGO_HOME=/opt/rustwide/cargo-home" "-e" "RUSTUP_HOME=/opt/rustwide/rustup-home" "-w" "/opt/rustwide/workdir" "-m" "1610612736" "--user" "0:0" "--network" "none" "ghcr.io/rust-lang/crates-build-env/linux@sha256:2788e3201cd34a07e3172128adcd8b3090168a8e3bcc40d7c032b9dda1df7d1c" "/opt/rustwide/cargo-home/bin/cargo" "+beta-2023-12-22" "metadata" "--no-deps" "--format-version=1", kill_on_drop: false }`
[INFO] [stdout] d0eff9891ef8d738ffedaadaa02ed98e9febb0696c3a51d2e4251a41106dc7cf
[INFO] running `Command { std: "docker" "start" "-a" "d0eff9891ef8d738ffedaadaa02ed98e9febb0696c3a51d2e4251a41106dc7cf", kill_on_drop: false }`
[INFO] running `Command { std: "docker" "inspect" "d0eff9891ef8d738ffedaadaa02ed98e9febb0696c3a51d2e4251a41106dc7cf", kill_on_drop: false }`
[INFO] running `Command { std: "docker" "rm" "-f" "d0eff9891ef8d738ffedaadaa02ed98e9febb0696c3a51d2e4251a41106dc7cf", kill_on_drop: false }`
[INFO] [stdout] d0eff9891ef8d738ffedaadaa02ed98e9febb0696c3a51d2e4251a41106dc7cf
[INFO] running `Command { std: "docker" "create" "-v" "/var/lib/crater-agent-workspace/builds/worker-1-tc2/target:/opt/rustwide/target:rw,Z" "-v" "/var/lib/crater-agent-workspace/builds/worker-1-tc2/source:/opt/rustwide/workdir:ro,Z" "-v" "/var/lib/crater-agent-workspace/cargo-home:/opt/rustwide/cargo-home:ro,Z" "-v" "/var/lib/crater-agent-workspace/rustup-home:/opt/rustwide/rustup-home:ro,Z" "-e" "SOURCE_DIR=/opt/rustwide/workdir" "-e" "CARGO_TARGET_DIR=/opt/rustwide/target" "-e" "CARGO_INCREMENTAL=0" "-e" "RUST_BACKTRACE=full" "-e" "RUSTFLAGS=--cap-lints=warn" "-e" "RUSTDOCFLAGS=--cap-lints=warn" "-e" "CARGO_HOME=/opt/rustwide/cargo-home" "-e" "RUSTUP_HOME=/opt/rustwide/rustup-home" "-w" "/opt/rustwide/workdir" "-m" "1610612736" "--user" "0:0" "--network" "none" "ghcr.io/rust-lang/crates-build-env/linux@sha256:2788e3201cd34a07e3172128adcd8b3090168a8e3bcc40d7c032b9dda1df7d1c" "/opt/rustwide/cargo-home/bin/cargo" "+beta-2023-12-22" "build" "--frozen" "--message-format=json", kill_on_drop: false }`
[INFO] [stdout] 9cebd95e60151dccf4893b157b23603c08d48d29f0bfe55ecfe67f159baaa626
[INFO] running `Command { std: "docker" "start" "-a" "9cebd95e60151dccf4893b157b23603c08d48d29f0bfe55ecfe67f159baaa626", kill_on_drop: false }`
[INFO] [stderr]    Compiling libc v0.2.151
[INFO] [stderr]    Compiling libm v0.2.8
[INFO] [stderr]    Compiling num-traits v0.2.17
[INFO] [stderr]    Compiling parking_lot_core v0.9.9
[INFO] [stderr]    Compiling crossbeam-utils v0.8.18
[INFO] [stderr]    Compiling ppv-lite86 v0.2.17
[INFO] [stderr]    Compiling signal-hook v0.3.17
[INFO] [stderr]    Compiling rustversion v1.0.14
[INFO] [stderr]    Compiling syn v1.0.109
[INFO] [stderr]    Compiling unicode-segmentation v1.10.1
[INFO] [stderr]    Compiling linked-hash-map v0.5.6
[INFO] [stderr]    Compiling rayon-core v1.12.0
[INFO] [stderr]    Compiling either v1.9.0
[INFO] [stderr]    Compiling syn v2.0.48
[INFO] [stderr]    Compiling priority-queue v1.3.2
[INFO] [stderr]    Compiling strum v0.23.0
[INFO] [stderr]    Compiling iana-time-zone v0.1.59
[INFO] [stderr]    Compiling yaml-rust v0.4.5
[INFO] [stderr]    Compiling unicode-width v0.1.11
[INFO] [stderr]    Compiling itertools v0.10.5
[INFO] [stderr]    Compiling humantime v2.1.0
[INFO] [stderr]    Compiling heck v0.3.3
[INFO] [stderr]    Compiling crossbeam-epoch v0.9.17
[INFO] [stderr]    Compiling crossbeam-deque v0.8.4
[INFO] [stderr]    Compiling getrandom v0.2.11
[INFO] [stderr]    Compiling signal-hook-registry v1.4.1
[INFO] [stderr]    Compiling mio v0.8.10
[INFO] [stderr]    Compiling rand_core v0.6.4
[INFO] [stderr]    Compiling parking_lot v0.12.1
[INFO] [stderr]    Compiling rand_chacha v0.3.1
[INFO] [stderr]    Compiling signal-hook-mio v0.2.3
[INFO] [stderr]    Compiling rand v0.8.5
[INFO] [stderr]    Compiling crossterm v0.23.2
[INFO] [stderr]    Compiling rayon v1.8.0
[INFO] [stderr]    Compiling num-integer v0.1.45
[INFO] [stderr]    Compiling num-complex v0.4.4
[INFO] [stderr]    Compiling chrono v0.4.31
[INFO] [stderr]    Compiling serde_derive v1.0.194
[INFO] [stderr]    Compiling num-bigint v0.4.4
[INFO] [stderr]    Compiling num-iter v0.1.43
[INFO] [stderr]    Compiling rand_distr v0.4.3
[INFO] [stderr]    Compiling distances v1.6.2
[INFO] [stderr]    Compiling mt_logger v3.0.2
[INFO] [stderr]    Compiling strum_macros v0.23.1
[INFO] [stderr]    Compiling num-rational v0.4.1
[INFO] [stderr]    Compiling num v0.4.1
[INFO] [stderr]    Compiling comfy-table v5.0.1
[INFO] [stderr]    Compiling serde v1.0.194
[INFO] [stderr]    Compiling bincode v1.3.3
[INFO] [stderr]    Compiling smartcore v0.2.1
[INFO] [stderr]    Compiling serde_yaml v0.8.26
[INFO] [stderr]    Compiling automl v0.2.7
[INFO] [stderr]    Compiling abd-clam v0.26.0 (/opt/rustwide/workdir)
[INFO] [stderr]     Finished dev [unoptimized + debuginfo] target(s) in 9.20s
[INFO] running `Command { std: "docker" "inspect" "9cebd95e60151dccf4893b157b23603c08d48d29f0bfe55ecfe67f159baaa626", kill_on_drop: false }`
[INFO] running `Command { std: "docker" "rm" "-f" "9cebd95e60151dccf4893b157b23603c08d48d29f0bfe55ecfe67f159baaa626", kill_on_drop: false }`
[INFO] [stdout] 9cebd95e60151dccf4893b157b23603c08d48d29f0bfe55ecfe67f159baaa626
[INFO] running `Command { std: "docker" "create" "-v" "/var/lib/crater-agent-workspace/builds/worker-1-tc2/target:/opt/rustwide/target:rw,Z" "-v" "/var/lib/crater-agent-workspace/builds/worker-1-tc2/source:/opt/rustwide/workdir:ro,Z" "-v" "/var/lib/crater-agent-workspace/cargo-home:/opt/rustwide/cargo-home:ro,Z" "-v" "/var/lib/crater-agent-workspace/rustup-home:/opt/rustwide/rustup-home:ro,Z" "-e" "SOURCE_DIR=/opt/rustwide/workdir" "-e" "CARGO_TARGET_DIR=/opt/rustwide/target" "-e" "CARGO_INCREMENTAL=0" "-e" "RUST_BACKTRACE=full" "-e" "RUSTFLAGS=--cap-lints=warn" "-e" "RUSTDOCFLAGS=--cap-lints=warn" "-e" "CARGO_HOME=/opt/rustwide/cargo-home" "-e" "RUSTUP_HOME=/opt/rustwide/rustup-home" "-w" "/opt/rustwide/workdir" "-m" "1610612736" "--user" "0:0" "--network" "none" "ghcr.io/rust-lang/crates-build-env/linux@sha256:2788e3201cd34a07e3172128adcd8b3090168a8e3bcc40d7c032b9dda1df7d1c" "/opt/rustwide/cargo-home/bin/cargo" "+beta-2023-12-22" "test" "--frozen" "--no-run" "--message-format=json", kill_on_drop: false }`
[INFO] [stdout] 80640b604bed02476c0b6a89eeff5b97f85a7314728de9f4e2a6ef35f8b0199a
[INFO] running `Command { std: "docker" "start" "-a" "80640b604bed02476c0b6a89eeff5b97f85a7314728de9f4e2a6ef35f8b0199a", kill_on_drop: false }`
[INFO] [stderr]    Compiling serde v1.0.194
[INFO] [stderr]    Compiling autocfg v0.1.8
[INFO] [stderr]    Compiling rand_core v0.4.2
[INFO] [stderr]    Compiling semver v1.0.21
[INFO] [stderr]    Compiling syn v2.0.48
[INFO] [stderr]    Compiling num-bigint v0.2.6
[INFO] [stderr]    Compiling num-complex v0.2.4
[INFO] [stderr]    Compiling num-rational v0.2.4
[INFO] [stderr]    Compiling rustix v0.38.28
[INFO] [stderr]    Compiling half v1.8.2
[INFO] [stderr]    Compiling linux-raw-sys v0.4.12
[INFO] [stderr]    Compiling anstyle v1.0.4
[INFO] [stderr]    Compiling bitflags v2.4.1
[INFO] [stderr]    Compiling regex-syntax v0.8.2
[INFO] [stderr]    Compiling plotters-backend v0.3.5
[INFO] [stderr]    Compiling ciborium-io v0.2.1
[INFO] [stderr]    Compiling rand_pcg v0.1.2
[INFO] [stderr]    Compiling rand_chacha v0.1.1
[INFO] [stderr]    Compiling rand_core v0.3.1
[INFO] [stderr]    Compiling rand v0.6.5
[INFO] [stderr]    Compiling byteorder v1.5.0
[INFO] [stderr]    Compiling clap_lex v0.6.0
[INFO] [stderr]    Compiling rand_isaac v0.1.1
[INFO] [stderr]    Compiling rand_xorshift v0.1.1
[INFO] [stderr]    Compiling rand_hc v0.1.0
[INFO] [stderr]    Compiling ciborium-ll v0.2.1
[INFO] [stderr]    Compiling hash32 v0.2.1
[INFO] [stderr]    Compiling clap_builder v4.4.12
[INFO] [stderr]    Compiling plotters-svg v0.3.5
[INFO] [stderr]    Compiling rand_os v0.1.3
[INFO] [stderr]    Compiling rand_jitter v0.1.4
[INFO] [stderr]    Compiling spin v0.9.8
[INFO] [stderr]    Compiling rustc_version v0.4.0
[INFO] [stderr]    Compiling stable_deref_trait v1.2.0
[INFO] [stderr]    Compiling cast v0.3.0
[INFO] [stderr]    Compiling same-file v1.0.6
[INFO] [stderr]    Compiling plotters v0.3.5
[INFO] [stderr]    Compiling walkdir v2.4.0
[INFO] [stderr]    Compiling rand v0.4.6
[INFO] [stderr]    Compiling cobs v0.2.3
[INFO] [stderr]    Compiling anes v0.1.6
[INFO] [stderr]    Compiling embedded-io v0.4.0
[INFO] [stderr]    Compiling oorandom v11.1.3
[INFO] [stderr]    Compiling criterion-plot v0.5.0
[INFO] [stderr]    Compiling remove_dir_all v0.5.3
[INFO] [stderr]    Compiling float-cmp v0.9.0
[INFO] [stderr]    Compiling heapless v0.7.17
[INFO] [stderr]    Compiling tempdir v0.3.7
[INFO] [stderr]    Compiling regex-automata v0.4.3
[INFO] [stderr]    Compiling is-terminal v0.4.10
[INFO] [stderr]    Compiling num v0.2.1
[INFO] [stderr]    Compiling statistical v1.0.0
[INFO] [stderr]    Compiling clap v4.4.13
[INFO] [stderr]    Compiling regex v1.10.2
[INFO] [stderr]    Compiling test-case-core v3.3.1
[INFO] [stderr]    Compiling serde_derive v1.0.194
[INFO] [stderr]    Compiling test-case-macros v3.3.1
[INFO] [stderr]    Compiling test-case v3.3.1
[INFO] [stderr]    Compiling serde_yaml v0.8.26
[INFO] [stderr]    Compiling bincode v1.3.3
[INFO] [stderr]    Compiling serde_json v1.0.111
[INFO] [stderr]    Compiling smartcore v0.2.1
[INFO] [stderr]    Compiling ciborium v0.2.1
[INFO] [stderr]    Compiling postcard v1.0.8
[INFO] [stderr]    Compiling tinytemplate v1.2.1
[INFO] [stderr]    Compiling criterion v0.5.1
[INFO] [stderr]    Compiling automl v0.2.7
[INFO] [stderr]    Compiling abd-clam v0.26.0 (/opt/rustwide/workdir)
[INFO] [stdout] error[E0433]: failed to resolve: use of undeclared crate or module `symagen`
[INFO] [stdout]   --> tests/utils.rs:45:16
[INFO] [stdout]    |
[INFO] [stdout] 45 |     let data = symagen::random_data::random_tabular_seedable::<f32>(cardinality, dimensionality, -1., 1., seed);
[INFO] [stdout]    |                ^^^^^^^ use of undeclared crate or module `symagen`
[INFO] [stdout] 
[INFO] [stdout] 
[INFO] [stdout] error[E0433]: failed to resolve: use of undeclared crate or module `symagen`
[INFO] [stdout]   --> tests/utils.rs:45:16
[INFO] [stdout]    |
[INFO] [stdout] 45 |     let data = symagen::random_data::random_tabular_seedable::<f32>(cardinality, dimensionality, -1., 1., seed);
[INFO] [stdout]    |                ^^^^^^^ use of undeclared crate or module `symagen`
[INFO] [stdout] 
[INFO] [stdout] 
[INFO] [stdout] error[E0433]: failed to resolve: use of undeclared crate or module `symagen`
[INFO] [stdout]   --> tests/utils.rs:45:16
[INFO] [stdout]    |
[INFO] [stdout] 45 |     let data = symagen::random_data::random_tabular_seedable::<f32>(cardinality, dimensionality, -1., 1., seed);
[INFO] [stdout]    |                ^^^^^^^ use of undeclared crate or module `symagen`
[INFO] [stdout] 
[INFO] [stdout] 
[INFO] [stdout] error[E0433]: failed to resolve: use of undeclared crate or module `symagen`
[INFO] [stdout]   --> tests/utils.rs:45:16
[INFO] [stdout]    |
[INFO] [stdout] 45 |     let data = symagen::random_data::random_tabular_seedable::<f32>(cardinality, dimensionality, -1., 1., seed);
[INFO] [stdout]    |                ^^^^^^^ use of undeclared crate or module `symagen`
[INFO] [stdout] 
[INFO] [stdout] 
[INFO] [stdout] error[E0433]: failed to resolve: use of undeclared crate or module `symagen`
[INFO] [stdout]   --> tests/utils.rs:45:16
[INFO] [stdout]    |
[INFO] [stdout] 45 |     let data = symagen::random_data::random_tabular_seedable::<f32>(cardinality, dimensionality, -1., 1., seed);
[INFO] [stdout]    |                ^^^^^^^ use of undeclared crate or module `symagen`
[INFO] [stdout] 
[INFO] [stdout] 
[INFO] [stdout] error[E0433]: failed to resolve: use of undeclared crate or module `symagen`
[INFO] [stdout]   --> tests/test_dataset.rs:17:13
[INFO] [stdout]    |
[INFO] [stdout] 17 |             symagen::random_data::random_tabular_seedable::<u32>(cardinality, dimensionality, 0, 100_000, i);
[INFO] [stdout]    |             ^^^^^^^ use of undeclared crate or module `symagen`
[INFO] [stdout] 
[INFO] [stdout] 
[INFO] [stdout] error[E0433]: failed to resolve: use of undeclared crate or module `symagen`
[INFO] [stdout]   --> tests/test_dataset.rs:85:13
[INFO] [stdout]    |
[INFO] [stdout] 85 |             symagen::random_data::random_tabular_seedable::<u32>(cardinality, dimensionality, 0, 100_000, i);
[INFO] [stdout]    |             ^^^^^^^ use of undeclared crate or module `symagen`
[INFO] [stdout] 
[INFO] [stdout] 
[INFO] [stdout] error[E0433]: failed to resolve: use of undeclared crate or module `symagen`
[INFO] [stdout]   --> tests/utils.rs:45:16
[INFO] [stdout]    |
[INFO] [stdout] 45 |     let data = symagen::random_data::random_tabular_seedable::<f32>(cardinality, dimensionality, -1., 1., seed);
[INFO] [stdout]    |                ^^^^^^^ use of undeclared crate or module `symagen`
[INFO] [stdout] 
[INFO] [stdout] 
[INFO] [stdout] error[E0433]: failed to resolve: use of undeclared crate or module `symagen`
[INFO] [stdout]    --> tests/test_cakes.rs:103:16
[INFO] [stdout]     |
[INFO] [stdout] 103 |     let data = symagen::random_data::random_string(cardinality, seq_len, seq_len, alphabet, seed);
[INFO] [stdout]     |                ^^^^^^^ use of undeclared crate or module `symagen`
[INFO] [stdout] 
[INFO] [stdout] 
[INFO] [stdout] error[E0433]: failed to resolve: use of undeclared crate or module `symagen`
[INFO] [stdout]    --> tests/test_cakes.rs:109:19
[INFO] [stdout]     |
[INFO] [stdout] 109 |     let queries = symagen::random_data::random_string(num_queries, seq_len, seq_len, alphabet, seed + 1);
[INFO] [stdout]     |                   ^^^^^^^ use of undeclared crate or module `symagen`
[INFO] [stdout] 
[INFO] [stdout] 
[INFO] [stdout] error[E0432]: unresolved import `symagen`
[INFO] [stdout]    --> src/cakes/sharded.rs:210:9
[INFO] [stdout]     |
[INFO] [stdout] 210 |     use symagen::random_data;
[INFO] [stdout]     |         ^^^^^^^ use of undeclared crate or module `symagen`
[INFO] [stdout] 
[INFO] [stdout] 
[INFO] [stdout] error[E0432]: unresolved import `symagen`
[INFO] [stdout]    --> src/utils.rs:216:9
[INFO] [stdout]     |
[INFO] [stdout] 216 |     use symagen::random_data;
[INFO] [stdout]     |         ^^^^^^^ use of undeclared crate or module `symagen`
[INFO] [stdout] 
[INFO] [stdout] 
[INFO] [stdout] error: aborting due to 1 previous error
[INFO] [stdout] 
[INFO] [stdout] 
[INFO] [stdout] For more information about this error, try `rustc --explain E0433`.
[INFO] [stdout] 
[INFO] [stderr] error: could not compile `abd-clam` (test "utils") due to 2 previous errors
[INFO] [stderr] warning: build failed, waiting for other jobs to finish...
[INFO] [stdout] error: aborting due to 1 previous error
[INFO] [stdout] 
[INFO] [stdout] 
[INFO] [stdout] For more information about this error, try `rustc --explain E0433`.
[INFO] [stdout] 
[INFO] [stdout] error: aborting due to 1 previous error
[INFO] [stdout] 
[INFO] [stdout] 
[INFO] [stdout] For more information about this error, try `rustc --explain E0433`.
[INFO] [stdout] 
[INFO] [stderr] error: could not compile `abd-clam` (test "test_tree") due to 2 previous errors
[INFO] [stderr] error: could not compile `abd-clam` (test "test_search_variants") due to 2 previous errors
[INFO] [stdout] error: aborting due to 3 previous errors
[INFO] [stdout] 
[INFO] [stdout] 
[INFO] [stdout] For more information about this error, try `rustc --explain E0433`.
[INFO] [stdout] 
[INFO] [stdout] error: aborting due to 1 previous error
[INFO] [stdout] 
[INFO] [stdout] 
[INFO] [stdout] For more information about this error, try `rustc --explain E0433`.
[INFO] [stdout] 
[INFO] [stderr] error: could not compile `abd-clam` (test "test_dataset") due to 4 previous errors
[INFO] [stderr] error: could not compile `abd-clam` (test "test_cluster") due to 2 previous errors
[INFO] [stdout] error: aborting due to 3 previous errors
[INFO] [stdout] 
[INFO] [stdout] 
[INFO] [stdout] For more information about this error, try `rustc --explain E0433`.
[INFO] [stdout] 
[INFO] [stderr] error: could not compile `abd-clam` (test "test_cakes") due to 4 previous errors
[INFO] [stdout] error: aborting due to 2 previous errors
[INFO] [stdout] 
[INFO] [stdout] 
[INFO] [stdout] For more information about this error, try `rustc --explain E0432`.
[INFO] [stdout] 
[INFO] [stderr] error: could not compile `abd-clam` (lib test) due to 3 previous errors
[INFO] running `Command { std: "docker" "inspect" "80640b604bed02476c0b6a89eeff5b97f85a7314728de9f4e2a6ef35f8b0199a", kill_on_drop: false }`
[INFO] running `Command { std: "docker" "rm" "-f" "80640b604bed02476c0b6a89eeff5b97f85a7314728de9f4e2a6ef35f8b0199a", kill_on_drop: false }`
[INFO] [stdout] 80640b604bed02476c0b6a89eeff5b97f85a7314728de9f4e2a6ef35f8b0199a
