[INFO] cloning repository https://github.com/FatGuyy/rest-rust-airport
[INFO] running `Command { std: "git" "-c" "credential.helper=" "-c" "credential.helper=/workspace/cargo-home/bin/git-credential-null" "clone" "--bare" "https://github.com/FatGuyy/rest-rust-airport" "/workspace/cache/git-repos/https%3A%2F%2Fgithub.com%2FFatGuyy%2Frest-rust-airport", kill_on_drop: false }`
[INFO] [stderr] Cloning into bare repository '/workspace/cache/git-repos/https%3A%2F%2Fgithub.com%2FFatGuyy%2Frest-rust-airport'...
[INFO] running `Command { std: "git" "rev-parse" "HEAD", kill_on_drop: false }`
[INFO] [stdout] 6c04ae85598e166b08cc0a0e5c119d0e8145aa60
[INFO] testing FatGuyy/rest-rust-airport against 1.75.0 for beta-1.76-1
[INFO] running `Command { std: "git" "clone" "/workspace/cache/git-repos/https%3A%2F%2Fgithub.com%2FFatGuyy%2Frest-rust-airport" "/workspace/builds/worker-0-tc1/source", kill_on_drop: false }`
[INFO] [stderr] Cloning into '/workspace/builds/worker-0-tc1/source'...
[INFO] [stderr] done.
[INFO] validating manifest of git repo https://github.com/FatGuyy/rest-rust-airport on toolchain 1.75.0
[INFO] running `Command { std: CARGO_HOME="/workspace/cargo-home" RUSTUP_HOME="/workspace/rustup-home" "/workspace/cargo-home/bin/cargo" "+1.75.0" "metadata" "--manifest-path" "Cargo.toml" "--no-deps", kill_on_drop: false }`
[INFO] started tweaking git repo https://github.com/FatGuyy/rest-rust-airport
[INFO] finished tweaking git repo https://github.com/FatGuyy/rest-rust-airport
[INFO] tweaked toml for git repo https://github.com/FatGuyy/rest-rust-airport written to /workspace/builds/worker-0-tc1/source/Cargo.toml
[INFO] crate git repo https://github.com/FatGuyy/rest-rust-airport already has a lockfile, it will not be regenerated
[INFO] running `Command { std: CARGO_HOME="/workspace/cargo-home" RUSTUP_HOME="/workspace/rustup-home" "/workspace/cargo-home/bin/cargo" "+1.75.0" "fetch" "--manifest-path" "Cargo.toml", kill_on_drop: false }`
[INFO] [stderr]  Downloading crates ...
[INFO] [stderr]   Downloaded serde_json v1.0.106
[INFO] running `Command { std: "docker" "create" "-v" "/var/lib/crater-agent-workspace/builds/worker-0-tc1/target:/opt/rustwide/target:rw,Z" "-v" "/var/lib/crater-agent-workspace/builds/worker-0-tc1/source:/opt/rustwide/workdir:ro,Z" "-v" "/var/lib/crater-agent-workspace/cargo-home:/opt/rustwide/cargo-home:ro,Z" "-v" "/var/lib/crater-agent-workspace/rustup-home:/opt/rustwide/rustup-home:ro,Z" "-e" "SOURCE_DIR=/opt/rustwide/workdir" "-e" "CARGO_TARGET_DIR=/opt/rustwide/target" "-e" "CARGO_HOME=/opt/rustwide/cargo-home" "-e" "RUSTUP_HOME=/opt/rustwide/rustup-home" "-w" "/opt/rustwide/workdir" "-m" "1610612736" "--user" "0:0" "--network" "none" "ghcr.io/rust-lang/crates-build-env/linux@sha256:2788e3201cd34a07e3172128adcd8b3090168a8e3bcc40d7c032b9dda1df7d1c" "/opt/rustwide/cargo-home/bin/cargo" "+1.75.0" "metadata" "--no-deps" "--format-version=1", kill_on_drop: false }`
[INFO] [stdout] fa69e29f5fd240f419aaf6b9e1d73108629993a1c365e200d0b9d8f291a3e32d
[INFO] running `Command { std: "docker" "start" "-a" "fa69e29f5fd240f419aaf6b9e1d73108629993a1c365e200d0b9d8f291a3e32d", kill_on_drop: false }`
[INFO] running `Command { std: "docker" "inspect" "fa69e29f5fd240f419aaf6b9e1d73108629993a1c365e200d0b9d8f291a3e32d", kill_on_drop: false }`
[INFO] running `Command { std: "docker" "rm" "-f" "fa69e29f5fd240f419aaf6b9e1d73108629993a1c365e200d0b9d8f291a3e32d", kill_on_drop: false }`
[INFO] [stdout] fa69e29f5fd240f419aaf6b9e1d73108629993a1c365e200d0b9d8f291a3e32d
[INFO] running `Command { std: "docker" "create" "-v" "/var/lib/crater-agent-workspace/builds/worker-0-tc1/target:/opt/rustwide/target:rw,Z" "-v" "/var/lib/crater-agent-workspace/builds/worker-0-tc1/source:/opt/rustwide/workdir:ro,Z" "-v" "/var/lib/crater-agent-workspace/cargo-home:/opt/rustwide/cargo-home:ro,Z" "-v" "/var/lib/crater-agent-workspace/rustup-home:/opt/rustwide/rustup-home:ro,Z" "-e" "SOURCE_DIR=/opt/rustwide/workdir" "-e" "CARGO_TARGET_DIR=/opt/rustwide/target" "-e" "CARGO_INCREMENTAL=0" "-e" "RUST_BACKTRACE=full" "-e" "RUSTFLAGS=--cap-lints=warn" "-e" "RUSTDOCFLAGS=--cap-lints=warn" "-e" "CARGO_HOME=/opt/rustwide/cargo-home" "-e" "RUSTUP_HOME=/opt/rustwide/rustup-home" "-w" "/opt/rustwide/workdir" "-m" "1610612736" "--user" "0:0" "--network" "none" "ghcr.io/rust-lang/crates-build-env/linux@sha256:2788e3201cd34a07e3172128adcd8b3090168a8e3bcc40d7c032b9dda1df7d1c" "/opt/rustwide/cargo-home/bin/cargo" "+1.75.0" "build" "--frozen" "--message-format=json", kill_on_drop: false }`
[INFO] [stdout] 201e2337cac70849347ed343e7fe6ed8203eaa3249b87563f238b38f95a613f4
[INFO] running `Command { std: "docker" "start" "-a" "201e2337cac70849347ed343e7fe6ed8203eaa3249b87563f238b38f95a613f4", kill_on_drop: false }`
[INFO] [stderr]    Compiling value-bag v1.4.1
[INFO] [stderr]    Compiling memchr v2.6.3
[INFO] [stderr]    Compiling futures-io v0.3.28
[INFO] [stderr]    Compiling jobserver v0.1.26
[INFO] [stderr]    Compiling slab v0.4.9
[INFO] [stderr]    Compiling pkg-config v0.3.27
[INFO] [stderr]    Compiling syn v2.0.32
[INFO] [stderr]    Compiling bytes v1.5.0
[INFO] [stderr]    Compiling serde v1.0.188
[INFO] [stderr]    Compiling cc v1.0.83
[INFO] [stderr]    Compiling log v0.4.20
[INFO] [stderr]    Compiling parking_lot_core v0.9.8
[INFO] [stderr]    Compiling tracing-core v0.1.31
[INFO] [stderr]    Compiling getrandom v0.2.10
[INFO] [stderr]    Compiling bitflags v2.4.0
[INFO] [stderr]    Compiling subtle v2.5.0
[INFO] [stderr]    Compiling concurrent-queue v2.2.0
[INFO] [stderr]    Compiling digest v0.10.7
[INFO] [stderr]    Compiling parking_lot v0.12.1
[INFO] [stderr]    Compiling futures-task v0.3.28
[INFO] [stderr]    Compiling parking v2.1.0
[INFO] [stderr]    Compiling fastrand v1.9.0
[INFO] [stderr]    Compiling waker-fn v1.1.0
[INFO] [stderr]    Compiling async-lock v2.8.0
[INFO] [stderr]    Compiling polling v2.8.0
[INFO] [stderr]    Compiling futures-util v0.3.28
[INFO] [stderr]    Compiling futures-lite v1.13.0
[INFO] [stderr]    Compiling io-lifetimes v1.0.11
[INFO] [stderr]    Compiling vcpkg v0.2.15
[INFO] [stderr]    Compiling rustix v0.37.23
[INFO] [stderr]    Compiling percent-encoding v2.3.0
[INFO] [stderr]    Compiling async-io v1.13.0
[INFO] [stderr]    Compiling async-task v4.4.0
[INFO] [stderr]    Compiling linux-raw-sys v0.3.8
[INFO] [stderr]    Compiling ahash v0.8.3
[INFO] [stderr]    Compiling async-channel v1.9.0
[INFO] [stderr]    Compiling socket2 v0.4.9
[INFO] [stderr]    Compiling atomic-waker v1.1.1
[INFO] [stderr]    Compiling form_urlencoded v1.2.0
[INFO] [stderr]    Compiling num-traits v0.2.16
[INFO] [stderr]    Compiling async-executor v1.5.1
[INFO] [stderr]    Compiling idna v0.4.0
[INFO] [stderr]    Compiling rand_core v0.6.4
[INFO] [stderr]    Compiling openssl-sys v0.9.93
[INFO] [stderr]    Compiling serde_json v1.0.106
[INFO] [stderr]    Compiling openssl v0.10.57
[INFO] [stderr]    Compiling rand_chacha v0.3.1
[INFO] [stderr]    Compiling allocator-api2 v0.2.16
[INFO] [stderr]    Compiling futures-channel v0.3.28
[INFO] [stderr]    Compiling hashbrown v0.14.0
[INFO] [stderr]    Compiling native-tls v0.2.11
[INFO] [stderr]    Compiling mio v0.8.8
[INFO] [stderr]    Compiling socket2 v0.5.4
[INFO] [stderr]    Compiling signal-hook-registry v1.4.1
[INFO] [stderr]    Compiling iana-time-zone v0.1.57
[INFO] [stderr]    Compiling thiserror v1.0.48
[INFO] [stderr]    Compiling syn v1.0.109
[INFO] [stderr]    Compiling nom v7.1.3
[INFO] [stderr]    Compiling tokio v1.32.0
[INFO] [stderr]    Compiling zstd-sys v2.0.8+zstd.1.5.5
[INFO] [stderr]    Compiling aho-corasick v1.0.5
[INFO] [stderr]    Compiling regex-syntax v0.7.5
[INFO] [stderr]    Compiling linux-raw-sys v0.4.7
[INFO] [stderr]    Compiling equivalent v1.0.1
[INFO] [stderr]    Compiling indexmap v2.0.0
[INFO] [stderr]    Compiling http v0.2.9
[INFO] [stderr]    Compiling crossbeam-queue v0.3.8
[INFO] [stderr]    Compiling hashlink v0.8.4
[INFO] [stderr]    Compiling serde_derive v1.0.188
[INFO] [stderr]    Compiling tracing-attributes v0.1.26
[INFO] [stderr]    Compiling openssl-macros v0.1.1
[INFO] [stderr]    Compiling thiserror-impl v1.0.48
[INFO] [stderr]    Compiling regex-automata v0.3.8
[INFO] [stderr]    Compiling tracing v0.1.37
[INFO] [stderr]    Compiling atoi v2.0.0
[INFO] [stderr]    Compiling blocking v1.3.1
[INFO] [stderr]    Compiling futures-intrusive v0.5.0
[INFO] [stderr]    Compiling async-global-executor v2.3.1
[INFO] [stderr]    Compiling kv-log-macro v1.0.7
[INFO] [stderr]    Compiling hmac v0.12.1
[INFO] [stderr]    Compiling bytestring v1.3.0
[INFO] [stderr]    Compiling zstd-safe v6.0.6
[INFO] [stderr]    Compiling rustix v0.38.13
[INFO] [stderr]    Compiling regex v1.9.5
[INFO] [stderr]    Compiling finl_unicode v1.2.0
[INFO] [stderr]    Compiling stringprep v0.1.4
[INFO] [stderr]    Compiling hkdf v0.12.3
[INFO] [stderr]    Compiling async-std v1.12.0
[INFO] [stderr]    Compiling tokio-util v0.7.8
[INFO] [stderr]    Compiling chrono v0.4.30
[INFO] [stderr]    Compiling rand v0.8.5
[INFO] [stderr]    Compiling url v2.4.1
[INFO] [stderr]    Compiling sha2 v0.10.7
[INFO] [stderr]    Compiling sha1 v0.10.5
[INFO] [stderr]    Compiling md-5 v0.10.5
[INFO] [stderr]    Compiling hashbrown v0.12.3
[INFO] [stderr]    Compiling uuid v1.4.1
[INFO] [stderr]    Compiling time-core v0.1.1
[INFO] [stderr]    Compiling home v0.5.5
[INFO] [stderr]    Compiling base64 v0.21.4
[INFO] [stderr]    Compiling whoami v1.4.1
[INFO] [stderr]    Compiling time-macros v0.2.14
[INFO] [stderr]    Compiling either v1.9.0
[INFO] [stderr]    Compiling indexmap v1.9.3
[INFO] [stderr]    Compiling actix-utils v3.0.1
[INFO] [stderr]    Compiling itertools v0.11.0
[INFO] [stderr]    Compiling actix-rt v2.9.0
[INFO] [stderr]    Compiling actix-service v2.0.2
[INFO] [stderr]    Compiling fastrand v2.0.0
[INFO] [stderr]    Compiling deranged v0.3.8
[INFO] [stderr]    Compiling derive_more v0.99.17
[INFO] [stderr]    Compiling heck v0.4.1
[INFO] [stderr]    Compiling sqlformat v0.2.2
[INFO] [stderr]    Compiling h2 v0.3.21
[INFO] [stderr]    Compiling flate2 v1.0.27
[INFO] [stderr]    Compiling tempfile v3.8.0
[INFO] [stderr]    Compiling time v0.3.28
[INFO] [stderr]    Compiling actix-router v0.5.1
[INFO] [stderr]    Compiling actix-codec v0.5.1
[INFO] [stderr]    Compiling sqlx-core v0.7.1
[INFO] [stderr]    Compiling local-channel v0.1.3
[INFO] [stderr]    Compiling encoding_rs v0.8.33
[INFO] [stderr]    Compiling httpdate v1.0.3
[INFO] [stderr]    Compiling cookie v0.16.2
[INFO] [stderr]    Compiling actix-web-codegen v4.2.2
[INFO] [stderr]    Compiling sqlx-postgres v0.7.1
[INFO] [stderr]    Compiling actix-server v2.3.0
[INFO] [stderr]    Compiling serde_urlencoded v0.7.1
[INFO] [stderr]    Compiling actix-macros v0.2.4
[INFO] [stderr]    Compiling is-terminal v0.4.9
[INFO] [stderr]    Compiling env_logger v0.10.0
[INFO] [stderr]    Compiling sqlx-macros-core v0.7.1
[INFO] [stderr]    Compiling sqlx-macros v0.7.1
[INFO] [stderr]    Compiling zstd v0.12.4
[INFO] [stderr]    Compiling actix-http v3.4.0
[INFO] [stderr]    Compiling sqlx v0.7.1
[INFO] [stderr]    Compiling actix-web v4.4.0
[INFO] [stderr]    Compiling actix-cors v0.6.4
[INFO] [stderr]    Compiling rest-curd-API v0.1.0 (/opt/rustwide/workdir)
[INFO] [stdout] error: error communicating with database: Connection refused (os error 111)
[INFO] [stdout]   --> src/routes/flight.rs:13:24
[INFO] [stdout]    |
[INFO] [stdout] 13 |       let query_result = sqlx::query_as!(
[INFO] [stdout]    |  ________________________^
[INFO] [stdout] 14 | |         Flight,
[INFO] [stdout] 15 | |         "SELECT * FROM flights"
[INFO] [stdout] 16 | |     )
[INFO] [stdout]    | |_____^
[INFO] [stdout]    |
[INFO] [stdout]    = note: this error originates in the macro `$crate::sqlx_macros::expand_query` which comes from the expansion of the macro `sqlx::query_as` (in Nightly builds, run with -Z macro-backtrace for more info)
[INFO] [stdout] 
[INFO] [stdout] 
[INFO] [stdout] error: error communicating with database: Connection refused (os error 111)
[INFO] [stdout]   --> src/routes/flight.rs:37:24
[INFO] [stdout]    |
[INFO] [stdout] 37 |       let query_result = sqlx::query_as!(
[INFO] [stdout]    |  ________________________^
[INFO] [stdout] 38 | |         Flight,
[INFO] [stdout] 39 | |         "INSERT into flights (flight_name, take_off_location, landing_location) values ($1, $2, $3) returning *",
[INFO] [stdout] 40 | |         body.flight_name.to_string(),
[INFO] [stdout] 41 | |         body.take_off_location.to_string(),
[INFO] [stdout] 42 | |         body.landing_location.to_string()
[INFO] [stdout] 43 | |     ).fetch_one(&data.db)
[INFO] [stdout]    | |_____^
[INFO] [stdout]    |
[INFO] [stdout]    = note: this error originates in the macro `$crate::sqlx_macros::expand_query` which comes from the expansion of the macro `sqlx::query_as` (in Nightly builds, run with -Z macro-backtrace for more info)
[INFO] [stdout] 
[INFO] [stdout] 
[INFO] [stdout] error: error communicating with database: Connection refused (os error 111)
[INFO] [stdout]   --> src/routes/flight.rs:67:24
[INFO] [stdout]    |
[INFO] [stdout] 67 |     let query_result = sqlx::query_as!(Flight, "SELECT * FROM flights WHERE id = $1", flight_id)
[INFO] [stdout]    |                        ^^^^^^^^^^^^^^^^^^^^^^^^^^^^^^^^^^^^^^^^^^^^^^^^^^^^^^^^^^^^^^^^^^^^^^^^^
[INFO] [stdout]    |
[INFO] [stdout]    = note: this error originates in the macro `$crate::sqlx_macros::expand_query` which comes from the expansion of the macro `sqlx::query_as` (in Nightly builds, run with -Z macro-backtrace for more info)
[INFO] [stdout] 
[INFO] [stdout] 
[INFO] [stdout] error: error communicating with database: Connection refused (os error 111)
[INFO] [stdout]   --> src/routes/flight.rs:90:24
[INFO] [stdout]    |
[INFO] [stdout] 90 |     let query_result = sqlx::query_as!(Flight, "SELECT * FROM flights where id = $1", flight_id)
[INFO] [stdout]    |                        ^^^^^^^^^^^^^^^^^^^^^^^^^^^^^^^^^^^^^^^^^^^^^^^^^^^^^^^^^^^^^^^^^^^^^^^^^
[INFO] [stdout]    |
[INFO] [stdout]    = note: this error originates in the macro `$crate::sqlx_macros::expand_query` which comes from the expansion of the macro `sqlx::query_as` (in Nightly builds, run with -Z macro-backtrace for more info)
[INFO] [stdout] 
[INFO] [stdout] 
[INFO] [stdout] error: error communicating with database: Connection refused (os error 111)
[INFO] [stdout]    --> src/routes/flight.rs:103:24
[INFO] [stdout]     |
[INFO] [stdout] 103 |       let query_result = sqlx::query_as!(
[INFO] [stdout]     |  ________________________^
[INFO] [stdout] 104 | |         Flight,
[INFO] [stdout] 105 | |         "UPDATE flights set flight_name = $1, take_off_location = $2, landing_location = $3, updated_at = $4 where id = $5 returning *",
[INFO] [stdout] 106 | |         body.flight_name.to_owned().unwrap_or(flight.flight_name),
[INFO] [stdout] ...   |
[INFO] [stdout] 110 | |         flight_id
[INFO] [stdout] 111 | |     )
[INFO] [stdout]     | |_____^
[INFO] [stdout]     |
[INFO] [stdout]     = note: this error originates in the macro `$crate::sqlx_macros::expand_query` which comes from the expansion of the macro `sqlx::query_as` (in Nightly builds, run with -Z macro-backtrace for more info)
[INFO] [stdout] 
[INFO] [stdout] 
[INFO] [stdout] error: error communicating with database: Connection refused (os error 111)
[INFO] [stdout]    --> src/routes/flight.rs:133:25
[INFO] [stdout]     |
[INFO] [stdout] 133 |     let rows_affected = sqlx::query!("DELETE from flights WHERE id = $1", flight_id)
[INFO] [stdout]     |                         ^^^^^^^^^^^^^^^^^^^^^^^^^^^^^^^^^^^^^^^^^^^^^^^^^^^^^^^^^^^^
[INFO] [stdout]     |
[INFO] [stdout]     = note: this error originates in the macro `$crate::sqlx_macros::expand_query` which comes from the expansion of the macro `sqlx::query` (in Nightly builds, run with -Z macro-backtrace for more info)
[INFO] [stdout] 
[INFO] [stdout] 
[INFO] [stdout] warning: unused import: `Flight`
[INFO] [stdout]  --> src/routes/flight.rs:1:29
[INFO] [stdout]   |
[INFO] [stdout] 1 | use crate::models::flight::{Flight, CreateFlightSchema, UpdateFlightSchema};
[INFO] [stdout]   |                             ^^^^^^
[INFO] [stdout]   |
[INFO] [stdout]   = note: `#[warn(unused_imports)]` on by default
[INFO] [stdout] 
[INFO] [stdout] 
[INFO] [stdout] error: aborting due to 6 previous errors; 1 warning emitted
[INFO] [stdout] 
[INFO] [stdout] 
[INFO] [stderr] error: could not compile `rest-curd-API` (bin "rest-curd-API") due to 7 previous errors; 1 warning emitted
[INFO] running `Command { std: "docker" "inspect" "201e2337cac70849347ed343e7fe6ed8203eaa3249b87563f238b38f95a613f4", kill_on_drop: false }`
[INFO] running `Command { std: "docker" "rm" "-f" "201e2337cac70849347ed343e7fe6ed8203eaa3249b87563f238b38f95a613f4", kill_on_drop: false }`
[INFO] [stdout] 201e2337cac70849347ed343e7fe6ed8203eaa3249b87563f238b38f95a613f4
