[INFO] cloning repository https://github.com/FarmingtonS9/as-nzs_1163_Standard
[INFO] running `Command { std: "git" "-c" "credential.helper=" "-c" "credential.helper=/workspace/cargo-home/bin/git-credential-null" "clone" "--bare" "https://github.com/FarmingtonS9/as-nzs_1163_Standard" "/workspace/cache/git-repos/https%3A%2F%2Fgithub.com%2FFarmingtonS9%2Fas-nzs_1163_Standard", kill_on_drop: false }`
[INFO] [stderr] Cloning into bare repository '/workspace/cache/git-repos/https%3A%2F%2Fgithub.com%2FFarmingtonS9%2Fas-nzs_1163_Standard'...
[INFO] running `Command { std: "git" "rev-parse" "HEAD", kill_on_drop: false }`
[INFO] [stdout] 7caa03bdaa54044d9398e8147f3cabdb26522e91
[INFO] testing FarmingtonS9/as-nzs_1163_Standard against 1.75.0 for beta-1.76-1
[INFO] running `Command { std: "git" "clone" "/workspace/cache/git-repos/https%3A%2F%2Fgithub.com%2FFarmingtonS9%2Fas-nzs_1163_Standard" "/workspace/builds/worker-0-tc1/source", kill_on_drop: false }`
[INFO] [stderr] Cloning into '/workspace/builds/worker-0-tc1/source'...
[INFO] [stderr] done.
[INFO] validating manifest of git repo https://github.com/FarmingtonS9/as-nzs_1163_Standard on toolchain 1.75.0
[INFO] running `Command { std: CARGO_HOME="/workspace/cargo-home" RUSTUP_HOME="/workspace/rustup-home" "/workspace/cargo-home/bin/cargo" "+1.75.0" "metadata" "--manifest-path" "Cargo.toml" "--no-deps", kill_on_drop: false }`
[INFO] started tweaking git repo https://github.com/FarmingtonS9/as-nzs_1163_Standard
[INFO] finished tweaking git repo https://github.com/FarmingtonS9/as-nzs_1163_Standard
[INFO] tweaked toml for git repo https://github.com/FarmingtonS9/as-nzs_1163_Standard written to /workspace/builds/worker-0-tc1/source/Cargo.toml
[INFO] crate git repo https://github.com/FarmingtonS9/as-nzs_1163_Standard already has a lockfile, it will not be regenerated
[INFO] running `Command { std: CARGO_HOME="/workspace/cargo-home" RUSTUP_HOME="/workspace/rustup-home" "/workspace/cargo-home/bin/cargo" "+1.75.0" "fetch" "--manifest-path" "Cargo.toml", kill_on_drop: false }`
[INFO] running `Command { std: "docker" "create" "-v" "/var/lib/crater-agent-workspace/builds/worker-0-tc1/target:/opt/rustwide/target:rw,Z" "-v" "/var/lib/crater-agent-workspace/builds/worker-0-tc1/source:/opt/rustwide/workdir:ro,Z" "-v" "/var/lib/crater-agent-workspace/cargo-home:/opt/rustwide/cargo-home:ro,Z" "-v" "/var/lib/crater-agent-workspace/rustup-home:/opt/rustwide/rustup-home:ro,Z" "-e" "SOURCE_DIR=/opt/rustwide/workdir" "-e" "CARGO_TARGET_DIR=/opt/rustwide/target" "-e" "CARGO_HOME=/opt/rustwide/cargo-home" "-e" "RUSTUP_HOME=/opt/rustwide/rustup-home" "-w" "/opt/rustwide/workdir" "-m" "1610612736" "--user" "0:0" "--network" "none" "ghcr.io/rust-lang/crates-build-env/linux@sha256:2788e3201cd34a07e3172128adcd8b3090168a8e3bcc40d7c032b9dda1df7d1c" "/opt/rustwide/cargo-home/bin/cargo" "+1.75.0" "metadata" "--no-deps" "--format-version=1", kill_on_drop: false }`
[INFO] [stdout] f5d936000942e49001326bc45ad764e64f8c42102b45bd15174ddaeff71531b8
[INFO] running `Command { std: "docker" "start" "-a" "f5d936000942e49001326bc45ad764e64f8c42102b45bd15174ddaeff71531b8", kill_on_drop: false }`
[INFO] running `Command { std: "docker" "inspect" "f5d936000942e49001326bc45ad764e64f8c42102b45bd15174ddaeff71531b8", kill_on_drop: false }`
[INFO] running `Command { std: "docker" "rm" "-f" "f5d936000942e49001326bc45ad764e64f8c42102b45bd15174ddaeff71531b8", kill_on_drop: false }`
[INFO] [stdout] f5d936000942e49001326bc45ad764e64f8c42102b45bd15174ddaeff71531b8
[INFO] running `Command { std: "docker" "create" "-v" "/var/lib/crater-agent-workspace/builds/worker-0-tc1/target:/opt/rustwide/target:rw,Z" "-v" "/var/lib/crater-agent-workspace/builds/worker-0-tc1/source:/opt/rustwide/workdir:ro,Z" "-v" "/var/lib/crater-agent-workspace/cargo-home:/opt/rustwide/cargo-home:ro,Z" "-v" "/var/lib/crater-agent-workspace/rustup-home:/opt/rustwide/rustup-home:ro,Z" "-e" "SOURCE_DIR=/opt/rustwide/workdir" "-e" "CARGO_TARGET_DIR=/opt/rustwide/target" "-e" "CARGO_INCREMENTAL=0" "-e" "RUST_BACKTRACE=full" "-e" "RUSTFLAGS=--cap-lints=warn" "-e" "RUSTDOCFLAGS=--cap-lints=warn" "-e" "CARGO_HOME=/opt/rustwide/cargo-home" "-e" "RUSTUP_HOME=/opt/rustwide/rustup-home" "-w" "/opt/rustwide/workdir" "-m" "1610612736" "--user" "0:0" "--network" "none" "ghcr.io/rust-lang/crates-build-env/linux@sha256:2788e3201cd34a07e3172128adcd8b3090168a8e3bcc40d7c032b9dda1df7d1c" "/opt/rustwide/cargo-home/bin/cargo" "+1.75.0" "build" "--frozen" "--message-format=json", kill_on_drop: false }`
[INFO] [stdout] f6b22c936b4839a0fc5b4c1cb54da0ebe745a1d6198859b5272924bf8b540574
[INFO] running `Command { std: "docker" "start" "-a" "f6b22c936b4839a0fc5b4c1cb54da0ebe745a1d6198859b5272924bf8b540574", kill_on_drop: false }`
[INFO] [stderr]    Compiling as_nzs_1163_standard v0.8.2 (/opt/rustwide/workdir)
[INFO] [stdout] warning: unused variable: `reference_shs`
[INFO] [stdout]  --> src/main.rs:7:9
[INFO] [stdout]   |
[INFO] [stdout] 7 |     let reference_shs = SHS::new(100.).length(8000.).gauge(5.).build();
[INFO] [stdout]   |         ^^^^^^^^^^^^^ help: if this is intentional, prefix it with an underscore: `_reference_shs`
[INFO] [stdout]   |
[INFO] [stdout]   = note: `#[warn(unused_variables)]` on by default
[INFO] [stdout] 
[INFO] [stdout] 
[INFO] [stdout] warning: multiple fields are never read
[INFO] [stdout]   --> src/main.rs:16:5
[INFO] [stdout]    |
[INFO] [stdout] 15 | struct SHS {
[INFO] [stdout]    |        --- fields in this struct
[INFO] [stdout] 16 |     width: f32,
[INFO] [stdout]    |     ^^^^^
[INFO] [stdout] 17 |     height: f32,
[INFO] [stdout]    |     ^^^^^^
[INFO] [stdout] 18 |     gauge: f32,
[INFO] [stdout]    |     ^^^^^
[INFO] [stdout] 19 |     length: f32,
[INFO] [stdout]    |     ^^^^^^
[INFO] [stdout] 20 |     mass: f32,
[INFO] [stdout]    |     ^^^^
[INFO] [stdout] 21 |     wall_deviation: f32,
[INFO] [stdout]    |     ^^^^^^^^^^^^^^
[INFO] [stdout] 22 |     angle: f32,
[INFO] [stdout]    |     ^^^^^
[INFO] [stdout] 23 |     radius_gauge: f32,
[INFO] [stdout]    |     ^^^^^^^^^^^^
[INFO] [stdout] 24 |     corner_1: f32,
[INFO] [stdout]    |     ^^^^^^^^
[INFO] [stdout] 25 |     corner_2: f32,
[INFO] [stdout]    |     ^^^^^^^^
[INFO] [stdout] 26 |     twist: f32,
[INFO] [stdout]    |     ^^^^^
[INFO] [stdout] 27 |     straightness_deviation: f32,
[INFO] [stdout]    |     ^^^^^^^^^^^^^^^^^^^^^^
[INFO] [stdout]    |
[INFO] [stdout]    = note: `SHS` has a derived impl for the trait `Debug`, but this is intentionally ignored during dead code analysis
[INFO] [stdout]    = note: `#[warn(dead_code)]` on by default
[INFO] [stdout] 
[INFO] [stdout] 
[INFO] [stdout] warning: multiple methods are never used
[INFO] [stdout]    --> src/main.rs:49:8
[INFO] [stdout]     |
[INFO] [stdout] 30  | impl SHS {
[INFO] [stdout]     | -------- methods in this implementation
[INFO] [stdout] ...
[INFO] [stdout] 49  |     fn check_external_dimensions(&self, reference_width: &f32, reference_height: &f32) -> bool {
[INFO] [stdout]     |        ^^^^^^^^^^^^^^^^^^^^^^^^^
[INFO] [stdout] ...
[INFO] [stdout] 71  |     fn check_width_tolerance(&self, reference_width: f32) -> bool {
[INFO] [stdout]     |        ^^^^^^^^^^^^^^^^^^^^^
[INFO] [stdout] ...
[INFO] [stdout] 97  |     fn check_height_tolerance(&self, reference_height: f32) -> bool {
[INFO] [stdout]     |        ^^^^^^^^^^^^^^^^^^^^^^
[INFO] [stdout] ...
[INFO] [stdout] 125 |     fn check_thickness(&self, reference_gauge: &f32) -> bool {
[INFO] [stdout]     |        ^^^^^^^^^^^^^^^
[INFO] [stdout] ...
[INFO] [stdout] 146 |     fn check_concavity_or_convexity(&self, reference_width: &f32) -> bool {
[INFO] [stdout]     |        ^^^^^^^^^^^^^^^^^^^^^^^^^^^^
[INFO] [stdout] ...
[INFO] [stdout] 159 |     fn check_concavity(&self, concavity: f32, reference_width: &f32) -> bool {
[INFO] [stdout]     |        ^^^^^^^^^^^^^^^
[INFO] [stdout] ...
[INFO] [stdout] 182 |     fn check_convexity(&self, convexity: f32, reference_width: &f32) -> bool {
[INFO] [stdout]     |        ^^^^^^^^^^^^^^^
[INFO] [stdout] ...
[INFO] [stdout] 207 |     fn check_squaredness_of_sides(&self) -> bool {
[INFO] [stdout]     |        ^^^^^^^^^^^^^^^^^^^^^^^^^^
[INFO] [stdout] ...
[INFO] [stdout] 217 |     fn check_external_corner_profile(&self) -> bool {
[INFO] [stdout]     |        ^^^^^^^^^^^^^^^^^^^^^^^^^^^^^
[INFO] [stdout] ...
[INFO] [stdout] 244 |     fn check_twist(&self) -> bool {
[INFO] [stdout]     |        ^^^^^^^^^^^
[INFO] [stdout] ...
[INFO] [stdout] 254 |     fn check_straightness(&self) -> bool {
[INFO] [stdout]     |        ^^^^^^^^^^^^^^^^^^
[INFO] [stdout] ...
[INFO] [stdout] 263 |     fn check_mass(&self, reference_weight: f32) -> bool {
[INFO] [stdout]     |        ^^^^^^^^^^
[INFO] [stdout] ...
[INFO] [stdout] 272 |     fn is_within_standard(&self, reference_steel: SHS, reference_weight: f32) {
[INFO] [stdout]     |        ^^^^^^^^^^^^^^^^^^
[INFO] [stdout] 
[INFO] [stdout] 
[INFO] [stdout] warning: multiple methods are never used
[INFO] [stdout]    --> src/main.rs:301:8
[INFO] [stdout]     |
[INFO] [stdout] 300 | impl SHSBuilder {
[INFO] [stdout]     | --------------- methods in this implementation
[INFO] [stdout] 301 |     fn height(&mut self, height: f32) -> &mut Self {
[INFO] [stdout]     |        ^^^^^^
[INFO] [stdout] ...
[INFO] [stdout] 315 |     fn mass(&mut self, mass: f32) -> &mut Self {
[INFO] [stdout]     |        ^^^^
[INFO] [stdout] ...
[INFO] [stdout] 320 |     fn wall_deviation(&mut self, wall_deviation: f32) -> &mut Self {
[INFO] [stdout]     |        ^^^^^^^^^^^^^^
[INFO] [stdout] ...
[INFO] [stdout] 325 |     fn angle(&mut self, angle: f32) -> &mut Self {
[INFO] [stdout]     |        ^^^^^
[INFO] [stdout] ...
[INFO] [stdout] 330 |     fn external_corner_profile(
[INFO] [stdout]     |        ^^^^^^^^^^^^^^^^^^^^^^^
[INFO] [stdout] ...
[INFO] [stdout] 342 |     fn twist(&mut self, twist: f32) -> &mut Self {
[INFO] [stdout]     |        ^^^^^
[INFO] [stdout] ...
[INFO] [stdout] 347 |     fn straightness_deviation(&mut self, deviation: f32) -> &mut Self {
[INFO] [stdout]     |        ^^^^^^^^^^^^^^^^^^^^^^
[INFO] [stdout] 
[INFO] [stdout] 
[INFO] [stdout] warning: 4 warnings emitted
[INFO] [stdout] 
[INFO] [stdout] 
[INFO] [stderr]     Finished dev [unoptimized + debuginfo] target(s) in 0.19s
[INFO] running `Command { std: "docker" "inspect" "f6b22c936b4839a0fc5b4c1cb54da0ebe745a1d6198859b5272924bf8b540574", kill_on_drop: false }`
[INFO] running `Command { std: "docker" "rm" "-f" "f6b22c936b4839a0fc5b4c1cb54da0ebe745a1d6198859b5272924bf8b540574", kill_on_drop: false }`
[INFO] [stdout] f6b22c936b4839a0fc5b4c1cb54da0ebe745a1d6198859b5272924bf8b540574
[INFO] running `Command { std: "docker" "create" "-v" "/var/lib/crater-agent-workspace/builds/worker-0-tc1/target:/opt/rustwide/target:rw,Z" "-v" "/var/lib/crater-agent-workspace/builds/worker-0-tc1/source:/opt/rustwide/workdir:ro,Z" "-v" "/var/lib/crater-agent-workspace/cargo-home:/opt/rustwide/cargo-home:ro,Z" "-v" "/var/lib/crater-agent-workspace/rustup-home:/opt/rustwide/rustup-home:ro,Z" "-e" "SOURCE_DIR=/opt/rustwide/workdir" "-e" "CARGO_TARGET_DIR=/opt/rustwide/target" "-e" "CARGO_INCREMENTAL=0" "-e" "RUST_BACKTRACE=full" "-e" "RUSTFLAGS=--cap-lints=warn" "-e" "RUSTDOCFLAGS=--cap-lints=warn" "-e" "CARGO_HOME=/opt/rustwide/cargo-home" "-e" "RUSTUP_HOME=/opt/rustwide/rustup-home" "-w" "/opt/rustwide/workdir" "-m" "1610612736" "--user" "0:0" "--network" "none" "ghcr.io/rust-lang/crates-build-env/linux@sha256:2788e3201cd34a07e3172128adcd8b3090168a8e3bcc40d7c032b9dda1df7d1c" "/opt/rustwide/cargo-home/bin/cargo" "+1.75.0" "test" "--frozen" "--no-run" "--message-format=json", kill_on_drop: false }`
[INFO] [stdout] fcc8a92d0063328b2692bbfc25a960c29fe7de8311002adf19b488f8ad749e89
[INFO] running `Command { std: "docker" "start" "-a" "fcc8a92d0063328b2692bbfc25a960c29fe7de8311002adf19b488f8ad749e89", kill_on_drop: false }`
[INFO] [stderr]    Compiling as_nzs_1163_standard v0.8.2 (/opt/rustwide/workdir)
[INFO] [stdout] error[E0061]: this method takes 0 arguments but 1 argument was supplied
[INFO] [stdout]    --> src/main.rs:540:34
[INFO] [stdout]     |
[INFO] [stdout] 540 |         assert_eq!(reference_shs.check_twist(0.9), true)
[INFO] [stdout]     |                                  ^^^^^^^^^^^ ---
[INFO] [stdout]     |                                              |
[INFO] [stdout]     |                                              unexpected argument of type `{float}`
[INFO] [stdout]     |                                              help: remove the extra argument
[INFO] [stdout]     |
[INFO] [stdout] note: method defined here
[INFO] [stdout]    --> src/main.rs:244:8
[INFO] [stdout]     |
[INFO] [stdout] 244 |     fn check_twist(&self) -> bool {
[INFO] [stdout]     |        ^^^^^^^^^^^
[INFO] [stdout] 
[INFO] [stdout] 
[INFO] [stdout] error[E0061]: this method takes 0 arguments but 1 argument was supplied
[INFO] [stdout]    --> src/main.rs:546:34
[INFO] [stdout]     |
[INFO] [stdout] 546 |         assert_eq!(reference_shs.check_twist(6.5), false)
[INFO] [stdout]     |                                  ^^^^^^^^^^^ ---
[INFO] [stdout]     |                                              |
[INFO] [stdout]     |                                              unexpected argument of type `{float}`
[INFO] [stdout]     |                                              help: remove the extra argument
[INFO] [stdout]     |
[INFO] [stdout] note: method defined here
[INFO] [stdout]    --> src/main.rs:244:8
[INFO] [stdout]     |
[INFO] [stdout] 244 |     fn check_twist(&self) -> bool {
[INFO] [stdout]     |        ^^^^^^^^^^^
[INFO] [stdout] 
[INFO] [stdout] 
[INFO] [stdout] error[E0061]: this method takes 0 arguments but 1 argument was supplied
[INFO] [stdout]    --> src/main.rs:552:34
[INFO] [stdout]     |
[INFO] [stdout] 552 |         assert_eq!(reference_shs.check_straightness(0.7), true);
[INFO] [stdout]     |                                  ^^^^^^^^^^^^^^^^^^ ---
[INFO] [stdout]     |                                                     |
[INFO] [stdout]     |                                                     unexpected argument of type `{float}`
[INFO] [stdout]     |                                                     help: remove the extra argument
[INFO] [stdout]     |
[INFO] [stdout] note: method defined here
[INFO] [stdout]    --> src/main.rs:254:8
[INFO] [stdout]     |
[INFO] [stdout] 254 |     fn check_straightness(&self) -> bool {
[INFO] [stdout]     |        ^^^^^^^^^^^^^^^^^^
[INFO] [stdout] 
[INFO] [stdout] 
[INFO] [stdout] error[E0061]: this method takes 0 arguments but 1 argument was supplied
[INFO] [stdout]    --> src/main.rs:558:34
[INFO] [stdout]     |
[INFO] [stdout] 558 |         assert_eq!(reference_shs.check_straightness(1.3), false)
[INFO] [stdout]     |                                  ^^^^^^^^^^^^^^^^^^ ---
[INFO] [stdout]     |                                                     |
[INFO] [stdout]     |                                                     unexpected argument of type `{float}`
[INFO] [stdout]     |                                                     help: remove the extra argument
[INFO] [stdout]     |
[INFO] [stdout] note: method defined here
[INFO] [stdout]    --> src/main.rs:254:8
[INFO] [stdout]     |
[INFO] [stdout] 254 |     fn check_straightness(&self) -> bool {
[INFO] [stdout]     |        ^^^^^^^^^^^^^^^^^^
[INFO] [stdout] 
[INFO] [stdout] 
[INFO] [stdout] error[E0061]: this method takes 1 argument but 2 arguments were supplied
[INFO] [stdout]    --> src/main.rs:564:34
[INFO] [stdout]     |
[INFO] [stdout] 564 |         assert_eq!(reference_shs.check_mass(113.92, 112.5), true)
[INFO] [stdout]     |                                  ^^^^^^^^^^       -------
[INFO] [stdout]     |                                                   | |
[INFO] [stdout]     |                                                   | unexpected argument of type `{float}`
[INFO] [stdout]     |                                                   help: remove the extra argument
[INFO] [stdout]     |
[INFO] [stdout] note: method defined here
[INFO] [stdout]    --> src/main.rs:263:8
[INFO] [stdout]     |
[INFO] [stdout] 263 |     fn check_mass(&self, reference_weight: f32) -> bool {
[INFO] [stdout]     |        ^^^^^^^^^^        ---------------------
[INFO] [stdout] 
[INFO] [stdout] 
[INFO] [stdout] error[E0061]: this method takes 1 argument but 2 arguments were supplied
[INFO] [stdout]    --> src/main.rs:570:34
[INFO] [stdout]     |
[INFO] [stdout] 570 |         assert_eq!(reference_shs.check_mass(113.92, 108.4), false)
[INFO] [stdout]     |                                  ^^^^^^^^^^       -------
[INFO] [stdout]     |                                                   | |
[INFO] [stdout]     |                                                   | unexpected argument of type `{float}`
[INFO] [stdout]     |                                                   help: remove the extra argument
[INFO] [stdout]     |
[INFO] [stdout] note: method defined here
[INFO] [stdout]    --> src/main.rs:263:8
[INFO] [stdout]     |
[INFO] [stdout] 263 |     fn check_mass(&self, reference_weight: f32) -> bool {
[INFO] [stdout]     |        ^^^^^^^^^^        ---------------------
[INFO] [stdout] 
[INFO] [stdout] 
[INFO] [stdout] error: aborting due to 6 previous errors
[INFO] [stdout] 
[INFO] [stdout] 
[INFO] [stdout] For more information about this error, try `rustc --explain E0061`.
[INFO] [stdout] 
[INFO] [stderr] error: could not compile `as_nzs_1163_standard` (bin "as_nzs_1163_standard" test) due to 7 previous errors
[INFO] running `Command { std: "docker" "inspect" "fcc8a92d0063328b2692bbfc25a960c29fe7de8311002adf19b488f8ad749e89", kill_on_drop: false }`
[INFO] running `Command { std: "docker" "rm" "-f" "fcc8a92d0063328b2692bbfc25a960c29fe7de8311002adf19b488f8ad749e89", kill_on_drop: false }`
[INFO] [stdout] fcc8a92d0063328b2692bbfc25a960c29fe7de8311002adf19b488f8ad749e89
[INFO] testing FarmingtonS9/as-nzs_1163_Standard against beta-2023-12-22 for beta-1.76-1
[INFO] running `Command { std: "git" "clone" "/workspace/cache/git-repos/https%3A%2F%2Fgithub.com%2FFarmingtonS9%2Fas-nzs_1163_Standard" "/workspace/builds/worker-0-tc2/source", kill_on_drop: false }`
[INFO] [stderr] Cloning into '/workspace/builds/worker-0-tc2/source'...
[INFO] [stderr] done.
[INFO] validating manifest of git repo https://github.com/FarmingtonS9/as-nzs_1163_Standard on toolchain beta-2023-12-22
[INFO] running `Command { std: CARGO_HOME="/workspace/cargo-home" RUSTUP_HOME="/workspace/rustup-home" "/workspace/cargo-home/bin/cargo" "+beta-2023-12-22" "metadata" "--manifest-path" "Cargo.toml" "--no-deps", kill_on_drop: false }`
[INFO] started tweaking git repo https://github.com/FarmingtonS9/as-nzs_1163_Standard
[INFO] finished tweaking git repo https://github.com/FarmingtonS9/as-nzs_1163_Standard
[INFO] tweaked toml for git repo https://github.com/FarmingtonS9/as-nzs_1163_Standard written to /workspace/builds/worker-0-tc2/source/Cargo.toml
[INFO] crate git repo https://github.com/FarmingtonS9/as-nzs_1163_Standard already has a lockfile, it will not be regenerated
[INFO] running `Command { std: CARGO_HOME="/workspace/cargo-home" RUSTUP_HOME="/workspace/rustup-home" "/workspace/cargo-home/bin/cargo" "+beta-2023-12-22" "fetch" "--manifest-path" "Cargo.toml", kill_on_drop: false }`
[INFO] running `Command { std: "docker" "create" "-v" "/var/lib/crater-agent-workspace/builds/worker-0-tc2/target:/opt/rustwide/target:rw,Z" "-v" "/var/lib/crater-agent-workspace/builds/worker-0-tc2/source:/opt/rustwide/workdir:ro,Z" "-v" "/var/lib/crater-agent-workspace/cargo-home:/opt/rustwide/cargo-home:ro,Z" "-v" "/var/lib/crater-agent-workspace/rustup-home:/opt/rustwide/rustup-home:ro,Z" "-e" "SOURCE_DIR=/opt/rustwide/workdir" "-e" "CARGO_TARGET_DIR=/opt/rustwide/target" "-e" "CARGO_HOME=/opt/rustwide/cargo-home" "-e" "RUSTUP_HOME=/opt/rustwide/rustup-home" "-w" "/opt/rustwide/workdir" "-m" "1610612736" "--user" "0:0" "--network" "none" "ghcr.io/rust-lang/crates-build-env/linux@sha256:2788e3201cd34a07e3172128adcd8b3090168a8e3bcc40d7c032b9dda1df7d1c" "/opt/rustwide/cargo-home/bin/cargo" "+beta-2023-12-22" "metadata" "--no-deps" "--format-version=1", kill_on_drop: false }`
[INFO] [stdout] ff0c7b834bb99e151dcf0edab2d4105f1a12ff64291dfd328cdf00f820cdf61e
[INFO] running `Command { std: "docker" "start" "-a" "ff0c7b834bb99e151dcf0edab2d4105f1a12ff64291dfd328cdf00f820cdf61e", kill_on_drop: false }`
[INFO] running `Command { std: "docker" "inspect" "ff0c7b834bb99e151dcf0edab2d4105f1a12ff64291dfd328cdf00f820cdf61e", kill_on_drop: false }`
[INFO] running `Command { std: "docker" "rm" "-f" "ff0c7b834bb99e151dcf0edab2d4105f1a12ff64291dfd328cdf00f820cdf61e", kill_on_drop: false }`
[INFO] [stdout] ff0c7b834bb99e151dcf0edab2d4105f1a12ff64291dfd328cdf00f820cdf61e
[INFO] running `Command { std: "docker" "create" "-v" "/var/lib/crater-agent-workspace/builds/worker-0-tc2/target:/opt/rustwide/target:rw,Z" "-v" "/var/lib/crater-agent-workspace/builds/worker-0-tc2/source:/opt/rustwide/workdir:ro,Z" "-v" "/var/lib/crater-agent-workspace/cargo-home:/opt/rustwide/cargo-home:ro,Z" "-v" "/var/lib/crater-agent-workspace/rustup-home:/opt/rustwide/rustup-home:ro,Z" "-e" "SOURCE_DIR=/opt/rustwide/workdir" "-e" "CARGO_TARGET_DIR=/opt/rustwide/target" "-e" "CARGO_INCREMENTAL=0" "-e" "RUST_BACKTRACE=full" "-e" "RUSTFLAGS=--cap-lints=warn" "-e" "RUSTDOCFLAGS=--cap-lints=warn" "-e" "CARGO_HOME=/opt/rustwide/cargo-home" "-e" "RUSTUP_HOME=/opt/rustwide/rustup-home" "-w" "/opt/rustwide/workdir" "-m" "1610612736" "--user" "0:0" "--network" "none" "ghcr.io/rust-lang/crates-build-env/linux@sha256:2788e3201cd34a07e3172128adcd8b3090168a8e3bcc40d7c032b9dda1df7d1c" "/opt/rustwide/cargo-home/bin/cargo" "+beta-2023-12-22" "build" "--frozen" "--message-format=json", kill_on_drop: false }`
[INFO] [stdout] 5526cce82b28c7eaa1ac3717d6a9901706931bd0e3312c95fd83eebf78bd16ec
[INFO] running `Command { std: "docker" "start" "-a" "5526cce82b28c7eaa1ac3717d6a9901706931bd0e3312c95fd83eebf78bd16ec", kill_on_drop: false }`
[INFO] [stderr]    Compiling as_nzs_1163_standard v0.8.2 (/opt/rustwide/workdir)
[INFO] [stdout] warning: unused variable: `reference_shs`
[INFO] [stdout]  --> src/main.rs:7:9
[INFO] [stdout]   |
[INFO] [stdout] 7 |     let reference_shs = SHS::new(100.).length(8000.).gauge(5.).build();
[INFO] [stdout]   |         ^^^^^^^^^^^^^ help: if this is intentional, prefix it with an underscore: `_reference_shs`
[INFO] [stdout]   |
[INFO] [stdout]   = note: `#[warn(unused_variables)]` on by default
[INFO] [stdout] 
[INFO] [stdout] 
[INFO] [stdout] warning: multiple fields are never read
[INFO] [stdout]   --> src/main.rs:16:5
[INFO] [stdout]    |
[INFO] [stdout] 15 | struct SHS {
[INFO] [stdout]    |        --- fields in this struct
[INFO] [stdout] 16 |     width: f32,
[INFO] [stdout]    |     ^^^^^
[INFO] [stdout] 17 |     height: f32,
[INFO] [stdout]    |     ^^^^^^
[INFO] [stdout] 18 |     gauge: f32,
[INFO] [stdout]    |     ^^^^^
[INFO] [stdout] 19 |     length: f32,
[INFO] [stdout]    |     ^^^^^^
[INFO] [stdout] 20 |     mass: f32,
[INFO] [stdout]    |     ^^^^
[INFO] [stdout] 21 |     wall_deviation: f32,
[INFO] [stdout]    |     ^^^^^^^^^^^^^^
[INFO] [stdout] 22 |     angle: f32,
[INFO] [stdout]    |     ^^^^^
[INFO] [stdout] 23 |     radius_gauge: f32,
[INFO] [stdout]    |     ^^^^^^^^^^^^
[INFO] [stdout] 24 |     corner_1: f32,
[INFO] [stdout]    |     ^^^^^^^^
[INFO] [stdout] 25 |     corner_2: f32,
[INFO] [stdout]    |     ^^^^^^^^
[INFO] [stdout] 26 |     twist: f32,
[INFO] [stdout]    |     ^^^^^
[INFO] [stdout] 27 |     straightness_deviation: f32,
[INFO] [stdout]    |     ^^^^^^^^^^^^^^^^^^^^^^
[INFO] [stdout]    |
[INFO] [stdout]    = note: `SHS` has a derived impl for the trait `Debug`, but this is intentionally ignored during dead code analysis
[INFO] [stdout]    = note: `#[warn(dead_code)]` on by default
[INFO] [stdout] 
[INFO] [stdout] 
[INFO] [stdout] warning: multiple methods are never used
[INFO] [stdout]    --> src/main.rs:49:8
[INFO] [stdout]     |
[INFO] [stdout] 30  | impl SHS {
[INFO] [stdout]     | -------- methods in this implementation
[INFO] [stdout] ...
[INFO] [stdout] 49  |     fn check_external_dimensions(&self, reference_width: &f32, reference_height: &f32) -> bool {
[INFO] [stdout]     |        ^^^^^^^^^^^^^^^^^^^^^^^^^
[INFO] [stdout] ...
[INFO] [stdout] 71  |     fn check_width_tolerance(&self, reference_width: f32) -> bool {
[INFO] [stdout]     |        ^^^^^^^^^^^^^^^^^^^^^
[INFO] [stdout] ...
[INFO] [stdout] 97  |     fn check_height_tolerance(&self, reference_height: f32) -> bool {
[INFO] [stdout]     |        ^^^^^^^^^^^^^^^^^^^^^^
[INFO] [stdout] ...
[INFO] [stdout] 125 |     fn check_thickness(&self, reference_gauge: &f32) -> bool {
[INFO] [stdout]     |        ^^^^^^^^^^^^^^^
[INFO] [stdout] ...
[INFO] [stdout] 146 |     fn check_concavity_or_convexity(&self, reference_width: &f32) -> bool {
[INFO] [stdout]     |        ^^^^^^^^^^^^^^^^^^^^^^^^^^^^
[INFO] [stdout] ...
[INFO] [stdout] 159 |     fn check_concavity(&self, concavity: f32, reference_width: &f32) -> bool {
[INFO] [stdout]     |        ^^^^^^^^^^^^^^^
[INFO] [stdout] ...
[INFO] [stdout] 182 |     fn check_convexity(&self, convexity: f32, reference_width: &f32) -> bool {
[INFO] [stdout]     |        ^^^^^^^^^^^^^^^
[INFO] [stdout] ...
[INFO] [stdout] 207 |     fn check_squaredness_of_sides(&self) -> bool {
[INFO] [stdout]     |        ^^^^^^^^^^^^^^^^^^^^^^^^^^
[INFO] [stdout] ...
[INFO] [stdout] 217 |     fn check_external_corner_profile(&self) -> bool {
[INFO] [stdout]     |        ^^^^^^^^^^^^^^^^^^^^^^^^^^^^^
[INFO] [stdout] ...
[INFO] [stdout] 244 |     fn check_twist(&self) -> bool {
[INFO] [stdout]     |        ^^^^^^^^^^^
[INFO] [stdout] ...
[INFO] [stdout] 254 |     fn check_straightness(&self) -> bool {
[INFO] [stdout]     |        ^^^^^^^^^^^^^^^^^^
[INFO] [stdout] ...
[INFO] [stdout] 263 |     fn check_mass(&self, reference_weight: f32) -> bool {
[INFO] [stdout]     |        ^^^^^^^^^^
[INFO] [stdout] ...
[INFO] [stdout] 272 |     fn is_within_standard(&self, reference_steel: SHS, reference_weight: f32) {
[INFO] [stdout]     |        ^^^^^^^^^^^^^^^^^^
[INFO] [stdout] 
[INFO] [stdout] 
[INFO] [stdout] warning: multiple methods are never used
[INFO] [stdout]    --> src/main.rs:301:8
[INFO] [stdout]     |
[INFO] [stdout] 300 | impl SHSBuilder {
[INFO] [stdout]     | --------------- methods in this implementation
[INFO] [stdout] 301 |     fn height(&mut self, height: f32) -> &mut Self {
[INFO] [stdout]     |        ^^^^^^
[INFO] [stdout] ...
[INFO] [stdout] 315 |     fn mass(&mut self, mass: f32) -> &mut Self {
[INFO] [stdout]     |        ^^^^
[INFO] [stdout] ...
[INFO] [stdout] 320 |     fn wall_deviation(&mut self, wall_deviation: f32) -> &mut Self {
[INFO] [stdout]     |        ^^^^^^^^^^^^^^
[INFO] [stdout] ...
[INFO] [stdout] 325 |     fn angle(&mut self, angle: f32) -> &mut Self {
[INFO] [stdout]     |        ^^^^^
[INFO] [stdout] ...
[INFO] [stdout] 330 |     fn external_corner_profile(
[INFO] [stdout]     |        ^^^^^^^^^^^^^^^^^^^^^^^
[INFO] [stdout] ...
[INFO] [stdout] 342 |     fn twist(&mut self, twist: f32) -> &mut Self {
[INFO] [stdout]     |        ^^^^^
[INFO] [stdout] ...
[INFO] [stdout] 347 |     fn straightness_deviation(&mut self, deviation: f32) -> &mut Self {
[INFO] [stdout]     |        ^^^^^^^^^^^^^^^^^^^^^^
[INFO] [stdout] 
[INFO] [stdout] 
[INFO] [stdout] warning: 4 warnings emitted
[INFO] [stdout] 
[INFO] [stdout] 
[INFO] [stderr]     Finished dev [unoptimized + debuginfo] target(s) in 0.22s
[INFO] running `Command { std: "docker" "inspect" "5526cce82b28c7eaa1ac3717d6a9901706931bd0e3312c95fd83eebf78bd16ec", kill_on_drop: false }`
[INFO] running `Command { std: "docker" "rm" "-f" "5526cce82b28c7eaa1ac3717d6a9901706931bd0e3312c95fd83eebf78bd16ec", kill_on_drop: false }`
[INFO] [stdout] 5526cce82b28c7eaa1ac3717d6a9901706931bd0e3312c95fd83eebf78bd16ec
[INFO] running `Command { std: "docker" "create" "-v" "/var/lib/crater-agent-workspace/builds/worker-0-tc2/target:/opt/rustwide/target:rw,Z" "-v" "/var/lib/crater-agent-workspace/builds/worker-0-tc2/source:/opt/rustwide/workdir:ro,Z" "-v" "/var/lib/crater-agent-workspace/cargo-home:/opt/rustwide/cargo-home:ro,Z" "-v" "/var/lib/crater-agent-workspace/rustup-home:/opt/rustwide/rustup-home:ro,Z" "-e" "SOURCE_DIR=/opt/rustwide/workdir" "-e" "CARGO_TARGET_DIR=/opt/rustwide/target" "-e" "CARGO_INCREMENTAL=0" "-e" "RUST_BACKTRACE=full" "-e" "RUSTFLAGS=--cap-lints=warn" "-e" "RUSTDOCFLAGS=--cap-lints=warn" "-e" "CARGO_HOME=/opt/rustwide/cargo-home" "-e" "RUSTUP_HOME=/opt/rustwide/rustup-home" "-w" "/opt/rustwide/workdir" "-m" "1610612736" "--user" "0:0" "--network" "none" "ghcr.io/rust-lang/crates-build-env/linux@sha256:2788e3201cd34a07e3172128adcd8b3090168a8e3bcc40d7c032b9dda1df7d1c" "/opt/rustwide/cargo-home/bin/cargo" "+beta-2023-12-22" "test" "--frozen" "--no-run" "--message-format=json", kill_on_drop: false }`
[INFO] [stdout] c677a4e293670d0e774cf6500a4d170340406f39a8587bb59c2329174e00c5f1
[INFO] running `Command { std: "docker" "start" "-a" "c677a4e293670d0e774cf6500a4d170340406f39a8587bb59c2329174e00c5f1", kill_on_drop: false }`
[INFO] [stderr]    Compiling as_nzs_1163_standard v0.8.2 (/opt/rustwide/workdir)
[INFO] [stdout] error[E0061]: this method takes 0 arguments but 1 argument was supplied
[INFO] [stdout]    --> src/main.rs:540:34
[INFO] [stdout]     |
[INFO] [stdout] 540 |         assert_eq!(reference_shs.check_twist(0.9), true)
[INFO] [stdout]     |                                  ^^^^^^^^^^^ ---
[INFO] [stdout]     |                                              |
[INFO] [stdout]     |                                              unexpected argument of type `{float}`
[INFO] [stdout]     |                                              help: remove the extra argument
[INFO] [stdout]     |
[INFO] [stdout] note: method defined here
[INFO] [stdout]    --> src/main.rs:244:8
[INFO] [stdout]     |
[INFO] [stdout] 244 |     fn check_twist(&self) -> bool {
[INFO] [stdout]     |        ^^^^^^^^^^^
[INFO] [stdout] 
[INFO] [stdout] 
[INFO] [stdout] error[E0061]: this method takes 0 arguments but 1 argument was supplied
[INFO] [stdout]    --> src/main.rs:546:34
[INFO] [stdout]     |
[INFO] [stdout] 546 |         assert_eq!(reference_shs.check_twist(6.5), false)
[INFO] [stdout]     |                                  ^^^^^^^^^^^ ---
[INFO] [stdout]     |                                              |
[INFO] [stdout]     |                                              unexpected argument of type `{float}`
[INFO] [stdout]     |                                              help: remove the extra argument
[INFO] [stdout]     |
[INFO] [stdout] note: method defined here
[INFO] [stdout]    --> src/main.rs:244:8
[INFO] [stdout]     |
[INFO] [stdout] 244 |     fn check_twist(&self) -> bool {
[INFO] [stdout]     |        ^^^^^^^^^^^
[INFO] [stdout] 
[INFO] [stdout] 
[INFO] [stdout] error[E0061]: this method takes 0 arguments but 1 argument was supplied
[INFO] [stdout]    --> src/main.rs:552:34
[INFO] [stdout]     |
[INFO] [stdout] 552 |         assert_eq!(reference_shs.check_straightness(0.7), true);
[INFO] [stdout]     |                                  ^^^^^^^^^^^^^^^^^^ ---
[INFO] [stdout]     |                                                     |
[INFO] [stdout]     |                                                     unexpected argument of type `{float}`
[INFO] [stdout]     |                                                     help: remove the extra argument
[INFO] [stdout]     |
[INFO] [stdout] note: method defined here
[INFO] [stdout]    --> src/main.rs:254:8
[INFO] [stdout]     |
[INFO] [stdout] 254 |     fn check_straightness(&self) -> bool {
[INFO] [stdout]     |        ^^^^^^^^^^^^^^^^^^
[INFO] [stdout] 
[INFO] [stdout] 
[INFO] [stdout] error[E0061]: this method takes 0 arguments but 1 argument was supplied
[INFO] [stdout]    --> src/main.rs:558:34
[INFO] [stdout]     |
[INFO] [stdout] 558 |         assert_eq!(reference_shs.check_straightness(1.3), false)
[INFO] [stdout]     |                                  ^^^^^^^^^^^^^^^^^^ ---
[INFO] [stdout]     |                                                     |
[INFO] [stdout]     |                                                     unexpected argument of type `{float}`
[INFO] [stdout]     |                                                     help: remove the extra argument
[INFO] [stdout]     |
[INFO] [stdout] note: method defined here
[INFO] [stdout]    --> src/main.rs:254:8
[INFO] [stdout]     |
[INFO] [stdout] 254 |     fn check_straightness(&self) -> bool {
[INFO] [stdout]     |        ^^^^^^^^^^^^^^^^^^
[INFO] [stdout] 
[INFO] [stdout] 
[INFO] [stdout] error[E0061]: this method takes 1 argument but 2 arguments were supplied
[INFO] [stdout]    --> src/main.rs:564:34
[INFO] [stdout]     |
[INFO] [stdout] 564 |         assert_eq!(reference_shs.check_mass(113.92, 112.5), true)
[INFO] [stdout]     |                                  ^^^^^^^^^^       -------
[INFO] [stdout]     |                                                   | |
[INFO] [stdout]     |                                                   | unexpected argument of type `{float}`
[INFO] [stdout]     |                                                   help: remove the extra argument
[INFO] [stdout]     |
[INFO] [stdout] note: method defined here
[INFO] [stdout]    --> src/main.rs:263:8
[INFO] [stdout]     |
[INFO] [stdout] 263 |     fn check_mass(&self, reference_weight: f32) -> bool {
[INFO] [stdout]     |        ^^^^^^^^^^        ---------------------
[INFO] [stdout] 
[INFO] [stdout] 
[INFO] [stdout] error[E0061]: this method takes 1 argument but 2 arguments were supplied
[INFO] [stdout]    --> src/main.rs:570:34
[INFO] [stdout]     |
[INFO] [stdout] 570 |         assert_eq!(reference_shs.check_mass(113.92, 108.4), false)
[INFO] [stdout]     |                                  ^^^^^^^^^^       -------
[INFO] [stdout]     |                                                   | |
[INFO] [stdout]     |                                                   | unexpected argument of type `{float}`
[INFO] [stdout]     |                                                   help: remove the extra argument
[INFO] [stdout]     |
[INFO] [stdout] note: method defined here
[INFO] [stdout]    --> src/main.rs:263:8
[INFO] [stdout]     |
[INFO] [stdout] 263 |     fn check_mass(&self, reference_weight: f32) -> bool {
[INFO] [stdout]     |        ^^^^^^^^^^        ---------------------
[INFO] [stdout] 
[INFO] [stdout] 
[INFO] [stdout] error: aborting due to 6 previous errors
[INFO] [stdout] 
[INFO] [stdout] 
[INFO] [stdout] For more information about this error, try `rustc --explain E0061`.
[INFO] [stdout] 
[INFO] [stderr] error: could not compile `as_nzs_1163_standard` (bin "as_nzs_1163_standard" test) due to 7 previous errors
[INFO] running `Command { std: "docker" "inspect" "c677a4e293670d0e774cf6500a4d170340406f39a8587bb59c2329174e00c5f1", kill_on_drop: false }`
[INFO] running `Command { std: "docker" "rm" "-f" "c677a4e293670d0e774cf6500a4d170340406f39a8587bb59c2329174e00c5f1", kill_on_drop: false }`
[INFO] [stdout] c677a4e293670d0e774cf6500a4d170340406f39a8587bb59c2329174e00c5f1
