[INFO] cloning repository https://github.com/Faouzi1406/sendcli
[INFO] running `Command { std: "git" "-c" "credential.helper=" "-c" "credential.helper=/workspace/cargo-home/bin/git-credential-null" "clone" "--bare" "https://github.com/Faouzi1406/sendcli" "/workspace/cache/git-repos/https%3A%2F%2Fgithub.com%2FFaouzi1406%2Fsendcli", kill_on_drop: false }`
[INFO] [stderr] Cloning into bare repository '/workspace/cache/git-repos/https%3A%2F%2Fgithub.com%2FFaouzi1406%2Fsendcli'...
[INFO] running `Command { std: "git" "rev-parse" "HEAD", kill_on_drop: false }`
[INFO] [stdout] 487e15c887ab5c27b352c497f72f5025912a8d23
[INFO] testing Faouzi1406/sendcli against 1.75.0 for beta-1.76-1
[INFO] running `Command { std: "git" "clone" "/workspace/cache/git-repos/https%3A%2F%2Fgithub.com%2FFaouzi1406%2Fsendcli" "/workspace/builds/worker-1-tc1/source", kill_on_drop: false }`
[INFO] [stderr] Cloning into '/workspace/builds/worker-1-tc1/source'...
[INFO] [stderr] done.
[INFO] validating manifest of git repo https://github.com/Faouzi1406/sendcli on toolchain 1.75.0
[INFO] running `Command { std: CARGO_HOME="/workspace/cargo-home" RUSTUP_HOME="/workspace/rustup-home" "/workspace/cargo-home/bin/cargo" "+1.75.0" "metadata" "--manifest-path" "Cargo.toml" "--no-deps", kill_on_drop: false }`
[INFO] started tweaking git repo https://github.com/Faouzi1406/sendcli
[INFO] finished tweaking git repo https://github.com/Faouzi1406/sendcli
[INFO] tweaked toml for git repo https://github.com/Faouzi1406/sendcli written to /workspace/builds/worker-1-tc1/source/Cargo.toml
[INFO] crate git repo https://github.com/Faouzi1406/sendcli already has a lockfile, it will not be regenerated
[INFO] running `Command { std: CARGO_HOME="/workspace/cargo-home" RUSTUP_HOME="/workspace/rustup-home" "/workspace/cargo-home/bin/cargo" "+1.75.0" "fetch" "--manifest-path" "Cargo.toml", kill_on_drop: false }`
[INFO] running `Command { std: "docker" "create" "-v" "/var/lib/crater-agent-workspace/builds/worker-1-tc1/target:/opt/rustwide/target:rw,Z" "-v" "/var/lib/crater-agent-workspace/builds/worker-1-tc1/source:/opt/rustwide/workdir:ro,Z" "-v" "/var/lib/crater-agent-workspace/cargo-home:/opt/rustwide/cargo-home:ro,Z" "-v" "/var/lib/crater-agent-workspace/rustup-home:/opt/rustwide/rustup-home:ro,Z" "-e" "SOURCE_DIR=/opt/rustwide/workdir" "-e" "CARGO_TARGET_DIR=/opt/rustwide/target" "-e" "CARGO_HOME=/opt/rustwide/cargo-home" "-e" "RUSTUP_HOME=/opt/rustwide/rustup-home" "-w" "/opt/rustwide/workdir" "-m" "1610612736" "--user" "0:0" "--network" "none" "ghcr.io/rust-lang/crates-build-env/linux@sha256:2788e3201cd34a07e3172128adcd8b3090168a8e3bcc40d7c032b9dda1df7d1c" "/opt/rustwide/cargo-home/bin/cargo" "+1.75.0" "metadata" "--no-deps" "--format-version=1", kill_on_drop: false }`
[INFO] [stdout] 4df93031affb651bfaea5c587047fd8e9bf2c0b15da891a33419ba67d2390f36
[INFO] running `Command { std: "docker" "start" "-a" "4df93031affb651bfaea5c587047fd8e9bf2c0b15da891a33419ba67d2390f36", kill_on_drop: false }`
[INFO] running `Command { std: "docker" "inspect" "4df93031affb651bfaea5c587047fd8e9bf2c0b15da891a33419ba67d2390f36", kill_on_drop: false }`
[INFO] running `Command { std: "docker" "rm" "-f" "4df93031affb651bfaea5c587047fd8e9bf2c0b15da891a33419ba67d2390f36", kill_on_drop: false }`
[INFO] [stdout] 4df93031affb651bfaea5c587047fd8e9bf2c0b15da891a33419ba67d2390f36
[INFO] running `Command { std: "docker" "create" "-v" "/var/lib/crater-agent-workspace/builds/worker-1-tc1/target:/opt/rustwide/target:rw,Z" "-v" "/var/lib/crater-agent-workspace/builds/worker-1-tc1/source:/opt/rustwide/workdir:ro,Z" "-v" "/var/lib/crater-agent-workspace/cargo-home:/opt/rustwide/cargo-home:ro,Z" "-v" "/var/lib/crater-agent-workspace/rustup-home:/opt/rustwide/rustup-home:ro,Z" "-e" "SOURCE_DIR=/opt/rustwide/workdir" "-e" "CARGO_TARGET_DIR=/opt/rustwide/target" "-e" "CARGO_INCREMENTAL=0" "-e" "RUST_BACKTRACE=full" "-e" "RUSTFLAGS=--cap-lints=warn" "-e" "RUSTDOCFLAGS=--cap-lints=warn" "-e" "CARGO_HOME=/opt/rustwide/cargo-home" "-e" "RUSTUP_HOME=/opt/rustwide/rustup-home" "-w" "/opt/rustwide/workdir" "-m" "1610612736" "--user" "0:0" "--network" "none" "ghcr.io/rust-lang/crates-build-env/linux@sha256:2788e3201cd34a07e3172128adcd8b3090168a8e3bcc40d7c032b9dda1df7d1c" "/opt/rustwide/cargo-home/bin/cargo" "+1.75.0" "build" "--frozen" "--message-format=json", kill_on_drop: false }`
[INFO] [stdout] 91693ffdbcc28fd1a1410be1585ca6b886aa9d2c1e8a580d997c3b0807418d68
[INFO] running `Command { std: "docker" "start" "-a" "91693ffdbcc28fd1a1410be1585ca6b886aa9d2c1e8a580d997c3b0807418d68", kill_on_drop: false }`
[INFO] [stderr]    Compiling libc v0.2.137
[INFO] [stderr]    Compiling proc-macro2 v1.0.47
[INFO] [stderr]    Compiling unicode-ident v1.0.5
[INFO] [stderr]    Compiling quote v1.0.21
[INFO] [stderr]    Compiling log v0.4.17
[INFO] [stderr]    Compiling syn v1.0.103
[INFO] [stderr]    Compiling once_cell v1.16.0
[INFO] [stderr]    Compiling memchr v2.5.0
[INFO] [stderr]    Compiling cc v1.0.77
[INFO] [stderr]    Compiling pkg-config v0.3.26
[INFO] [stderr]    Compiling pin-project-lite v0.2.9
[INFO] [stderr]    Compiling futures-core v0.3.25
[INFO] [stderr]    Compiling bytes v1.3.0
[INFO] [stderr]    Compiling tokio v1.22.0
[INFO] [stderr]    Compiling version_check v0.9.4
[INFO] [stderr]    Compiling itoa v1.0.4
[INFO] [stderr]    Compiling slab v0.4.7
[INFO] [stderr]    Compiling futures-task v0.3.25
[INFO] [stderr]    Compiling tracing-core v0.1.30
[INFO] [stderr]    Compiling mio v0.8.5
[INFO] [stderr]    Compiling socket2 v0.4.7
[INFO] [stderr]    Compiling num_cpus v1.14.0
[INFO] [stderr]    Compiling indexmap v1.9.2
[INFO] [stderr]    Compiling fnv v1.0.7
[INFO] [stderr]    Compiling openssl-sys v0.9.78
[INFO] [stderr]    Compiling foreign-types-shared v0.1.1
[INFO] [stderr]    Compiling openssl v0.10.43
[INFO] [stderr]    Compiling futures-util v0.3.25
[INFO] [stderr]    Compiling foreign-types v0.3.2
[INFO] [stderr]    Compiling http v0.2.8
[INFO] [stderr]    Compiling tracing v0.1.37
[INFO] [stderr]    Compiling proc-macro-error-attr v1.0.4
[INFO] [stderr]    Compiling serde v1.0.147
[INFO] [stderr]    Compiling httparse v1.8.0
[INFO] [stderr]    Compiling futures-sink v0.3.25
[INFO] [stderr]    Compiling futures-io v0.3.25
[INFO] [stderr]    Compiling native-tls v0.2.11
[INFO] [stderr]    Compiling tinyvec_macros v0.1.0
[INFO] [stderr]    Compiling futures-channel v0.3.25
[INFO] [stderr]    Compiling hashbrown v0.12.3
[INFO] [stderr]    Compiling tinyvec v1.6.0
[INFO] [stderr]    Compiling proc-macro-error v1.0.4
[INFO] [stderr]    Compiling openssl-probe v0.1.5
[INFO] [stderr]    Compiling percent-encoding v2.2.0
[INFO] [stderr]    Compiling try-lock v0.2.3
[INFO] [stderr]    Compiling unicode-normalization v0.1.22
[INFO] [stderr]    Compiling want v0.3.0
[INFO] [stderr]    Compiling form_urlencoded v1.1.0
[INFO] [stderr]    Compiling http-body v0.4.5
[INFO] [stderr]    Compiling ryu v1.0.11
[INFO] [stderr]    Compiling serde_json v1.0.89
[INFO] [stderr]    Compiling unicode-bidi v0.3.8
[INFO] [stderr]    Compiling tower-service v0.3.2
[INFO] [stderr]    Compiling httpdate v1.0.2
[INFO] [stderr]    Compiling encoding_rs v0.8.31
[INFO] [stderr]    Compiling idna v0.3.0
[INFO] [stderr]    Compiling heck v0.4.0
[INFO] [stderr]    Compiling os_str_bytes v6.4.0
[INFO] [stderr]    Compiling tokio-util v0.7.4
[INFO] [stderr]    Compiling clap_lex v0.3.0
[INFO] [stderr]    Compiling url v2.3.1
[INFO] [stderr]    Compiling atty v0.2.14
[INFO] [stderr]    Compiling h2 v0.3.15
[INFO] [stderr]    Compiling strsim v0.10.0
[INFO] [stderr]    Compiling termcolor v1.1.3
[INFO] [stderr]    Compiling mime v0.3.16
[INFO] [stderr]    Compiling ipnet v2.5.1
[INFO] [stderr]    Compiling base64 v0.13.1
[INFO] [stderr]    Compiling openssl-macros v0.1.0
[INFO] [stderr]    Compiling clap_derive v4.0.21
[INFO] [stderr]    Compiling serde_urlencoded v0.7.1
[INFO] [stderr]    Compiling hyper v0.14.23
[INFO] [stderr]    Compiling clap v4.0.26
[INFO] [stderr]    Compiling tokio-native-tls v0.3.0
[INFO] [stderr]    Compiling hyper-tls v0.5.0
[INFO] [stderr]    Compiling reqwest v0.11.13
[INFO] [stderr]    Compiling sendcli v0.1.0 (/opt/rustwide/workdir)
[INFO] [stderr]     Finished dev [unoptimized + debuginfo] target(s) in 29.94s
[INFO] running `Command { std: "docker" "inspect" "91693ffdbcc28fd1a1410be1585ca6b886aa9d2c1e8a580d997c3b0807418d68", kill_on_drop: false }`
[INFO] running `Command { std: "docker" "rm" "-f" "91693ffdbcc28fd1a1410be1585ca6b886aa9d2c1e8a580d997c3b0807418d68", kill_on_drop: false }`
[INFO] [stdout] 91693ffdbcc28fd1a1410be1585ca6b886aa9d2c1e8a580d997c3b0807418d68
[INFO] running `Command { std: "docker" "create" "-v" "/var/lib/crater-agent-workspace/builds/worker-1-tc1/target:/opt/rustwide/target:rw,Z" "-v" "/var/lib/crater-agent-workspace/builds/worker-1-tc1/source:/opt/rustwide/workdir:ro,Z" "-v" "/var/lib/crater-agent-workspace/cargo-home:/opt/rustwide/cargo-home:ro,Z" "-v" "/var/lib/crater-agent-workspace/rustup-home:/opt/rustwide/rustup-home:ro,Z" "-e" "SOURCE_DIR=/opt/rustwide/workdir" "-e" "CARGO_TARGET_DIR=/opt/rustwide/target" "-e" "CARGO_INCREMENTAL=0" "-e" "RUST_BACKTRACE=full" "-e" "RUSTFLAGS=--cap-lints=warn" "-e" "RUSTDOCFLAGS=--cap-lints=warn" "-e" "CARGO_HOME=/opt/rustwide/cargo-home" "-e" "RUSTUP_HOME=/opt/rustwide/rustup-home" "-w" "/opt/rustwide/workdir" "-m" "1610612736" "--user" "0:0" "--network" "none" "ghcr.io/rust-lang/crates-build-env/linux@sha256:2788e3201cd34a07e3172128adcd8b3090168a8e3bcc40d7c032b9dda1df7d1c" "/opt/rustwide/cargo-home/bin/cargo" "+1.75.0" "test" "--frozen" "--no-run" "--message-format=json", kill_on_drop: false }`
[INFO] [stdout] 370a54b9ecf074602ba1d5b69b9abd10ebcba1e170656fd4c265fcf6952d40e8
[INFO] running `Command { std: "docker" "start" "-a" "370a54b9ecf074602ba1d5b69b9abd10ebcba1e170656fd4c265fcf6952d40e8", kill_on_drop: false }`
[INFO] [stderr]    Compiling sendcli v0.1.0 (/opt/rustwide/workdir)
[INFO] [stdout] error[E0063]: missing field `args` in initializer of `Args`
[INFO] [stdout]   --> src/tests.rs:11:20
[INFO] [stdout]    |
[INFO] [stdout] 11 |         let args = Args {path:".".to_string()};
[INFO] [stdout]    |                    ^^^^ missing `args`
[INFO] [stdout] 
[INFO] [stdout] 
[INFO] [stdout] error[E0308]: mismatched types
[INFO] [stdout]   --> src/tests.rs:12:36
[INFO] [stdout]    |
[INFO] [stdout] 12 |         assert_eq!(PathType::File, args.type_is_file(args.first_char()));
[INFO] [stdout]    |                                    ^^^^^^^^^^^^^^^^^^^^^^^^^^^^^^^^^^^^ expected `PathType`, found `bool`
[INFO] [stdout] 
[INFO] [stdout] 
[INFO] [stdout] error[E0063]: missing field `args` in initializer of `Args`
[INFO] [stdout]   --> src/tests.rs:15:20
[INFO] [stdout]    |
[INFO] [stdout] 15 |         let args = Args {path:"./".to_string()};
[INFO] [stdout]    |                    ^^^^ missing `args`
[INFO] [stdout] 
[INFO] [stdout] 
[INFO] [stdout] error[E0308]: mismatched types
[INFO] [stdout]   --> src/tests.rs:16:36
[INFO] [stdout]    |
[INFO] [stdout] 16 |         assert_eq!(PathType::File, args.type_is_file(args.first_char()));
[INFO] [stdout]    |                                    ^^^^^^^^^^^^^^^^^^^^^^^^^^^^^^^^^^^^ expected `PathType`, found `bool`
[INFO] [stdout] 
[INFO] [stdout] 
[INFO] [stdout] error[E0063]: missing field `args` in initializer of `Args`
[INFO] [stdout]   --> src/tests.rs:19:20
[INFO] [stdout]    |
[INFO] [stdout] 19 |         let args = Args {path:"../".to_string()};
[INFO] [stdout]    |                    ^^^^ missing `args`
[INFO] [stdout] 
[INFO] [stdout] 
[INFO] [stdout] error[E0308]: mismatched types
[INFO] [stdout]   --> src/tests.rs:20:36
[INFO] [stdout]    |
[INFO] [stdout] 20 |         assert_eq!(PathType::File, args.type_is_file(args.first_char()));
[INFO] [stdout]    |                                    ^^^^^^^^^^^^^^^^^^^^^^^^^^^^^^^^^^^^ expected `PathType`, found `bool`
[INFO] [stdout] 
[INFO] [stdout] 
[INFO] [stdout] error[E0063]: missing field `args` in initializer of `Args`
[INFO] [stdout]   --> src/tests.rs:23:20
[INFO] [stdout]    |
[INFO] [stdout] 23 |         let args = Args {path:"~".to_string()};
[INFO] [stdout]    |                    ^^^^ missing `args`
[INFO] [stdout] 
[INFO] [stdout] 
[INFO] [stdout] error[E0308]: mismatched types
[INFO] [stdout]   --> src/tests.rs:24:36
[INFO] [stdout]    |
[INFO] [stdout] 24 |         assert_eq!(PathType::File, args.type_is_file(args.first_char()));
[INFO] [stdout]    |                                    ^^^^^^^^^^^^^^^^^^^^^^^^^^^^^^^^^^^^ expected `PathType`, found `bool`
[INFO] [stdout] 
[INFO] [stdout] 
[INFO] [stdout] error[E0063]: missing field `args` in initializer of `Args`
[INFO] [stdout]   --> src/tests.rs:27:20
[INFO] [stdout]    |
[INFO] [stdout] 27 |         let args = Args {path:"~/".to_string()};
[INFO] [stdout]    |                    ^^^^ missing `args`
[INFO] [stdout] 
[INFO] [stdout] 
[INFO] [stdout] error[E0308]: mismatched types
[INFO] [stdout]   --> src/tests.rs:28:36
[INFO] [stdout]    |
[INFO] [stdout] 28 |         assert_eq!(PathType::File, args.type_is_file(args.first_char()));
[INFO] [stdout]    |                                    ^^^^^^^^^^^^^^^^^^^^^^^^^^^^^^^^^^^^ expected `PathType`, found `bool`
[INFO] [stdout] 
[INFO] [stdout] 
[INFO] [stdout] error[E0063]: missing field `args` in initializer of `Args`
[INFO] [stdout]   --> src/tests.rs:33:20
[INFO] [stdout]    |
[INFO] [stdout] 33 |         let args = Args {path:"h".to_string()};
[INFO] [stdout]    |                    ^^^^ missing `args`
[INFO] [stdout] 
[INFO] [stdout] 
[INFO] [stdout] error[E0308]: mismatched types
[INFO] [stdout]   --> src/tests.rs:34:35
[INFO] [stdout]    |
[INFO] [stdout] 34 |         assert_eq!(PathType::Url, args.type_is_url(args.first_char()));
[INFO] [stdout]    |                                   ^^^^^^^^^^^^^^^^^^^^^^^^^^^^^^^^^^^ expected `PathType`, found `bool`
[INFO] [stdout] 
[INFO] [stdout] 
[INFO] [stdout] error[E0063]: missing field `args` in initializer of `Args`
[INFO] [stdout]   --> src/tests.rs:36:20
[INFO] [stdout]    |
[INFO] [stdout] 36 |         let args = Args {path:"https://".to_string()};
[INFO] [stdout]    |                    ^^^^ missing `args`
[INFO] [stdout] 
[INFO] [stdout] 
[INFO] [stdout] error[E0308]: mismatched types
[INFO] [stdout]   --> src/tests.rs:37:35
[INFO] [stdout]    |
[INFO] [stdout] 37 |         assert_eq!(PathType::Url, args.type_is_url(args.first_char()));
[INFO] [stdout]    |                                   ^^^^^^^^^^^^^^^^^^^^^^^^^^^^^^^^^^^ expected `PathType`, found `bool`
[INFO] [stdout] 
[INFO] [stdout] 
[INFO] [stdout] error[E0063]: missing field `args` in initializer of `Args`
[INFO] [stdout]   --> src/tests.rs:39:20
[INFO] [stdout]    |
[INFO] [stdout] 39 |         let args = Args {path:"http://".to_string()};
[INFO] [stdout]    |                    ^^^^ missing `args`
[INFO] [stdout] 
[INFO] [stdout] 
[INFO] [stdout] error[E0308]: mismatched types
[INFO] [stdout]   --> src/tests.rs:40:35
[INFO] [stdout]    |
[INFO] [stdout] 40 |         assert_eq!(PathType::Url, args.type_is_url(args.first_char()));
[INFO] [stdout]    |                                   ^^^^^^^^^^^^^^^^^^^^^^^^^^^^^^^^^^^ expected `PathType`, found `bool`
[INFO] [stdout] 
[INFO] [stdout] 
[INFO] [stdout] error: aborting due to 16 previous errors
[INFO] [stdout] 
[INFO] [stdout] 
[INFO] [stdout] Some errors have detailed explanations: E0063, E0308.
[INFO] [stdout] 
[INFO] [stdout] For more information about an error, try `rustc --explain E0063`.
[INFO] [stdout] 
[INFO] [stderr] error: could not compile `sendcli` (bin "sendcli" test) due to 17 previous errors
[INFO] running `Command { std: "docker" "inspect" "370a54b9ecf074602ba1d5b69b9abd10ebcba1e170656fd4c265fcf6952d40e8", kill_on_drop: false }`
[INFO] running `Command { std: "docker" "rm" "-f" "370a54b9ecf074602ba1d5b69b9abd10ebcba1e170656fd4c265fcf6952d40e8", kill_on_drop: false }`
[INFO] [stdout] 370a54b9ecf074602ba1d5b69b9abd10ebcba1e170656fd4c265fcf6952d40e8
