[INFO] cloning repository https://github.com/Fangzhou-Yu/halo2_bubble_sort
[INFO] running `Command { std: "git" "-c" "credential.helper=" "-c" "credential.helper=/workspace/cargo-home/bin/git-credential-null" "clone" "--bare" "https://github.com/Fangzhou-Yu/halo2_bubble_sort" "/workspace/cache/git-repos/https%3A%2F%2Fgithub.com%2FFangzhou-Yu%2Fhalo2_bubble_sort", kill_on_drop: false }`
[INFO] [stderr] Cloning into bare repository '/workspace/cache/git-repos/https%3A%2F%2Fgithub.com%2FFangzhou-Yu%2Fhalo2_bubble_sort'...
[INFO] running `Command { std: "git" "rev-parse" "HEAD", kill_on_drop: false }`
[INFO] [stdout] 46e929dcb2eba4481c97f251b08366f0f31afb26
[INFO] testing Fangzhou-Yu/halo2_bubble_sort against 1.75.0 for beta-1.76-1
[INFO] running `Command { std: "git" "clone" "/workspace/cache/git-repos/https%3A%2F%2Fgithub.com%2FFangzhou-Yu%2Fhalo2_bubble_sort" "/workspace/builds/worker-7-tc1/source", kill_on_drop: false }`
[INFO] [stderr] Cloning into '/workspace/builds/worker-7-tc1/source'...
[INFO] [stderr] done.
[INFO] validating manifest of git repo https://github.com/Fangzhou-Yu/halo2_bubble_sort on toolchain 1.75.0
[INFO] running `Command { std: CARGO_HOME="/workspace/cargo-home" RUSTUP_HOME="/workspace/rustup-home" "/workspace/cargo-home/bin/cargo" "+1.75.0" "metadata" "--manifest-path" "Cargo.toml" "--no-deps", kill_on_drop: false }`
[INFO] started tweaking git repo https://github.com/Fangzhou-Yu/halo2_bubble_sort
[INFO] finished tweaking git repo https://github.com/Fangzhou-Yu/halo2_bubble_sort
[INFO] tweaked toml for git repo https://github.com/Fangzhou-Yu/halo2_bubble_sort written to /workspace/builds/worker-7-tc1/source/Cargo.toml
[INFO] crate git repo https://github.com/Fangzhou-Yu/halo2_bubble_sort already has a lockfile, it will not be regenerated
[INFO] running `Command { std: CARGO_HOME="/workspace/cargo-home" RUSTUP_HOME="/workspace/rustup-home" "/workspace/cargo-home/bin/cargo" "+1.75.0" "fetch" "--manifest-path" "Cargo.toml", kill_on_drop: false }`
[INFO] [stderr]     Updating git repository `https://github.com/junyu0312/halo2`
[INFO] [stderr]     Updating crates.io index
[INFO] [stderr]     Updating git repository `https://github.com/lanbones/pairing`
[INFO] [stderr]     Updating git repository `https://github.com/lanbones/bls12_381.git`
[INFO] [stderr]     Blocking waiting for file lock on package cache
[INFO] [stderr]  Downloading crates ...
[INFO] [stderr]   Downloaded cuda-config v0.1.0
[INFO] [stderr]   Downloaded cuda-driver-sys v0.3.0
[INFO] running `Command { std: "docker" "create" "-v" "/var/lib/crater-agent-workspace/builds/worker-7-tc1/target:/opt/rustwide/target:rw,Z" "-v" "/var/lib/crater-agent-workspace/builds/worker-7-tc1/source:/opt/rustwide/workdir:ro,Z" "-v" "/var/lib/crater-agent-workspace/cargo-home:/opt/rustwide/cargo-home:ro,Z" "-v" "/var/lib/crater-agent-workspace/rustup-home:/opt/rustwide/rustup-home:ro,Z" "-e" "SOURCE_DIR=/opt/rustwide/workdir" "-e" "CARGO_TARGET_DIR=/opt/rustwide/target" "-e" "CARGO_HOME=/opt/rustwide/cargo-home" "-e" "RUSTUP_HOME=/opt/rustwide/rustup-home" "-w" "/opt/rustwide/workdir" "-m" "1610612736" "--user" "0:0" "--network" "none" "ghcr.io/rust-lang/crates-build-env/linux@sha256:2788e3201cd34a07e3172128adcd8b3090168a8e3bcc40d7c032b9dda1df7d1c" "/opt/rustwide/cargo-home/bin/cargo" "+1.75.0" "metadata" "--no-deps" "--format-version=1", kill_on_drop: false }`
[INFO] [stdout] ca320ccd0be03fb6501a01ed21dcfae8152cea122880aa91b79704dfe2627b42
[INFO] running `Command { std: "docker" "start" "-a" "ca320ccd0be03fb6501a01ed21dcfae8152cea122880aa91b79704dfe2627b42", kill_on_drop: false }`
[INFO] running `Command { std: "docker" "inspect" "ca320ccd0be03fb6501a01ed21dcfae8152cea122880aa91b79704dfe2627b42", kill_on_drop: false }`
[INFO] running `Command { std: "docker" "rm" "-f" "ca320ccd0be03fb6501a01ed21dcfae8152cea122880aa91b79704dfe2627b42", kill_on_drop: false }`
[INFO] [stdout] ca320ccd0be03fb6501a01ed21dcfae8152cea122880aa91b79704dfe2627b42
[INFO] running `Command { std: "docker" "create" "-v" "/var/lib/crater-agent-workspace/builds/worker-7-tc1/target:/opt/rustwide/target:rw,Z" "-v" "/var/lib/crater-agent-workspace/builds/worker-7-tc1/source:/opt/rustwide/workdir:ro,Z" "-v" "/var/lib/crater-agent-workspace/cargo-home:/opt/rustwide/cargo-home:ro,Z" "-v" "/var/lib/crater-agent-workspace/rustup-home:/opt/rustwide/rustup-home:ro,Z" "-e" "SOURCE_DIR=/opt/rustwide/workdir" "-e" "CARGO_TARGET_DIR=/opt/rustwide/target" "-e" "CARGO_INCREMENTAL=0" "-e" "RUST_BACKTRACE=full" "-e" "RUSTFLAGS=--cap-lints=warn" "-e" "RUSTDOCFLAGS=--cap-lints=warn" "-e" "CARGO_HOME=/opt/rustwide/cargo-home" "-e" "RUSTUP_HOME=/opt/rustwide/rustup-home" "-w" "/opt/rustwide/workdir" "-m" "1610612736" "--user" "0:0" "--network" "none" "ghcr.io/rust-lang/crates-build-env/linux@sha256:2788e3201cd34a07e3172128adcd8b3090168a8e3bcc40d7c032b9dda1df7d1c" "/opt/rustwide/cargo-home/bin/cargo" "+1.75.0" "build" "--frozen" "--message-format=json", kill_on_drop: false }`
[INFO] [stdout] 6e1ea1b6bec634cbead4668c52557c0781ab80e719bffa352bd1c11cd4c7c1ec
[INFO] running `Command { std: "docker" "start" "-a" "6e1ea1b6bec634cbead4668c52557c0781ab80e719bffa352bd1c11cd4c7c1ec", kill_on_drop: false }`
[INFO] [stderr]    Compiling libc v0.2.146
[INFO] [stderr]    Compiling radium v0.7.0
[INFO] [stderr]    Compiling tap v1.0.1
[INFO] [stderr]    Compiling funty v2.0.0
[INFO] [stderr]    Compiling subtle v2.5.0
[INFO] [stderr]    Compiling ppv-lite86 v0.2.17
[INFO] [stderr]    Compiling crossbeam-utils v0.8.15
[INFO] [stderr]    Compiling memoffset v0.8.0
[INFO] [stderr]    Compiling crossbeam-epoch v0.9.14
[INFO] [stderr]    Compiling num-traits v0.2.15
[INFO] [stderr]    Compiling glob v0.3.1
[INFO] [stderr]    Compiling static_assertions v1.1.0
[INFO] [stderr]    Compiling scopeguard v1.1.0
[INFO] [stderr]    Compiling num-integer v0.1.45
[INFO] [stderr]    Compiling rayon-core v1.11.0
[INFO] [stderr]    Compiling wyz v0.5.1
[INFO] [stderr]    Compiling num-bigint v0.4.3
[INFO] [stderr]    Compiling arrayref v0.3.7
[INFO] [stderr]    Compiling arrayvec v0.7.2
[INFO] [stderr]    Compiling either v1.8.1
[INFO] [stderr]    Compiling cuda-config v0.1.0
[INFO] [stderr]    Compiling constant_time_eq v0.2.5
[INFO] [stderr]    Compiling blake2b_simd v1.0.1
[INFO] [stderr]    Compiling cuda-driver-sys v0.3.0
[INFO] [stderr]    Compiling bitvec v1.0.1
[INFO] [stderr]    Compiling crossbeam-channel v0.5.8
[INFO] [stderr]    Compiling crossbeam-deque v0.8.3
[INFO] [stderr]    Compiling getrandom v0.2.10
[INFO] [stderr]    Compiling num_cpus v1.15.0
[INFO] [stderr]    Compiling atty v0.2.14
[INFO] [stderr]    Compiling colored v2.0.0
[INFO] [stderr]    Compiling core_affinity v0.5.10
[INFO] [stderr]    Compiling rand_core v0.6.4
[INFO] [stderr]    Compiling rand_chacha v0.3.1
[INFO] [stderr]    Compiling rand v0.8.5
[INFO] [stderr]    Compiling rayon v1.7.0
[INFO] [stderr]    Compiling ark-std v0.3.0
[INFO] [stderr]    Compiling ff v0.12.1
[INFO] [stderr]    Compiling group v0.12.1
[INFO] [stderr]    Compiling pairing v0.22.0
[INFO] [stderr]    Compiling bls12_381 v0.7.0 (https://github.com/lanbones/bls12_381.git#31fcd53a)
[INFO] [stderr]    Compiling pairing_bn256 v0.1.1 (https://github.com/lanbones/pairing#5ab08062)
[INFO] [stdout] error[E0554]: `#![feature]` may not be used on the stable release channel
[INFO] [stdout]  --> /opt/rustwide/cargo-home/git/checkouts/pairing-3c3699798b222e8a/5ab0806/src/lib.rs:1:1
[INFO] [stdout]   |
[INFO] [stdout] 1 | #![feature(asm_const)]
[INFO] [stdout]   | ^^^^^^^^^^^^^^^^^^^^^^
[INFO] [stdout] 
[INFO] [stdout] 
[INFO] [stdout] error[E0554]: `#![feature]` may not be used on the stable release channel
[INFO] [stdout]  --> /opt/rustwide/cargo-home/git/checkouts/pairing-3c3699798b222e8a/5ab0806/src/lib.rs:1:1
[INFO] [stdout]   |
[INFO] [stdout] 1 | #![feature(asm_const)]
[INFO] [stdout]   | ^^^^^^^^^^^^^^^^^^^^^^
[INFO] [stdout] 
[INFO] [stdout] 
[INFO] [stdout] error: aborting due to previous error
[INFO] [stdout] 
[INFO] [stdout] 
[INFO] [stdout] For more information about this error, try `rustc --explain E0554`.
[INFO] [stdout] 
[INFO] [stderr] error: could not compile `pairing_bn256` (lib) due to 2 previous errors
[INFO] [stderr] warning: build failed, waiting for other jobs to finish...
[INFO] [stdout] error: aborting due to previous error
[INFO] [stdout] 
[INFO] [stdout] 
[INFO] [stdout] For more information about this error, try `rustc --explain E0554`.
[INFO] [stdout] 
[INFO] [stderr] error: could not compile `pairing_bn256` (lib) due to 2 previous errors
[INFO] running `Command { std: "docker" "inspect" "6e1ea1b6bec634cbead4668c52557c0781ab80e719bffa352bd1c11cd4c7c1ec", kill_on_drop: false }`
[INFO] running `Command { std: "docker" "rm" "-f" "6e1ea1b6bec634cbead4668c52557c0781ab80e719bffa352bd1c11cd4c7c1ec", kill_on_drop: false }`
[INFO] [stdout] 6e1ea1b6bec634cbead4668c52557c0781ab80e719bffa352bd1c11cd4c7c1ec
[INFO] testing Fangzhou-Yu/halo2_bubble_sort against beta-2023-12-22 for beta-1.76-1
[INFO] running `Command { std: "git" "clone" "/workspace/cache/git-repos/https%3A%2F%2Fgithub.com%2FFangzhou-Yu%2Fhalo2_bubble_sort" "/workspace/builds/worker-7-tc2/source", kill_on_drop: false }`
[INFO] [stderr] Cloning into '/workspace/builds/worker-7-tc2/source'...
[INFO] [stderr] done.
[INFO] validating manifest of git repo https://github.com/Fangzhou-Yu/halo2_bubble_sort on toolchain beta-2023-12-22
[INFO] running `Command { std: CARGO_HOME="/workspace/cargo-home" RUSTUP_HOME="/workspace/rustup-home" "/workspace/cargo-home/bin/cargo" "+beta-2023-12-22" "metadata" "--manifest-path" "Cargo.toml" "--no-deps", kill_on_drop: false }`
[INFO] started tweaking git repo https://github.com/Fangzhou-Yu/halo2_bubble_sort
[INFO] finished tweaking git repo https://github.com/Fangzhou-Yu/halo2_bubble_sort
[INFO] tweaked toml for git repo https://github.com/Fangzhou-Yu/halo2_bubble_sort written to /workspace/builds/worker-7-tc2/source/Cargo.toml
[INFO] crate git repo https://github.com/Fangzhou-Yu/halo2_bubble_sort already has a lockfile, it will not be regenerated
[INFO] running `Command { std: CARGO_HOME="/workspace/cargo-home" RUSTUP_HOME="/workspace/rustup-home" "/workspace/cargo-home/bin/cargo" "+beta-2023-12-22" "fetch" "--manifest-path" "Cargo.toml", kill_on_drop: false }`
[INFO] running `Command { std: "docker" "create" "-v" "/var/lib/crater-agent-workspace/builds/worker-7-tc2/target:/opt/rustwide/target:rw,Z" "-v" "/var/lib/crater-agent-workspace/builds/worker-7-tc2/source:/opt/rustwide/workdir:ro,Z" "-v" "/var/lib/crater-agent-workspace/cargo-home:/opt/rustwide/cargo-home:ro,Z" "-v" "/var/lib/crater-agent-workspace/rustup-home:/opt/rustwide/rustup-home:ro,Z" "-e" "SOURCE_DIR=/opt/rustwide/workdir" "-e" "CARGO_TARGET_DIR=/opt/rustwide/target" "-e" "CARGO_HOME=/opt/rustwide/cargo-home" "-e" "RUSTUP_HOME=/opt/rustwide/rustup-home" "-w" "/opt/rustwide/workdir" "-m" "1610612736" "--user" "0:0" "--network" "none" "ghcr.io/rust-lang/crates-build-env/linux@sha256:2788e3201cd34a07e3172128adcd8b3090168a8e3bcc40d7c032b9dda1df7d1c" "/opt/rustwide/cargo-home/bin/cargo" "+beta-2023-12-22" "metadata" "--no-deps" "--format-version=1", kill_on_drop: false }`
[INFO] [stdout] d9795d90606d66cd8fe1030aa0e18964e4f441f1752c7772f4b52f4c3c22d3c0
[INFO] running `Command { std: "docker" "start" "-a" "d9795d90606d66cd8fe1030aa0e18964e4f441f1752c7772f4b52f4c3c22d3c0", kill_on_drop: false }`
[INFO] running `Command { std: "docker" "inspect" "d9795d90606d66cd8fe1030aa0e18964e4f441f1752c7772f4b52f4c3c22d3c0", kill_on_drop: false }`
[INFO] running `Command { std: "docker" "rm" "-f" "d9795d90606d66cd8fe1030aa0e18964e4f441f1752c7772f4b52f4c3c22d3c0", kill_on_drop: false }`
[INFO] [stdout] d9795d90606d66cd8fe1030aa0e18964e4f441f1752c7772f4b52f4c3c22d3c0
[INFO] running `Command { std: "docker" "create" "-v" "/var/lib/crater-agent-workspace/builds/worker-7-tc2/target:/opt/rustwide/target:rw,Z" "-v" "/var/lib/crater-agent-workspace/builds/worker-7-tc2/source:/opt/rustwide/workdir:ro,Z" "-v" "/var/lib/crater-agent-workspace/cargo-home:/opt/rustwide/cargo-home:ro,Z" "-v" "/var/lib/crater-agent-workspace/rustup-home:/opt/rustwide/rustup-home:ro,Z" "-e" "SOURCE_DIR=/opt/rustwide/workdir" "-e" "CARGO_TARGET_DIR=/opt/rustwide/target" "-e" "CARGO_INCREMENTAL=0" "-e" "RUST_BACKTRACE=full" "-e" "RUSTFLAGS=--cap-lints=warn" "-e" "RUSTDOCFLAGS=--cap-lints=warn" "-e" "CARGO_HOME=/opt/rustwide/cargo-home" "-e" "RUSTUP_HOME=/opt/rustwide/rustup-home" "-w" "/opt/rustwide/workdir" "-m" "1610612736" "--user" "0:0" "--network" "none" "ghcr.io/rust-lang/crates-build-env/linux@sha256:2788e3201cd34a07e3172128adcd8b3090168a8e3bcc40d7c032b9dda1df7d1c" "/opt/rustwide/cargo-home/bin/cargo" "+beta-2023-12-22" "build" "--frozen" "--message-format=json", kill_on_drop: false }`
[INFO] [stdout] cac5badcf18f847e022cd4762ff96a4b30b138baba78fd57e080a0aa397ace76
[INFO] running `Command { std: "docker" "start" "-a" "cac5badcf18f847e022cd4762ff96a4b30b138baba78fd57e080a0aa397ace76", kill_on_drop: false }`
[INFO] [stderr]    Compiling libc v0.2.146
[INFO] [stderr]    Compiling radium v0.7.0
[INFO] [stderr]    Compiling tap v1.0.1
[INFO] [stderr]    Compiling funty v2.0.0
[INFO] [stderr]    Compiling subtle v2.5.0
[INFO] [stderr]    Compiling ppv-lite86 v0.2.17
[INFO] [stderr]    Compiling crossbeam-utils v0.8.15
[INFO] [stderr]    Compiling glob v0.3.1
[INFO] [stderr]    Compiling scopeguard v1.1.0
[INFO] [stderr]    Compiling static_assertions v1.1.0
[INFO] [stderr]    Compiling rayon-core v1.11.0
[INFO] [stderr]    Compiling arrayvec v0.7.2
[INFO] [stderr]    Compiling arrayref v0.3.7
[INFO] [stderr]    Compiling memoffset v0.8.0
[INFO] [stderr]    Compiling crossbeam-epoch v0.9.14
[INFO] [stderr]    Compiling wyz v0.5.1
[INFO] [stderr]    Compiling num-traits v0.2.15
[INFO] [stderr]    Compiling num-integer v0.1.45
[INFO] [stderr]    Compiling num-bigint v0.4.3
[INFO] [stderr]    Compiling cuda-config v0.1.0
[INFO] [stderr]    Compiling constant_time_eq v0.2.5
[INFO] [stderr]    Compiling either v1.8.1
[INFO] [stderr]    Compiling blake2b_simd v1.0.1
[INFO] [stderr]    Compiling cuda-driver-sys v0.3.0
[INFO] [stderr]    Compiling crossbeam-channel v0.5.8
[INFO] [stderr]    Compiling bitvec v1.0.1
[INFO] [stderr]    Compiling crossbeam-deque v0.8.3
[INFO] [stderr]    Compiling getrandom v0.2.10
[INFO] [stderr]    Compiling rand_core v0.6.4
[INFO] [stderr]    Compiling num_cpus v1.15.0
[INFO] [stderr]    Compiling atty v0.2.14
[INFO] [stderr]    Compiling rand_chacha v0.3.1
[INFO] [stderr]    Compiling colored v2.0.0
[INFO] [stderr]    Compiling core_affinity v0.5.10
[INFO] [stderr]    Compiling rand v0.8.5
[INFO] [stderr]    Compiling rayon v1.7.0
[INFO] [stderr]    Compiling ark-std v0.3.0
[INFO] [stderr]    Compiling ff v0.12.1
[INFO] [stderr]    Compiling group v0.12.1
[INFO] [stderr]    Compiling pairing v0.22.0
[INFO] [stderr]    Compiling bls12_381 v0.7.0 (https://github.com/lanbones/bls12_381.git#31fcd53a)
[INFO] [stderr]    Compiling pairing_bn256 v0.1.1 (https://github.com/lanbones/pairing#5ab08062)
[INFO] [stdout] error[E0554]: `#![feature]` may not be used on the beta release channel
[INFO] [stdout]  --> /opt/rustwide/cargo-home/git/checkouts/pairing-3c3699798b222e8a/5ab0806/src/lib.rs:1:1
[INFO] [stdout]   |
[INFO] [stdout] 1 | #![feature(asm_const)]
[INFO] [stdout]   | ^^^^^^^^^^^^^^^^^^^^^^
[INFO] [stdout] 
[INFO] [stdout] 
[INFO] [stdout] error[E0554]: `#![feature]` may not be used on the beta release channel
[INFO] [stdout]  --> /opt/rustwide/cargo-home/git/checkouts/pairing-3c3699798b222e8a/5ab0806/src/lib.rs:1:1
[INFO] [stdout]   |
[INFO] [stdout] 1 | #![feature(asm_const)]
[INFO] [stdout]   | ^^^^^^^^^^^^^^^^^^^^^^
[INFO] [stdout] 
[INFO] [stdout] 
[INFO] [stdout] error: aborting due to 1 previous error
[INFO] [stdout] 
[INFO] [stdout] 
[INFO] [stdout] For more information about this error, try `rustc --explain E0554`.
[INFO] [stdout] 
[INFO] [stderr] error: could not compile `pairing_bn256` (lib) due to 2 previous errors
[INFO] [stderr] warning: build failed, waiting for other jobs to finish...
[INFO] [stdout] error: aborting due to 1 previous error
[INFO] [stdout] 
[INFO] [stdout] 
[INFO] [stdout] For more information about this error, try `rustc --explain E0554`.
[INFO] [stdout] 
[INFO] [stderr] error: could not compile `pairing_bn256` (lib) due to 2 previous errors
[INFO] running `Command { std: "docker" "inspect" "cac5badcf18f847e022cd4762ff96a4b30b138baba78fd57e080a0aa397ace76", kill_on_drop: false }`
[INFO] running `Command { std: "docker" "rm" "-f" "cac5badcf18f847e022cd4762ff96a4b30b138baba78fd57e080a0aa397ace76", kill_on_drop: false }`
[INFO] [stdout] cac5badcf18f847e022cd4762ff96a4b30b138baba78fd57e080a0aa397ace76
