[INFO] cloning repository https://github.com/Fahien/rayca
[INFO] running `Command { std: "git" "-c" "credential.helper=" "-c" "credential.helper=/workspace/cargo-home/bin/git-credential-null" "clone" "--bare" "https://github.com/Fahien/rayca" "/workspace/cache/git-repos/https%3A%2F%2Fgithub.com%2FFahien%2Frayca", kill_on_drop: false }`
[INFO] [stderr] Cloning into bare repository '/workspace/cache/git-repos/https%3A%2F%2Fgithub.com%2FFahien%2Frayca'...
[INFO] running `Command { std: "git" "rev-parse" "HEAD", kill_on_drop: false }`
[INFO] [stdout] 2049b2e9301f7c48e4aa7fdc9e35cc19449327ae
[INFO] testing Fahien/rayca against 1.75.0 for beta-1.76-1
[INFO] running `Command { std: "git" "clone" "/workspace/cache/git-repos/https%3A%2F%2Fgithub.com%2FFahien%2Frayca" "/workspace/builds/worker-2-tc1/source", kill_on_drop: false }`
[INFO] [stderr] Cloning into '/workspace/builds/worker-2-tc1/source'...
[INFO] [stderr] done.
[INFO] validating manifest of git repo https://github.com/Fahien/rayca on toolchain 1.75.0
[INFO] running `Command { std: CARGO_HOME="/workspace/cargo-home" RUSTUP_HOME="/workspace/rustup-home" "/workspace/cargo-home/bin/cargo" "+1.75.0" "metadata" "--manifest-path" "Cargo.toml" "--no-deps", kill_on_drop: false }`
[INFO] removed /workspace/builds/worker-2-tc1/source/rust-toolchain
[INFO] started tweaking git repo https://github.com/Fahien/rayca
[INFO] finished tweaking git repo https://github.com/Fahien/rayca
[INFO] tweaked toml for git repo https://github.com/Fahien/rayca written to /workspace/builds/worker-2-tc1/source/Cargo.toml
[INFO] crate git repo https://github.com/Fahien/rayca already has a lockfile, it will not be regenerated
[INFO] running `Command { std: CARGO_HOME="/workspace/cargo-home" RUSTUP_HOME="/workspace/rustup-home" "/workspace/cargo-home/bin/cargo" "+1.75.0" "fetch" "--manifest-path" "Cargo.toml", kill_on_drop: false }`
[INFO] [stderr]  Downloading crates ...
[INFO] [stderr]   Downloaded wasm-bindgen-test-macro v0.3.33
[INFO] [stderr]   Downloaded wasm-bindgen-test v0.3.33
[INFO] running `Command { std: "docker" "create" "-v" "/var/lib/crater-agent-workspace/builds/worker-2-tc1/target:/opt/rustwide/target:rw,Z" "-v" "/var/lib/crater-agent-workspace/builds/worker-2-tc1/source:/opt/rustwide/workdir:ro,Z" "-v" "/var/lib/crater-agent-workspace/cargo-home:/opt/rustwide/cargo-home:ro,Z" "-v" "/var/lib/crater-agent-workspace/rustup-home:/opt/rustwide/rustup-home:ro,Z" "-e" "SOURCE_DIR=/opt/rustwide/workdir" "-e" "CARGO_TARGET_DIR=/opt/rustwide/target" "-e" "CARGO_HOME=/opt/rustwide/cargo-home" "-e" "RUSTUP_HOME=/opt/rustwide/rustup-home" "-w" "/opt/rustwide/workdir" "-m" "1610612736" "--user" "0:0" "--network" "none" "ghcr.io/rust-lang/crates-build-env/linux@sha256:2788e3201cd34a07e3172128adcd8b3090168a8e3bcc40d7c032b9dda1df7d1c" "/opt/rustwide/cargo-home/bin/cargo" "+1.75.0" "metadata" "--no-deps" "--format-version=1", kill_on_drop: false }`
[INFO] [stdout] 7790c02c76e7454a5232564c7ba772d488f5a01089cc6f989c96675258581a5e
[INFO] running `Command { std: "docker" "start" "-a" "7790c02c76e7454a5232564c7ba772d488f5a01089cc6f989c96675258581a5e", kill_on_drop: false }`
[INFO] running `Command { std: "docker" "inspect" "7790c02c76e7454a5232564c7ba772d488f5a01089cc6f989c96675258581a5e", kill_on_drop: false }`
[INFO] running `Command { std: "docker" "rm" "-f" "7790c02c76e7454a5232564c7ba772d488f5a01089cc6f989c96675258581a5e", kill_on_drop: false }`
[INFO] [stdout] 7790c02c76e7454a5232564c7ba772d488f5a01089cc6f989c96675258581a5e
[INFO] running `Command { std: "docker" "create" "-v" "/var/lib/crater-agent-workspace/builds/worker-2-tc1/target:/opt/rustwide/target:rw,Z" "-v" "/var/lib/crater-agent-workspace/builds/worker-2-tc1/source:/opt/rustwide/workdir:ro,Z" "-v" "/var/lib/crater-agent-workspace/cargo-home:/opt/rustwide/cargo-home:ro,Z" "-v" "/var/lib/crater-agent-workspace/rustup-home:/opt/rustwide/rustup-home:ro,Z" "-e" "SOURCE_DIR=/opt/rustwide/workdir" "-e" "CARGO_TARGET_DIR=/opt/rustwide/target" "-e" "CARGO_INCREMENTAL=0" "-e" "RUST_BACKTRACE=full" "-e" "RUSTFLAGS=--cap-lints=warn" "-e" "RUSTDOCFLAGS=--cap-lints=warn" "-e" "CARGO_HOME=/opt/rustwide/cargo-home" "-e" "RUSTUP_HOME=/opt/rustwide/rustup-home" "-w" "/opt/rustwide/workdir" "-m" "1610612736" "--user" "0:0" "--network" "none" "ghcr.io/rust-lang/crates-build-env/linux@sha256:2788e3201cd34a07e3172128adcd8b3090168a8e3bcc40d7c032b9dda1df7d1c" "/opt/rustwide/cargo-home/bin/cargo" "+1.75.0" "build" "--frozen" "--message-format=json", kill_on_drop: false }`
[INFO] [stdout] 2e0548d2d9f80570fddc913f24c6a543bc6aa4813bd3b0edcbd56efd545b3ccc
[INFO] running `Command { std: "docker" "start" "-a" "2e0548d2d9f80570fddc913f24c6a543bc6aa4813bd3b0edcbd56efd545b3ccc", kill_on_drop: false }`
[INFO] [stderr]    Compiling autocfg v1.1.0
[INFO] [stderr]    Compiling cfg-if v1.0.0
[INFO] [stderr]    Compiling libc v0.2.138
[INFO] [stderr]    Compiling proc-macro2 v1.0.47
[INFO] [stderr]    Compiling crossbeam-utils v0.8.14
[INFO] [stderr]    Compiling quote v1.0.21
[INFO] [stderr]    Compiling crc32fast v1.3.2
[INFO] [stderr]    Compiling unicode-ident v1.0.5
[INFO] [stderr]    Compiling syn v1.0.105
[INFO] [stderr]    Compiling serde v1.0.149
[INFO] [stderr]    Compiling scopeguard v1.1.0
[INFO] [stderr]    Compiling adler32 v1.2.0
[INFO] [stderr]    Compiling serde_json v1.0.89
[INFO] [stderr]    Compiling serde_derive v1.0.149
[INFO] [stderr]    Compiling bitflags v1.3.2
[INFO] [stderr]    Compiling rayon-core v1.10.1
[INFO] [stderr]    Compiling byteorder v1.4.3
[INFO] [stderr]    Compiling deflate v0.8.6
[INFO] [stderr]    Compiling crossbeam-channel v0.5.6
[INFO] [stderr]    Compiling miniz_oxide v0.3.7
[INFO] [stderr]    Compiling num-traits v0.2.15
[INFO] [stderr]    Compiling memoffset v0.7.1
[INFO] [stderr]    Compiling num-integer v0.1.45
[INFO] [stderr]    Compiling crossbeam-epoch v0.9.13
[INFO] [stderr]    Compiling num-iter v0.1.43
[INFO] [stderr]    Compiling num-rational v0.3.2
[INFO] [stderr]    Compiling crossbeam-deque v0.8.2
[INFO] [stderr]    Compiling num_cpus v1.14.0
[INFO] [stderr]    Compiling adler v1.0.2
[INFO] [stderr]    Compiling ryu v1.0.11
[INFO] [stderr]    Compiling itoa v1.0.4
[INFO] [stderr]    Compiling inflections v1.1.1
[INFO] [stderr]    Compiling miniz_oxide v0.6.2
[INFO] [stderr]    Compiling png v0.16.8
[INFO] [stderr]    Compiling atty v0.2.14
[INFO] [stderr]    Compiling color_quant v1.1.0
[INFO] [stderr]    Compiling either v1.8.0
[INFO] [stderr]    Compiling jpeg-decoder v0.1.22
[INFO] [stderr]    Compiling is_ci v1.1.1
[INFO] [stderr]    Compiling bytemuck v1.12.3
[INFO] [stderr]    Compiling supports-color v1.3.1
[INFO] [stderr]    Compiling rayon v1.6.0
[INFO] [stderr]    Compiling image v0.23.14
[INFO] [stderr]    Compiling flate2 v1.0.25
[INFO] [stderr]    Compiling base64 v0.12.3
[INFO] [stderr]    Compiling lazy_static v1.4.0
[INFO] [stderr]    Compiling png v0.17.7
[INFO] [stderr]    Compiling owo-colors v3.5.0
[INFO] [stderr]    Compiling jpeg-decoder v0.3.0
[INFO] [stderr]    Compiling instant v0.1.12
[INFO] [stderr]    Compiling base64 v0.13.1
[INFO] [stderr]    Compiling gltf-derive v1.0.0
[INFO] [stderr]    Compiling gltf-json v1.0.0
[INFO] [stderr]    Compiling gltf v1.0.0
[INFO] [stderr]    Compiling rayca v0.4.1 (/opt/rustwide/workdir)
[INFO] [stdout] warning: ambiguous glob re-exports
[INFO] [stdout]   --> src/lib.rs:29:9
[INFO] [stdout]    |
[INFO] [stdout] 29 | pub use bvh::*;
[INFO] [stdout]    |         ^^^^^^ the name `sphere` in the type namespace is first re-exported here
[INFO] [stdout] ...
[INFO] [stdout] 33 | pub use geometry::*;
[INFO] [stdout]    |         ----------- but the name `sphere` in the type namespace is also re-exported here
[INFO] [stdout]    |
[INFO] [stdout]    = note: `#[warn(ambiguous_glob_reexports)]` on by default
[INFO] [stdout] 
[INFO] [stdout] 
[INFO] [stdout] error[E0554]: `#![feature]` may not be used on the stable release channel
[INFO] [stdout]  --> src/lib.rs:5:12
[INFO] [stdout]   |
[INFO] [stdout] 5 | #![feature(portable_simd)]
[INFO] [stdout]   |            ^^^^^^^^^^^^^
[INFO] [stdout] 
[INFO] [stdout] 
[INFO] [stdout] error: aborting due to previous error; 1 warning emitted
[INFO] [stdout] 
[INFO] [stdout] 
[INFO] [stdout] For more information about this error, try `rustc --explain E0554`.
[INFO] [stdout] 
[INFO] [stderr] error: could not compile `rayca` (lib) due to 2 previous errors; 1 warning emitted
[INFO] running `Command { std: "docker" "inspect" "2e0548d2d9f80570fddc913f24c6a543bc6aa4813bd3b0edcbd56efd545b3ccc", kill_on_drop: false }`
[INFO] running `Command { std: "docker" "rm" "-f" "2e0548d2d9f80570fddc913f24c6a543bc6aa4813bd3b0edcbd56efd545b3ccc", kill_on_drop: false }`
[INFO] [stdout] 2e0548d2d9f80570fddc913f24c6a543bc6aa4813bd3b0edcbd56efd545b3ccc
[INFO] testing Fahien/rayca against beta-2023-12-22 for beta-1.76-1
[INFO] running `Command { std: "git" "clone" "/workspace/cache/git-repos/https%3A%2F%2Fgithub.com%2FFahien%2Frayca" "/workspace/builds/worker-2-tc2/source", kill_on_drop: false }`
[INFO] [stderr] Cloning into '/workspace/builds/worker-2-tc2/source'...
[INFO] [stderr] done.
[INFO] validating manifest of git repo https://github.com/Fahien/rayca on toolchain beta-2023-12-22
[INFO] running `Command { std: CARGO_HOME="/workspace/cargo-home" RUSTUP_HOME="/workspace/rustup-home" "/workspace/cargo-home/bin/cargo" "+beta-2023-12-22" "metadata" "--manifest-path" "Cargo.toml" "--no-deps", kill_on_drop: false }`
[INFO] removed /workspace/builds/worker-2-tc2/source/rust-toolchain
[INFO] started tweaking git repo https://github.com/Fahien/rayca
[INFO] finished tweaking git repo https://github.com/Fahien/rayca
[INFO] tweaked toml for git repo https://github.com/Fahien/rayca written to /workspace/builds/worker-2-tc2/source/Cargo.toml
[INFO] crate git repo https://github.com/Fahien/rayca already has a lockfile, it will not be regenerated
[INFO] running `Command { std: CARGO_HOME="/workspace/cargo-home" RUSTUP_HOME="/workspace/rustup-home" "/workspace/cargo-home/bin/cargo" "+beta-2023-12-22" "fetch" "--manifest-path" "Cargo.toml", kill_on_drop: false }`
[INFO] [stderr]     Blocking waiting for file lock on package cache
[INFO] [stderr]     Blocking waiting for file lock on package cache
[INFO] running `Command { std: "docker" "create" "-v" "/var/lib/crater-agent-workspace/builds/worker-2-tc2/target:/opt/rustwide/target:rw,Z" "-v" "/var/lib/crater-agent-workspace/builds/worker-2-tc2/source:/opt/rustwide/workdir:ro,Z" "-v" "/var/lib/crater-agent-workspace/cargo-home:/opt/rustwide/cargo-home:ro,Z" "-v" "/var/lib/crater-agent-workspace/rustup-home:/opt/rustwide/rustup-home:ro,Z" "-e" "SOURCE_DIR=/opt/rustwide/workdir" "-e" "CARGO_TARGET_DIR=/opt/rustwide/target" "-e" "CARGO_HOME=/opt/rustwide/cargo-home" "-e" "RUSTUP_HOME=/opt/rustwide/rustup-home" "-w" "/opt/rustwide/workdir" "-m" "1610612736" "--user" "0:0" "--network" "none" "ghcr.io/rust-lang/crates-build-env/linux@sha256:2788e3201cd34a07e3172128adcd8b3090168a8e3bcc40d7c032b9dda1df7d1c" "/opt/rustwide/cargo-home/bin/cargo" "+beta-2023-12-22" "metadata" "--no-deps" "--format-version=1", kill_on_drop: false }`
[INFO] [stdout] 2f17da61a980d852909ed0b9ff3933b286f63dd2835a6341e2bc8257f4ede0e1
[INFO] running `Command { std: "docker" "start" "-a" "2f17da61a980d852909ed0b9ff3933b286f63dd2835a6341e2bc8257f4ede0e1", kill_on_drop: false }`
[INFO] running `Command { std: "docker" "inspect" "2f17da61a980d852909ed0b9ff3933b286f63dd2835a6341e2bc8257f4ede0e1", kill_on_drop: false }`
[INFO] running `Command { std: "docker" "rm" "-f" "2f17da61a980d852909ed0b9ff3933b286f63dd2835a6341e2bc8257f4ede0e1", kill_on_drop: false }`
[INFO] [stdout] 2f17da61a980d852909ed0b9ff3933b286f63dd2835a6341e2bc8257f4ede0e1
[INFO] running `Command { std: "docker" "create" "-v" "/var/lib/crater-agent-workspace/builds/worker-2-tc2/target:/opt/rustwide/target:rw,Z" "-v" "/var/lib/crater-agent-workspace/builds/worker-2-tc2/source:/opt/rustwide/workdir:ro,Z" "-v" "/var/lib/crater-agent-workspace/cargo-home:/opt/rustwide/cargo-home:ro,Z" "-v" "/var/lib/crater-agent-workspace/rustup-home:/opt/rustwide/rustup-home:ro,Z" "-e" "SOURCE_DIR=/opt/rustwide/workdir" "-e" "CARGO_TARGET_DIR=/opt/rustwide/target" "-e" "CARGO_INCREMENTAL=0" "-e" "RUST_BACKTRACE=full" "-e" "RUSTFLAGS=--cap-lints=warn" "-e" "RUSTDOCFLAGS=--cap-lints=warn" "-e" "CARGO_HOME=/opt/rustwide/cargo-home" "-e" "RUSTUP_HOME=/opt/rustwide/rustup-home" "-w" "/opt/rustwide/workdir" "-m" "1610612736" "--user" "0:0" "--network" "none" "ghcr.io/rust-lang/crates-build-env/linux@sha256:2788e3201cd34a07e3172128adcd8b3090168a8e3bcc40d7c032b9dda1df7d1c" "/opt/rustwide/cargo-home/bin/cargo" "+beta-2023-12-22" "build" "--frozen" "--message-format=json", kill_on_drop: false }`
[INFO] [stdout] 47c2227404c9b647fe03203b2cb2de06039db92ec2223c4f7f66491683cbf75c
[INFO] running `Command { std: "docker" "start" "-a" "47c2227404c9b647fe03203b2cb2de06039db92ec2223c4f7f66491683cbf75c", kill_on_drop: false }`
[INFO] [stderr]    Compiling autocfg v1.1.0
[INFO] [stderr]    Compiling cfg-if v1.0.0
[INFO] [stderr]    Compiling libc v0.2.138
[INFO] [stderr]    Compiling proc-macro2 v1.0.47
[INFO] [stderr]    Compiling crossbeam-utils v0.8.14
[INFO] [stderr]    Compiling unicode-ident v1.0.5
[INFO] [stderr]    Compiling crc32fast v1.3.2
[INFO] [stderr]    Compiling quote v1.0.21
[INFO] [stderr]    Compiling syn v1.0.105
[INFO] [stderr]    Compiling serde v1.0.149
[INFO] [stderr]    Compiling scopeguard v1.1.0
[INFO] [stderr]    Compiling adler32 v1.2.0
[INFO] [stderr]    Compiling byteorder v1.4.3
[INFO] [stderr]    Compiling rayon-core v1.10.1
[INFO] [stderr]    Compiling serde_derive v1.0.149
[INFO] [stderr]    Compiling serde_json v1.0.89
[INFO] [stderr]    Compiling bitflags v1.3.2
[INFO] [stderr]    Compiling deflate v0.8.6
[INFO] [stderr]    Compiling miniz_oxide v0.3.7
[INFO] [stderr]    Compiling num_cpus v1.14.0
[INFO] [stderr]    Compiling num-traits v0.2.15
[INFO] [stderr]    Compiling memoffset v0.7.1
[INFO] [stderr]    Compiling num-integer v0.1.45
[INFO] [stderr]    Compiling crossbeam-epoch v0.9.13
[INFO] [stderr]    Compiling num-iter v0.1.43
[INFO] [stderr]    Compiling num-rational v0.3.2
[INFO] [stderr]    Compiling crossbeam-deque v0.8.2
[INFO] [stderr]    Compiling crossbeam-channel v0.5.6
[INFO] [stderr]    Compiling adler v1.0.2
[INFO] [stderr]    Compiling itoa v1.0.4
[INFO] [stderr]    Compiling inflections v1.1.1
[INFO] [stderr]    Compiling ryu v1.0.11
[INFO] [stderr]    Compiling miniz_oxide v0.6.2
[INFO] [stderr]    Compiling png v0.16.8
[INFO] [stderr]    Compiling atty v0.2.14
[INFO] [stderr]    Compiling color_quant v1.1.0
[INFO] [stderr]    Compiling is_ci v1.1.1
[INFO] [stderr]    Compiling bytemuck v1.12.3
[INFO] [stderr]    Compiling jpeg-decoder v0.1.22
[INFO] [stderr]    Compiling either v1.8.0
[INFO] [stderr]    Compiling supports-color v1.3.1
[INFO] [stderr]    Compiling rayon v1.6.0
[INFO] [stderr]    Compiling image v0.23.14
[INFO] [stderr]    Compiling flate2 v1.0.25
[INFO] [stderr]    Compiling base64 v0.12.3
[INFO] [stderr]    Compiling lazy_static v1.4.0
[INFO] [stderr]    Compiling png v0.17.7
[INFO] [stderr]    Compiling owo-colors v3.5.0
[INFO] [stderr]    Compiling jpeg-decoder v0.3.0
[INFO] [stderr]    Compiling instant v0.1.12
[INFO] [stderr]    Compiling base64 v0.13.1
[INFO] [stderr]    Compiling gltf-derive v1.0.0
[INFO] [stderr]    Compiling gltf-json v1.0.0
[INFO] [stderr]    Compiling gltf v1.0.0
[INFO] [stderr]    Compiling rayca v0.4.1 (/opt/rustwide/workdir)
[INFO] [stdout] error[E0432]: unresolved import `std::simd::SimdFloat`
[INFO] [stdout]  --> src/math/mat4.rs:7:19
[INFO] [stdout]   |
[INFO] [stdout] 7 |     simd::{f32x4, SimdFloat},
[INFO] [stdout]   |                   ^^^^^^^^^
[INFO] [stdout]   |                   |
[INFO] [stdout]   |                   no `SimdFloat` in `simd`
[INFO] [stdout]   |                   help: a similar name exists in the module: `StdFloat`
[INFO] [stdout]   |
[INFO] [stdout]   = help: consider importing one of these items instead:
[INFO] [stdout]           core::simd::prelude::SimdFloat
[INFO] [stdout]           std::simd::prelude::SimdFloat
[INFO] [stdout] 
[INFO] [stdout] 
[INFO] [stdout] error[E0432]: unresolved import `std::simd::SimdFloat`
[INFO] [stdout]  --> src/math/point3.rs:7:29
[INFO] [stdout]   |
[INFO] [stdout] 7 |     simd::{f32x4, mask32x4, SimdFloat},
[INFO] [stdout]   |                             ^^^^^^^^^
[INFO] [stdout]   |                             |
[INFO] [stdout]   |                             no `SimdFloat` in `simd`
[INFO] [stdout]   |                             help: a similar name exists in the module: `StdFloat`
[INFO] [stdout]   |
[INFO] [stdout]   = help: consider importing one of these items instead:
[INFO] [stdout]           core::simd::prelude::SimdFloat
[INFO] [stdout]           std::simd::prelude::SimdFloat
[INFO] [stdout] 
[INFO] [stdout] 
[INFO] [stdout] error[E0432]: unresolved import `std::simd::SimdFloat`
[INFO] [stdout]  --> src/math/quat.rs:7:29
[INFO] [stdout]   |
[INFO] [stdout] 7 |     simd::{f32x4, mask32x4, SimdFloat},
[INFO] [stdout]   |                             ^^^^^^^^^
[INFO] [stdout]   |                             |
[INFO] [stdout]   |                             no `SimdFloat` in `simd`
[INFO] [stdout]   |                             help: a similar name exists in the module: `StdFloat`
[INFO] [stdout]   |
[INFO] [stdout]   = help: consider importing one of these items instead:
[INFO] [stdout]           core::simd::prelude::SimdFloat
[INFO] [stdout]           std::simd::prelude::SimdFloat
[INFO] [stdout] 
[INFO] [stdout] 
[INFO] [stdout] warning: ambiguous glob re-exports
[INFO] [stdout]   --> src/lib.rs:29:9
[INFO] [stdout]    |
[INFO] [stdout] 29 | pub use bvh::*;
[INFO] [stdout]    |         ^^^^^^ the name `sphere` in the type namespace is first re-exported here
[INFO] [stdout] ...
[INFO] [stdout] 33 | pub use geometry::*;
[INFO] [stdout]    |         ----------- but the name `sphere` in the type namespace is also re-exported here
[INFO] [stdout]    |
[INFO] [stdout]    = note: `#[warn(ambiguous_glob_reexports)]` on by default
[INFO] [stdout] 
[INFO] [stdout] 
[INFO] [stdout] error[E0554]: `#![feature]` may not be used on the beta release channel
[INFO] [stdout]  --> src/lib.rs:5:12
[INFO] [stdout]   |
[INFO] [stdout] 5 | #![feature(portable_simd)]
[INFO] [stdout]   |            ^^^^^^^^^^^^^
[INFO] [stdout] 
[INFO] [stdout] 
[INFO] [stdout] error[E0599]: no method named `reduce_sum` found for struct `Simd` in the current scope
[INFO] [stdout]    --> src/math/mat4.rs:154:44
[INFO] [stdout]     |
[INFO] [stdout] 154 |                 ret[i][j] = (row * column).reduce_sum();
[INFO] [stdout]     |                                            ^^^^^^^^^^ method not found in `Simd<f32, 4>`
[INFO] [stdout]    --> /rustc/0e09125c6c3c2fd70d7de961bcf0e51575235fad/library/core/src/../../portable-simd/crates/core_simd/src/simd/num/float.rs:169:8
[INFO] [stdout]     |
[INFO] [stdout]     = note: the method is available for `Simd<f32, 4>` here
[INFO] [stdout]     |
[INFO] [stdout]     = help: items from traits can only be used if the trait is in scope
[INFO] [stdout] help: the following trait is implemented but not in scope; perhaps add a `use` for it:
[INFO] [stdout]     |
[INFO] [stdout] 5   + use std::simd::num::SimdFloat;
[INFO] [stdout]     |
[INFO] [stdout] 
[INFO] [stdout] 
[INFO] [stdout] error[E0599]: no method named `reduce_sum` found for struct `Simd` in the current scope
[INFO] [stdout]    --> src/math/mat4.rs:253:45
[INFO] [stdout]     |
[INFO] [stdout] 253 |                     ret[i] = (row * column).reduce_sum();
[INFO] [stdout]     |                                             ^^^^^^^^^^ method not found in `Simd<f32, 4>`
[INFO] [stdout] ...
[INFO] [stdout] 262 | impl_mul3!(Point3, Mat4);
[INFO] [stdout]     | ------------------------ in this macro invocation
[INFO] [stdout]    --> /rustc/0e09125c6c3c2fd70d7de961bcf0e51575235fad/library/core/src/../../portable-simd/crates/core_simd/src/simd/num/float.rs:169:8
[INFO] [stdout]     |
[INFO] [stdout]     = note: the method is available for `Simd<f32, 4>` here
[INFO] [stdout]     |
[INFO] [stdout]     = help: items from traits can only be used if the trait is in scope
[INFO] [stdout]     = note: this error originates in the macro `impl_mul3` (in Nightly builds, run with -Z macro-backtrace for more info)
[INFO] [stdout] help: the following trait is implemented but not in scope; perhaps add a `use` for it:
[INFO] [stdout]     |
[INFO] [stdout] 5   + use std::simd::num::SimdFloat;
[INFO] [stdout]     |
[INFO] [stdout] 
[INFO] [stdout] 
[INFO] [stdout] error[E0599]: no method named `reduce_sum` found for struct `Simd` in the current scope
[INFO] [stdout]    --> src/math/mat4.rs:253:45
[INFO] [stdout]     |
[INFO] [stdout] 253 |                     ret[i] = (row * column).reduce_sum();
[INFO] [stdout]     |                                             ^^^^^^^^^^ method not found in `Simd<f32, 4>`
[INFO] [stdout] ...
[INFO] [stdout] 263 | impl_mul3!(Vec3, Mat4);
[INFO] [stdout]     | ---------------------- in this macro invocation
[INFO] [stdout]    --> /rustc/0e09125c6c3c2fd70d7de961bcf0e51575235fad/library/core/src/../../portable-simd/crates/core_simd/src/simd/num/float.rs:169:8
[INFO] [stdout]     |
[INFO] [stdout]     = note: the method is available for `Simd<f32, 4>` here
[INFO] [stdout]     |
[INFO] [stdout]     = help: items from traits can only be used if the trait is in scope
[INFO] [stdout]     = note: this error originates in the macro `impl_mul3` (in Nightly builds, run with -Z macro-backtrace for more info)
[INFO] [stdout] help: the following trait is implemented but not in scope; perhaps add a `use` for it:
[INFO] [stdout]     |
[INFO] [stdout] 5   + use std::simd::num::SimdFloat;
[INFO] [stdout]     |
[INFO] [stdout] 
[INFO] [stdout] 
[INFO] [stdout] error[E0599]: no method named `reduce_sum` found for struct `Simd` in the current scope
[INFO] [stdout]    --> src/math/mat4.rs:253:45
[INFO] [stdout]     |
[INFO] [stdout] 253 |                     ret[i] = (row * column).reduce_sum();
[INFO] [stdout]     |                                             ^^^^^^^^^^ method not found in `Simd<f32, 4>`
[INFO] [stdout] ...
[INFO] [stdout] 264 | impl_mul3!(Point3, &Mat4);
[INFO] [stdout]     | ------------------------- in this macro invocation
[INFO] [stdout]    --> /rustc/0e09125c6c3c2fd70d7de961bcf0e51575235fad/library/core/src/../../portable-simd/crates/core_simd/src/simd/num/float.rs:169:8
[INFO] [stdout]     |
[INFO] [stdout]     = note: the method is available for `Simd<f32, 4>` here
[INFO] [stdout]     |
[INFO] [stdout]     = help: items from traits can only be used if the trait is in scope
[INFO] [stdout]     = note: this error originates in the macro `impl_mul3` (in Nightly builds, run with -Z macro-backtrace for more info)
[INFO] [stdout] help: the following trait is implemented but not in scope; perhaps add a `use` for it:
[INFO] [stdout]     |
[INFO] [stdout] 5   + use std::simd::num::SimdFloat;
[INFO] [stdout]     |
[INFO] [stdout] 
[INFO] [stdout] 
[INFO] [stdout] error[E0599]: no method named `reduce_sum` found for struct `Simd` in the current scope
[INFO] [stdout]    --> src/math/mat4.rs:253:45
[INFO] [stdout]     |
[INFO] [stdout] 253 |                     ret[i] = (row * column).reduce_sum();
[INFO] [stdout]     |                                             ^^^^^^^^^^ method not found in `Simd<f32, 4>`
[INFO] [stdout] ...
[INFO] [stdout] 265 | impl_mul3!(Vec3, &Mat4);
[INFO] [stdout]     | ----------------------- in this macro invocation
[INFO] [stdout]    --> /rustc/0e09125c6c3c2fd70d7de961bcf0e51575235fad/library/core/src/../../portable-simd/crates/core_simd/src/simd/num/float.rs:169:8
[INFO] [stdout]     |
[INFO] [stdout]     = note: the method is available for `Simd<f32, 4>` here
[INFO] [stdout]     |
[INFO] [stdout]     = help: items from traits can only be used if the trait is in scope
[INFO] [stdout]     = note: this error originates in the macro `impl_mul3` (in Nightly builds, run with -Z macro-backtrace for more info)
[INFO] [stdout] help: the following trait is implemented but not in scope; perhaps add a `use` for it:
[INFO] [stdout]     |
[INFO] [stdout] 5   + use std::simd::num::SimdFloat;
[INFO] [stdout]     |
[INFO] [stdout] 
[INFO] [stdout] 
[INFO] [stdout] error[E0599]: no method named `simd_min` found for struct `Simd` in the current scope
[INFO] [stdout]   --> src/math/point3.rs:65:30
[INFO] [stdout]    |
[INFO] [stdout] 65 |         Self::simd(self.simd.simd_min(other.simd))
[INFO] [stdout]    |                              ^^^^^^^^ method not found in `Simd<f32, 4>`
[INFO] [stdout]   --> /rustc/0e09125c6c3c2fd70d7de961bcf0e51575235fad/library/core/src/../../portable-simd/crates/core_simd/src/simd/num/float.rs:141:8
[INFO] [stdout]    |
[INFO] [stdout]    = note: the method is available for `Simd<f32, 4>` here
[INFO] [stdout]    |
[INFO] [stdout]    = help: items from traits can only be used if the trait is in scope
[INFO] [stdout] help: the following trait is implemented but not in scope; perhaps add a `use` for it:
[INFO] [stdout]    |
[INFO] [stdout] 5  + use std::simd::num::SimdFloat;
[INFO] [stdout]    |
[INFO] [stdout] 
[INFO] [stdout] 
[INFO] [stdout] error[E0599]: no method named `simd_max` found for struct `Simd` in the current scope
[INFO] [stdout]   --> src/math/point3.rs:69:30
[INFO] [stdout]    |
[INFO] [stdout] 69 |         Self::simd(self.simd.simd_max(other.simd))
[INFO] [stdout]    |                              ^^^^^^^^ method not found in `Simd<f32, 4>`
[INFO] [stdout]   --> /rustc/0e09125c6c3c2fd70d7de961bcf0e51575235fad/library/core/src/../../portable-simd/crates/core_simd/src/simd/num/float.rs:147:8
[INFO] [stdout]    |
[INFO] [stdout]    = note: the method is available for `Simd<f32, 4>` here
[INFO] [stdout]    |
[INFO] [stdout]    = help: items from traits can only be used if the trait is in scope
[INFO] [stdout] help: the following trait is implemented but not in scope; perhaps add a `use` for it:
[INFO] [stdout]    |
[INFO] [stdout] 5  + use std::simd::num::SimdFloat;
[INFO] [stdout]    |
[INFO] [stdout] 
[INFO] [stdout] 
[INFO] [stdout] error[E0599]: no method named `reduce_sum` found for struct `Simd` in the current scope
[INFO] [stdout]   --> src/math/point3.rs:76:14
[INFO] [stdout]    |
[INFO] [stdout] 76 |         mul4.reduce_sum()
[INFO] [stdout]    |              ^^^^^^^^^^ method not found in `Simd<f32, 4>`
[INFO] [stdout]   --> /rustc/0e09125c6c3c2fd70d7de961bcf0e51575235fad/library/core/src/../../portable-simd/crates/core_simd/src/simd/num/float.rs:169:8
[INFO] [stdout]    |
[INFO] [stdout]    = note: the method is available for `Simd<f32, 4>` here
[INFO] [stdout]    |
[INFO] [stdout]    = help: items from traits can only be used if the trait is in scope
[INFO] [stdout] help: the following trait is implemented but not in scope; perhaps add a `use` for it:
[INFO] [stdout]    |
[INFO] [stdout] 5  + use std::simd::num::SimdFloat;
[INFO] [stdout]    |
[INFO] [stdout] 
[INFO] [stdout] 
[INFO] [stdout] error[E0599]: no method named `reduce_sum` found for struct `Simd` in the current scope
[INFO] [stdout]   --> src/math/point3.rs:83:14
[INFO] [stdout]    |
[INFO] [stdout] 83 |         mul4.reduce_sum()
[INFO] [stdout]    |              ^^^^^^^^^^ method not found in `Simd<f32, 4>`
[INFO] [stdout]   --> /rustc/0e09125c6c3c2fd70d7de961bcf0e51575235fad/library/core/src/../../portable-simd/crates/core_simd/src/simd/num/float.rs:169:8
[INFO] [stdout]    |
[INFO] [stdout]    = note: the method is available for `Simd<f32, 4>` here
[INFO] [stdout]    |
[INFO] [stdout]    = help: items from traits can only be used if the trait is in scope
[INFO] [stdout] help: the following trait is implemented but not in scope; perhaps add a `use` for it:
[INFO] [stdout]    |
[INFO] [stdout] 5  + use std::simd::num::SimdFloat;
[INFO] [stdout]    |
[INFO] [stdout] 
[INFO] [stdout] 
[INFO] [stdout] error[E0599]: no method named `reduce_sum` found for struct `Simd` in the current scope
[INFO] [stdout]   --> src/math/quat.rs:61:32
[INFO] [stdout]    |
[INFO] [stdout] 61 |         (self.simd * rhs.simd).reduce_sum()
[INFO] [stdout]    |                                ^^^^^^^^^^ method not found in `Simd<f32, 4>`
[INFO] [stdout]   --> /rustc/0e09125c6c3c2fd70d7de961bcf0e51575235fad/library/core/src/../../portable-simd/crates/core_simd/src/simd/num/float.rs:169:8
[INFO] [stdout]    |
[INFO] [stdout]    = note: the method is available for `Simd<f32, 4>` here
[INFO] [stdout]    |
[INFO] [stdout]    = help: items from traits can only be used if the trait is in scope
[INFO] [stdout] help: the following trait is implemented but not in scope; perhaps add a `use` for it:
[INFO] [stdout]    |
[INFO] [stdout] 5  + use std::simd::num::SimdFloat;
[INFO] [stdout]    |
[INFO] [stdout] 
[INFO] [stdout] 
[INFO] [stdout] error[E0599]: no method named `abs` found for struct `Simd` in the current scope
[INFO] [stdout]   --> src/math/vec3.rs:69:31
[INFO] [stdout]    |
[INFO] [stdout] 69 |         self.simd = self.simd.abs();
[INFO] [stdout]    |                               ^^^ method not found in `Simd<f32, 4>`
[INFO] [stdout]   --> /rustc/0e09125c6c3c2fd70d7de961bcf0e51575235fad/library/core/src/../../portable-simd/crates/core_simd/src/simd/num/float.rs:78:8
[INFO] [stdout]    |
[INFO] [stdout]    = note: the method is available for `Simd<f32, 4>` here
[INFO] [stdout]    |
[INFO] [stdout]    = help: items from traits can only be used if the trait is in scope
[INFO] [stdout] help: the following trait is implemented but not in scope; perhaps add a `use` for it:
[INFO] [stdout]    |
[INFO] [stdout] 5  + use std::simd::num::SimdFloat;
[INFO] [stdout]    |
[INFO] [stdout] 
[INFO] [stdout] 
[INFO] [stdout] error[E0599]: no method named `simd_min` found for struct `Simd` in the current scope
[INFO] [stdout]   --> src/math/vec3.rs:79:30
[INFO] [stdout]    |
[INFO] [stdout] 79 |         Self::simd(self.simd.simd_min(other.simd))
[INFO] [stdout]    |                              ^^^^^^^^ method not found in `Simd<f32, 4>`
[INFO] [stdout]   --> /rustc/0e09125c6c3c2fd70d7de961bcf0e51575235fad/library/core/src/../../portable-simd/crates/core_simd/src/simd/num/float.rs:141:8
[INFO] [stdout]    |
[INFO] [stdout]    = note: the method is available for `Simd<f32, 4>` here
[INFO] [stdout]    |
[INFO] [stdout]    = help: items from traits can only be used if the trait is in scope
[INFO] [stdout] help: the following trait is implemented but not in scope; perhaps add a `use` for it:
[INFO] [stdout]    |
[INFO] [stdout] 5  + use std::simd::num::SimdFloat;
[INFO] [stdout]    |
[INFO] [stdout] 
[INFO] [stdout] 
[INFO] [stdout] error[E0599]: no method named `simd_max` found for struct `Simd` in the current scope
[INFO] [stdout]   --> src/math/vec3.rs:83:30
[INFO] [stdout]    |
[INFO] [stdout] 83 |         Self::simd(self.simd.simd_max(other.simd))
[INFO] [stdout]    |                              ^^^^^^^^ method not found in `Simd<f32, 4>`
[INFO] [stdout]   --> /rustc/0e09125c6c3c2fd70d7de961bcf0e51575235fad/library/core/src/../../portable-simd/crates/core_simd/src/simd/num/float.rs:147:8
[INFO] [stdout]    |
[INFO] [stdout]    = note: the method is available for `Simd<f32, 4>` here
[INFO] [stdout]    |
[INFO] [stdout]    = help: items from traits can only be used if the trait is in scope
[INFO] [stdout] help: the following trait is implemented but not in scope; perhaps add a `use` for it:
[INFO] [stdout]    |
[INFO] [stdout] 5  + use std::simd::num::SimdFloat;
[INFO] [stdout]    |
[INFO] [stdout] 
[INFO] [stdout] 
[INFO] [stdout] error[E0599]: no method named `reduce_sum` found for struct `Simd` in the current scope
[INFO] [stdout]    --> src/math/vec3.rs:170:14
[INFO] [stdout]     |
[INFO] [stdout] 170 |         mul3.reduce_sum()
[INFO] [stdout]     |              ^^^^^^^^^^ method not found in `Simd<f32, 4>`
[INFO] [stdout]    --> /rustc/0e09125c6c3c2fd70d7de961bcf0e51575235fad/library/core/src/../../portable-simd/crates/core_simd/src/simd/num/float.rs:169:8
[INFO] [stdout]     |
[INFO] [stdout]     = note: the method is available for `Simd<f32, 4>` here
[INFO] [stdout]     |
[INFO] [stdout]     = help: items from traits can only be used if the trait is in scope
[INFO] [stdout] help: the following trait is implemented but not in scope; perhaps add a `use` for it:
[INFO] [stdout]     |
[INFO] [stdout] 5   + use std::simd::num::SimdFloat;
[INFO] [stdout]     |
[INFO] [stdout] 
[INFO] [stdout] 
[INFO] [stdout] error: aborting due to 18 previous errors; 1 warning emitted
[INFO] [stdout] 
[INFO] [stdout] 
[INFO] [stdout] Some errors have detailed explanations: E0432, E0554, E0599.
[INFO] [stdout] 
[INFO] [stdout] For more information about an error, try `rustc --explain E0432`.
[INFO] [stdout] 
[INFO] [stderr] error: could not compile `rayca` (lib) due to 19 previous errors; 1 warning emitted
[INFO] running `Command { std: "docker" "inspect" "47c2227404c9b647fe03203b2cb2de06039db92ec2223c4f7f66491683cbf75c", kill_on_drop: false }`
[INFO] running `Command { std: "docker" "rm" "-f" "47c2227404c9b647fe03203b2cb2de06039db92ec2223c4f7f66491683cbf75c", kill_on_drop: false }`
[INFO] [stdout] 47c2227404c9b647fe03203b2cb2de06039db92ec2223c4f7f66491683cbf75c
