[INFO] cloning repository https://github.com/FabinhoSchramm/variaveis
[INFO] running `Command { std: "git" "-c" "credential.helper=" "-c" "credential.helper=/workspace/cargo-home/bin/git-credential-null" "clone" "--bare" "https://github.com/FabinhoSchramm/variaveis" "/workspace/cache/git-repos/https%3A%2F%2Fgithub.com%2FFabinhoSchramm%2Fvariaveis", kill_on_drop: false }`
[INFO] [stderr] Cloning into bare repository '/workspace/cache/git-repos/https%3A%2F%2Fgithub.com%2FFabinhoSchramm%2Fvariaveis'...
[INFO] running `Command { std: "git" "rev-parse" "HEAD", kill_on_drop: false }`
[INFO] [stdout] 6a56bc134252317ec0cb06661b5b41261968ee6d
[INFO] testing FabinhoSchramm/variaveis against 1.75.0 for beta-1.76-1
[INFO] running `Command { std: "git" "clone" "/workspace/cache/git-repos/https%3A%2F%2Fgithub.com%2FFabinhoSchramm%2Fvariaveis" "/workspace/builds/worker-0-tc1/source", kill_on_drop: false }`
[INFO] [stderr] Cloning into '/workspace/builds/worker-0-tc1/source'...
[INFO] [stderr] done.
[INFO] validating manifest of git repo https://github.com/FabinhoSchramm/variaveis on toolchain 1.75.0
[INFO] running `Command { std: CARGO_HOME="/workspace/cargo-home" RUSTUP_HOME="/workspace/rustup-home" "/workspace/cargo-home/bin/cargo" "+1.75.0" "metadata" "--manifest-path" "Cargo.toml" "--no-deps", kill_on_drop: false }`
[INFO] started tweaking git repo https://github.com/FabinhoSchramm/variaveis
[INFO] finished tweaking git repo https://github.com/FabinhoSchramm/variaveis
[INFO] tweaked toml for git repo https://github.com/FabinhoSchramm/variaveis written to /workspace/builds/worker-0-tc1/source/Cargo.toml
[INFO] crate git repo https://github.com/FabinhoSchramm/variaveis already has a lockfile, it will not be regenerated
[INFO] running `Command { std: CARGO_HOME="/workspace/cargo-home" RUSTUP_HOME="/workspace/rustup-home" "/workspace/cargo-home/bin/cargo" "+1.75.0" "fetch" "--manifest-path" "Cargo.toml", kill_on_drop: false }`
[INFO] running `Command { std: "docker" "create" "-v" "/var/lib/crater-agent-workspace/builds/worker-0-tc1/target:/opt/rustwide/target:rw,Z" "-v" "/var/lib/crater-agent-workspace/builds/worker-0-tc1/source:/opt/rustwide/workdir:ro,Z" "-v" "/var/lib/crater-agent-workspace/cargo-home:/opt/rustwide/cargo-home:ro,Z" "-v" "/var/lib/crater-agent-workspace/rustup-home:/opt/rustwide/rustup-home:ro,Z" "-e" "SOURCE_DIR=/opt/rustwide/workdir" "-e" "CARGO_TARGET_DIR=/opt/rustwide/target" "-e" "CARGO_HOME=/opt/rustwide/cargo-home" "-e" "RUSTUP_HOME=/opt/rustwide/rustup-home" "-w" "/opt/rustwide/workdir" "-m" "1610612736" "--user" "0:0" "--network" "none" "ghcr.io/rust-lang/crates-build-env/linux@sha256:2788e3201cd34a07e3172128adcd8b3090168a8e3bcc40d7c032b9dda1df7d1c" "/opt/rustwide/cargo-home/bin/cargo" "+1.75.0" "metadata" "--no-deps" "--format-version=1", kill_on_drop: false }`
[INFO] [stdout] c25c55a0acf5a3454870b0f3e8ddd38e63d4d7270e9f19a28ea952abdd2ff625
[INFO] running `Command { std: "docker" "start" "-a" "c25c55a0acf5a3454870b0f3e8ddd38e63d4d7270e9f19a28ea952abdd2ff625", kill_on_drop: false }`
[INFO] running `Command { std: "docker" "inspect" "c25c55a0acf5a3454870b0f3e8ddd38e63d4d7270e9f19a28ea952abdd2ff625", kill_on_drop: false }`
[INFO] running `Command { std: "docker" "rm" "-f" "c25c55a0acf5a3454870b0f3e8ddd38e63d4d7270e9f19a28ea952abdd2ff625", kill_on_drop: false }`
[INFO] [stdout] c25c55a0acf5a3454870b0f3e8ddd38e63d4d7270e9f19a28ea952abdd2ff625
[INFO] running `Command { std: "docker" "create" "-v" "/var/lib/crater-agent-workspace/builds/worker-0-tc1/target:/opt/rustwide/target:rw,Z" "-v" "/var/lib/crater-agent-workspace/builds/worker-0-tc1/source:/opt/rustwide/workdir:ro,Z" "-v" "/var/lib/crater-agent-workspace/cargo-home:/opt/rustwide/cargo-home:ro,Z" "-v" "/var/lib/crater-agent-workspace/rustup-home:/opt/rustwide/rustup-home:ro,Z" "-e" "SOURCE_DIR=/opt/rustwide/workdir" "-e" "CARGO_TARGET_DIR=/opt/rustwide/target" "-e" "CARGO_INCREMENTAL=0" "-e" "RUST_BACKTRACE=full" "-e" "RUSTFLAGS=--cap-lints=warn" "-e" "RUSTDOCFLAGS=--cap-lints=warn" "-e" "CARGO_HOME=/opt/rustwide/cargo-home" "-e" "RUSTUP_HOME=/opt/rustwide/rustup-home" "-w" "/opt/rustwide/workdir" "-m" "1610612736" "--user" "0:0" "--network" "none" "ghcr.io/rust-lang/crates-build-env/linux@sha256:2788e3201cd34a07e3172128adcd8b3090168a8e3bcc40d7c032b9dda1df7d1c" "/opt/rustwide/cargo-home/bin/cargo" "+1.75.0" "build" "--frozen" "--message-format=json", kill_on_drop: false }`
[INFO] [stdout] 60a6d155fca1e2d32be0f31bee2c8f99b5ac9658b9daeea0e3c785713a6b6637
[INFO] running `Command { std: "docker" "start" "-a" "60a6d155fca1e2d32be0f31bee2c8f99b5ac9658b9daeea0e3c785713a6b6637", kill_on_drop: false }`
[INFO] [stderr]    Compiling variaveis v0.1.0 (/opt/rustwide/workdir)
[INFO] [stdout] error[E0428]: the name `main` is defined multiple times
[INFO] [stdout]  --> src/main.rs:8:1
[INFO] [stdout]   |
[INFO] [stdout] 1 | fn main() {
[INFO] [stdout]   | --------- previous definition of the value `main` here
[INFO] [stdout] ...
[INFO] [stdout] 8 | fn main() {
[INFO] [stdout]   | ^^^^^^^^^ `main` redefined here
[INFO] [stdout]   |
[INFO] [stdout]   = note: `main` must be defined only once in the value namespace of this module
[INFO] [stdout] 
[INFO] [stdout] 
[INFO] [stdout] error[E0428]: the name `main` is defined multiple times
[INFO] [stdout]   --> src/main.rs:14:1
[INFO] [stdout]    |
[INFO] [stdout] 1  | fn main() {
[INFO] [stdout]    | --------- previous definition of the value `main` here
[INFO] [stdout] ...
[INFO] [stdout] 14 | fn main() {
[INFO] [stdout]    | ^^^^^^^^^ `main` redefined here
[INFO] [stdout]    |
[INFO] [stdout]    = note: `main` must be defined only once in the value namespace of this module
[INFO] [stdout] 
[INFO] [stdout] 
[INFO] [stdout] error[E0428]: the name `main` is defined multiple times
[INFO] [stdout]   --> src/main.rs:31:1
[INFO] [stdout]    |
[INFO] [stdout] 1  | fn main() {
[INFO] [stdout]    | --------- previous definition of the value `main` here
[INFO] [stdout] ...
[INFO] [stdout] 31 | fn main() {
[INFO] [stdout]    | ^^^^^^^^^ `main` redefined here
[INFO] [stdout]    |
[INFO] [stdout]    = note: `main` must be defined only once in the value namespace of this module
[INFO] [stdout] 
[INFO] [stdout] 
[INFO] [stdout] error[E0428]: the name `main` is defined multiple times
[INFO] [stdout]   --> src/main.rs:37:1
[INFO] [stdout]    |
[INFO] [stdout] 1  | fn main() {
[INFO] [stdout]    | --------- previous definition of the value `main` here
[INFO] [stdout] ...
[INFO] [stdout] 37 | fn main() {
[INFO] [stdout]    | ^^^^^^^^^ `main` redefined here
[INFO] [stdout]    |
[INFO] [stdout]    = note: `main` must be defined only once in the value namespace of this module
[INFO] [stdout] 
[INFO] [stdout] 
[INFO] [stdout] error[E0428]: the name `main` is defined multiple times
[INFO] [stdout]   --> src/main.rs:43:1
[INFO] [stdout]    |
[INFO] [stdout] 1  | fn main() {
[INFO] [stdout]    | --------- previous definition of the value `main` here
[INFO] [stdout] ...
[INFO] [stdout] 43 | fn main() {
[INFO] [stdout]    | ^^^^^^^^^ `main` redefined here
[INFO] [stdout]    |
[INFO] [stdout]    = note: `main` must be defined only once in the value namespace of this module
[INFO] [stdout] 
[INFO] [stdout] 
[INFO] [stdout] error[E0428]: the name `main` is defined multiple times
[INFO] [stdout]   --> src/main.rs:47:1
[INFO] [stdout]    |
[INFO] [stdout] 1  | fn main() {
[INFO] [stdout]    | --------- previous definition of the value `main` here
[INFO] [stdout] ...
[INFO] [stdout] 47 | fn main() {
[INFO] [stdout]    | ^^^^^^^^^ `main` redefined here
[INFO] [stdout]    |
[INFO] [stdout]    = note: `main` must be defined only once in the value namespace of this module
[INFO] [stdout] 
[INFO] [stdout] 
[INFO] [stdout] error[E0428]: the name `main` is defined multiple times
[INFO] [stdout]   --> src/main.rs:55:1
[INFO] [stdout]    |
[INFO] [stdout] 1  | fn main() {
[INFO] [stdout]    | --------- previous definition of the value `main` here
[INFO] [stdout] ...
[INFO] [stdout] 55 | fn main() {
[INFO] [stdout]    | ^^^^^^^^^ `main` redefined here
[INFO] [stdout]    |
[INFO] [stdout]    = note: `main` must be defined only once in the value namespace of this module
[INFO] [stdout] 
[INFO] [stdout] 
[INFO] [stdout] error: aborting due to 7 previous errors
[INFO] [stdout] 
[INFO] [stdout] 
[INFO] [stdout] For more information about this error, try `rustc --explain E0428`.
[INFO] [stdout] 
[INFO] [stderr] error: could not compile `variaveis` (bin "variaveis") due to 8 previous errors
[INFO] running `Command { std: "docker" "inspect" "60a6d155fca1e2d32be0f31bee2c8f99b5ac9658b9daeea0e3c785713a6b6637", kill_on_drop: false }`
[INFO] running `Command { std: "docker" "rm" "-f" "60a6d155fca1e2d32be0f31bee2c8f99b5ac9658b9daeea0e3c785713a6b6637", kill_on_drop: false }`
[INFO] [stdout] 60a6d155fca1e2d32be0f31bee2c8f99b5ac9658b9daeea0e3c785713a6b6637
[INFO] testing FabinhoSchramm/variaveis against beta-2023-12-22 for beta-1.76-1
[INFO] running `Command { std: "git" "clone" "/workspace/cache/git-repos/https%3A%2F%2Fgithub.com%2FFabinhoSchramm%2Fvariaveis" "/workspace/builds/worker-0-tc2/source", kill_on_drop: false }`
[INFO] [stderr] Cloning into '/workspace/builds/worker-0-tc2/source'...
[INFO] [stderr] done.
[INFO] validating manifest of git repo https://github.com/FabinhoSchramm/variaveis on toolchain beta-2023-12-22
[INFO] running `Command { std: CARGO_HOME="/workspace/cargo-home" RUSTUP_HOME="/workspace/rustup-home" "/workspace/cargo-home/bin/cargo" "+beta-2023-12-22" "metadata" "--manifest-path" "Cargo.toml" "--no-deps", kill_on_drop: false }`
[INFO] started tweaking git repo https://github.com/FabinhoSchramm/variaveis
[INFO] finished tweaking git repo https://github.com/FabinhoSchramm/variaveis
[INFO] tweaked toml for git repo https://github.com/FabinhoSchramm/variaveis written to /workspace/builds/worker-0-tc2/source/Cargo.toml
[INFO] crate git repo https://github.com/FabinhoSchramm/variaveis already has a lockfile, it will not be regenerated
[INFO] running `Command { std: CARGO_HOME="/workspace/cargo-home" RUSTUP_HOME="/workspace/rustup-home" "/workspace/cargo-home/bin/cargo" "+beta-2023-12-22" "fetch" "--manifest-path" "Cargo.toml", kill_on_drop: false }`
[INFO] running `Command { std: "docker" "create" "-v" "/var/lib/crater-agent-workspace/builds/worker-0-tc2/target:/opt/rustwide/target:rw,Z" "-v" "/var/lib/crater-agent-workspace/builds/worker-0-tc2/source:/opt/rustwide/workdir:ro,Z" "-v" "/var/lib/crater-agent-workspace/cargo-home:/opt/rustwide/cargo-home:ro,Z" "-v" "/var/lib/crater-agent-workspace/rustup-home:/opt/rustwide/rustup-home:ro,Z" "-e" "SOURCE_DIR=/opt/rustwide/workdir" "-e" "CARGO_TARGET_DIR=/opt/rustwide/target" "-e" "CARGO_HOME=/opt/rustwide/cargo-home" "-e" "RUSTUP_HOME=/opt/rustwide/rustup-home" "-w" "/opt/rustwide/workdir" "-m" "1610612736" "--user" "0:0" "--network" "none" "ghcr.io/rust-lang/crates-build-env/linux@sha256:2788e3201cd34a07e3172128adcd8b3090168a8e3bcc40d7c032b9dda1df7d1c" "/opt/rustwide/cargo-home/bin/cargo" "+beta-2023-12-22" "metadata" "--no-deps" "--format-version=1", kill_on_drop: false }`
[INFO] [stdout] 6369e50f3437f006e92a3887b25f0e31a3345c73863e4a35ad7aa580663ecf89
[INFO] running `Command { std: "docker" "start" "-a" "6369e50f3437f006e92a3887b25f0e31a3345c73863e4a35ad7aa580663ecf89", kill_on_drop: false }`
[INFO] running `Command { std: "docker" "inspect" "6369e50f3437f006e92a3887b25f0e31a3345c73863e4a35ad7aa580663ecf89", kill_on_drop: false }`
[INFO] running `Command { std: "docker" "rm" "-f" "6369e50f3437f006e92a3887b25f0e31a3345c73863e4a35ad7aa580663ecf89", kill_on_drop: false }`
[INFO] [stdout] 6369e50f3437f006e92a3887b25f0e31a3345c73863e4a35ad7aa580663ecf89
[INFO] running `Command { std: "docker" "create" "-v" "/var/lib/crater-agent-workspace/builds/worker-0-tc2/target:/opt/rustwide/target:rw,Z" "-v" "/var/lib/crater-agent-workspace/builds/worker-0-tc2/source:/opt/rustwide/workdir:ro,Z" "-v" "/var/lib/crater-agent-workspace/cargo-home:/opt/rustwide/cargo-home:ro,Z" "-v" "/var/lib/crater-agent-workspace/rustup-home:/opt/rustwide/rustup-home:ro,Z" "-e" "SOURCE_DIR=/opt/rustwide/workdir" "-e" "CARGO_TARGET_DIR=/opt/rustwide/target" "-e" "CARGO_INCREMENTAL=0" "-e" "RUST_BACKTRACE=full" "-e" "RUSTFLAGS=--cap-lints=warn" "-e" "RUSTDOCFLAGS=--cap-lints=warn" "-e" "CARGO_HOME=/opt/rustwide/cargo-home" "-e" "RUSTUP_HOME=/opt/rustwide/rustup-home" "-w" "/opt/rustwide/workdir" "-m" "1610612736" "--user" "0:0" "--network" "none" "ghcr.io/rust-lang/crates-build-env/linux@sha256:2788e3201cd34a07e3172128adcd8b3090168a8e3bcc40d7c032b9dda1df7d1c" "/opt/rustwide/cargo-home/bin/cargo" "+beta-2023-12-22" "build" "--frozen" "--message-format=json", kill_on_drop: false }`
[INFO] [stdout] 5e4a212cba1fad65b75301c369ba30c2ddea18656d7aa74952c2ef71bd28124f
[INFO] running `Command { std: "docker" "start" "-a" "5e4a212cba1fad65b75301c369ba30c2ddea18656d7aa74952c2ef71bd28124f", kill_on_drop: false }`
[INFO] [stderr]    Compiling variaveis v0.1.0 (/opt/rustwide/workdir)
[INFO] [stdout] error[E0428]: the name `main` is defined multiple times
[INFO] [stdout]  --> src/main.rs:8:1
[INFO] [stdout]   |
[INFO] [stdout] 1 | fn main() {
[INFO] [stdout]   | --------- previous definition of the value `main` here
[INFO] [stdout] ...
[INFO] [stdout] 8 | fn main() {
[INFO] [stdout]   | ^^^^^^^^^ `main` redefined here
[INFO] [stdout]   |
[INFO] [stdout]   = note: `main` must be defined only once in the value namespace of this module
[INFO] [stdout] 
[INFO] [stdout] 
[INFO] [stdout] error[E0428]: the name `main` is defined multiple times
[INFO] [stdout]   --> src/main.rs:14:1
[INFO] [stdout]    |
[INFO] [stdout] 1  | fn main() {
[INFO] [stdout]    | --------- previous definition of the value `main` here
[INFO] [stdout] ...
[INFO] [stdout] 14 | fn main() {
[INFO] [stdout]    | ^^^^^^^^^ `main` redefined here
[INFO] [stdout]    |
[INFO] [stdout]    = note: `main` must be defined only once in the value namespace of this module
[INFO] [stdout] 
[INFO] [stdout] 
[INFO] [stdout] error[E0428]: the name `main` is defined multiple times
[INFO] [stdout]   --> src/main.rs:31:1
[INFO] [stdout]    |
[INFO] [stdout] 1  | fn main() {
[INFO] [stdout]    | --------- previous definition of the value `main` here
[INFO] [stdout] ...
[INFO] [stdout] 31 | fn main() {
[INFO] [stdout]    | ^^^^^^^^^ `main` redefined here
[INFO] [stdout]    |
[INFO] [stdout]    = note: `main` must be defined only once in the value namespace of this module
[INFO] [stdout] 
[INFO] [stdout] 
[INFO] [stdout] error[E0428]: the name `main` is defined multiple times
[INFO] [stdout]   --> src/main.rs:37:1
[INFO] [stdout]    |
[INFO] [stdout] 1  | fn main() {
[INFO] [stdout]    | --------- previous definition of the value `main` here
[INFO] [stdout] ...
[INFO] [stdout] 37 | fn main() {
[INFO] [stdout]    | ^^^^^^^^^ `main` redefined here
[INFO] [stdout]    |
[INFO] [stdout]    = note: `main` must be defined only once in the value namespace of this module
[INFO] [stdout] 
[INFO] [stdout] 
[INFO] [stdout] error[E0428]: the name `main` is defined multiple times
[INFO] [stdout]   --> src/main.rs:43:1
[INFO] [stdout]    |
[INFO] [stdout] 1  | fn main() {
[INFO] [stdout]    | --------- previous definition of the value `main` here
[INFO] [stdout] ...
[INFO] [stdout] 43 | fn main() {
[INFO] [stdout]    | ^^^^^^^^^ `main` redefined here
[INFO] [stdout]    |
[INFO] [stdout]    = note: `main` must be defined only once in the value namespace of this module
[INFO] [stdout] 
[INFO] [stdout] 
[INFO] [stdout] error[E0428]: the name `main` is defined multiple times
[INFO] [stdout]   --> src/main.rs:47:1
[INFO] [stdout]    |
[INFO] [stdout] 1  | fn main() {
[INFO] [stdout]    | --------- previous definition of the value `main` here
[INFO] [stdout] ...
[INFO] [stdout] 47 | fn main() {
[INFO] [stdout]    | ^^^^^^^^^ `main` redefined here
[INFO] [stdout]    |
[INFO] [stdout]    = note: `main` must be defined only once in the value namespace of this module
[INFO] [stdout] 
[INFO] [stdout] 
[INFO] [stdout] error[E0428]: the name `main` is defined multiple times
[INFO] [stdout]   --> src/main.rs:55:1
[INFO] [stdout]    |
[INFO] [stdout] 1  | fn main() {
[INFO] [stdout]    | --------- previous definition of the value `main` here
[INFO] [stdout] ...
[INFO] [stdout] 55 | fn main() {
[INFO] [stdout]    | ^^^^^^^^^ `main` redefined here
[INFO] [stdout]    |
[INFO] [stdout]    = note: `main` must be defined only once in the value namespace of this module
[INFO] [stdout] 
[INFO] [stdout] 
[INFO] [stdout] error: aborting due to 7 previous errors
[INFO] [stdout] 
[INFO] [stdout] 
[INFO] [stdout] For more information about this error, try `rustc --explain E0428`.
[INFO] [stdout] 
[INFO] [stderr] error: could not compile `variaveis` (bin "variaveis") due to 8 previous errors
[INFO] running `Command { std: "docker" "inspect" "5e4a212cba1fad65b75301c369ba30c2ddea18656d7aa74952c2ef71bd28124f", kill_on_drop: false }`
[INFO] running `Command { std: "docker" "rm" "-f" "5e4a212cba1fad65b75301c369ba30c2ddea18656d7aa74952c2ef71bd28124f", kill_on_drop: false }`
[INFO] [stdout] 5e4a212cba1fad65b75301c369ba30c2ddea18656d7aa74952c2ef71bd28124f
