[INFO] cloning repository https://github.com/FMhyxeee/kv
[INFO] running `Command { std: "git" "-c" "credential.helper=" "-c" "credential.helper=/workspace/cargo-home/bin/git-credential-null" "clone" "--bare" "https://github.com/FMhyxeee/kv" "/workspace/cache/git-repos/https%3A%2F%2Fgithub.com%2FFMhyxeee%2Fkv", kill_on_drop: false }`
[INFO] [stderr] Cloning into bare repository '/workspace/cache/git-repos/https%3A%2F%2Fgithub.com%2FFMhyxeee%2Fkv'...
[INFO] running `Command { std: "git" "rev-parse" "HEAD", kill_on_drop: false }`
[INFO] [stdout] d4bf5009e36021f02e329cd17a9986286e879c69
[INFO] testing FMhyxeee/kv against 1.75.0 for beta-1.76-1
[INFO] running `Command { std: "git" "clone" "/workspace/cache/git-repos/https%3A%2F%2Fgithub.com%2FFMhyxeee%2Fkv" "/workspace/builds/worker-6-tc1/source", kill_on_drop: false }`
[INFO] [stderr] Cloning into '/workspace/builds/worker-6-tc1/source'...
[INFO] [stderr] done.
[INFO] validating manifest of git repo https://github.com/FMhyxeee/kv on toolchain 1.75.0
[INFO] running `Command { std: CARGO_HOME="/workspace/cargo-home" RUSTUP_HOME="/workspace/rustup-home" "/workspace/cargo-home/bin/cargo" "+1.75.0" "metadata" "--manifest-path" "Cargo.toml" "--no-deps", kill_on_drop: false }`
[INFO] started tweaking git repo https://github.com/FMhyxeee/kv
[INFO] finished tweaking git repo https://github.com/FMhyxeee/kv
[INFO] tweaked toml for git repo https://github.com/FMhyxeee/kv written to /workspace/builds/worker-6-tc1/source/Cargo.toml
[INFO] crate git repo https://github.com/FMhyxeee/kv already has a lockfile, it will not be regenerated
[INFO] running `Command { std: CARGO_HOME="/workspace/cargo-home" RUSTUP_HOME="/workspace/rustup-home" "/workspace/cargo-home/bin/cargo" "+1.75.0" "fetch" "--manifest-path" "Cargo.toml", kill_on_drop: false }`
[INFO] [stderr]     Blocking waiting for file lock on package cache
[INFO] [stderr]     Updating crates.io index
[INFO] [stderr]  Downloading crates ...
[INFO] [stderr]   Downloaded rcgen v0.8.14
[INFO] [stderr]   Downloaded async-prost v0.2.1
[INFO] [stderr]   Downloaded certify v0.3.1
[INFO] running `Command { std: "docker" "create" "-v" "/var/lib/crater-agent-workspace/builds/worker-6-tc1/target:/opt/rustwide/target:rw,Z" "-v" "/var/lib/crater-agent-workspace/builds/worker-6-tc1/source:/opt/rustwide/workdir:ro,Z" "-v" "/var/lib/crater-agent-workspace/cargo-home:/opt/rustwide/cargo-home:ro,Z" "-v" "/var/lib/crater-agent-workspace/rustup-home:/opt/rustwide/rustup-home:ro,Z" "-e" "SOURCE_DIR=/opt/rustwide/workdir" "-e" "CARGO_TARGET_DIR=/opt/rustwide/target" "-e" "CARGO_HOME=/opt/rustwide/cargo-home" "-e" "RUSTUP_HOME=/opt/rustwide/rustup-home" "-w" "/opt/rustwide/workdir" "-m" "1610612736" "--user" "0:0" "--network" "none" "ghcr.io/rust-lang/crates-build-env/linux@sha256:2788e3201cd34a07e3172128adcd8b3090168a8e3bcc40d7c032b9dda1df7d1c" "/opt/rustwide/cargo-home/bin/cargo" "+1.75.0" "metadata" "--no-deps" "--format-version=1", kill_on_drop: false }`
[INFO] [stdout] 72435fa2b0f4926b89480b83a94ef2ae3a56aff5c0bc787d9ebc45d094698ccd
[INFO] running `Command { std: "docker" "start" "-a" "72435fa2b0f4926b89480b83a94ef2ae3a56aff5c0bc787d9ebc45d094698ccd", kill_on_drop: false }`
[INFO] running `Command { std: "docker" "inspect" "72435fa2b0f4926b89480b83a94ef2ae3a56aff5c0bc787d9ebc45d094698ccd", kill_on_drop: false }`
[INFO] running `Command { std: "docker" "rm" "-f" "72435fa2b0f4926b89480b83a94ef2ae3a56aff5c0bc787d9ebc45d094698ccd", kill_on_drop: false }`
[INFO] [stdout] 72435fa2b0f4926b89480b83a94ef2ae3a56aff5c0bc787d9ebc45d094698ccd
[INFO] running `Command { std: "docker" "create" "-v" "/var/lib/crater-agent-workspace/builds/worker-6-tc1/target:/opt/rustwide/target:rw,Z" "-v" "/var/lib/crater-agent-workspace/builds/worker-6-tc1/source:/opt/rustwide/workdir:ro,Z" "-v" "/var/lib/crater-agent-workspace/cargo-home:/opt/rustwide/cargo-home:ro,Z" "-v" "/var/lib/crater-agent-workspace/rustup-home:/opt/rustwide/rustup-home:ro,Z" "-e" "SOURCE_DIR=/opt/rustwide/workdir" "-e" "CARGO_TARGET_DIR=/opt/rustwide/target" "-e" "CARGO_INCREMENTAL=0" "-e" "RUST_BACKTRACE=full" "-e" "RUSTFLAGS=--cap-lints=warn" "-e" "RUSTDOCFLAGS=--cap-lints=warn" "-e" "CARGO_HOME=/opt/rustwide/cargo-home" "-e" "RUSTUP_HOME=/opt/rustwide/rustup-home" "-w" "/opt/rustwide/workdir" "-m" "1610612736" "--user" "0:0" "--network" "none" "ghcr.io/rust-lang/crates-build-env/linux@sha256:2788e3201cd34a07e3172128adcd8b3090168a8e3bcc40d7c032b9dda1df7d1c" "/opt/rustwide/cargo-home/bin/cargo" "+1.75.0" "build" "--frozen" "--message-format=json", kill_on_drop: false }`
[INFO] [stdout] e4e6c7bacee1fdb4bb58b2574fc407fac80c16ae9846afab9abcda17fcb7cb50
[INFO] running `Command { std: "docker" "start" "-a" "e4e6c7bacee1fdb4bb58b2574fc407fac80c16ae9846afab9abcda17fcb7cb50", kill_on_drop: false }`
[INFO] [stderr]    Compiling libc v0.2.132
[INFO] [stderr]    Compiling proc-macro2 v1.0.43
[INFO] [stderr]    Compiling quote v1.0.21
[INFO] [stderr]    Compiling unicode-ident v1.0.3
[INFO] [stderr]    Compiling syn v1.0.99
[INFO] [stderr]    Compiling once_cell v1.13.1
[INFO] [stderr]    Compiling log v0.4.17
[INFO] [stderr]    Compiling cc v1.0.73
[INFO] [stderr]    Compiling smallvec v1.9.0
[INFO] [stderr]    Compiling lock_api v0.4.7
[INFO] [stderr]    Compiling memchr v2.5.0
[INFO] [stderr]    Compiling pin-project-lite v0.2.9
[INFO] [stderr]    Compiling futures-core v0.3.23
[INFO] [stderr]    Compiling parking_lot_core v0.9.3
[INFO] [stderr]    Compiling either v1.8.0
[INFO] [stderr]    Compiling bytes v1.2.1
[INFO] [stderr]    Compiling slab v0.4.7
[INFO] [stderr]    Compiling futures-task v0.3.23
[INFO] [stderr]    Compiling futures-sink v0.3.23
[INFO] [stderr]    Compiling pkg-config v0.3.25
[INFO] [stderr]    Compiling futures-channel v0.3.23
[INFO] [stderr]    Compiling tokio v1.20.1
[INFO] [stderr]    Compiling futures-util v0.3.23
[INFO] [stderr]    Compiling futures-io v0.3.23
[INFO] [stderr]    Compiling anyhow v1.0.62
[INFO] [stderr]    Compiling tracing-core v0.1.29
[INFO] [stderr]    Compiling itertools v0.10.3
[INFO] [stderr]    Compiling itoa v1.0.3
[INFO] [stderr]    Compiling indexmap v1.9.1
[INFO] [stderr]    Compiling openssl v0.10.41
[INFO] [stderr]    Compiling foreign-types-shared v0.1.1
[INFO] [stderr]    Compiling foreign-types v0.3.2
[INFO] [stderr]    Compiling httparse v1.7.1
[INFO] [stderr]    Compiling http v0.2.8
[INFO] [stderr]    Compiling native-tls v0.2.10
[INFO] [stderr]    Compiling openssl-probe v0.1.5
[INFO] [stderr]    Compiling tinyvec v1.6.0
[INFO] [stderr]    Compiling memoffset v0.6.5
[INFO] [stderr]    Compiling remove_dir_all v0.5.3
[INFO] [stderr]    Compiling serde v1.0.144
[INFO] [stderr]    Compiling crossbeam-utils v0.8.11
[INFO] [stderr]    Compiling fixedbitset v0.2.0
[INFO] [stderr]    Compiling fastrand v1.8.0
[INFO] [stderr]    Compiling signal-hook-registry v1.4.0
[INFO] [stderr]    Compiling socket2 v0.4.4
[INFO] [stderr]    Compiling mio v0.8.4
[INFO] [stderr]    Compiling num_cpus v1.13.1
[INFO] [stderr]    Compiling openssl-sys v0.9.75
[INFO] [stderr]    Compiling parking_lot v0.12.1
[INFO] [stderr]    Compiling ring v0.16.20
[INFO] [stderr]    Compiling which v4.2.5
[INFO] [stderr]    Compiling getrandom v0.2.8
[INFO] [stderr]    Compiling prost-build v0.8.0
[INFO] [stderr]    Compiling petgraph v0.5.1
[INFO] [stderr]    Compiling rand_core v0.6.4
[INFO] [stderr]    Compiling tempfile v3.3.0
[INFO] [stderr]    Compiling http-body v0.4.5
[INFO] [stderr]    Compiling parking_lot_core v0.8.5
[INFO] [stderr]    Compiling want v0.3.0
[INFO] [stderr]    Compiling crossbeam-epoch v0.9.10
[INFO] [stderr]    Compiling httpdate v1.0.2
[INFO] [stderr]    Compiling tower-service v0.3.2
[INFO] [stderr]    Compiling unicode-bidi v0.3.8
[INFO] [stderr]    Compiling multimap v0.8.3
[INFO] [stderr]    Compiling encoding_rs v0.8.31
[INFO] [stderr]    Compiling parking_lot v0.11.2
[INFO] [stderr]    Compiling rand_chacha v0.3.1
[INFO] [stderr]    Compiling ryu v1.0.11
[INFO] [stderr]    Compiling unicode-normalization v0.1.21
[INFO] [stderr]    Compiling fxhash v0.2.1
[INFO] [stderr]    Compiling miniz_oxide v0.6.2
[INFO] [stderr]    Compiling rand v0.8.5
[INFO] [stderr]    Compiling fs2 v0.4.3
[INFO] [stderr]    Compiling sharded-slab v0.1.4
[INFO] [stderr]    Compiling tracing-log v0.1.3
[INFO] [stderr]    Compiling idna v0.2.3
[INFO] [stderr]    Compiling thread_local v1.1.4
[INFO] [stderr]    Compiling ipnet v2.5.0
[INFO] [stderr]    Compiling nohash-hasher v0.2.0
[INFO] [stderr]    Compiling static_assertions v1.1.0
[INFO] [stderr]    Compiling sled v0.34.7
[INFO] [stderr]    Compiling dashmap v5.3.4
[INFO] [stderr]    Compiling flate2 v1.0.25
[INFO] [stderr]    Compiling tracing-subscriber v0.3.15
[INFO] [stderr]    Compiling url v2.2.2
[INFO] [stderr]    Compiling sct v0.6.1
[INFO] [stderr]    Compiling webpki v0.21.4
[INFO] [stderr]    Compiling rustls v0.19.1
[INFO] [stderr]    Compiling serde_urlencoded v0.7.1
[INFO] [stderr]    Compiling tokio-macros v1.8.0
[INFO] [stderr]    Compiling futures-macro v0.3.23
[INFO] [stderr]    Compiling prost-derive v0.8.0
[INFO] [stderr]    Compiling tracing-attributes v0.1.22
[INFO] [stderr]    Compiling openssl-macros v0.1.0
[INFO] [stderr]    Compiling thiserror-impl v1.0.38
[INFO] [stderr]    Compiling rustls-native-certs v0.5.0
[INFO] [stderr]    Compiling thiserror v1.0.38
[INFO] [stderr]    Compiling prost v0.8.0
[INFO] [stderr]    Compiling tracing v0.1.36
[INFO] [stderr]    Compiling prost-types v0.8.0
[INFO] [stderr]    Compiling kv v0.1.0 (/opt/rustwide/workdir)
[INFO] [stderr]    Compiling futures-executor v0.3.23
[INFO] [stderr]    Compiling futures v0.3.23
[INFO] [stderr]    Compiling yamux v0.9.0
[INFO] [stderr]    Compiling tokio-util v0.7.3
[INFO] [stderr]    Compiling tokio-native-tls v0.3.0
[INFO] [stderr]    Compiling tokio-rustls v0.22.0
[INFO] [stderr]    Compiling h2 v0.3.14
[INFO] [stderr]    Compiling hyper v0.14.20
[INFO] [stderr]    Compiling hyper-tls v0.5.0
[INFO] [stderr]    Compiling reqwest v0.11.11
[INFO] [stdout] warning: named argument `field__1` is not used by name
[INFO] [stdout]   --> src/error.rs:11:13
[INFO] [stdout]    |
[INFO] [stdout] 11 |     #[error("Cannot convert value {:0} to {1}")]
[INFO] [stdout]    |             ^^^^^^^^^^^^^^^^^^^^^^^^^^^^^^^^^^ this named argument is referred to by position in formatting string
[INFO] [stdout]    |
[INFO] [stdout]    = note: `#[warn(named_arguments_used_positionally)]` on by default
[INFO] [stdout] 
[INFO] [stdout] 
[INFO] [stdout] warning: named argument `field__0` is not used by name
[INFO] [stdout]   --> src/error.rs:13:13
[INFO] [stdout]    |
[INFO] [stdout] 13 |     #[error("Cannot process command {0} with table: {1}, key: {2}. Error: {}")]
[INFO] [stdout]    |             ^^^^^^^^^^^^^^^^^^^^^^^^^^^^^^^^^^^^^^^^^^^^^^^^^^^^^^^^^^^^^^^^^ this named argument is referred to by position in formatting string
[INFO] [stdout] 
[INFO] [stdout] 
[INFO] [stdout] warning: 2 warnings emitted
[INFO] [stdout] 
[INFO] [stdout] 
[INFO] [stderr]     Finished dev [unoptimized + debuginfo] target(s) in 35.96s
[INFO] running `Command { std: "docker" "inspect" "e4e6c7bacee1fdb4bb58b2574fc407fac80c16ae9846afab9abcda17fcb7cb50", kill_on_drop: false }`
[INFO] running `Command { std: "docker" "rm" "-f" "e4e6c7bacee1fdb4bb58b2574fc407fac80c16ae9846afab9abcda17fcb7cb50", kill_on_drop: false }`
[INFO] [stdout] e4e6c7bacee1fdb4bb58b2574fc407fac80c16ae9846afab9abcda17fcb7cb50
[INFO] running `Command { std: "docker" "create" "-v" "/var/lib/crater-agent-workspace/builds/worker-6-tc1/target:/opt/rustwide/target:rw,Z" "-v" "/var/lib/crater-agent-workspace/builds/worker-6-tc1/source:/opt/rustwide/workdir:ro,Z" "-v" "/var/lib/crater-agent-workspace/cargo-home:/opt/rustwide/cargo-home:ro,Z" "-v" "/var/lib/crater-agent-workspace/rustup-home:/opt/rustwide/rustup-home:ro,Z" "-e" "SOURCE_DIR=/opt/rustwide/workdir" "-e" "CARGO_TARGET_DIR=/opt/rustwide/target" "-e" "CARGO_INCREMENTAL=0" "-e" "RUST_BACKTRACE=full" "-e" "RUSTFLAGS=--cap-lints=warn" "-e" "RUSTDOCFLAGS=--cap-lints=warn" "-e" "CARGO_HOME=/opt/rustwide/cargo-home" "-e" "RUSTUP_HOME=/opt/rustwide/rustup-home" "-w" "/opt/rustwide/workdir" "-m" "1610612736" "--user" "0:0" "--network" "none" "ghcr.io/rust-lang/crates-build-env/linux@sha256:2788e3201cd34a07e3172128adcd8b3090168a8e3bcc40d7c032b9dda1df7d1c" "/opt/rustwide/cargo-home/bin/cargo" "+1.75.0" "test" "--frozen" "--no-run" "--message-format=json", kill_on_drop: false }`
[INFO] [stdout] f6fbb2b16c7b00ce307631823473bc167848a2a306603702e6e93d5ed1145bbb
[INFO] running `Command { std: "docker" "start" "-a" "f6fbb2b16c7b00ce307631823473bc167848a2a306603702e6e93d5ed1145bbb", kill_on_drop: false }`
[INFO] [stderr]    Compiling either v1.8.0
[INFO] [stderr]    Compiling num-integer v0.1.45
[INFO] [stderr]    Compiling num-bigint v0.4.3
[INFO] [stderr]    Compiling minimal-lexical v0.2.1
[INFO] [stderr]    Compiling time v0.1.45
[INFO] [stderr]    Compiling oid-registry v0.2.0
[INFO] [stderr]    Compiling regex-syntax v0.6.28
[INFO] [stderr]    Compiling data-encoding v2.3.3
[INFO] [stderr]    Compiling bit-vec v0.6.3
[INFO] [stderr]    Compiling pem v1.1.1
[INFO] [stderr]    Compiling itertools v0.10.3
[INFO] [stderr]    Compiling which v4.2.5
[INFO] [stderr]    Compiling nom v7.1.2
[INFO] [stderr]    Compiling chrono v0.4.23
[INFO] [stderr]    Compiling prost-build v0.8.0
[INFO] [stderr]    Compiling regex v1.7.1
[INFO] [stderr]    Compiling yasna v0.4.0
[INFO] [stderr]    Compiling prost-derive v0.8.0
[INFO] [stderr]    Compiling rusticata-macros v4.1.0
[INFO] [stderr]    Compiling pem v0.8.3
[INFO] [stderr]    Compiling der-oid-macro v0.5.0
[INFO] [stderr]    Compiling der-parser v6.0.1
[INFO] [stderr]    Compiling prost v0.8.0
[INFO] [stderr]    Compiling x509-parser v0.12.0
[INFO] [stderr]    Compiling prost-types v0.8.0
[INFO] [stderr]    Compiling async-prost v0.2.1
[INFO] [stderr]    Compiling rcgen v0.8.14
[INFO] [stderr]    Compiling certify v0.3.1
[INFO] [stderr]    Compiling kv v0.1.0 (/opt/rustwide/workdir)
[INFO] [stdout] warning: named argument `field__1` is not used by name
[INFO] [stdout]   --> src/error.rs:11:13
[INFO] [stdout]    |
[INFO] [stdout] 11 |     #[error("Cannot convert value {:0} to {1}")]
[INFO] [stdout]    |             ^^^^^^^^^^^^^^^^^^^^^^^^^^^^^^^^^^ this named argument is referred to by position in formatting string
[INFO] [stdout]    |
[INFO] [stdout]    = note: `#[warn(named_arguments_used_positionally)]` on by default
[INFO] [stdout] 
[INFO] [stdout] 
[INFO] [stdout] warning: named argument `field__0` is not used by name
[INFO] [stdout]   --> src/error.rs:13:13
[INFO] [stdout]    |
[INFO] [stdout] 13 |     #[error("Cannot process command {0} with table: {1}, key: {2}. Error: {}")]
[INFO] [stdout]    |             ^^^^^^^^^^^^^^^^^^^^^^^^^^^^^^^^^^^^^^^^^^^^^^^^^^^^^^^^^^^^^^^^^ this named argument is referred to by position in formatting string
[INFO] [stdout] 
[INFO] [stdout] 
[INFO] [stdout] warning: named argument `field__1` is not used by name
[INFO] [stdout]   --> src/error.rs:11:13
[INFO] [stdout]    |
[INFO] [stdout] 11 |     #[error("Cannot convert value {:0} to {1}")]
[INFO] [stdout]    |             ^^^^^^^^^^^^^^^^^^^^^^^^^^^^^^^^^^ this named argument is referred to by position in formatting string
[INFO] [stdout]    |
[INFO] [stdout]    = note: `#[warn(named_arguments_used_positionally)]` on by default
[INFO] [stdout] 
[INFO] [stdout] 
[INFO] [stdout] warning: named argument `field__0` is not used by name
[INFO] [stdout]   --> src/error.rs:13:13
[INFO] [stdout]    |
[INFO] [stdout] 13 |     #[error("Cannot process command {0} with table: {1}, key: {2}. Error: {}")]
[INFO] [stdout]    |             ^^^^^^^^^^^^^^^^^^^^^^^^^^^^^^^^^^^^^^^^^^^^^^^^^^^^^^^^^^^^^^^^^ this named argument is referred to by position in formatting string
[INFO] [stdout] 
[INFO] [stdout] 
[INFO] [stdout] error[E0599]: no method named `execute_unary` found for struct `network::ProstClientStream` in the current scope
[INFO] [stdout]    --> src/network/multiplex.rs:169:16
[INFO] [stdout]     |
[INFO] [stdout] 169 |         client.execute_unary(&cmd).await.unwrap();
[INFO] [stdout]     |                ^^^^^^^^^^^^^ help: there is a method with a similar name: `execute`
[INFO] [stdout]     |
[INFO] [stdout]    ::: src/network/mod.rs:32:1
[INFO] [stdout]     |
[INFO] [stdout] 32  | pub struct ProstClientStream<S> {
[INFO] [stdout]     | ------------------------------- method `execute_unary` not found for this struct
[INFO] [stdout] 
[INFO] [stdout] 
[INFO] [stdout] error[E0599]: no method named `execute_unary` found for struct `network::ProstClientStream` in the current scope
[INFO] [stdout]    --> src/network/multiplex.rs:172:26
[INFO] [stdout]     |
[INFO] [stdout] 172 |         let res = client.execute_unary(&cmd).await.unwrap();
[INFO] [stdout]     |                          ^^^^^^^^^^^^^ help: there is a method with a similar name: `execute`
[INFO] [stdout]     |
[INFO] [stdout]    ::: src/network/mod.rs:32:1
[INFO] [stdout]     |
[INFO] [stdout] 32  | pub struct ProstClientStream<S> {
[INFO] [stdout]     | ------------------------------- method `execute_unary` not found for this struct
[INFO] [stdout] 
[INFO] [stdout] 
[INFO] [stdout] error: aborting due to 2 previous errors; 2 warnings emitted
[INFO] [stdout] 
[INFO] [stdout] 
[INFO] [stdout] For more information about this error, try `rustc --explain E0599`.
[INFO] [stdout] 
[INFO] [stderr] error: could not compile `kv` (lib test) due to 3 previous errors; 2 warnings emitted
[INFO] [stderr] warning: build failed, waiting for other jobs to finish...
[INFO] [stdout] warning: 2 warnings emitted
[INFO] [stdout] 
[INFO] [stdout] 
[INFO] running `Command { std: "docker" "inspect" "f6fbb2b16c7b00ce307631823473bc167848a2a306603702e6e93d5ed1145bbb", kill_on_drop: false }`
[INFO] running `Command { std: "docker" "rm" "-f" "f6fbb2b16c7b00ce307631823473bc167848a2a306603702e6e93d5ed1145bbb", kill_on_drop: false }`
[INFO] [stdout] f6fbb2b16c7b00ce307631823473bc167848a2a306603702e6e93d5ed1145bbb
[INFO] testing FMhyxeee/kv against beta-2023-12-22 for beta-1.76-1
[INFO] running `Command { std: "git" "clone" "/workspace/cache/git-repos/https%3A%2F%2Fgithub.com%2FFMhyxeee%2Fkv" "/workspace/builds/worker-6-tc2/source", kill_on_drop: false }`
[INFO] [stderr] Cloning into '/workspace/builds/worker-6-tc2/source'...
[INFO] [stderr] done.
[INFO] validating manifest of git repo https://github.com/FMhyxeee/kv on toolchain beta-2023-12-22
[INFO] running `Command { std: CARGO_HOME="/workspace/cargo-home" RUSTUP_HOME="/workspace/rustup-home" "/workspace/cargo-home/bin/cargo" "+beta-2023-12-22" "metadata" "--manifest-path" "Cargo.toml" "--no-deps", kill_on_drop: false }`
[INFO] started tweaking git repo https://github.com/FMhyxeee/kv
[INFO] finished tweaking git repo https://github.com/FMhyxeee/kv
[INFO] tweaked toml for git repo https://github.com/FMhyxeee/kv written to /workspace/builds/worker-6-tc2/source/Cargo.toml
[INFO] crate git repo https://github.com/FMhyxeee/kv already has a lockfile, it will not be regenerated
[INFO] running `Command { std: CARGO_HOME="/workspace/cargo-home" RUSTUP_HOME="/workspace/rustup-home" "/workspace/cargo-home/bin/cargo" "+beta-2023-12-22" "fetch" "--manifest-path" "Cargo.toml", kill_on_drop: false }`
[INFO] running `Command { std: "docker" "create" "-v" "/var/lib/crater-agent-workspace/builds/worker-6-tc2/target:/opt/rustwide/target:rw,Z" "-v" "/var/lib/crater-agent-workspace/builds/worker-6-tc2/source:/opt/rustwide/workdir:ro,Z" "-v" "/var/lib/crater-agent-workspace/cargo-home:/opt/rustwide/cargo-home:ro,Z" "-v" "/var/lib/crater-agent-workspace/rustup-home:/opt/rustwide/rustup-home:ro,Z" "-e" "SOURCE_DIR=/opt/rustwide/workdir" "-e" "CARGO_TARGET_DIR=/opt/rustwide/target" "-e" "CARGO_HOME=/opt/rustwide/cargo-home" "-e" "RUSTUP_HOME=/opt/rustwide/rustup-home" "-w" "/opt/rustwide/workdir" "-m" "1610612736" "--user" "0:0" "--network" "none" "ghcr.io/rust-lang/crates-build-env/linux@sha256:2788e3201cd34a07e3172128adcd8b3090168a8e3bcc40d7c032b9dda1df7d1c" "/opt/rustwide/cargo-home/bin/cargo" "+beta-2023-12-22" "metadata" "--no-deps" "--format-version=1", kill_on_drop: false }`
[INFO] [stdout] 0bca08d944168450e8e08501fcec17c50a6c6c43306715fc7c4a152da66c1602
[INFO] running `Command { std: "docker" "start" "-a" "0bca08d944168450e8e08501fcec17c50a6c6c43306715fc7c4a152da66c1602", kill_on_drop: false }`
[INFO] running `Command { std: "docker" "inspect" "0bca08d944168450e8e08501fcec17c50a6c6c43306715fc7c4a152da66c1602", kill_on_drop: false }`
[INFO] running `Command { std: "docker" "rm" "-f" "0bca08d944168450e8e08501fcec17c50a6c6c43306715fc7c4a152da66c1602", kill_on_drop: false }`
[INFO] [stdout] 0bca08d944168450e8e08501fcec17c50a6c6c43306715fc7c4a152da66c1602
[INFO] running `Command { std: "docker" "create" "-v" "/var/lib/crater-agent-workspace/builds/worker-6-tc2/target:/opt/rustwide/target:rw,Z" "-v" "/var/lib/crater-agent-workspace/builds/worker-6-tc2/source:/opt/rustwide/workdir:ro,Z" "-v" "/var/lib/crater-agent-workspace/cargo-home:/opt/rustwide/cargo-home:ro,Z" "-v" "/var/lib/crater-agent-workspace/rustup-home:/opt/rustwide/rustup-home:ro,Z" "-e" "SOURCE_DIR=/opt/rustwide/workdir" "-e" "CARGO_TARGET_DIR=/opt/rustwide/target" "-e" "CARGO_INCREMENTAL=0" "-e" "RUST_BACKTRACE=full" "-e" "RUSTFLAGS=--cap-lints=warn" "-e" "RUSTDOCFLAGS=--cap-lints=warn" "-e" "CARGO_HOME=/opt/rustwide/cargo-home" "-e" "RUSTUP_HOME=/opt/rustwide/rustup-home" "-w" "/opt/rustwide/workdir" "-m" "1610612736" "--user" "0:0" "--network" "none" "ghcr.io/rust-lang/crates-build-env/linux@sha256:2788e3201cd34a07e3172128adcd8b3090168a8e3bcc40d7c032b9dda1df7d1c" "/opt/rustwide/cargo-home/bin/cargo" "+beta-2023-12-22" "build" "--frozen" "--message-format=json", kill_on_drop: false }`
[INFO] [stdout] e57ef2c869a72d2da8688b58a588ab96245a817409a2cf17bc2a33ecd8559bc7
[INFO] running `Command { std: "docker" "start" "-a" "e57ef2c869a72d2da8688b58a588ab96245a817409a2cf17bc2a33ecd8559bc7", kill_on_drop: false }`
[INFO] [stderr]    Compiling libc v0.2.132
[INFO] [stderr]    Compiling proc-macro2 v1.0.43
[INFO] [stderr]    Compiling unicode-ident v1.0.3
[INFO] [stderr]    Compiling quote v1.0.21
[INFO] [stderr]    Compiling syn v1.0.99
[INFO] [stderr]    Compiling once_cell v1.13.1
[INFO] [stderr]    Compiling log v0.4.17
[INFO] [stderr]    Compiling cc v1.0.73
[INFO] [stderr]    Compiling smallvec v1.9.0
[INFO] [stderr]    Compiling lock_api v0.4.7
[INFO] [stderr]    Compiling memchr v2.5.0
[INFO] [stderr]    Compiling pin-project-lite v0.2.9
[INFO] [stderr]    Compiling futures-core v0.3.23
[INFO] [stderr]    Compiling parking_lot_core v0.9.3
[INFO] [stderr]    Compiling bytes v1.2.1
[INFO] [stderr]    Compiling either v1.8.0
[INFO] [stderr]    Compiling slab v0.4.7
[INFO] [stderr]    Compiling futures-channel v0.3.23
[INFO] [stderr]    Compiling futures-sink v0.3.23
[INFO] [stderr]    Compiling futures-task v0.3.23
[INFO] [stderr]    Compiling pkg-config v0.3.25
[INFO] [stderr]    Compiling tokio v1.20.1
[INFO] [stderr]    Compiling futures-io v0.3.23
[INFO] [stderr]    Compiling futures-util v0.3.23
[INFO] [stderr]    Compiling anyhow v1.0.62
[INFO] [stderr]    Compiling tracing-core v0.1.29
[INFO] [stderr]    Compiling itertools v0.10.3
[INFO] [stderr]    Compiling itoa v1.0.3
[INFO] [stderr]    Compiling indexmap v1.9.1
[INFO] [stderr]    Compiling openssl v0.10.41
[INFO] [stderr]    Compiling foreign-types-shared v0.1.1
[INFO] [stderr]    Compiling native-tls v0.2.10
[INFO] [stderr]    Compiling foreign-types v0.3.2
[INFO] [stderr]    Compiling openssl-probe v0.1.5
[INFO] [stderr]    Compiling httparse v1.7.1
[INFO] [stderr]    Compiling http v0.2.8
[INFO] [stderr]    Compiling tinyvec v1.6.0
[INFO] [stderr]    Compiling memoffset v0.6.5
[INFO] [stderr]    Compiling ring v0.16.20
[INFO] [stderr]    Compiling fastrand v1.8.0
[INFO] [stderr]    Compiling openssl-sys v0.9.75
[INFO] [stderr]    Compiling mio v0.8.4
[INFO] [stderr]    Compiling socket2 v0.4.4
[INFO] [stderr]    Compiling num_cpus v1.13.1
[INFO] [stderr]    Compiling signal-hook-registry v1.4.0
[INFO] [stderr]    Compiling which v4.2.5
[INFO] [stderr]    Compiling parking_lot v0.12.1
[INFO] [stderr]    Compiling getrandom v0.2.8
[INFO] [stderr]    Compiling crossbeam-utils v0.8.11
[INFO] [stderr]    Compiling serde v1.0.144
[INFO] [stderr]    Compiling prost-build v0.8.0
[INFO] [stderr]    Compiling remove_dir_all v0.5.3
[INFO] [stderr]    Compiling fixedbitset v0.2.0
[INFO] [stderr]    Compiling want v0.3.0
[INFO] [stderr]    Compiling http-body v0.4.5
[INFO] [stderr]    Compiling tempfile v3.3.0
[INFO] [stderr]    Compiling rand_core v0.6.4
[INFO] [stderr]    Compiling petgraph v0.5.1
[INFO] [stderr]    Compiling parking_lot_core v0.8.5
[INFO] [stderr]    Compiling crossbeam-epoch v0.9.10
[INFO] [stderr]    Compiling multimap v0.8.3
[INFO] [stderr]    Compiling tower-service v0.3.2
[INFO] [stderr]    Compiling httpdate v1.0.2
[INFO] [stderr]    Compiling encoding_rs v0.8.31
[INFO] [stderr]    Compiling unicode-bidi v0.3.8
[INFO] [stderr]    Compiling rand_chacha v0.3.1
[INFO] [stderr]    Compiling parking_lot v0.11.2
[INFO] [stderr]    Compiling ryu v1.0.11
[INFO] [stderr]    Compiling unicode-normalization v0.1.21
[INFO] [stderr]    Compiling miniz_oxide v0.6.2
[INFO] [stderr]    Compiling fxhash v0.2.1
[INFO] [stderr]    Compiling rand v0.8.5
[INFO] [stderr]    Compiling fs2 v0.4.3
[INFO] [stderr]    Compiling sharded-slab v0.1.4
[INFO] [stderr]    Compiling tracing-log v0.1.3
[INFO] [stderr]    Compiling thread_local v1.1.4
[INFO] [stderr]    Compiling ipnet v2.5.0
[INFO] [stderr]    Compiling nohash-hasher v0.2.0
[INFO] [stderr]    Compiling static_assertions v1.1.0
[INFO] [stderr]    Compiling dashmap v5.3.4
[INFO] [stderr]    Compiling flate2 v1.0.25
[INFO] [stderr]    Compiling idna v0.2.3
[INFO] [stderr]    Compiling sled v0.34.7
[INFO] [stderr]    Compiling tracing-subscriber v0.3.15
[INFO] [stderr]    Compiling url v2.2.2
[INFO] [stderr]    Compiling webpki v0.21.4
[INFO] [stderr]    Compiling sct v0.6.1
[INFO] [stderr]    Compiling rustls v0.19.1
[INFO] [stderr]    Compiling serde_urlencoded v0.7.1
[INFO] [stderr]    Compiling futures-macro v0.3.23
[INFO] [stderr]    Compiling tokio-macros v1.8.0
[INFO] [stderr]    Compiling tracing-attributes v0.1.22
[INFO] [stderr]    Compiling prost-derive v0.8.0
[INFO] [stderr]    Compiling openssl-macros v0.1.0
[INFO] [stderr]    Compiling thiserror-impl v1.0.38
[INFO] [stderr]    Compiling rustls-native-certs v0.5.0
[INFO] [stderr]    Compiling thiserror v1.0.38
[INFO] [stderr]    Compiling prost v0.8.0
[INFO] [stderr]    Compiling tracing v0.1.36
[INFO] [stderr]    Compiling prost-types v0.8.0
[INFO] [stderr]    Compiling kv v0.1.0 (/opt/rustwide/workdir)
[INFO] [stderr]    Compiling futures-executor v0.3.23
[INFO] [stderr]    Compiling futures v0.3.23
[INFO] [stderr]    Compiling yamux v0.9.0
[INFO] [stderr]    Compiling tokio-util v0.7.3
[INFO] [stderr]    Compiling tokio-native-tls v0.3.0
[INFO] [stderr]    Compiling tokio-rustls v0.22.0
[INFO] [stderr]    Compiling h2 v0.3.14
[INFO] [stderr]    Compiling hyper v0.14.20
[INFO] [stderr]    Compiling hyper-tls v0.5.0
[INFO] [stderr]    Compiling reqwest v0.11.11
[INFO] [stdout] warning: named argument `field__1` is not used by name
[INFO] [stdout]   --> src/error.rs:11:13
[INFO] [stdout]    |
[INFO] [stdout] 11 |     #[error("Cannot convert value {:0} to {1}")]
[INFO] [stdout]    |             ^^^^^^^^^^^^^^^^^^^^^^^^^^^^^^^^^^ this named argument is referred to by position in formatting string
[INFO] [stdout]    |
[INFO] [stdout]    = note: `#[warn(named_arguments_used_positionally)]` on by default
[INFO] [stdout] 
[INFO] [stdout] 
[INFO] [stdout] warning: named argument `field__0` is not used by name
[INFO] [stdout]   --> src/error.rs:13:13
[INFO] [stdout]    |
[INFO] [stdout] 13 |     #[error("Cannot process command {0} with table: {1}, key: {2}. Error: {}")]
[INFO] [stdout]    |             ^^^^^^^^^^^^^^^^^^^^^^^^^^^^^^^^^^^^^^^^^^^^^^^^^^^^^^^^^^^^^^^^^ this named argument is referred to by position in formatting string
[INFO] [stdout] 
[INFO] [stdout] 
[INFO] [stdout] warning: 2 warnings emitted
[INFO] [stdout] 
[INFO] [stdout] 
[INFO] [stderr]     Finished dev [unoptimized + debuginfo] target(s) in 37.53s
[INFO] running `Command { std: "docker" "inspect" "e57ef2c869a72d2da8688b58a588ab96245a817409a2cf17bc2a33ecd8559bc7", kill_on_drop: false }`
[INFO] running `Command { std: "docker" "rm" "-f" "e57ef2c869a72d2da8688b58a588ab96245a817409a2cf17bc2a33ecd8559bc7", kill_on_drop: false }`
[INFO] [stdout] e57ef2c869a72d2da8688b58a588ab96245a817409a2cf17bc2a33ecd8559bc7
[INFO] running `Command { std: "docker" "create" "-v" "/var/lib/crater-agent-workspace/builds/worker-6-tc2/target:/opt/rustwide/target:rw,Z" "-v" "/var/lib/crater-agent-workspace/builds/worker-6-tc2/source:/opt/rustwide/workdir:ro,Z" "-v" "/var/lib/crater-agent-workspace/cargo-home:/opt/rustwide/cargo-home:ro,Z" "-v" "/var/lib/crater-agent-workspace/rustup-home:/opt/rustwide/rustup-home:ro,Z" "-e" "SOURCE_DIR=/opt/rustwide/workdir" "-e" "CARGO_TARGET_DIR=/opt/rustwide/target" "-e" "CARGO_INCREMENTAL=0" "-e" "RUST_BACKTRACE=full" "-e" "RUSTFLAGS=--cap-lints=warn" "-e" "RUSTDOCFLAGS=--cap-lints=warn" "-e" "CARGO_HOME=/opt/rustwide/cargo-home" "-e" "RUSTUP_HOME=/opt/rustwide/rustup-home" "-w" "/opt/rustwide/workdir" "-m" "1610612736" "--user" "0:0" "--network" "none" "ghcr.io/rust-lang/crates-build-env/linux@sha256:2788e3201cd34a07e3172128adcd8b3090168a8e3bcc40d7c032b9dda1df7d1c" "/opt/rustwide/cargo-home/bin/cargo" "+beta-2023-12-22" "test" "--frozen" "--no-run" "--message-format=json", kill_on_drop: false }`
[INFO] [stdout] 60c880a91ed6cadb9c949b8a4b0c35cf25766c7087a76e376e9d7de79f892c9b
[INFO] running `Command { std: "docker" "start" "-a" "60c880a91ed6cadb9c949b8a4b0c35cf25766c7087a76e376e9d7de79f892c9b", kill_on_drop: false }`
[INFO] [stderr]    Compiling either v1.8.0
[INFO] [stderr]    Compiling num-integer v0.1.45
[INFO] [stderr]    Compiling num-bigint v0.4.3
[INFO] [stderr]    Compiling minimal-lexical v0.2.1
[INFO] [stderr]    Compiling time v0.1.45
[INFO] [stderr]    Compiling oid-registry v0.2.0
[INFO] [stderr]    Compiling data-encoding v2.3.3
[INFO] [stderr]    Compiling regex-syntax v0.6.28
[INFO] [stderr]    Compiling bit-vec v0.6.3
[INFO] [stderr]    Compiling pem v1.1.1
[INFO] [stderr]    Compiling itertools v0.10.3
[INFO] [stderr]    Compiling which v4.2.5
[INFO] [stderr]    Compiling nom v7.1.2
[INFO] [stderr]    Compiling prost-build v0.8.0
[INFO] [stderr]    Compiling chrono v0.4.23
[INFO] [stderr]    Compiling regex v1.7.1
[INFO] [stderr]    Compiling yasna v0.4.0
[INFO] [stderr]    Compiling prost-derive v0.8.0
[INFO] [stderr]    Compiling pem v0.8.3
[INFO] [stderr]    Compiling der-oid-macro v0.5.0
[INFO] [stderr]    Compiling rusticata-macros v4.1.0
[INFO] [stderr]    Compiling der-parser v6.0.1
[INFO] [stderr]    Compiling x509-parser v0.12.0
[INFO] [stderr]    Compiling prost v0.8.0
[INFO] [stderr]    Compiling prost-types v0.8.0
[INFO] [stderr]    Compiling async-prost v0.2.1
[INFO] [stderr]    Compiling rcgen v0.8.14
[INFO] [stderr]    Compiling certify v0.3.1
[INFO] [stderr]    Compiling kv v0.1.0 (/opt/rustwide/workdir)
[INFO] [stdout] warning: named argument `field__1` is not used by name
[INFO] [stdout]   --> src/error.rs:11:13
[INFO] [stdout]    |
[INFO] [stdout] 11 |     #[error("Cannot convert value {:0} to {1}")]
[INFO] [stdout]    |             ^^^^^^^^^^^^^^^^^^^^^^^^^^^^^^^^^^ this named argument is referred to by position in formatting string
[INFO] [stdout]    |
[INFO] [stdout]    = note: `#[warn(named_arguments_used_positionally)]` on by default
[INFO] [stdout] 
[INFO] [stdout] 
[INFO] [stdout] warning: named argument `field__0` is not used by name
[INFO] [stdout]   --> src/error.rs:13:13
[INFO] [stdout]    |
[INFO] [stdout] 13 |     #[error("Cannot process command {0} with table: {1}, key: {2}. Error: {}")]
[INFO] [stdout]    |             ^^^^^^^^^^^^^^^^^^^^^^^^^^^^^^^^^^^^^^^^^^^^^^^^^^^^^^^^^^^^^^^^^ this named argument is referred to by position in formatting string
[INFO] [stdout] 
[INFO] [stdout] 
[INFO] [stdout] warning: named argument `field__1` is not used by name
[INFO] [stdout]   --> src/error.rs:11:13
[INFO] [stdout]    |
[INFO] [stdout] 11 |     #[error("Cannot convert value {:0} to {1}")]
[INFO] [stdout]    |             ^^^^^^^^^^^^^^^^^^^^^^^^^^^^^^^^^^ this named argument is referred to by position in formatting string
[INFO] [stdout]    |
[INFO] [stdout]    = note: `#[warn(named_arguments_used_positionally)]` on by default
[INFO] [stdout] 
[INFO] [stdout] 
[INFO] [stdout] warning: named argument `field__0` is not used by name
[INFO] [stdout]   --> src/error.rs:13:13
[INFO] [stdout]    |
[INFO] [stdout] 13 |     #[error("Cannot process command {0} with table: {1}, key: {2}. Error: {}")]
[INFO] [stdout]    |             ^^^^^^^^^^^^^^^^^^^^^^^^^^^^^^^^^^^^^^^^^^^^^^^^^^^^^^^^^^^^^^^^^ this named argument is referred to by position in formatting string
[INFO] [stdout] 
[INFO] [stdout] 
[INFO] [stdout] error[E0599]: no method named `execute_unary` found for struct `network::ProstClientStream` in the current scope
[INFO] [stdout]    --> src/network/multiplex.rs:169:16
[INFO] [stdout]     |
[INFO] [stdout] 169 |         client.execute_unary(&cmd).await.unwrap();
[INFO] [stdout]     |                ^^^^^^^^^^^^^ help: there is a method with a similar name: `execute`
[INFO] [stdout]     |
[INFO] [stdout]    ::: src/network/mod.rs:32:1
[INFO] [stdout]     |
[INFO] [stdout] 32  | pub struct ProstClientStream<S> {
[INFO] [stdout]     | ------------------------------- method `execute_unary` not found for this struct
[INFO] [stdout] 
[INFO] [stdout] 
[INFO] [stdout] error[E0599]: no method named `execute_unary` found for struct `network::ProstClientStream` in the current scope
[INFO] [stdout]    --> src/network/multiplex.rs:172:26
[INFO] [stdout]     |
[INFO] [stdout] 172 |         let res = client.execute_unary(&cmd).await.unwrap();
[INFO] [stdout]     |                          ^^^^^^^^^^^^^ help: there is a method with a similar name: `execute`
[INFO] [stdout]     |
[INFO] [stdout]    ::: src/network/mod.rs:32:1
[INFO] [stdout]     |
[INFO] [stdout] 32  | pub struct ProstClientStream<S> {
[INFO] [stdout]     | ------------------------------- method `execute_unary` not found for this struct
[INFO] [stdout] 
[INFO] [stdout] 
[INFO] [stdout] error: aborting due to 2 previous errors; 2 warnings emitted
[INFO] [stdout] 
[INFO] [stdout] 
[INFO] [stdout] For more information about this error, try `rustc --explain E0599`.
[INFO] [stdout] 
[INFO] [stderr] error: could not compile `kv` (lib test) due to 3 previous errors; 2 warnings emitted
[INFO] [stderr] warning: build failed, waiting for other jobs to finish...
[INFO] [stdout] warning: 2 warnings emitted
[INFO] [stdout] 
[INFO] [stdout] 
[INFO] running `Command { std: "docker" "inspect" "60c880a91ed6cadb9c949b8a4b0c35cf25766c7087a76e376e9d7de79f892c9b", kill_on_drop: false }`
[INFO] running `Command { std: "docker" "rm" "-f" "60c880a91ed6cadb9c949b8a4b0c35cf25766c7087a76e376e9d7de79f892c9b", kill_on_drop: false }`
[INFO] [stdout] 60c880a91ed6cadb9c949b8a4b0c35cf25766c7087a76e376e9d7de79f892c9b
