[INFO] cloning repository https://github.com/FALLfield/text_editor
[INFO] running `Command { std: "git" "-c" "credential.helper=" "-c" "credential.helper=/workspace/cargo-home/bin/git-credential-null" "clone" "--bare" "https://github.com/FALLfield/text_editor" "/workspace/cache/git-repos/https%3A%2F%2Fgithub.com%2FFALLfield%2Ftext_editor", kill_on_drop: false }`
[INFO] [stderr] Cloning into bare repository '/workspace/cache/git-repos/https%3A%2F%2Fgithub.com%2FFALLfield%2Ftext_editor'...
[INFO] running `Command { std: "git" "rev-parse" "HEAD", kill_on_drop: false }`
[INFO] [stdout] 7c4ce55d657fbe59174538f732554885f46b9cf3
[INFO] testing FALLfield/text_editor against 1.75.0 for beta-1.76-1
[INFO] running `Command { std: "git" "clone" "/workspace/cache/git-repos/https%3A%2F%2Fgithub.com%2FFALLfield%2Ftext_editor" "/workspace/builds/worker-4-tc1/source", kill_on_drop: false }`
[INFO] [stderr] Cloning into '/workspace/builds/worker-4-tc1/source'...
[INFO] [stderr] done.
[INFO] validating manifest of git repo https://github.com/FALLfield/text_editor on toolchain 1.75.0
[INFO] running `Command { std: CARGO_HOME="/workspace/cargo-home" RUSTUP_HOME="/workspace/rustup-home" "/workspace/cargo-home/bin/cargo" "+1.75.0" "metadata" "--manifest-path" "Cargo.toml" "--no-deps", kill_on_drop: false }`
[INFO] started tweaking git repo https://github.com/FALLfield/text_editor
[INFO] finished tweaking git repo https://github.com/FALLfield/text_editor
[INFO] tweaked toml for git repo https://github.com/FALLfield/text_editor written to /workspace/builds/worker-4-tc1/source/Cargo.toml
[INFO] crate git repo https://github.com/FALLfield/text_editor already has a lockfile, it will not be regenerated
[INFO] running `Command { std: CARGO_HOME="/workspace/cargo-home" RUSTUP_HOME="/workspace/rustup-home" "/workspace/cargo-home/bin/cargo" "+1.75.0" "fetch" "--manifest-path" "Cargo.toml", kill_on_drop: false }`
[INFO] [stderr]     Updating crates.io index
[INFO] [stderr]  Downloading crates ...
[INFO] [stderr]   Downloaded stability v0.1.1
[INFO] [stderr]   Downloaded ratatui v0.25.0
[INFO] running `Command { std: "docker" "create" "-v" "/var/lib/crater-agent-workspace/builds/worker-4-tc1/target:/opt/rustwide/target:rw,Z" "-v" "/var/lib/crater-agent-workspace/builds/worker-4-tc1/source:/opt/rustwide/workdir:ro,Z" "-v" "/var/lib/crater-agent-workspace/cargo-home:/opt/rustwide/cargo-home:ro,Z" "-v" "/var/lib/crater-agent-workspace/rustup-home:/opt/rustwide/rustup-home:ro,Z" "-e" "SOURCE_DIR=/opt/rustwide/workdir" "-e" "CARGO_TARGET_DIR=/opt/rustwide/target" "-e" "CARGO_HOME=/opt/rustwide/cargo-home" "-e" "RUSTUP_HOME=/opt/rustwide/rustup-home" "-w" "/opt/rustwide/workdir" "-m" "1610612736" "--user" "0:0" "--network" "none" "ghcr.io/rust-lang/crates-build-env/linux@sha256:2788e3201cd34a07e3172128adcd8b3090168a8e3bcc40d7c032b9dda1df7d1c" "/opt/rustwide/cargo-home/bin/cargo" "+1.75.0" "metadata" "--no-deps" "--format-version=1", kill_on_drop: false }`
[INFO] [stdout] 11ece81016c0b5029c4c48d5cfc63565b57abf2161b8f569c634b9059f63f26f
[INFO] running `Command { std: "docker" "start" "-a" "11ece81016c0b5029c4c48d5cfc63565b57abf2161b8f569c634b9059f63f26f", kill_on_drop: false }`
[INFO] running `Command { std: "docker" "inspect" "11ece81016c0b5029c4c48d5cfc63565b57abf2161b8f569c634b9059f63f26f", kill_on_drop: false }`
[INFO] running `Command { std: "docker" "rm" "-f" "11ece81016c0b5029c4c48d5cfc63565b57abf2161b8f569c634b9059f63f26f", kill_on_drop: false }`
[INFO] [stdout] 11ece81016c0b5029c4c48d5cfc63565b57abf2161b8f569c634b9059f63f26f
[INFO] running `Command { std: "docker" "create" "-v" "/var/lib/crater-agent-workspace/builds/worker-4-tc1/target:/opt/rustwide/target:rw,Z" "-v" "/var/lib/crater-agent-workspace/builds/worker-4-tc1/source:/opt/rustwide/workdir:ro,Z" "-v" "/var/lib/crater-agent-workspace/cargo-home:/opt/rustwide/cargo-home:ro,Z" "-v" "/var/lib/crater-agent-workspace/rustup-home:/opt/rustwide/rustup-home:ro,Z" "-e" "SOURCE_DIR=/opt/rustwide/workdir" "-e" "CARGO_TARGET_DIR=/opt/rustwide/target" "-e" "CARGO_INCREMENTAL=0" "-e" "RUST_BACKTRACE=full" "-e" "RUSTFLAGS=--cap-lints=warn" "-e" "RUSTDOCFLAGS=--cap-lints=warn" "-e" "CARGO_HOME=/opt/rustwide/cargo-home" "-e" "RUSTUP_HOME=/opt/rustwide/rustup-home" "-w" "/opt/rustwide/workdir" "-m" "1610612736" "--user" "0:0" "--network" "none" "ghcr.io/rust-lang/crates-build-env/linux@sha256:2788e3201cd34a07e3172128adcd8b3090168a8e3bcc40d7c032b9dda1df7d1c" "/opt/rustwide/cargo-home/bin/cargo" "+1.75.0" "build" "--frozen" "--message-format=json", kill_on_drop: false }`
[INFO] [stdout] b9649adabc09ee7dbe457d7695c03b12b96fb1e610194cd250d5866d1a3f6733
[INFO] running `Command { std: "docker" "start" "-a" "b9649adabc09ee7dbe457d7695c03b12b96fb1e610194cd250d5866d1a3f6733", kill_on_drop: false }`
[INFO] [stderr]    Compiling libc v0.2.151
[INFO] [stderr]    Compiling proc-macro2 v1.0.71
[INFO] [stderr]    Compiling unicode-ident v1.0.12
[INFO] [stderr]    Compiling rustversion v1.0.14
[INFO] [stderr]    Compiling parking_lot_core v0.9.9
[INFO] [stderr]    Compiling lock_api v0.4.11
[INFO] [stderr]    Compiling signal-hook v0.3.17
[INFO] [stderr]    Compiling smallvec v1.11.2
[INFO] [stderr]    Compiling log v0.4.20
[INFO] [stderr]    Compiling once_cell v1.19.0
[INFO] [stderr]    Compiling scopeguard v1.2.0
[INFO] [stderr]    Compiling zerocopy v0.7.32
[INFO] [stderr]    Compiling heck v0.4.1
[INFO] [stderr]    Compiling paste v1.0.14
[INFO] [stderr]    Compiling bitflags v2.4.1
[INFO] [stderr]    Compiling indoc v2.0.4
[INFO] [stderr]    Compiling unicode-segmentation v1.10.1
[INFO] [stderr]    Compiling unicode-width v0.1.11
[INFO] [stderr]    Compiling ahash v0.8.6
[INFO] [stderr]    Compiling cassowary v0.3.0
[INFO] [stderr]    Compiling quote v1.0.33
[INFO] [stderr]    Compiling syn v2.0.43
[INFO] [stderr]    Compiling syn v1.0.109
[INFO] [stderr]    Compiling signal-hook-registry v1.4.1
[INFO] [stderr]    Compiling mio v0.8.10
[INFO] [stderr]    Compiling hashbrown v0.14.3
[INFO] [stderr]    Compiling parking_lot v0.12.1
[INFO] [stderr]    Compiling signal-hook-mio v0.2.3
[INFO] [stderr]    Compiling crossterm v0.27.0
[INFO] [stderr]    Compiling lru v0.12.1
[INFO] [stderr]    Compiling strum_macros v0.25.3
[INFO] [stderr]    Compiling stability v0.1.1
[INFO] [stderr]    Compiling strum v0.25.0
[INFO] [stderr]    Compiling ratatui v0.25.0
[INFO] [stderr]    Compiling text_editor v0.1.0 (/opt/rustwide/workdir)
[INFO] [stdout] warning: unused imports: `BufRead`, `BufReader`, `read_to_string`
[INFO] [stdout]  --> src/app.rs:2:22
[INFO] [stdout]   |
[INFO] [stdout] 2 | use std::io::{Write, BufReader, BufRead, Error, read_to_string};
[INFO] [stdout]   |                      ^^^^^^^^^  ^^^^^^^         ^^^^^^^^^^^^^^
[INFO] [stdout]   |
[INFO] [stdout]   = note: `#[warn(unused_imports)]` on by default
[INFO] [stdout] 
[INFO] [stdout] 
[INFO] [stdout] warning: unused import: `KeyCode`
[INFO] [stdout]  --> src/main.rs:9:63
[INFO] [stdout]   |
[INFO] [stdout] 9 |         self, DisableMouseCapture, EnableMouseCapture, Event, KeyCode, KeyEventKind,
[INFO] [stdout]   |                                                               ^^^^^^^
[INFO] [stdout] 
[INFO] [stdout] 
[INFO] [stdout] warning: unused imports: `CurrentScreen`, `CurrentlyEditing`
[INFO] [stdout]   --> src/main.rs:20:16
[INFO] [stdout]    |
[INFO] [stdout] 20 |     app::{App, CurrentlyEditing, CurrentScreen},
[INFO] [stdout]    |                ^^^^^^^^^^^^^^^^  ^^^^^^^^^^^^^
[INFO] [stdout] 
[INFO] [stdout] 
[INFO] [stdout] warning: variable does not need to be mutable
[INFO] [stdout]   --> src/app.rs:45:13
[INFO] [stdout]    |
[INFO] [stdout] 45 |         let mut all_string = String::new();
[INFO] [stdout]    |             ----^^^^^^^^^^
[INFO] [stdout]    |             |
[INFO] [stdout]    |             help: remove this `mut`
[INFO] [stdout]    |
[INFO] [stdout]    = note: `#[warn(unused_mut)]` on by default
[INFO] [stdout] 
[INFO] [stdout] 
[INFO] [stdout] error[E0382]: borrow of moved value: `all_string`
[INFO] [stdout]   --> src/app.rs:49:26
[INFO] [stdout]    |
[INFO] [stdout] 45 |         let mut all_string = String::new();
[INFO] [stdout]    |             -------------- move occurs because `all_string` has type `String`, which does not implement the `Copy` trait
[INFO] [stdout] 46 |         for string in &self.key_buffer {
[INFO] [stdout]    |         ------------------------------ inside of this loop
[INFO] [stdout] 47 |             all_string.add(&string[..]);
[INFO] [stdout]    |             ---------- value moved here, in previous iteration of loop
[INFO] [stdout] 48 |         }
[INFO] [stdout] 49 |         output.write_all(all_string.as_bytes())?;
[INFO] [stdout]    |                          ^^^^^^^^^^ value borrowed here after move
[INFO] [stdout]    |
[INFO] [stdout] help: consider cloning the value if the performance cost is acceptable
[INFO] [stdout]    |
[INFO] [stdout] 47 |             all_string.clone().add(&string[..]);
[INFO] [stdout]    |                       ++++++++
[INFO] [stdout] 
[INFO] [stdout] 
[INFO] [stdout] error[E0004]: non-exhaustive patterns: `CurrentScreen::Main`, `CurrentScreen::Editing` and `CurrentScreen::Exiting` not covered
[INFO] [stdout]   --> src/main.rs:66:19
[INFO] [stdout]    |
[INFO] [stdout] 66 |             match app.current_screen {
[INFO] [stdout]    |                   ^^^^^^^^^^^^^^^^^^ patterns `CurrentScreen::Main`, `CurrentScreen::Editing` and `CurrentScreen::Exiting` not covered
[INFO] [stdout]    |
[INFO] [stdout] note: `CurrentScreen` defined here
[INFO] [stdout]   --> src/app.rs:5:10
[INFO] [stdout]    |
[INFO] [stdout] 5  | pub enum CurrentScreen {
[INFO] [stdout]    |          ^^^^^^^^^^^^^
[INFO] [stdout] 6  |     Main,
[INFO] [stdout]    |     ---- not covered
[INFO] [stdout] 7  |     Editing,
[INFO] [stdout]    |     ------- not covered
[INFO] [stdout] 8  |     Exiting,
[INFO] [stdout]    |     ------- not covered
[INFO] [stdout]    = note: the matched value is of type `CurrentScreen`
[INFO] [stdout] help: ensure that all possible cases are being handled by adding a match arm with a wildcard pattern, a match arm with multiple or-patterns as shown, or multiple match arms
[INFO] [stdout]    |
[INFO] [stdout] 66 ~             match app.current_screen {
[INFO] [stdout] 67 +                 CurrentScreen::Main | CurrentScreen::Editing | CurrentScreen::Exiting => todo!(),
[INFO] [stdout] 68 +             }
[INFO] [stdout]    |
[INFO] [stdout] 
[INFO] [stdout] 
[INFO] [stdout] error: aborting due to 2 previous errors; 4 warnings emitted
[INFO] [stdout] 
[INFO] [stdout] 
[INFO] [stdout] Some errors have detailed explanations: E0004, E0382.
[INFO] [stdout] 
[INFO] [stdout] For more information about an error, try `rustc --explain E0004`.
[INFO] [stdout] 
[INFO] [stderr] error: could not compile `text_editor` (bin "text_editor") due to 3 previous errors; 4 warnings emitted
[INFO] running `Command { std: "docker" "inspect" "b9649adabc09ee7dbe457d7695c03b12b96fb1e610194cd250d5866d1a3f6733", kill_on_drop: false }`
[INFO] running `Command { std: "docker" "rm" "-f" "b9649adabc09ee7dbe457d7695c03b12b96fb1e610194cd250d5866d1a3f6733", kill_on_drop: false }`
[INFO] [stdout] b9649adabc09ee7dbe457d7695c03b12b96fb1e610194cd250d5866d1a3f6733
[INFO] testing FALLfield/text_editor against beta-2023-12-22 for beta-1.76-1
[INFO] running `Command { std: "git" "clone" "/workspace/cache/git-repos/https%3A%2F%2Fgithub.com%2FFALLfield%2Ftext_editor" "/workspace/builds/worker-4-tc2/source", kill_on_drop: false }`
[INFO] [stderr] Cloning into '/workspace/builds/worker-4-tc2/source'...
[INFO] [stderr] done.
[INFO] validating manifest of git repo https://github.com/FALLfield/text_editor on toolchain beta-2023-12-22
[INFO] running `Command { std: CARGO_HOME="/workspace/cargo-home" RUSTUP_HOME="/workspace/rustup-home" "/workspace/cargo-home/bin/cargo" "+beta-2023-12-22" "metadata" "--manifest-path" "Cargo.toml" "--no-deps", kill_on_drop: false }`
[INFO] started tweaking git repo https://github.com/FALLfield/text_editor
[INFO] finished tweaking git repo https://github.com/FALLfield/text_editor
[INFO] tweaked toml for git repo https://github.com/FALLfield/text_editor written to /workspace/builds/worker-4-tc2/source/Cargo.toml
[INFO] crate git repo https://github.com/FALLfield/text_editor already has a lockfile, it will not be regenerated
[INFO] running `Command { std: CARGO_HOME="/workspace/cargo-home" RUSTUP_HOME="/workspace/rustup-home" "/workspace/cargo-home/bin/cargo" "+beta-2023-12-22" "fetch" "--manifest-path" "Cargo.toml", kill_on_drop: false }`
[INFO] running `Command { std: "docker" "create" "-v" "/var/lib/crater-agent-workspace/builds/worker-4-tc2/target:/opt/rustwide/target:rw,Z" "-v" "/var/lib/crater-agent-workspace/builds/worker-4-tc2/source:/opt/rustwide/workdir:ro,Z" "-v" "/var/lib/crater-agent-workspace/cargo-home:/opt/rustwide/cargo-home:ro,Z" "-v" "/var/lib/crater-agent-workspace/rustup-home:/opt/rustwide/rustup-home:ro,Z" "-e" "SOURCE_DIR=/opt/rustwide/workdir" "-e" "CARGO_TARGET_DIR=/opt/rustwide/target" "-e" "CARGO_HOME=/opt/rustwide/cargo-home" "-e" "RUSTUP_HOME=/opt/rustwide/rustup-home" "-w" "/opt/rustwide/workdir" "-m" "1610612736" "--user" "0:0" "--network" "none" "ghcr.io/rust-lang/crates-build-env/linux@sha256:2788e3201cd34a07e3172128adcd8b3090168a8e3bcc40d7c032b9dda1df7d1c" "/opt/rustwide/cargo-home/bin/cargo" "+beta-2023-12-22" "metadata" "--no-deps" "--format-version=1", kill_on_drop: false }`
[INFO] [stdout] cc54555f8140774778bf9e5e0d90bdae48ea8198e6eb4a441613d0951af401dc
[INFO] running `Command { std: "docker" "start" "-a" "cc54555f8140774778bf9e5e0d90bdae48ea8198e6eb4a441613d0951af401dc", kill_on_drop: false }`
[INFO] running `Command { std: "docker" "inspect" "cc54555f8140774778bf9e5e0d90bdae48ea8198e6eb4a441613d0951af401dc", kill_on_drop: false }`
[INFO] running `Command { std: "docker" "rm" "-f" "cc54555f8140774778bf9e5e0d90bdae48ea8198e6eb4a441613d0951af401dc", kill_on_drop: false }`
[INFO] [stdout] cc54555f8140774778bf9e5e0d90bdae48ea8198e6eb4a441613d0951af401dc
[INFO] running `Command { std: "docker" "create" "-v" "/var/lib/crater-agent-workspace/builds/worker-4-tc2/target:/opt/rustwide/target:rw,Z" "-v" "/var/lib/crater-agent-workspace/builds/worker-4-tc2/source:/opt/rustwide/workdir:ro,Z" "-v" "/var/lib/crater-agent-workspace/cargo-home:/opt/rustwide/cargo-home:ro,Z" "-v" "/var/lib/crater-agent-workspace/rustup-home:/opt/rustwide/rustup-home:ro,Z" "-e" "SOURCE_DIR=/opt/rustwide/workdir" "-e" "CARGO_TARGET_DIR=/opt/rustwide/target" "-e" "CARGO_INCREMENTAL=0" "-e" "RUST_BACKTRACE=full" "-e" "RUSTFLAGS=--cap-lints=warn" "-e" "RUSTDOCFLAGS=--cap-lints=warn" "-e" "CARGO_HOME=/opt/rustwide/cargo-home" "-e" "RUSTUP_HOME=/opt/rustwide/rustup-home" "-w" "/opt/rustwide/workdir" "-m" "1610612736" "--user" "0:0" "--network" "none" "ghcr.io/rust-lang/crates-build-env/linux@sha256:2788e3201cd34a07e3172128adcd8b3090168a8e3bcc40d7c032b9dda1df7d1c" "/opt/rustwide/cargo-home/bin/cargo" "+beta-2023-12-22" "build" "--frozen" "--message-format=json", kill_on_drop: false }`
[INFO] [stdout] 70fe86639002aec1db87e4bc6e0de5a425f69efe06f2268168f48b298675e295
[INFO] running `Command { std: "docker" "start" "-a" "70fe86639002aec1db87e4bc6e0de5a425f69efe06f2268168f48b298675e295", kill_on_drop: false }`
[INFO] [stderr]    Compiling libc v0.2.151
[INFO] [stderr]    Compiling proc-macro2 v1.0.71
[INFO] [stderr]    Compiling unicode-ident v1.0.12
[INFO] [stderr]    Compiling parking_lot_core v0.9.9
[INFO] [stderr]    Compiling signal-hook v0.3.17
[INFO] [stderr]    Compiling lock_api v0.4.11
[INFO] [stderr]    Compiling rustversion v1.0.14
[INFO] [stderr]    Compiling zerocopy v0.7.32
[INFO] [stderr]    Compiling scopeguard v1.2.0
[INFO] [stderr]    Compiling log v0.4.20
[INFO] [stderr]    Compiling once_cell v1.19.0
[INFO] [stderr]    Compiling smallvec v1.11.2
[INFO] [stderr]    Compiling heck v0.4.1
[INFO] [stderr]    Compiling paste v1.0.14
[INFO] [stderr]    Compiling ahash v0.8.6
[INFO] [stderr]    Compiling bitflags v2.4.1
[INFO] [stderr]    Compiling unicode-width v0.1.11
[INFO] [stderr]    Compiling indoc v2.0.4
[INFO] [stderr]    Compiling hashbrown v0.14.3
[INFO] [stderr]    Compiling cassowary v0.3.0
[INFO] [stderr]    Compiling unicode-segmentation v1.10.1
[INFO] [stderr]    Compiling quote v1.0.33
[INFO] [stderr]    Compiling signal-hook-registry v1.4.1
[INFO] [stderr]    Compiling mio v0.8.10
[INFO] [stderr]    Compiling syn v2.0.43
[INFO] [stderr]    Compiling syn v1.0.109
[INFO] [stderr]    Compiling parking_lot v0.12.1
[INFO] [stderr]    Compiling lru v0.12.1
[INFO] [stderr]    Compiling signal-hook-mio v0.2.3
[INFO] [stderr]    Compiling crossterm v0.27.0
[INFO] [stderr]    Compiling strum_macros v0.25.3
[INFO] [stderr]    Compiling stability v0.1.1
[INFO] [stderr]    Compiling strum v0.25.0
[INFO] [stderr]    Compiling ratatui v0.25.0
[INFO] [stderr]    Compiling text_editor v0.1.0 (/opt/rustwide/workdir)
[INFO] [stdout] warning: unused imports: `BufRead`, `BufReader`, `read_to_string`
[INFO] [stdout]  --> src/app.rs:2:22
[INFO] [stdout]   |
[INFO] [stdout] 2 | use std::io::{Write, BufReader, BufRead, Error, read_to_string};
[INFO] [stdout]   |                      ^^^^^^^^^  ^^^^^^^         ^^^^^^^^^^^^^^
[INFO] [stdout]   |
[INFO] [stdout]   = note: `#[warn(unused_imports)]` on by default
[INFO] [stdout] 
[INFO] [stdout] 
[INFO] [stdout] warning: unused import: `KeyCode`
[INFO] [stdout]  --> src/main.rs:9:63
[INFO] [stdout]   |
[INFO] [stdout] 9 |         self, DisableMouseCapture, EnableMouseCapture, Event, KeyCode, KeyEventKind,
[INFO] [stdout]   |                                                               ^^^^^^^
[INFO] [stdout] 
[INFO] [stdout] 
[INFO] [stdout] warning: unused imports: `CurrentScreen`, `CurrentlyEditing`
[INFO] [stdout]   --> src/main.rs:20:16
[INFO] [stdout]    |
[INFO] [stdout] 20 |     app::{App, CurrentlyEditing, CurrentScreen},
[INFO] [stdout]    |                ^^^^^^^^^^^^^^^^  ^^^^^^^^^^^^^
[INFO] [stdout] 
[INFO] [stdout] 
[INFO] [stdout] warning: variable does not need to be mutable
[INFO] [stdout]   --> src/app.rs:45:13
[INFO] [stdout]    |
[INFO] [stdout] 45 |         let mut all_string = String::new();
[INFO] [stdout]    |             ----^^^^^^^^^^
[INFO] [stdout]    |             |
[INFO] [stdout]    |             help: remove this `mut`
[INFO] [stdout]    |
[INFO] [stdout]    = note: `#[warn(unused_mut)]` on by default
[INFO] [stdout] 
[INFO] [stdout] 
[INFO] [stdout] error[E0382]: borrow of moved value: `all_string`
[INFO] [stdout]   --> src/app.rs:49:26
[INFO] [stdout]    |
[INFO] [stdout] 45 |         let mut all_string = String::new();
[INFO] [stdout]    |             -------------- move occurs because `all_string` has type `String`, which does not implement the `Copy` trait
[INFO] [stdout] 46 |         for string in &self.key_buffer {
[INFO] [stdout]    |         ------------------------------ inside of this loop
[INFO] [stdout] 47 |             all_string.add(&string[..]);
[INFO] [stdout]    |             ---------- value moved here, in previous iteration of loop
[INFO] [stdout] 48 |         }
[INFO] [stdout] 49 |         output.write_all(all_string.as_bytes())?;
[INFO] [stdout]    |                          ^^^^^^^^^^ value borrowed here after move
[INFO] [stdout]    |
[INFO] [stdout] help: consider cloning the value if the performance cost is acceptable
[INFO] [stdout]    |
[INFO] [stdout] 47 |             all_string.clone().add(&string[..]);
[INFO] [stdout]    |                       ++++++++
[INFO] [stdout] 
[INFO] [stdout] 
[INFO] [stdout] error[E0004]: non-exhaustive patterns: `CurrentScreen::Main`, `CurrentScreen::Editing` and `CurrentScreen::Exiting` not covered
[INFO] [stdout]   --> src/main.rs:66:19
[INFO] [stdout]    |
[INFO] [stdout] 66 |             match app.current_screen {
[INFO] [stdout]    |                   ^^^^^^^^^^^^^^^^^^ patterns `CurrentScreen::Main`, `CurrentScreen::Editing` and `CurrentScreen::Exiting` not covered
[INFO] [stdout]    |
[INFO] [stdout] note: `CurrentScreen` defined here
[INFO] [stdout]   --> src/app.rs:5:10
[INFO] [stdout]    |
[INFO] [stdout] 5  | pub enum CurrentScreen {
[INFO] [stdout]    |          ^^^^^^^^^^^^^
[INFO] [stdout] 6  |     Main,
[INFO] [stdout]    |     ---- not covered
[INFO] [stdout] 7  |     Editing,
[INFO] [stdout]    |     ------- not covered
[INFO] [stdout] 8  |     Exiting,
[INFO] [stdout]    |     ------- not covered
[INFO] [stdout]    = note: the matched value is of type `CurrentScreen`
[INFO] [stdout] help: ensure that all possible cases are being handled by adding a match arm with a wildcard pattern, a match arm with multiple or-patterns as shown, or multiple match arms
[INFO] [stdout]    |
[INFO] [stdout] 66 ~             match app.current_screen {
[INFO] [stdout] 67 +                 CurrentScreen::Main | CurrentScreen::Editing | CurrentScreen::Exiting => todo!(),
[INFO] [stdout] 68 +             }
[INFO] [stdout]    |
[INFO] [stdout] 
[INFO] [stdout] 
[INFO] [stdout] error: aborting due to 2 previous errors; 4 warnings emitted
[INFO] [stdout] 
[INFO] [stdout] 
[INFO] [stdout] Some errors have detailed explanations: E0004, E0382.
[INFO] [stdout] 
[INFO] [stdout] For more information about an error, try `rustc --explain E0004`.
[INFO] [stdout] 
[INFO] [stderr] error: could not compile `text_editor` (bin "text_editor") due to 3 previous errors; 4 warnings emitted
[INFO] running `Command { std: "docker" "inspect" "70fe86639002aec1db87e4bc6e0de5a425f69efe06f2268168f48b298675e295", kill_on_drop: false }`
[INFO] running `Command { std: "docker" "rm" "-f" "70fe86639002aec1db87e4bc6e0de5a425f69efe06f2268168f48b298675e295", kill_on_drop: false }`
[INFO] [stdout] 70fe86639002aec1db87e4bc6e0de5a425f69efe06f2268168f48b298675e295
