[INFO] cloning repository https://github.com/F3kilo/missed_lifetimes
[INFO] running `Command { std: "git" "-c" "credential.helper=" "-c" "credential.helper=/workspace/cargo-home/bin/git-credential-null" "clone" "--bare" "https://github.com/F3kilo/missed_lifetimes" "/workspace/cache/git-repos/https%3A%2F%2Fgithub.com%2FF3kilo%2Fmissed_lifetimes", kill_on_drop: false }`
[INFO] [stderr] Cloning into bare repository '/workspace/cache/git-repos/https%3A%2F%2Fgithub.com%2FF3kilo%2Fmissed_lifetimes'...
[INFO] running `Command { std: "git" "rev-parse" "HEAD", kill_on_drop: false }`
[INFO] [stdout] 89893cb589bcb52367021f6543113646efd79ffc
[INFO] testing F3kilo/missed_lifetimes against 1.75.0 for beta-1.76-1
[INFO] running `Command { std: "git" "clone" "/workspace/cache/git-repos/https%3A%2F%2Fgithub.com%2FF3kilo%2Fmissed_lifetimes" "/workspace/builds/worker-3-tc1/source", kill_on_drop: false }`
[INFO] [stderr] Cloning into '/workspace/builds/worker-3-tc1/source'...
[INFO] [stderr] done.
[INFO] validating manifest of git repo https://github.com/F3kilo/missed_lifetimes on toolchain 1.75.0
[INFO] running `Command { std: CARGO_HOME="/workspace/cargo-home" RUSTUP_HOME="/workspace/rustup-home" "/workspace/cargo-home/bin/cargo" "+1.75.0" "metadata" "--manifest-path" "Cargo.toml" "--no-deps", kill_on_drop: false }`
[INFO] started tweaking git repo https://github.com/F3kilo/missed_lifetimes
[INFO] finished tweaking git repo https://github.com/F3kilo/missed_lifetimes
[INFO] tweaked toml for git repo https://github.com/F3kilo/missed_lifetimes written to /workspace/builds/worker-3-tc1/source/Cargo.toml
[INFO] crate git repo https://github.com/F3kilo/missed_lifetimes already has a lockfile, it will not be regenerated
[INFO] running `Command { std: CARGO_HOME="/workspace/cargo-home" RUSTUP_HOME="/workspace/rustup-home" "/workspace/cargo-home/bin/cargo" "+1.75.0" "fetch" "--manifest-path" "Cargo.toml", kill_on_drop: false }`
[INFO] running `Command { std: "docker" "create" "-v" "/var/lib/crater-agent-workspace/builds/worker-3-tc1/target:/opt/rustwide/target:rw,Z" "-v" "/var/lib/crater-agent-workspace/builds/worker-3-tc1/source:/opt/rustwide/workdir:ro,Z" "-v" "/var/lib/crater-agent-workspace/cargo-home:/opt/rustwide/cargo-home:ro,Z" "-v" "/var/lib/crater-agent-workspace/rustup-home:/opt/rustwide/rustup-home:ro,Z" "-e" "SOURCE_DIR=/opt/rustwide/workdir" "-e" "CARGO_TARGET_DIR=/opt/rustwide/target" "-e" "CARGO_HOME=/opt/rustwide/cargo-home" "-e" "RUSTUP_HOME=/opt/rustwide/rustup-home" "-w" "/opt/rustwide/workdir" "-m" "1610612736" "--user" "0:0" "--network" "none" "ghcr.io/rust-lang/crates-build-env/linux@sha256:2788e3201cd34a07e3172128adcd8b3090168a8e3bcc40d7c032b9dda1df7d1c" "/opt/rustwide/cargo-home/bin/cargo" "+1.75.0" "metadata" "--no-deps" "--format-version=1", kill_on_drop: false }`
[INFO] [stdout] 1c76bb7b83528ef5290b6ccd0d455d46780dbed06bf70a7b570ed81780a418b7
[INFO] running `Command { std: "docker" "start" "-a" "1c76bb7b83528ef5290b6ccd0d455d46780dbed06bf70a7b570ed81780a418b7", kill_on_drop: false }`
[INFO] running `Command { std: "docker" "inspect" "1c76bb7b83528ef5290b6ccd0d455d46780dbed06bf70a7b570ed81780a418b7", kill_on_drop: false }`
[INFO] running `Command { std: "docker" "rm" "-f" "1c76bb7b83528ef5290b6ccd0d455d46780dbed06bf70a7b570ed81780a418b7", kill_on_drop: false }`
[INFO] [stdout] 1c76bb7b83528ef5290b6ccd0d455d46780dbed06bf70a7b570ed81780a418b7
[INFO] running `Command { std: "docker" "create" "-v" "/var/lib/crater-agent-workspace/builds/worker-3-tc1/target:/opt/rustwide/target:rw,Z" "-v" "/var/lib/crater-agent-workspace/builds/worker-3-tc1/source:/opt/rustwide/workdir:ro,Z" "-v" "/var/lib/crater-agent-workspace/cargo-home:/opt/rustwide/cargo-home:ro,Z" "-v" "/var/lib/crater-agent-workspace/rustup-home:/opt/rustwide/rustup-home:ro,Z" "-e" "SOURCE_DIR=/opt/rustwide/workdir" "-e" "CARGO_TARGET_DIR=/opt/rustwide/target" "-e" "CARGO_INCREMENTAL=0" "-e" "RUST_BACKTRACE=full" "-e" "RUSTFLAGS=--cap-lints=warn" "-e" "RUSTDOCFLAGS=--cap-lints=warn" "-e" "CARGO_HOME=/opt/rustwide/cargo-home" "-e" "RUSTUP_HOME=/opt/rustwide/rustup-home" "-w" "/opt/rustwide/workdir" "-m" "1610612736" "--user" "0:0" "--network" "none" "ghcr.io/rust-lang/crates-build-env/linux@sha256:2788e3201cd34a07e3172128adcd8b3090168a8e3bcc40d7c032b9dda1df7d1c" "/opt/rustwide/cargo-home/bin/cargo" "+1.75.0" "build" "--frozen" "--message-format=json", kill_on_drop: false }`
[INFO] [stdout] 9515847e1b40ae45505d276868809e4b3270b6bb66199178b945f2a55e84b914
[INFO] running `Command { std: "docker" "start" "-a" "9515847e1b40ae45505d276868809e4b3270b6bb66199178b945f2a55e84b914", kill_on_drop: false }`
[INFO] [stderr]    Compiling missed_lifetimes v0.1.0 (/opt/rustwide/workdir)
[INFO] [stdout] error[E0106]: missing lifetime specifier
[INFO] [stdout]   --> src/main.rs:20:43
[INFO] [stdout]    |
[INFO] [stdout] 20 | fn nth_item(data: &[usize], n: &usize) -> &usize {
[INFO] [stdout]    |                   --------     ------     ^ expected named lifetime parameter
[INFO] [stdout]    |
[INFO] [stdout]    = help: this function's return type contains a borrowed value, but the signature does not say whether it is borrowed from `data` or `n`
[INFO] [stdout] help: consider introducing a named lifetime parameter
[INFO] [stdout]    |
[INFO] [stdout] 20 | fn nth_item<'a>(data: &'a [usize], n: &'a usize) -> &'a usize {
[INFO] [stdout]    |            ++++        ++              ++            ++
[INFO] [stdout] 
[INFO] [stdout] 
[INFO] [stdout] error[E0106]: missing lifetime specifier
[INFO] [stdout]   --> src/main.rs:24:62
[INFO] [stdout]    |
[INFO] [stdout] 24 | fn increased_by_first_item(data: &[usize], n: &mut usize) -> &mut usize {
[INFO] [stdout]    |                                  --------     ----------     ^ expected named lifetime parameter
[INFO] [stdout]    |
[INFO] [stdout]    = help: this function's return type contains a borrowed value, but the signature does not say whether it is borrowed from `data` or `n`
[INFO] [stdout] help: consider introducing a named lifetime parameter
[INFO] [stdout]    |
[INFO] [stdout] 24 | fn increased_by_first_item<'a>(data: &'a [usize], n: &'a mut usize) -> &'a mut usize {
[INFO] [stdout]    |                           ++++        ++              ++                ++
[INFO] [stdout] 
[INFO] [stdout] 
[INFO] [stdout] error[E0106]: missing lifetime specifier
[INFO] [stdout]   --> src/main.rs:30:12
[INFO] [stdout]    |
[INFO] [stdout] 30 |     first: &usize,
[INFO] [stdout]    |            ^ expected named lifetime parameter
[INFO] [stdout]    |
[INFO] [stdout] help: consider introducing a named lifetime parameter
[INFO] [stdout]    |
[INFO] [stdout] 29 ~ struct TwoValues<'a> {
[INFO] [stdout] 30 ~     first: &'a usize,
[INFO] [stdout]    |
[INFO] [stdout] 
[INFO] [stdout] 
[INFO] [stdout] error[E0106]: missing lifetime specifier
[INFO] [stdout]   --> src/main.rs:31:13
[INFO] [stdout]    |
[INFO] [stdout] 31 |     second: &usize,
[INFO] [stdout]    |             ^ expected named lifetime parameter
[INFO] [stdout]    |
[INFO] [stdout] help: consider introducing a named lifetime parameter
[INFO] [stdout]    |
[INFO] [stdout] 29 ~ struct TwoValues<'a> {
[INFO] [stdout] 30 |     first: &usize,
[INFO] [stdout] 31 ~     second: &'a usize,
[INFO] [stdout]    |
[INFO] [stdout] 
[INFO] [stdout] 
[INFO] [stdout] error: aborting due to 4 previous errors
[INFO] [stdout] 
[INFO] [stdout] 
[INFO] [stdout] For more information about this error, try `rustc --explain E0106`.
[INFO] [stdout] 
[INFO] [stderr] error: could not compile `missed_lifetimes` (bin "missed_lifetimes") due to 5 previous errors
[INFO] running `Command { std: "docker" "inspect" "9515847e1b40ae45505d276868809e4b3270b6bb66199178b945f2a55e84b914", kill_on_drop: false }`
[INFO] running `Command { std: "docker" "rm" "-f" "9515847e1b40ae45505d276868809e4b3270b6bb66199178b945f2a55e84b914", kill_on_drop: false }`
[INFO] [stdout] 9515847e1b40ae45505d276868809e4b3270b6bb66199178b945f2a55e84b914
[INFO] testing F3kilo/missed_lifetimes against beta-2023-12-22 for beta-1.76-1
[INFO] running `Command { std: "git" "clone" "/workspace/cache/git-repos/https%3A%2F%2Fgithub.com%2FF3kilo%2Fmissed_lifetimes" "/workspace/builds/worker-3-tc2/source", kill_on_drop: false }`
[INFO] [stderr] Cloning into '/workspace/builds/worker-3-tc2/source'...
[INFO] [stderr] done.
[INFO] validating manifest of git repo https://github.com/F3kilo/missed_lifetimes on toolchain beta-2023-12-22
[INFO] running `Command { std: CARGO_HOME="/workspace/cargo-home" RUSTUP_HOME="/workspace/rustup-home" "/workspace/cargo-home/bin/cargo" "+beta-2023-12-22" "metadata" "--manifest-path" "Cargo.toml" "--no-deps", kill_on_drop: false }`
[INFO] started tweaking git repo https://github.com/F3kilo/missed_lifetimes
[INFO] finished tweaking git repo https://github.com/F3kilo/missed_lifetimes
[INFO] tweaked toml for git repo https://github.com/F3kilo/missed_lifetimes written to /workspace/builds/worker-3-tc2/source/Cargo.toml
[INFO] crate git repo https://github.com/F3kilo/missed_lifetimes already has a lockfile, it will not be regenerated
[INFO] running `Command { std: CARGO_HOME="/workspace/cargo-home" RUSTUP_HOME="/workspace/rustup-home" "/workspace/cargo-home/bin/cargo" "+beta-2023-12-22" "fetch" "--manifest-path" "Cargo.toml", kill_on_drop: false }`
[INFO] running `Command { std: "docker" "create" "-v" "/var/lib/crater-agent-workspace/builds/worker-3-tc2/target:/opt/rustwide/target:rw,Z" "-v" "/var/lib/crater-agent-workspace/builds/worker-3-tc2/source:/opt/rustwide/workdir:ro,Z" "-v" "/var/lib/crater-agent-workspace/cargo-home:/opt/rustwide/cargo-home:ro,Z" "-v" "/var/lib/crater-agent-workspace/rustup-home:/opt/rustwide/rustup-home:ro,Z" "-e" "SOURCE_DIR=/opt/rustwide/workdir" "-e" "CARGO_TARGET_DIR=/opt/rustwide/target" "-e" "CARGO_HOME=/opt/rustwide/cargo-home" "-e" "RUSTUP_HOME=/opt/rustwide/rustup-home" "-w" "/opt/rustwide/workdir" "-m" "1610612736" "--user" "0:0" "--network" "none" "ghcr.io/rust-lang/crates-build-env/linux@sha256:2788e3201cd34a07e3172128adcd8b3090168a8e3bcc40d7c032b9dda1df7d1c" "/opt/rustwide/cargo-home/bin/cargo" "+beta-2023-12-22" "metadata" "--no-deps" "--format-version=1", kill_on_drop: false }`
[INFO] [stdout] 645ae925dd3d1c8402b5b3db88f78d6ae578b937a54277206321d373b644cfa8
[INFO] running `Command { std: "docker" "start" "-a" "645ae925dd3d1c8402b5b3db88f78d6ae578b937a54277206321d373b644cfa8", kill_on_drop: false }`
[INFO] running `Command { std: "docker" "inspect" "645ae925dd3d1c8402b5b3db88f78d6ae578b937a54277206321d373b644cfa8", kill_on_drop: false }`
[INFO] running `Command { std: "docker" "rm" "-f" "645ae925dd3d1c8402b5b3db88f78d6ae578b937a54277206321d373b644cfa8", kill_on_drop: false }`
[INFO] [stdout] 645ae925dd3d1c8402b5b3db88f78d6ae578b937a54277206321d373b644cfa8
[INFO] running `Command { std: "docker" "create" "-v" "/var/lib/crater-agent-workspace/builds/worker-3-tc2/target:/opt/rustwide/target:rw,Z" "-v" "/var/lib/crater-agent-workspace/builds/worker-3-tc2/source:/opt/rustwide/workdir:ro,Z" "-v" "/var/lib/crater-agent-workspace/cargo-home:/opt/rustwide/cargo-home:ro,Z" "-v" "/var/lib/crater-agent-workspace/rustup-home:/opt/rustwide/rustup-home:ro,Z" "-e" "SOURCE_DIR=/opt/rustwide/workdir" "-e" "CARGO_TARGET_DIR=/opt/rustwide/target" "-e" "CARGO_INCREMENTAL=0" "-e" "RUST_BACKTRACE=full" "-e" "RUSTFLAGS=--cap-lints=warn" "-e" "RUSTDOCFLAGS=--cap-lints=warn" "-e" "CARGO_HOME=/opt/rustwide/cargo-home" "-e" "RUSTUP_HOME=/opt/rustwide/rustup-home" "-w" "/opt/rustwide/workdir" "-m" "1610612736" "--user" "0:0" "--network" "none" "ghcr.io/rust-lang/crates-build-env/linux@sha256:2788e3201cd34a07e3172128adcd8b3090168a8e3bcc40d7c032b9dda1df7d1c" "/opt/rustwide/cargo-home/bin/cargo" "+beta-2023-12-22" "build" "--frozen" "--message-format=json", kill_on_drop: false }`
[INFO] [stdout] f0c92cbc775dabb92124612995e281fe4329743db4fe19ea10810c90272a8e8d
[INFO] running `Command { std: "docker" "start" "-a" "f0c92cbc775dabb92124612995e281fe4329743db4fe19ea10810c90272a8e8d", kill_on_drop: false }`
[INFO] [stderr]    Compiling missed_lifetimes v0.1.0 (/opt/rustwide/workdir)
[INFO] [stdout] error[E0106]: missing lifetime specifier
[INFO] [stdout]   --> src/main.rs:20:43
[INFO] [stdout]    |
[INFO] [stdout] 20 | fn nth_item(data: &[usize], n: &usize) -> &usize {
[INFO] [stdout]    |                   --------     ------     ^ expected named lifetime parameter
[INFO] [stdout]    |
[INFO] [stdout]    = help: this function's return type contains a borrowed value, but the signature does not say whether it is borrowed from `data` or `n`
[INFO] [stdout] help: consider introducing a named lifetime parameter
[INFO] [stdout]    |
[INFO] [stdout] 20 | fn nth_item<'a>(data: &'a [usize], n: &'a usize) -> &'a usize {
[INFO] [stdout]    |            ++++        ++              ++            ++
[INFO] [stdout] 
[INFO] [stdout] 
[INFO] [stdout] error[E0106]: missing lifetime specifier
[INFO] [stdout]   --> src/main.rs:24:62
[INFO] [stdout]    |
[INFO] [stdout] 24 | fn increased_by_first_item(data: &[usize], n: &mut usize) -> &mut usize {
[INFO] [stdout]    |                                  --------     ----------     ^ expected named lifetime parameter
[INFO] [stdout]    |
[INFO] [stdout]    = help: this function's return type contains a borrowed value, but the signature does not say whether it is borrowed from `data` or `n`
[INFO] [stdout] help: consider introducing a named lifetime parameter
[INFO] [stdout]    |
[INFO] [stdout] 24 | fn increased_by_first_item<'a>(data: &'a [usize], n: &'a mut usize) -> &'a mut usize {
[INFO] [stdout]    |                           ++++        ++              ++                ++
[INFO] [stdout] 
[INFO] [stdout] 
[INFO] [stdout] error[E0106]: missing lifetime specifier
[INFO] [stdout]   --> src/main.rs:30:12
[INFO] [stdout]    |
[INFO] [stdout] 30 |     first: &usize,
[INFO] [stdout]    |            ^ expected named lifetime parameter
[INFO] [stdout]    |
[INFO] [stdout] help: consider introducing a named lifetime parameter
[INFO] [stdout]    |
[INFO] [stdout] 29 ~ struct TwoValues<'a> {
[INFO] [stdout] 30 ~     first: &'a usize,
[INFO] [stdout]    |
[INFO] [stdout] 
[INFO] [stdout] 
[INFO] [stdout] error[E0106]: missing lifetime specifier
[INFO] [stdout]   --> src/main.rs:31:13
[INFO] [stdout]    |
[INFO] [stdout] 31 |     second: &usize,
[INFO] [stdout]    |             ^ expected named lifetime parameter
[INFO] [stdout]    |
[INFO] [stdout] help: consider introducing a named lifetime parameter
[INFO] [stdout]    |
[INFO] [stdout] 29 ~ struct TwoValues<'a> {
[INFO] [stdout] 30 |     first: &usize,
[INFO] [stdout] 31 ~     second: &'a usize,
[INFO] [stdout]    |
[INFO] [stdout] 
[INFO] [stdout] 
[INFO] [stdout] error: aborting due to 4 previous errors
[INFO] [stdout] 
[INFO] [stdout] 
[INFO] [stdout] For more information about this error, try `rustc --explain E0106`.
[INFO] [stdout] 
[INFO] [stderr] error: could not compile `missed_lifetimes` (bin "missed_lifetimes") due to 5 previous errors
[INFO] running `Command { std: "docker" "inspect" "f0c92cbc775dabb92124612995e281fe4329743db4fe19ea10810c90272a8e8d", kill_on_drop: false }`
[INFO] running `Command { std: "docker" "rm" "-f" "f0c92cbc775dabb92124612995e281fe4329743db4fe19ea10810c90272a8e8d", kill_on_drop: false }`
[INFO] [stdout] f0c92cbc775dabb92124612995e281fe4329743db4fe19ea10810c90272a8e8d
