[INFO] cloning repository https://github.com/Exr0n/pitaya
[INFO] running `Command { std: "git" "-c" "credential.helper=" "-c" "credential.helper=/workspace/cargo-home/bin/git-credential-null" "clone" "--bare" "https://github.com/Exr0n/pitaya" "/workspace/cache/git-repos/https%3A%2F%2Fgithub.com%2FExr0n%2Fpitaya", kill_on_drop: false }`
[INFO] [stderr] Cloning into bare repository '/workspace/cache/git-repos/https%3A%2F%2Fgithub.com%2FExr0n%2Fpitaya'...
[INFO] running `Command { std: "git" "rev-parse" "HEAD", kill_on_drop: false }`
[INFO] [stdout] 323e6e4384ae6e78be6bc4ca8c0708188cfa5a25
[INFO] testing Exr0n/pitaya against 1.75.0 for beta-1.76-1
[INFO] running `Command { std: "git" "clone" "/workspace/cache/git-repos/https%3A%2F%2Fgithub.com%2FExr0n%2Fpitaya" "/workspace/builds/worker-4-tc1/source", kill_on_drop: false }`
[INFO] [stderr] Cloning into '/workspace/builds/worker-4-tc1/source'...
[INFO] [stderr] done.
[INFO] validating manifest of git repo https://github.com/Exr0n/pitaya on toolchain 1.75.0
[INFO] running `Command { std: CARGO_HOME="/workspace/cargo-home" RUSTUP_HOME="/workspace/rustup-home" "/workspace/cargo-home/bin/cargo" "+1.75.0" "metadata" "--manifest-path" "Cargo.toml" "--no-deps", kill_on_drop: false }`
[INFO] started tweaking git repo https://github.com/Exr0n/pitaya
[INFO] finished tweaking git repo https://github.com/Exr0n/pitaya
[INFO] tweaked toml for git repo https://github.com/Exr0n/pitaya written to /workspace/builds/worker-4-tc1/source/Cargo.toml
[INFO] crate git repo https://github.com/Exr0n/pitaya already has a lockfile, it will not be regenerated
[INFO] running `Command { std: CARGO_HOME="/workspace/cargo-home" RUSTUP_HOME="/workspace/rustup-home" "/workspace/cargo-home/bin/cargo" "+1.75.0" "fetch" "--manifest-path" "Cargo.toml", kill_on_drop: false }`
[INFO] [stderr]     Updating crates.io index
[INFO] [stderr]  Downloading crates ...
[INFO] [stderr]   Downloaded pear v0.1.2
[INFO] [stderr]   Downloaded state v0.4.1
[INFO] [stderr]   Downloaded devise_codegen v0.2.0
[INFO] [stderr]   Downloaded devise v0.2.0
[INFO] [stderr]   Downloaded quote v1.0.4
[INFO] [stderr]   Downloaded fuzzy-matcher v0.3.4
[INFO] [stderr]   Downloaded notify v4.0.15
[INFO] [stderr]   Downloaded rocket v0.4.4
[INFO] [stderr]   Downloaded syn v1.0.19
[INFO] [stderr]   Downloaded rocket_contrib v0.4.4
[INFO] [stderr]   Downloaded devise_core v0.2.0
[INFO] [stderr]   Downloaded rocket_codegen v0.4.4
[INFO] [stderr]   Downloaded nanoid v0.3.0
[INFO] [stderr]   Downloaded pear_codegen v0.1.2
[INFO] [stderr]   Downloaded ring v0.13.5
[INFO] [stderr]   Downloaded cache-size v0.5.1
[INFO] [stderr]   Downloaded cookie v0.11.2
[INFO] [stderr]   Downloaded raw-cpuid v8.0.0
[INFO] [stderr]   Downloaded proc-macro2 v1.0.12
[INFO] [stderr]   Downloaded untrusted v0.6.2
[INFO] [stderr]   Downloaded rocket_http v0.4.4
[INFO] running `Command { std: "docker" "create" "-v" "/var/lib/crater-agent-workspace/builds/worker-4-tc1/target:/opt/rustwide/target:rw,Z" "-v" "/var/lib/crater-agent-workspace/builds/worker-4-tc1/source:/opt/rustwide/workdir:ro,Z" "-v" "/var/lib/crater-agent-workspace/cargo-home:/opt/rustwide/cargo-home:ro,Z" "-v" "/var/lib/crater-agent-workspace/rustup-home:/opt/rustwide/rustup-home:ro,Z" "-e" "SOURCE_DIR=/opt/rustwide/workdir" "-e" "CARGO_TARGET_DIR=/opt/rustwide/target" "-e" "CARGO_HOME=/opt/rustwide/cargo-home" "-e" "RUSTUP_HOME=/opt/rustwide/rustup-home" "-w" "/opt/rustwide/workdir" "-m" "1610612736" "--user" "0:0" "--network" "none" "ghcr.io/rust-lang/crates-build-env/linux@sha256:2788e3201cd34a07e3172128adcd8b3090168a8e3bcc40d7c032b9dda1df7d1c" "/opt/rustwide/cargo-home/bin/cargo" "+1.75.0" "metadata" "--no-deps" "--format-version=1", kill_on_drop: false }`
[INFO] [stdout] b0ddbac5d56e9d64bfd48e23c19f0617f454ba092c0398f13a77d00e599f4ef4
[INFO] running `Command { std: "docker" "start" "-a" "b0ddbac5d56e9d64bfd48e23c19f0617f454ba092c0398f13a77d00e599f4ef4", kill_on_drop: false }`
[INFO] running `Command { std: "docker" "inspect" "b0ddbac5d56e9d64bfd48e23c19f0617f454ba092c0398f13a77d00e599f4ef4", kill_on_drop: false }`
[INFO] running `Command { std: "docker" "rm" "-f" "b0ddbac5d56e9d64bfd48e23c19f0617f454ba092c0398f13a77d00e599f4ef4", kill_on_drop: false }`
[INFO] [stdout] b0ddbac5d56e9d64bfd48e23c19f0617f454ba092c0398f13a77d00e599f4ef4
[INFO] running `Command { std: "docker" "create" "-v" "/var/lib/crater-agent-workspace/builds/worker-4-tc1/target:/opt/rustwide/target:rw,Z" "-v" "/var/lib/crater-agent-workspace/builds/worker-4-tc1/source:/opt/rustwide/workdir:ro,Z" "-v" "/var/lib/crater-agent-workspace/cargo-home:/opt/rustwide/cargo-home:ro,Z" "-v" "/var/lib/crater-agent-workspace/rustup-home:/opt/rustwide/rustup-home:ro,Z" "-e" "SOURCE_DIR=/opt/rustwide/workdir" "-e" "CARGO_TARGET_DIR=/opt/rustwide/target" "-e" "CARGO_INCREMENTAL=0" "-e" "RUST_BACKTRACE=full" "-e" "RUSTFLAGS=--cap-lints=warn" "-e" "RUSTDOCFLAGS=--cap-lints=warn" "-e" "CARGO_HOME=/opt/rustwide/cargo-home" "-e" "RUSTUP_HOME=/opt/rustwide/rustup-home" "-w" "/opt/rustwide/workdir" "-m" "1610612736" "--user" "0:0" "--network" "none" "ghcr.io/rust-lang/crates-build-env/linux@sha256:2788e3201cd34a07e3172128adcd8b3090168a8e3bcc40d7c032b9dda1df7d1c" "/opt/rustwide/cargo-home/bin/cargo" "+1.75.0" "build" "--frozen" "--message-format=json", kill_on_drop: false }`
[INFO] [stdout] 54719447675d1962f2ea30e31076443edeef7e290768b6608aa000df4e92e30d
[INFO] running `Command { std: "docker" "start" "-a" "54719447675d1962f2ea30e31076443edeef7e290768b6608aa000df4e92e30d", kill_on_drop: false }`
[INFO] [stderr]    Compiling libc v0.2.69
[INFO] [stderr]    Compiling cc v1.0.52
[INFO] [stderr]    Compiling proc-macro2 v1.0.12
[INFO] [stderr]    Compiling syn v1.0.19
[INFO] [stderr]    Compiling yansi v0.4.0
[INFO] [stderr]    Compiling yansi v0.5.0
[INFO] [stderr]    Compiling serde v1.0.106
[INFO] [stderr]    Compiling idna v0.1.5
[INFO] [stderr]    Compiling base64 v0.9.3
[INFO] [stderr]    Compiling semver-parser v0.7.0
[INFO] [stderr]    Compiling untrusted v0.6.2
[INFO] [stderr]    Compiling devise_core v0.2.0
[INFO] [stderr]    Compiling traitobject v0.1.0
[INFO] [stderr]    Compiling typeable v0.1.2
[INFO] [stderr]    Compiling language-tags v0.2.2
[INFO] [stderr]    Compiling num-traits v0.2.11
[INFO] [stdout] error[E0557]: feature has been removed
[INFO] [stdout]  --> /opt/rustwide/cargo-home/registry/src/index.crates.io-6f17d22bba15001f/devise_core-0.2.0/src/lib.rs:2:12
[INFO] [stdout]   |
[INFO] [stdout] 2 | #![feature(crate_visibility_modifier)]
[INFO] [stdout]   |            ^^^^^^^^^^^^^^^^^^^^^^^^^ feature has been removed
[INFO] [stdout]   |
[INFO] [stdout]   = note: removed in favor of `pub(crate)`
[INFO] [stdout] 
[INFO] [stdout] 
[INFO] [stdout] error: expected one of `!` or `::`, found keyword `enum`
[INFO] [stdout]   --> /opt/rustwide/cargo-home/registry/src/index.crates.io-6f17d22bba15001f/devise_core-0.2.0/src/field.rs:52:7
[INFO] [stdout]    |
[INFO] [stdout] 52 | crate enum FieldKind<'p> {
[INFO] [stdout]    |       ^^^^ expected one of `!` or `::`
[INFO] [stdout] 
[INFO] [stdout] 
[INFO] [stdout] error: expected identifier, found keyword `crate`
[INFO] [stdout]   --> /opt/rustwide/cargo-home/registry/src/index.crates.io-6f17d22bba15001f/devise_core-0.2.0/src/generator.rs:69:5
[INFO] [stdout]    |
[INFO] [stdout] 65 | pub struct DeriveGenerator {
[INFO] [stdout]    |            --------------- while parsing this struct
[INFO] [stdout] ...
[INFO] [stdout] 69 |     crate generic_support: GenericSupport,
[INFO] [stdout]    |     ^^^^^ expected identifier, found keyword
[INFO] [stdout] 
[INFO] [stdout] 
[INFO] [stderr]    Compiling memchr v2.3.3
[INFO] [stderr]    Compiling state v0.4.1
[INFO] [stderr]    Compiling num-integer v0.1.42
[INFO] [stdout] error: expected one of `!` or `::`, found keyword `fn`
[INFO] [stdout]    --> /opt/rustwide/cargo-home/registry/src/index.crates.io-6f17d22bba15001f/devise_core-0.2.0/src/generator.rs:28:15
[INFO] [stdout]     |
[INFO] [stdout] 28  |           crate fn push_default_mappers(&mut self) {
[INFO] [stdout]     |                 ^^ expected one of `!` or `::`
[INFO] [stdout] ...
[INFO] [stdout] 193 | /     mappers! {
[INFO] [stdout] 194 | |         (map_struct, try_map_struct, struct_mapper): Struct, struct_mappers,
[INFO] [stdout] 195 | |         (map_enum, try_map_enum, enum_mapper): Enum, enum_mappers,
[INFO] [stdout] 196 | |         (map_variant, try_map_variant, variant_mapper): Variant, variant_mappers,
[INFO] [stdout] 197 | |         (map_fields, try_map_fields, fields_mapper): Fields, fields_mappers,
[INFO] [stdout] 198 | |         (map_field, try_map_field, field_mapper): Field, field_mappers
[INFO] [stdout] 199 | |     }
[INFO] [stdout]     | |_____- in this macro invocation
[INFO] [stdout]     |
[INFO] [stdout]     = note: this error originates in the macro `mappers` (in Nightly builds, run with -Z macro-backtrace for more info)
[INFO] [stdout] 
[INFO] [stdout] 
[INFO] [stdout] error[E0432]: unresolved imports `field::Field`, `field::Fields`
[INFO] [stdout]  --> /opt/rustwide/cargo-home/registry/src/index.crates.io-6f17d22bba15001f/devise_core-0.2.0/src/generator.rs:8:13
[INFO] [stdout]   |
[INFO] [stdout] 8 | use field::{Field, Fields};
[INFO] [stdout]   |             ^^^^^  ^^^^^^ no `Fields` in `field`
[INFO] [stdout]   |             |
[INFO] [stdout]   |             no `Field` in `field`
[INFO] [stdout]   |
[INFO] [stdout]   = help: consider importing one of these items instead:
[INFO] [stdout]           syn::Expr::Field
[INFO] [stdout]           syn::Field
[INFO] [stdout]   = help: consider importing this enum instead:
[INFO] [stdout]           syn::Fields
[INFO] [stdout] 
[INFO] [stdout] 
[INFO] [stdout] error[E0432]: unresolved imports `field::Field`, `field::FieldParent`, `field::Fields`
[INFO] [stdout]  --> /opt/rustwide/cargo-home/registry/src/index.crates.io-6f17d22bba15001f/devise_core-0.2.0/src/derived.rs:5:13
[INFO] [stdout]   |
[INFO] [stdout] 5 | use field::{Field, FieldParent, Fields};
[INFO] [stdout]   |             ^^^^^  ^^^^^^^^^^^  ^^^^^^ no `Fields` in `field`
[INFO] [stdout]   |             |      |
[INFO] [stdout]   |             |      no `FieldParent` in `field`
[INFO] [stdout]   |             no `Field` in `field`
[INFO] [stdout]   |
[INFO] [stdout]   = help: consider importing one of these items instead:
[INFO] [stdout]           syn::Expr::Field
[INFO] [stdout]           syn::Field
[INFO] [stdout]   = help: consider importing this enum instead:
[INFO] [stdout]           syn::Fields
[INFO] [stdout] 
[INFO] [stdout] 
[INFO] [stdout] error[E0554]: `#![feature]` may not be used on the stable release channel
[INFO] [stdout]  --> /opt/rustwide/cargo-home/registry/src/index.crates.io-6f17d22bba15001f/devise_core-0.2.0/src/lib.rs:1:12
[INFO] [stdout]   |
[INFO] [stdout] 1 | #![feature(proc_macro_diagnostic, proc_macro_span)]
[INFO] [stdout]   |            ^^^^^^^^^^^^^^^^^^^^^
[INFO] [stdout] 
[INFO] [stdout] 
[INFO] [stdout] error[E0554]: `#![feature]` may not be used on the stable release channel
[INFO] [stdout]  --> /opt/rustwide/cargo-home/registry/src/index.crates.io-6f17d22bba15001f/devise_core-0.2.0/src/lib.rs:1:35
[INFO] [stdout]   |
[INFO] [stdout] 1 | #![feature(proc_macro_diagnostic, proc_macro_span)]
[INFO] [stdout]   |                                   ^^^^^^^^^^^^^^^
[INFO] [stdout] 
[INFO] [stdout] 
[INFO] [stdout] error[E0554]: `#![feature]` may not be used on the stable release channel
[INFO] [stdout]  --> /opt/rustwide/cargo-home/registry/src/index.crates.io-6f17d22bba15001f/devise_core-0.2.0/src/lib.rs:3:12
[INFO] [stdout]   |
[INFO] [stdout] 3 | #![feature(concat_idents)]
[INFO] [stdout]   |            ^^^^^^^^^^^^^
[INFO] [stdout] 
[INFO] [stdout] 
[INFO] [stdout] error: aborting due to 9 previous errors
[INFO] [stdout] 
[INFO] [stdout] 
[INFO] [stdout] Some errors have detailed explanations: E0432, E0554, E0557.
[INFO] [stdout] 
[INFO] [stdout] For more information about an error, try `rustc --explain E0432`.
[INFO] [stdout] 
[INFO] [stderr]    Compiling semver v0.9.0
[INFO] [stderr] error: could not compile `devise_core` (lib) due to 10 previous errors
[INFO] [stderr] warning: build failed, waiting for other jobs to finish...
[INFO] running `Command { std: "docker" "inspect" "54719447675d1962f2ea30e31076443edeef7e290768b6608aa000df4e92e30d", kill_on_drop: false }`
[INFO] running `Command { std: "docker" "rm" "-f" "54719447675d1962f2ea30e31076443edeef7e290768b6608aa000df4e92e30d", kill_on_drop: false }`
[INFO] [stdout] 54719447675d1962f2ea30e31076443edeef7e290768b6608aa000df4e92e30d
