[INFO] cloning repository https://github.com/EvanCMcPheron/Shanimation-rs
[INFO] running `Command { std: "git" "-c" "credential.helper=" "-c" "credential.helper=/workspace/cargo-home/bin/git-credential-null" "clone" "--bare" "https://github.com/EvanCMcPheron/Shanimation-rs" "/workspace/cache/git-repos/https%3A%2F%2Fgithub.com%2FEvanCMcPheron%2FShanimation-rs", kill_on_drop: false }`
[INFO] [stderr] Cloning into bare repository '/workspace/cache/git-repos/https%3A%2F%2Fgithub.com%2FEvanCMcPheron%2FShanimation-rs'...
[INFO] running `Command { std: "git" "rev-parse" "HEAD", kill_on_drop: false }`
[INFO] [stdout] ada6652cba59df486aa92c9b487d8591b858c2a9
[INFO] testing EvanCMcPheron/Shanimation-rs against 1.75.0 for beta-1.76-1
[INFO] running `Command { std: "git" "clone" "/workspace/cache/git-repos/https%3A%2F%2Fgithub.com%2FEvanCMcPheron%2FShanimation-rs" "/workspace/builds/worker-2-tc1/source", kill_on_drop: false }`
[INFO] [stderr] Cloning into '/workspace/builds/worker-2-tc1/source'...
[INFO] [stderr] done.
[INFO] validating manifest of git repo https://github.com/EvanCMcPheron/Shanimation-rs on toolchain 1.75.0
[INFO] running `Command { std: CARGO_HOME="/workspace/cargo-home" RUSTUP_HOME="/workspace/rustup-home" "/workspace/cargo-home/bin/cargo" "+1.75.0" "metadata" "--manifest-path" "Cargo.toml" "--no-deps", kill_on_drop: false }`
[INFO] started tweaking git repo https://github.com/EvanCMcPheron/Shanimation-rs
[INFO] finished tweaking git repo https://github.com/EvanCMcPheron/Shanimation-rs
[INFO] tweaked toml for git repo https://github.com/EvanCMcPheron/Shanimation-rs written to /workspace/builds/worker-2-tc1/source/Cargo.toml
[INFO] crate git repo https://github.com/EvanCMcPheron/Shanimation-rs already has a lockfile, it will not be regenerated
[INFO] running `Command { std: CARGO_HOME="/workspace/cargo-home" RUSTUP_HOME="/workspace/rustup-home" "/workspace/cargo-home/bin/cargo" "+1.75.0" "fetch" "--manifest-path" "Cargo.toml", kill_on_drop: false }`
[INFO] [stderr]     Updating crates.io index
[INFO] [stderr]  Downloading crates ...
[INFO] [stderr]   Downloaded nasm-rs v0.2.5
[INFO] [stderr]   Downloaded openh264-sys2 v0.4.0
[INFO] [stderr]   Downloaded openh264 v0.4.0
[INFO] [stderr]   Downloaded fast_inv_sqrt v1.0.1
[INFO] [stderr]   Downloaded error-stack-derive v0.1.0
[INFO] [stderr]   Downloaded ffmpeg-sidecar v0.4.0
[INFO] running `Command { std: "docker" "create" "-v" "/var/lib/crater-agent-workspace/builds/worker-2-tc1/target:/opt/rustwide/target:rw,Z" "-v" "/var/lib/crater-agent-workspace/builds/worker-2-tc1/source:/opt/rustwide/workdir:ro,Z" "-v" "/var/lib/crater-agent-workspace/cargo-home:/opt/rustwide/cargo-home:ro,Z" "-v" "/var/lib/crater-agent-workspace/rustup-home:/opt/rustwide/rustup-home:ro,Z" "-e" "SOURCE_DIR=/opt/rustwide/workdir" "-e" "CARGO_TARGET_DIR=/opt/rustwide/target" "-e" "CARGO_HOME=/opt/rustwide/cargo-home" "-e" "RUSTUP_HOME=/opt/rustwide/rustup-home" "-w" "/opt/rustwide/workdir" "-m" "1610612736" "--user" "0:0" "--network" "none" "ghcr.io/rust-lang/crates-build-env/linux@sha256:2788e3201cd34a07e3172128adcd8b3090168a8e3bcc40d7c032b9dda1df7d1c" "/opt/rustwide/cargo-home/bin/cargo" "+1.75.0" "metadata" "--no-deps" "--format-version=1", kill_on_drop: false }`
[INFO] [stdout] 0101c04b221c07dc8e68bccf73e7567bfd46c455138c85347164259c98651b0d
[INFO] running `Command { std: "docker" "start" "-a" "0101c04b221c07dc8e68bccf73e7567bfd46c455138c85347164259c98651b0d", kill_on_drop: false }`
[INFO] running `Command { std: "docker" "inspect" "0101c04b221c07dc8e68bccf73e7567bfd46c455138c85347164259c98651b0d", kill_on_drop: false }`
[INFO] running `Command { std: "docker" "rm" "-f" "0101c04b221c07dc8e68bccf73e7567bfd46c455138c85347164259c98651b0d", kill_on_drop: false }`
[INFO] [stdout] 0101c04b221c07dc8e68bccf73e7567bfd46c455138c85347164259c98651b0d
[INFO] running `Command { std: "docker" "create" "-v" "/var/lib/crater-agent-workspace/builds/worker-2-tc1/target:/opt/rustwide/target:rw,Z" "-v" "/var/lib/crater-agent-workspace/builds/worker-2-tc1/source:/opt/rustwide/workdir:ro,Z" "-v" "/var/lib/crater-agent-workspace/cargo-home:/opt/rustwide/cargo-home:ro,Z" "-v" "/var/lib/crater-agent-workspace/rustup-home:/opt/rustwide/rustup-home:ro,Z" "-e" "SOURCE_DIR=/opt/rustwide/workdir" "-e" "CARGO_TARGET_DIR=/opt/rustwide/target" "-e" "CARGO_INCREMENTAL=0" "-e" "RUST_BACKTRACE=full" "-e" "RUSTFLAGS=--cap-lints=warn" "-e" "RUSTDOCFLAGS=--cap-lints=warn" "-e" "CARGO_HOME=/opt/rustwide/cargo-home" "-e" "RUSTUP_HOME=/opt/rustwide/rustup-home" "-w" "/opt/rustwide/workdir" "-m" "1610612736" "--user" "0:0" "--network" "none" "ghcr.io/rust-lang/crates-build-env/linux@sha256:2788e3201cd34a07e3172128adcd8b3090168a8e3bcc40d7c032b9dda1df7d1c" "/opt/rustwide/cargo-home/bin/cargo" "+1.75.0" "build" "--frozen" "--message-format=json", kill_on_drop: false }`
[INFO] [stdout] 6d5c46661ec24905069386c1d7d9ff07904ab5aa11f38cd635c8eb5f44ed5e5e
[INFO] running `Command { std: "docker" "start" "-a" "6d5c46661ec24905069386c1d7d9ff07904ab5aa11f38cd635c8eb5f44ed5e5e", kill_on_drop: false }`
[INFO] [stderr]    Compiling libc v0.2.141
[INFO] [stderr]    Compiling num-traits v0.2.15
[INFO] [stderr]    Compiling crossbeam-utils v0.8.15
[INFO] [stderr]    Compiling memoffset v0.8.0
[INFO] [stderr]    Compiling proc-macro2 v1.0.56
[INFO] [stderr]    Compiling crossbeam-epoch v0.9.14
[INFO] [stderr]    Compiling quote v1.0.26
[INFO] [stderr]    Compiling unicode-ident v1.0.8
[INFO] [stderr]    Compiling num-integer v0.1.45
[INFO] [stderr]    Compiling lock_api v0.4.9
[INFO] [stderr]    Compiling syn v1.0.109
[INFO] [stderr]    Compiling rayon-core v1.11.0
[INFO] [stderr]    Compiling num-bigint v0.4.3
[INFO] [stderr]    Compiling crc32fast v1.3.2
[INFO] [stderr]    Compiling getrandom v0.1.16
[INFO] [stderr]    Compiling simd-adler32 v0.3.5
[INFO] [stderr]    Compiling bytemuck v1.13.1
[INFO] [stderr]    Compiling miniz_oxide v0.6.2
[INFO] [stderr]    Compiling num-rational v0.4.1
[INFO] [stderr]    Compiling semver v1.0.17
[INFO] [stderr]    Compiling futures-core v0.3.28
[INFO] [stderr]    Compiling paste v1.0.12
[INFO] [stderr]    Compiling log v0.4.17
[INFO] [stderr]    Compiling same-file v1.0.6
[INFO] [stderr]    Compiling safe_arch v0.6.0
[INFO] [stderr]    Compiling num-iter v0.1.43
[INFO] [stderr]    Compiling walkdir v2.3.3
[INFO] [stderr]    Compiling weezl v0.1.7
[INFO] [stderr]    Compiling flate2 v1.0.25
[INFO] [stderr]    Compiling signal-hook v0.3.15
[INFO] [stderr]    Compiling parking_lot_core v0.9.7
[INFO] [stderr]    Compiling spin v0.9.8
[INFO] [stderr]    Compiling nasm-rs v0.2.5
[INFO] [stderr]    Compiling crossbeam-channel v0.5.8
[INFO] [stderr]    Compiling num_cpus v1.15.0
[INFO] [stderr]    Compiling jobserver v0.1.26
[INFO] [stderr]    Compiling getrandom v0.2.9
[INFO] [stderr]    Compiling typenum v1.16.0
[INFO] [stderr]    Compiling futures-sink v0.3.28
[INFO] [stderr]    Compiling cc v1.0.79
[INFO] [stderr]    Compiling rand_core v0.5.1
[INFO] [stderr]    Compiling rustc_version v0.4.0
[INFO] [stderr]    Compiling crossbeam-deque v0.8.3
[INFO] [stderr]    Compiling nanorand v0.7.0
[INFO] [stderr]    Compiling rand_chacha v0.2.2
[INFO] [stderr]    Compiling signal-hook-registry v1.4.1
[INFO] [stderr]    Compiling wide v0.7.8
[INFO] [stderr]    Compiling miniz_oxide v0.7.1
[INFO] [stderr]    Compiling zune-inflate v0.2.53
[INFO] [stderr]    Compiling fdeflate v0.3.0
[INFO] [stderr]    Compiling ttf-parser v0.15.2
[INFO] [stderr]    Compiling rawpointer v0.2.1
[INFO] [stderr]    Compiling lebe v0.5.2
[INFO] [stderr]    Compiling half v2.2.1
[INFO] [stderr]    Compiling bit_field v0.10.2
[INFO] [stderr]    Compiling matrixmultiply v0.3.2
[INFO] [stderr]    Compiling gif v0.12.0
[INFO] [stderr]    Compiling error-stack v0.3.1
[INFO] [stderr]    Compiling num-complex v0.4.3
[INFO] [stderr]    Compiling approx v0.5.1
[INFO] [stderr]    Compiling mio v0.8.6
[INFO] [stderr]    Compiling rand v0.7.3
[INFO] [stderr]    Compiling png v0.17.8
[INFO] [stderr]    Compiling rayon v1.7.0
[INFO] [stderr]    Compiling qoi v0.4.1
[INFO] [stderr]    Compiling ab_glyph_rasterizer v0.1.8
[INFO] [stderr]    Compiling custom_derive v0.1.7
[INFO] [stderr]    Compiling conv v0.3.3
[INFO] [stderr]    Compiling signal-hook-mio v0.2.3
[INFO] [stderr]    Compiling openh264-sys2 v0.4.0
[INFO] [stderr]    Compiling parking_lot v0.12.1
[INFO] [stderr]    Compiling itertools v0.10.5
[INFO] [stderr]    Compiling threadpool v1.8.1
[INFO] [stderr]    Compiling dyn-clone v1.0.11
[INFO] [stderr]    Compiling fast_inv_sqrt v1.0.1
[INFO] [stderr]    Compiling rand_distr v0.2.2
[INFO] [stderr]    Compiling ffmpeg-sidecar v0.4.0
[INFO] [stderr]    Compiling simba v0.7.3
[INFO] [stderr]    Compiling crossterm v0.26.1
[INFO] [stderr]    Compiling owned_ttf_parser v0.15.2
[INFO] [stderr]    Compiling num v0.4.0
[INFO] [stderr]    Compiling rusttype v0.9.3
[INFO] [stderr]    Compiling jpeg-decoder v0.3.0
[INFO] [stderr]    Compiling pin-project-internal v1.0.12
[INFO] [stderr]    Compiling error-stack-derive v0.1.0
[INFO] [stderr]    Compiling tiff v0.8.1
[INFO] [stderr]    Compiling pin-project v1.0.12
[INFO] [stderr]    Compiling flume v0.10.14
[INFO] [stderr]    Compiling exr v1.6.3
[INFO] [stderr]    Compiling openh264 v0.4.0
[INFO] [stderr]    Compiling image v0.24.6
[INFO] [stderr]    Compiling nalgebra v0.30.1
[INFO] [stderr]    Compiling imageproc v0.23.0
[INFO] [stderr]    Compiling shanimation-rs v0.1.1 (/opt/rustwide/workdir)
[INFO] [stdout] error[E0425]: cannot find value `fsm` in this scope
[INFO] [stdout]   --> src/renderable/finite_state_machine.rs:34:22
[INFO] [stdout]    |
[INFO] [stdout] 34 |             .process(fsm, renderable, time, scene, abs_position);
[INFO] [stdout]    |                      ^^^
[INFO] [stdout]    |
[INFO] [stdout] help: you might have meant to use the available field
[INFO] [stdout]    |
[INFO] [stdout] 34 |             .process(self.fsm, renderable, time, scene, abs_position);
[INFO] [stdout]    |                      +++++
[INFO] [stdout] 
[INFO] [stdout] 
[INFO] [stdout] warning: unused imports: `DerefMut`, `Deref`
[INFO] [stdout]  --> src/renderable/finite_state_machine.rs:4:16
[INFO] [stdout]   |
[INFO] [stdout] 4 | use std::ops::{Deref, DerefMut};
[INFO] [stdout]   |                ^^^^^  ^^^^^^^^
[INFO] [stdout]   |
[INFO] [stdout]   = note: `#[warn(unused_imports)]` on by default
[INFO] [stdout] 
[INFO] [stdout] 
[INFO] [stdout] error[E0554]: `#![feature]` may not be used on the stable release channel
[INFO] [stdout]  --> src/lib.rs:1:12
[INFO] [stdout]   |
[INFO] [stdout] 1 | #![feature(slice_pattern)]
[INFO] [stdout]   |            ^^^^^^^^^^^^^
[INFO] [stdout] 
[INFO] [stdout] 
[INFO] [stdout] warning: unused import: `core::slice::SlicePattern`
[INFO] [stdout]  --> src/encoding.rs:1:5
[INFO] [stdout]   |
[INFO] [stdout] 1 | use core::slice::SlicePattern;
[INFO] [stdout]   |     ^^^^^^^^^^^^^^^^^^^^^^^^^
[INFO] [stdout] 
[INFO] [stdout] 
[INFO] [stdout] warning: unused import: `std::io::Write`
[INFO] [stdout]  --> src/scene.rs:3:5
[INFO] [stdout]   |
[INFO] [stdout] 3 | use std::io::Write;
[INFO] [stdout]   |     ^^^^^^^^^^^^^^
[INFO] [stdout] 
[INFO] [stdout] 
[INFO] [stdout] error: aborting due to 2 previous errors; 3 warnings emitted
[INFO] [stdout] 
[INFO] [stdout] 
[INFO] [stdout] Some errors have detailed explanations: E0425, E0554.
[INFO] [stdout] 
[INFO] [stdout] For more information about an error, try `rustc --explain E0425`.
[INFO] [stdout] 
[INFO] [stderr] error: could not compile `shanimation-rs` (lib) due to 3 previous errors; 3 warnings emitted
[INFO] [stderr] warning: build failed, waiting for other jobs to finish...
[INFO] running `Command { std: "docker" "inspect" "6d5c46661ec24905069386c1d7d9ff07904ab5aa11f38cd635c8eb5f44ed5e5e", kill_on_drop: false }`
[INFO] running `Command { std: "docker" "rm" "-f" "6d5c46661ec24905069386c1d7d9ff07904ab5aa11f38cd635c8eb5f44ed5e5e", kill_on_drop: false }`
[INFO] [stdout] 6d5c46661ec24905069386c1d7d9ff07904ab5aa11f38cd635c8eb5f44ed5e5e
[INFO] testing EvanCMcPheron/Shanimation-rs against beta-2023-12-22 for beta-1.76-1
[INFO] running `Command { std: "git" "clone" "/workspace/cache/git-repos/https%3A%2F%2Fgithub.com%2FEvanCMcPheron%2FShanimation-rs" "/workspace/builds/worker-2-tc2/source", kill_on_drop: false }`
[INFO] [stderr] Cloning into '/workspace/builds/worker-2-tc2/source'...
[INFO] [stderr] done.
[INFO] validating manifest of git repo https://github.com/EvanCMcPheron/Shanimation-rs on toolchain beta-2023-12-22
[INFO] running `Command { std: CARGO_HOME="/workspace/cargo-home" RUSTUP_HOME="/workspace/rustup-home" "/workspace/cargo-home/bin/cargo" "+beta-2023-12-22" "metadata" "--manifest-path" "Cargo.toml" "--no-deps", kill_on_drop: false }`
[INFO] started tweaking git repo https://github.com/EvanCMcPheron/Shanimation-rs
[INFO] finished tweaking git repo https://github.com/EvanCMcPheron/Shanimation-rs
[INFO] tweaked toml for git repo https://github.com/EvanCMcPheron/Shanimation-rs written to /workspace/builds/worker-2-tc2/source/Cargo.toml
[INFO] crate git repo https://github.com/EvanCMcPheron/Shanimation-rs already has a lockfile, it will not be regenerated
[INFO] running `Command { std: CARGO_HOME="/workspace/cargo-home" RUSTUP_HOME="/workspace/rustup-home" "/workspace/cargo-home/bin/cargo" "+beta-2023-12-22" "fetch" "--manifest-path" "Cargo.toml", kill_on_drop: false }`
[INFO] running `Command { std: "docker" "create" "-v" "/var/lib/crater-agent-workspace/builds/worker-2-tc2/target:/opt/rustwide/target:rw,Z" "-v" "/var/lib/crater-agent-workspace/builds/worker-2-tc2/source:/opt/rustwide/workdir:ro,Z" "-v" "/var/lib/crater-agent-workspace/cargo-home:/opt/rustwide/cargo-home:ro,Z" "-v" "/var/lib/crater-agent-workspace/rustup-home:/opt/rustwide/rustup-home:ro,Z" "-e" "SOURCE_DIR=/opt/rustwide/workdir" "-e" "CARGO_TARGET_DIR=/opt/rustwide/target" "-e" "CARGO_HOME=/opt/rustwide/cargo-home" "-e" "RUSTUP_HOME=/opt/rustwide/rustup-home" "-w" "/opt/rustwide/workdir" "-m" "1610612736" "--user" "0:0" "--network" "none" "ghcr.io/rust-lang/crates-build-env/linux@sha256:2788e3201cd34a07e3172128adcd8b3090168a8e3bcc40d7c032b9dda1df7d1c" "/opt/rustwide/cargo-home/bin/cargo" "+beta-2023-12-22" "metadata" "--no-deps" "--format-version=1", kill_on_drop: false }`
[INFO] [stdout] 51347e9f669d126a782d9b0f3a858fac0de62799cd6a6d5b4aad239ea5d2c7f0
[INFO] running `Command { std: "docker" "start" "-a" "51347e9f669d126a782d9b0f3a858fac0de62799cd6a6d5b4aad239ea5d2c7f0", kill_on_drop: false }`
[INFO] running `Command { std: "docker" "inspect" "51347e9f669d126a782d9b0f3a858fac0de62799cd6a6d5b4aad239ea5d2c7f0", kill_on_drop: false }`
[INFO] running `Command { std: "docker" "rm" "-f" "51347e9f669d126a782d9b0f3a858fac0de62799cd6a6d5b4aad239ea5d2c7f0", kill_on_drop: false }`
[INFO] [stdout] 51347e9f669d126a782d9b0f3a858fac0de62799cd6a6d5b4aad239ea5d2c7f0
[INFO] running `Command { std: "docker" "create" "-v" "/var/lib/crater-agent-workspace/builds/worker-2-tc2/target:/opt/rustwide/target:rw,Z" "-v" "/var/lib/crater-agent-workspace/builds/worker-2-tc2/source:/opt/rustwide/workdir:ro,Z" "-v" "/var/lib/crater-agent-workspace/cargo-home:/opt/rustwide/cargo-home:ro,Z" "-v" "/var/lib/crater-agent-workspace/rustup-home:/opt/rustwide/rustup-home:ro,Z" "-e" "SOURCE_DIR=/opt/rustwide/workdir" "-e" "CARGO_TARGET_DIR=/opt/rustwide/target" "-e" "CARGO_INCREMENTAL=0" "-e" "RUST_BACKTRACE=full" "-e" "RUSTFLAGS=--cap-lints=warn" "-e" "RUSTDOCFLAGS=--cap-lints=warn" "-e" "CARGO_HOME=/opt/rustwide/cargo-home" "-e" "RUSTUP_HOME=/opt/rustwide/rustup-home" "-w" "/opt/rustwide/workdir" "-m" "1610612736" "--user" "0:0" "--network" "none" "ghcr.io/rust-lang/crates-build-env/linux@sha256:2788e3201cd34a07e3172128adcd8b3090168a8e3bcc40d7c032b9dda1df7d1c" "/opt/rustwide/cargo-home/bin/cargo" "+beta-2023-12-22" "build" "--frozen" "--message-format=json", kill_on_drop: false }`
[INFO] [stdout] 26557a76a9804ce831df41a3c4a5685107d343660e166887ee5d7d0de53af9e0
[INFO] running `Command { std: "docker" "start" "-a" "26557a76a9804ce831df41a3c4a5685107d343660e166887ee5d7d0de53af9e0", kill_on_drop: false }`
[INFO] [stderr]    Compiling libc v0.2.141
[INFO] [stderr]    Compiling num-traits v0.2.15
[INFO] [stderr]    Compiling crossbeam-utils v0.8.15
[INFO] [stderr]    Compiling memoffset v0.8.0
[INFO] [stderr]    Compiling proc-macro2 v1.0.56
[INFO] [stderr]    Compiling crossbeam-epoch v0.9.14
[INFO] [stderr]    Compiling unicode-ident v1.0.8
[INFO] [stderr]    Compiling quote v1.0.26
[INFO] [stderr]    Compiling lock_api v0.4.9
[INFO] [stderr]    Compiling num-integer v0.1.45
[INFO] [stderr]    Compiling syn v1.0.109
[INFO] [stderr]    Compiling rayon-core v1.11.0
[INFO] [stderr]    Compiling num-bigint v0.4.3
[INFO] [stderr]    Compiling crc32fast v1.3.2
[INFO] [stderr]    Compiling simd-adler32 v0.3.5
[INFO] [stderr]    Compiling bytemuck v1.13.1
[INFO] [stderr]    Compiling getrandom v0.1.16
[INFO] [stderr]    Compiling miniz_oxide v0.6.2
[INFO] [stderr]    Compiling num-rational v0.4.1
[INFO] [stderr]    Compiling semver v1.0.17
[INFO] [stderr]    Compiling futures-core v0.3.28
[INFO] [stderr]    Compiling paste v1.0.12
[INFO] [stderr]    Compiling same-file v1.0.6
[INFO] [stderr]    Compiling log v0.4.17
[INFO] [stderr]    Compiling safe_arch v0.6.0
[INFO] [stderr]    Compiling num-iter v0.1.43
[INFO] [stderr]    Compiling walkdir v2.3.3
[INFO] [stderr]    Compiling spin v0.9.8
[INFO] [stderr]    Compiling typenum v1.16.0
[INFO] [stderr]    Compiling nasm-rs v0.2.5
[INFO] [stderr]    Compiling crossbeam-channel v0.5.8
[INFO] [stderr]    Compiling parking_lot_core v0.9.7
[INFO] [stderr]    Compiling weezl v0.1.7
[INFO] [stderr]    Compiling flate2 v1.0.25
[INFO] [stderr]    Compiling futures-sink v0.3.28
[INFO] [stderr]    Compiling signal-hook v0.3.15
[INFO] [stderr]    Compiling crossbeam-deque v0.8.3
[INFO] [stderr]    Compiling rustc_version v0.4.0
[INFO] [stderr]    Compiling wide v0.7.8
[INFO] [stderr]    Compiling miniz_oxide v0.7.1
[INFO] [stderr]    Compiling fdeflate v0.3.0
[INFO] [stderr]    Compiling num_cpus v1.15.0
[INFO] [stderr]    Compiling jobserver v0.1.26
[INFO] [stderr]    Compiling getrandom v0.2.9
[INFO] [stderr]    Compiling rand_core v0.5.1
[INFO] [stderr]    Compiling signal-hook-registry v1.4.1
[INFO] [stderr]    Compiling zune-inflate v0.2.53
[INFO] [stderr]    Compiling bit_field v0.10.2
[INFO] [stderr]    Compiling nanorand v0.7.0
[INFO] [stderr]    Compiling cc v1.0.79
[INFO] [stderr]    Compiling ttf-parser v0.15.2
[INFO] [stderr]    Compiling rawpointer v0.2.1
[INFO] [stderr]    Compiling num-complex v0.4.3
[INFO] [stderr]    Compiling approx v0.5.1
[INFO] [stderr]    Compiling rand_chacha v0.2.2
[INFO] [stderr]    Compiling lebe v0.5.2
[INFO] [stderr]    Compiling half v2.2.1
[INFO] [stderr]    Compiling gif v0.12.0
[INFO] [stderr]    Compiling png v0.17.8
[INFO] [stderr]    Compiling rayon v1.7.0
[INFO] [stderr]    Compiling rand v0.7.3
[INFO] [stderr]    Compiling matrixmultiply v0.3.2
[INFO] [stderr]    Compiling error-stack v0.3.1
[INFO] [stderr]    Compiling mio v0.8.6
[INFO] [stderr]    Compiling qoi v0.4.1
[INFO] [stderr]    Compiling simba v0.7.3
[INFO] [stderr]    Compiling ab_glyph_rasterizer v0.1.8
[INFO] [stderr]    Compiling custom_derive v0.1.7
[INFO] [stderr]    Compiling rand_distr v0.2.2
[INFO] [stderr]    Compiling conv v0.3.3
[INFO] [stderr]    Compiling signal-hook-mio v0.2.3
[INFO] [stderr]    Compiling parking_lot v0.12.1
[INFO] [stderr]    Compiling itertools v0.10.5
[INFO] [stderr]    Compiling openh264-sys2 v0.4.0
[INFO] [stderr]    Compiling threadpool v1.8.1
[INFO] [stderr]    Compiling ffmpeg-sidecar v0.4.0
[INFO] [stderr]    Compiling dyn-clone v1.0.11
[INFO] [stderr]    Compiling fast_inv_sqrt v1.0.1
[INFO] [stderr]    Compiling crossterm v0.26.1
[INFO] [stderr]    Compiling owned_ttf_parser v0.15.2
[INFO] [stderr]    Compiling rusttype v0.9.3
[INFO] [stderr]    Compiling num v0.4.0
[INFO] [stderr]    Compiling jpeg-decoder v0.3.0
[INFO] [stderr]    Compiling tiff v0.8.1
[INFO] [stderr]    Compiling pin-project-internal v1.0.12
[INFO] [stderr]    Compiling error-stack-derive v0.1.0
[INFO] [stderr]    Compiling pin-project v1.0.12
[INFO] [stderr]    Compiling flume v0.10.14
[INFO] [stderr]    Compiling exr v1.6.3
[INFO] [stderr]    Compiling nalgebra v0.30.1
[INFO] [stderr]    Compiling image v0.24.6
[INFO] [stderr]    Compiling openh264 v0.4.0
[INFO] [stderr]    Compiling imageproc v0.23.0
[INFO] [stderr]    Compiling shanimation-rs v0.1.1 (/opt/rustwide/workdir)
[INFO] [stdout] error[E0425]: cannot find value `fsm` in this scope
[INFO] [stdout]   --> src/renderable/finite_state_machine.rs:34:22
[INFO] [stdout]    |
[INFO] [stdout] 34 |             .process(fsm, renderable, time, scene, abs_position);
[INFO] [stdout]    |                      ^^^
[INFO] [stdout]    |
[INFO] [stdout] help: you might have meant to use the available field
[INFO] [stdout]    |
[INFO] [stdout] 34 |             .process(self.fsm, renderable, time, scene, abs_position);
[INFO] [stdout]    |                      +++++
[INFO] [stdout] 
[INFO] [stdout] 
[INFO] [stdout] warning: unused imports: `DerefMut`, `Deref`
[INFO] [stdout]  --> src/renderable/finite_state_machine.rs:4:16
[INFO] [stdout]   |
[INFO] [stdout] 4 | use std::ops::{Deref, DerefMut};
[INFO] [stdout]   |                ^^^^^  ^^^^^^^^
[INFO] [stdout]   |
[INFO] [stdout]   = note: `#[warn(unused_imports)]` on by default
[INFO] [stdout] 
[INFO] [stdout] 
[INFO] [stdout] error[E0554]: `#![feature]` may not be used on the beta release channel
[INFO] [stdout]  --> src/lib.rs:1:12
[INFO] [stdout]   |
[INFO] [stdout] 1 | #![feature(slice_pattern)]
[INFO] [stdout]   |            ^^^^^^^^^^^^^
[INFO] [stdout] 
[INFO] [stdout] 
[INFO] [stdout] warning: unused import: `core::slice::SlicePattern`
[INFO] [stdout]  --> src/encoding.rs:1:5
[INFO] [stdout]   |
[INFO] [stdout] 1 | use core::slice::SlicePattern;
[INFO] [stdout]   |     ^^^^^^^^^^^^^^^^^^^^^^^^^
[INFO] [stdout] 
[INFO] [stdout] 
[INFO] [stdout] warning: unused import: `std::io::Write`
[INFO] [stdout]  --> src/scene.rs:3:5
[INFO] [stdout]   |
[INFO] [stdout] 3 | use std::io::Write;
[INFO] [stdout]   |     ^^^^^^^^^^^^^^
[INFO] [stdout] 
[INFO] [stdout] 
[INFO] [stdout] error: aborting due to 2 previous errors; 3 warnings emitted
[INFO] [stdout] 
[INFO] [stdout] 
[INFO] [stdout] Some errors have detailed explanations: E0425, E0554.
[INFO] [stdout] 
[INFO] [stdout] For more information about an error, try `rustc --explain E0425`.
[INFO] [stdout] 
[INFO] [stderr] error: could not compile `shanimation-rs` (lib) due to 3 previous errors; 3 warnings emitted
[INFO] [stderr] warning: build failed, waiting for other jobs to finish...
[INFO] running `Command { std: "docker" "inspect" "26557a76a9804ce831df41a3c4a5685107d343660e166887ee5d7d0de53af9e0", kill_on_drop: false }`
[INFO] running `Command { std: "docker" "rm" "-f" "26557a76a9804ce831df41a3c4a5685107d343660e166887ee5d7d0de53af9e0", kill_on_drop: false }`
[INFO] [stdout] 26557a76a9804ce831df41a3c4a5685107d343660e166887ee5d7d0de53af9e0
