[INFO] cloning repository https://github.com/Eugeny/shutterspeed2
[INFO] running `Command { std: "git" "-c" "credential.helper=" "-c" "credential.helper=/workspace/cargo-home/bin/git-credential-null" "clone" "--bare" "https://github.com/Eugeny/shutterspeed2" "/workspace/cache/git-repos/https%3A%2F%2Fgithub.com%2FEugeny%2Fshutterspeed2", kill_on_drop: false }`
[INFO] [stderr] Cloning into bare repository '/workspace/cache/git-repos/https%3A%2F%2Fgithub.com%2FEugeny%2Fshutterspeed2'...
[INFO] running `Command { std: "git" "rev-parse" "HEAD", kill_on_drop: false }`
[INFO] [stdout] 3022317d9ccbc58b65b3f57dcdc8ab500ab644f3
[INFO] testing Eugeny/shutterspeed2 against 1.75.0 for beta-1.76-1
[INFO] running `Command { std: "git" "clone" "/workspace/cache/git-repos/https%3A%2F%2Fgithub.com%2FEugeny%2Fshutterspeed2" "/workspace/builds/worker-6-tc1/source", kill_on_drop: false }`
[INFO] [stderr] Cloning into '/workspace/builds/worker-6-tc1/source'...
[INFO] [stderr] done.
[INFO] validating manifest of git repo https://github.com/Eugeny/shutterspeed2 on toolchain 1.75.0
[INFO] running `Command { std: CARGO_HOME="/workspace/cargo-home" RUSTUP_HOME="/workspace/rustup-home" "/workspace/cargo-home/bin/cargo" "+1.75.0" "metadata" "--manifest-path" "Cargo.toml" "--no-deps", kill_on_drop: false }`
[INFO] removed /workspace/builds/worker-6-tc1/source/.cargo/config.toml
[INFO] removed /workspace/builds/worker-6-tc1/source/rust-toolchain.toml
[INFO] started tweaking git repo https://github.com/Eugeny/shutterspeed2
[INFO] finished tweaking git repo https://github.com/Eugeny/shutterspeed2
[INFO] tweaked toml for git repo https://github.com/Eugeny/shutterspeed2 written to /workspace/builds/worker-6-tc1/source/Cargo.toml
[INFO] crate git repo https://github.com/Eugeny/shutterspeed2 already has a lockfile, it will not be regenerated
[INFO] running `Command { std: CARGO_HOME="/workspace/cargo-home" RUSTUP_HOME="/workspace/rustup-home" "/workspace/cargo-home/bin/cargo" "+1.75.0" "fetch" "--manifest-path" "Cargo.toml", kill_on_drop: false }`
[INFO] [stderr]     Updating crates.io index
[INFO] [stderr]  Downloading crates ...
[INFO] [stderr]   Downloaded cortex-m-semihosting v0.5.0
[INFO] [stderr]   Downloaded object-chain v0.1.3
[INFO] [stderr]   Downloaded display-interface v0.4.1
[INFO] [stderr]   Downloaded embedded-hal-nb v1.0.0-rc.2
[INFO] [stderr]   Downloaded display-interface-spi v0.4.1
[INFO] [stderr]   Downloaded rtic-common v1.0.0
[INFO] [stderr]   Downloaded embedded-graphics-framebuf v0.5.0
[INFO] [stderr]   Downloaded micromath v2.1.0
[INFO] [stderr]   Downloaded ouroboros v0.18.2
[INFO] [stderr]   Downloaded usb-device v0.3.1
[INFO] [stderr]   Downloaded rtic-monotonics v1.4.1
[INFO] [stderr]   Downloaded heapless v0.8.0
[INFO] [stderr]   Downloaded stm32f4xx-hal v0.19.0
[INFO] [stderr]   Downloaded synopsys-usb-otg v0.4.0
[INFO] [stderr]   Downloaded mipidsi v0.7.1
[INFO] [stderr]   Downloaded usbd-serial v0.2.0
[INFO] [stderr]   Downloaded embedded-hal v1.0.0-rc.2
[INFO] [stderr]   Downloaded linked_list_allocator v0.10.5
[INFO] [stderr]   Downloaded rtic-time v1.2.0
[INFO] [stderr]   Downloaded embedded-alloc v0.5.1
[INFO] [stderr]   Downloaded hash32 v0.3.1
[INFO] [stderr]   Downloaded ouroboros_macro v0.18.2
[INFO] [stderr]   Downloaded embedded-graphics v0.8.1
[INFO] [stderr]   Downloaded deranged v0.3.10
[INFO] [stderr]   Downloaded stm32f4 v0.15.1
[INFO] [stderr]   Downloaded cortex-m-microclock v0.1.0
[INFO] [stderr]   Downloaded stm32-metapac v14.0.0
[INFO] [stderr]   Downloaded embedded-text v0.7.0
[INFO] [stderr]   Downloaded u8g2-fonts v0.4.0
[INFO] running `Command { std: "docker" "create" "-v" "/var/lib/crater-agent-workspace/builds/worker-6-tc1/target:/opt/rustwide/target:rw,Z" "-v" "/var/lib/crater-agent-workspace/builds/worker-6-tc1/source:/opt/rustwide/workdir:ro,Z" "-v" "/var/lib/crater-agent-workspace/cargo-home:/opt/rustwide/cargo-home:ro,Z" "-v" "/var/lib/crater-agent-workspace/rustup-home:/opt/rustwide/rustup-home:ro,Z" "-e" "SOURCE_DIR=/opt/rustwide/workdir" "-e" "CARGO_TARGET_DIR=/opt/rustwide/target" "-e" "CARGO_HOME=/opt/rustwide/cargo-home" "-e" "RUSTUP_HOME=/opt/rustwide/rustup-home" "-w" "/opt/rustwide/workdir" "-m" "1610612736" "--user" "0:0" "--network" "none" "ghcr.io/rust-lang/crates-build-env/linux@sha256:2788e3201cd34a07e3172128adcd8b3090168a8e3bcc40d7c032b9dda1df7d1c" "/opt/rustwide/cargo-home/bin/cargo" "+1.75.0" "metadata" "--no-deps" "--format-version=1", kill_on_drop: false }`
[INFO] [stdout] ff7d74ae777094ef7deb737012b557ee1db5f5510c6d8643cd756edca86ad351
[INFO] running `Command { std: "docker" "start" "-a" "ff7d74ae777094ef7deb737012b557ee1db5f5510c6d8643cd756edca86ad351", kill_on_drop: false }`
[INFO] running `Command { std: "docker" "inspect" "ff7d74ae777094ef7deb737012b557ee1db5f5510c6d8643cd756edca86ad351", kill_on_drop: false }`
[INFO] running `Command { std: "docker" "rm" "-f" "ff7d74ae777094ef7deb737012b557ee1db5f5510c6d8643cd756edca86ad351", kill_on_drop: false }`
[INFO] [stdout] ff7d74ae777094ef7deb737012b557ee1db5f5510c6d8643cd756edca86ad351
[INFO] running `Command { std: "docker" "create" "-v" "/var/lib/crater-agent-workspace/builds/worker-6-tc1/target:/opt/rustwide/target:rw,Z" "-v" "/var/lib/crater-agent-workspace/builds/worker-6-tc1/source:/opt/rustwide/workdir:ro,Z" "-v" "/var/lib/crater-agent-workspace/cargo-home:/opt/rustwide/cargo-home:ro,Z" "-v" "/var/lib/crater-agent-workspace/rustup-home:/opt/rustwide/rustup-home:ro,Z" "-e" "SOURCE_DIR=/opt/rustwide/workdir" "-e" "CARGO_TARGET_DIR=/opt/rustwide/target" "-e" "CARGO_INCREMENTAL=0" "-e" "RUST_BACKTRACE=full" "-e" "RUSTFLAGS=--cap-lints=warn" "-e" "RUSTDOCFLAGS=--cap-lints=warn" "-e" "CARGO_HOME=/opt/rustwide/cargo-home" "-e" "RUSTUP_HOME=/opt/rustwide/rustup-home" "-w" "/opt/rustwide/workdir" "-m" "1610612736" "--user" "0:0" "--network" "none" "ghcr.io/rust-lang/crates-build-env/linux@sha256:2788e3201cd34a07e3172128adcd8b3090168a8e3bcc40d7c032b9dda1df7d1c" "/opt/rustwide/cargo-home/bin/cargo" "+1.75.0" "build" "--frozen" "--message-format=json", kill_on_drop: false }`
[INFO] [stdout] 83c56b8645a8720354eb8fa8457913135f8f8d8193935d2c9aaf9979a693af70
[INFO] running `Command { std: "docker" "start" "-a" "83c56b8645a8720354eb8fa8457913135f8f8d8193935d2c9aaf9979a693af70", kill_on_drop: false }`
[INFO] [stderr]    Compiling proc-macro2 v1.0.71
[INFO] [stderr]    Compiling cortex-m v0.7.7
[INFO] [stderr]    Compiling nb v1.1.0
[INFO] [stderr]    Compiling semver-parser v0.7.0
[INFO] [stderr]    Compiling void v1.0.2
[INFO] [stderr]    Compiling critical-section v1.1.2
[INFO] [stderr]    Compiling byteorder v1.5.0
[INFO] [stderr]    Compiling num-traits v0.2.17
[INFO] [stderr]    Compiling nb v0.1.3
[INFO] [stderr]    Compiling vcell v0.1.3
[INFO] [stderr]    Compiling bitfield v0.13.2
[INFO] [stderr]    Compiling embedded-hal v0.2.7
[INFO] [stderr]    Compiling volatile-register v0.2.2
[INFO] [stderr]    Compiling semver v0.9.0
[INFO] [stderr]    Compiling syn v1.0.109
[INFO] [stderr]    Compiling stable_deref_trait v1.2.0
[INFO] [stderr]    Compiling az v1.2.1
[INFO] [stderr]    Compiling heapless v0.7.17
[INFO] [stderr]    Compiling spin v0.9.8
[INFO] [stderr]    Compiling hash32 v0.2.1
[INFO] [stderr]    Compiling rustc_version v0.2.3
[INFO] [stderr]    Compiling gcd v2.3.0
[INFO] [stderr]    Compiling cortex-m-rt v0.7.3
[INFO] [stderr]    Compiling portable-atomic v1.6.0
[INFO] [stderr]    Compiling bare-metal v0.2.5
[INFO] [stderr]    Compiling fugit v0.3.7
[INFO] [stderr]    Compiling num-integer v0.1.45
[INFO] [stderr]    Compiling quote v1.0.33
[INFO] [stderr]    Compiling syn v2.0.43
[INFO] [stderr]    Compiling stm32-metapac v14.0.0
[INFO] [stderr]    Compiling embedded-hal v1.0.0-rc.2
[INFO] [stderr]    Compiling proc-macro2-diagnostics v0.10.1
[INFO] [stderr]    Compiling num-rational v0.3.2
[INFO] [stderr]    Compiling num-iter v0.1.43
[INFO] [stderr]    Compiling float-cmp v0.9.0
[INFO] [stderr]    Compiling embedded-graphics-core v0.4.0
[INFO] [stderr]    Compiling micromath v2.1.0
[INFO] [stderr]    Compiling futures-task v0.3.30
[INFO] [stderr]    Compiling futures-core v0.3.30
[INFO] [stderr]    Compiling stm32f4 v0.15.1
[INFO] [stderr]    Compiling bare-metal v1.0.0
[INFO] [stderr]    Compiling powerfmt v0.2.0
[INFO] [stderr]    Compiling atomic-polyfill v1.0.3
[INFO] [stderr]    Compiling synopsys-usb-otg v0.4.0
[INFO] [stderr]    Compiling futures-util v0.3.30
[INFO] [stderr]    Compiling deranged v0.3.10
[INFO] [stderr]    Compiling embedded-graphics v0.8.1
[INFO] [stderr]    Compiling proc-macro-error-attr v1.0.4
[INFO] [stderr]    Compiling embedded-dma v0.2.0
[INFO] [stderr]    Compiling rtic-common v1.0.0
[INFO] [stderr]    Compiling either v1.9.0
[INFO] [stderr]    Compiling time-core v0.1.2
[INFO] [stderr]    Compiling cortex-m-semihosting v0.5.0
[INFO] [stderr]    Compiling equivalent v1.0.1
[INFO] [stderr]    Compiling hashbrown v0.14.3
[INFO] [stderr]    Compiling yansi v1.0.0-rc.1
[INFO] [stderr]    Compiling time v0.3.31
[INFO] [stderr]    Compiling rtic-monotonics v1.4.1
[INFO] [stderr]    Compiling rtic-time v1.2.0
[INFO] [stderr]    Compiling itertools v0.12.0
[INFO] [stderr]    Compiling indexmap v2.1.0
[INFO] [stderr]    Compiling proc-macro-error v1.0.4
[INFO] [stderr]    Compiling num-complex v0.3.1
[INFO] [stderr]    Compiling embedded-hal-nb v1.0.0-rc.2
[INFO] [stderr]    Compiling fugit-timer v0.1.3
[INFO] [stderr]    Compiling heapless v0.8.0
[INFO] [stderr]    Compiling embedded-storage v0.3.1
[INFO] [stderr]    Compiling cortex-m-microclock v0.1.0
[INFO] [stderr]    Compiling display-interface v0.4.1
[INFO] [stderr]    Compiling rtic v2.0.1
[INFO] [stderr]    Compiling ufmt-write v0.1.0
[INFO] [stderr]    Compiling rand_core v0.6.4
[INFO] [stderr]    Compiling num v0.3.1
[INFO] [stderr]    Compiling hash32 v0.3.1
[INFO] [stderr]    Compiling once_cell v1.19.0
[INFO] [stderr]    Compiling rtic-core v1.0.0
[INFO] [stderr]    Compiling linked_list_allocator v0.10.5
[INFO] [stderr]    Compiling app v0.1.0 (/opt/rustwide/workdir/app)
[INFO] [stderr]    Compiling aliasable v0.1.3
[INFO] [stderr]    Compiling object-chain v0.1.3
[INFO] [stderr]    Compiling byte-slice-cast v0.3.5
[INFO] [stderr]    Compiling embedded-text v0.7.0
[INFO] [stderr]    Compiling embedded-alloc v0.5.1
[INFO] [stderr]    Compiling display-interface-spi v0.4.1
[INFO] [stderr]    Compiling embedded-time v0.12.1
[INFO] [stderr]    Compiling mipidsi v0.7.1
[INFO] [stderr]    Compiling u8g2-fonts v0.4.0
[INFO] [stderr]    Compiling embedded-graphics-framebuf v0.5.0
[INFO] [stderr]    Compiling num_enum_derive v0.6.1
[INFO] [stderr]    Compiling enumflags2_derive v0.7.8
[INFO] [stderr]    Compiling ouroboros_macro v0.18.2
[INFO] [stderr]    Compiling enum_dispatch v0.3.12
[INFO] [stderr]    Compiling cortex-m-rt-macros v0.7.0
[INFO] [stderr]    Compiling enumflags2 v0.7.8
[INFO] [stderr]    Compiling ufmt-macros v0.3.0
[INFO] [stderr]    Compiling rtic-macros v2.0.1
[INFO] [stderr]    Compiling num_enum v0.6.1
[INFO] [stderr]    Compiling usb-device v0.3.1
[INFO] [stderr]    Compiling usbd-serial v0.2.0
[INFO] [stderr]    Compiling ufmt v0.2.0
[INFO] [stderr]    Compiling ouroboros v0.18.2
[INFO] [stderr]    Compiling stm32f4xx-hal v0.19.0
[INFO] [stderr]    Compiling bootloader-api v0.1.0 (/opt/rustwide/workdir/bootloader-api)
[INFO] [stdout] error[E0412]: cannot find type `Peripherals` in module `rtic::export`
[INFO] [stdout]   --> app/src/main.rs:20:1
[INFO] [stdout]    |
[INFO] [stdout] 20 | #[rtic::app(device = stm32f4xx_hal::pac, dispatchers = [SPI2, SPI3, SPI4])]
[INFO] [stdout]    | ^^^^^^^^^^^^^^^^^^^^^^^^^^^^^^^^^^^^^^^^^^^^^^^^^^^^^^^^^^^^^^^^^^^^^^^^^^^ not found in `rtic::export`
[INFO] [stdout]    |
[INFO] [stdout]    = note: this error originates in the attribute macro `rtic::app` (in Nightly builds, run with -Z macro-backtrace for more info)
[INFO] [stdout] help: consider importing one of these items
[INFO] [stdout]    |
[INFO] [stdout] 22 +     use cortex_m::Peripherals;
[INFO] [stdout]    |
[INFO] [stdout] 22 +     use crate::app::you_must_enable_the_rt_feature_for_the_pac_in_your_cargo_toml::Peripherals;
[INFO] [stdout]    |
[INFO] [stdout] 22 +     use stm32f4xx_hal::pac::Peripherals;
[INFO] [stdout]    |
[INFO] [stdout] 
[INFO] [stdout] 
[INFO] [stdout] error[E0425]: cannot find function `wfi` in module `rtic::export`
[INFO] [stdout]    --> app/src/main.rs:614:27
[INFO] [stdout]     |
[INFO] [stdout] 614 |             rtic::export::wfi()
[INFO] [stdout]     |                           ^^^ not found in `rtic::export`
[INFO] [stdout]     |
[INFO] [stdout] help: consider importing this function
[INFO] [stdout]     |
[INFO] [stdout] 22  +     use cortex_m::asm::wfi;
[INFO] [stdout]     |
[INFO] [stdout] help: if you import `wfi`, refer to it directly
[INFO] [stdout]     |
[INFO] [stdout] 614 -             rtic::export::wfi()
[INFO] [stdout] 614 +             wfi()
[INFO] [stdout]     |
[INFO] [stdout] 
[INFO] [stdout] 
[INFO] [stdout] error[E0425]: cannot find function `run` in module `rtic::export`
[INFO] [stdout]   --> app/src/main.rs:20:1
[INFO] [stdout]    |
[INFO] [stdout] 20 | #[rtic::app(device = stm32f4xx_hal::pac, dispatchers = [SPI2, SPI3, SPI4])]
[INFO] [stdout]    | ^^^^^^^^^^^^^^^^^^^^^^^^^^^^^^^^^^^^^^^^^^^^^^^^^^^^^^^^^^^^^^^^^^^^^^^^^^^ not found in `rtic::export`
[INFO] [stdout]    |
[INFO] [stdout]    = note: this error originates in the attribute macro `rtic::app` (in Nightly builds, run with -Z macro-backtrace for more info)
[INFO] [stdout] 
[INFO] [stdout] 
[INFO] [stdout] error[E0425]: cannot find function `lock` in module `rtic::export`
[INFO] [stdout]   --> app/src/main.rs:20:1
[INFO] [stdout]    |
[INFO] [stdout] 20 | #[rtic::app(device = stm32f4xx_hal::pac, dispatchers = [SPI2, SPI3, SPI4])]
[INFO] [stdout]    | ^^^^^^^^^^^^^^^^^^^^^^^^^^^^^^^^^^^^^^^^^^^^^^^^^^^^^^^^^^^^^^^^^^^^^^^^^^^ not found in `rtic::export`
[INFO] [stdout]    |
[INFO] [stdout]    = note: this error originates in the attribute macro `rtic::app` (in Nightly builds, run with -Z macro-backtrace for more info)
[INFO] [stdout] 
[INFO] [stdout] 
[INFO] [stdout] error[E0433]: failed to resolve: could not find `interrupt` in `export`
[INFO] [stdout]   --> app/src/main.rs:20:1
[INFO] [stdout]    |
[INFO] [stdout] 20 | #[rtic::app(device = stm32f4xx_hal::pac, dispatchers = [SPI2, SPI3, SPI4])]
[INFO] [stdout]    | ^^^^^^^^^^^^^^^^^^^^^^^^^^^^^^^^^^^^^^^^^^^^^^^^^^^^^^^^^^^^^^^^^^^^^^^^^^^ could not find `interrupt` in `export`
[INFO] [stdout]    |
[INFO] [stdout]    = note: this error originates in the attribute macro `rtic::app` (in Nightly builds, run with -Z macro-backtrace for more info)
[INFO] [stdout] help: consider importing one of these items
[INFO] [stdout]    |
[INFO] [stdout] 22 +     use crate::app::hal::interrupt;
[INFO] [stdout]    |
[INFO] [stdout] 22 +     use stm32f4xx_hal::interrupt;
[INFO] [stdout]    |
[INFO] [stdout] 
[INFO] [stdout] 
[INFO] [stdout] error[E0433]: failed to resolve: could not find `Peripherals` in `export`
[INFO] [stdout]   --> app/src/main.rs:20:1
[INFO] [stdout]    |
[INFO] [stdout] 20 | #[rtic::app(device = stm32f4xx_hal::pac, dispatchers = [SPI2, SPI3, SPI4])]
[INFO] [stdout]    | ^^^^^^^^^^^^^^^^^^^^^^^^^^^^^^^^^^^^^^^^^^^^^^^^^^^^^^^^^^^^^^^^^^^^^^^^^^^ could not find `Peripherals` in `export`
[INFO] [stdout]    |
[INFO] [stdout]    = note: this error originates in the attribute macro `rtic::app` (in Nightly builds, run with -Z macro-backtrace for more info)
[INFO] [stdout] help: consider importing one of these items
[INFO] [stdout]    |
[INFO] [stdout] 22 +     use cortex_m::Peripherals;
[INFO] [stdout]    |
[INFO] [stdout] 22 +     use crate::app::you_must_enable_the_rt_feature_for_the_pac_in_your_cargo_toml::Peripherals;
[INFO] [stdout]    |
[INFO] [stdout] 22 +     use stm32f4xx_hal::pac::Peripherals;
[INFO] [stdout]    |
[INFO] [stdout] 
[INFO] [stdout] 
[INFO] [stdout] error[E0433]: failed to resolve: could not find `SystemHandler` in `export`
[INFO] [stdout]   --> app/src/main.rs:20:1
[INFO] [stdout]    |
[INFO] [stdout] 20 | #[rtic::app(device = stm32f4xx_hal::pac, dispatchers = [SPI2, SPI3, SPI4])]
[INFO] [stdout]    | ^^^^^^^^^^^^^^^^^^^^^^^^^^^^^^^^^^^^^^^^^^^^^^^^^^^^^^^^^^^^^^^^^^^^^^^^^^^ could not find `SystemHandler` in `export`
[INFO] [stdout]    |
[INFO] [stdout]    = note: this error originates in the attribute macro `rtic::app` (in Nightly builds, run with -Z macro-backtrace for more info)
[INFO] [stdout] help: consider importing this enum
[INFO] [stdout]    |
[INFO] [stdout] 22 +     use cortex_m::peripheral::scb::SystemHandler;
[INFO] [stdout]    |
[INFO] [stdout] 
[INFO] [stdout] 
[INFO] [stdout] error[E0554]: `#![feature]` may not be used on the stable release channel
[INFO] [stdout]  --> app/src/main.rs:3:1
[INFO] [stdout]   |
[INFO] [stdout] 3 | #![feature(type_alias_impl_trait)]
[INFO] [stdout]   | ^^^^^^^^^^^^^^^^^^^^^^^^^^^^^^^^^^
[INFO] [stdout] 
[INFO] [stdout] 
[INFO] [stdout] error[E0554]: `#![feature]` may not be used on the stable release channel
[INFO] [stdout]  --> app/src/main.rs:4:1
[INFO] [stdout]   |
[INFO] [stdout] 4 | #![feature(associated_type_bounds)]
[INFO] [stdout]   | ^^^^^^^^^^^^^^^^^^^^^^^^^^^^^^^^^^^
[INFO] [stdout] 
[INFO] [stdout] 
[INFO] [stdout] error[E0554]: `#![feature]` may not be used on the stable release channel
[INFO] [stdout]  --> app/src/main.rs:5:1
[INFO] [stdout]   |
[INFO] [stdout] 5 | #![feature(iter_array_chunks)]
[INFO] [stdout]   | ^^^^^^^^^^^^^^^^^^^^^^^^^^^^^^
[INFO] [stdout] 
[INFO] [stdout] 
[INFO] [stdout] error[E0554]: `#![feature]` may not be used on the stable release channel
[INFO] [stdout]  --> app/src/main.rs:6:1
[INFO] [stdout]   |
[INFO] [stdout] 6 | #![feature(sync_unsafe_cell)]
[INFO] [stdout]   | ^^^^^^^^^^^^^^^^^^^^^^^^^^^^^
[INFO] [stdout] 
[INFO] [stdout] 
[INFO] [stdout] warning: unused import: `WebColors`
[INFO] [stdout]  --> app/src/ui/screens/update.rs:2:55
[INFO] [stdout]   |
[INFO] [stdout] 2 | use embedded_graphics::pixelcolor::{Rgb565, RgbColor, WebColors};
[INFO] [stdout]   |                                                       ^^^^^^^^^
[INFO] [stdout]   |
[INFO] [stdout]   = note: `#[warn(unused_imports)]` on by default
[INFO] [stdout] 
[INFO] [stdout] 
[INFO] [stdout] error[E0554]: `#![feature]` may not be used on the stable release channel
[INFO] [stdout]  --> app/src/main.rs:5:12
[INFO] [stdout]   |
[INFO] [stdout] 5 | #![feature(iter_array_chunks)]
[INFO] [stdout]   |            ^^^^^^^^^^^^^^^^^
[INFO] [stdout] 
[INFO] [stdout] 
[INFO] [stdout] error[E0554]: `#![feature]` may not be used on the stable release channel
[INFO] [stdout]  --> app/src/main.rs:6:12
[INFO] [stdout]   |
[INFO] [stdout] 6 | #![feature(sync_unsafe_cell)]
[INFO] [stdout]   |            ^^^^^^^^^^^^^^^^
[INFO] [stdout] 
[INFO] [stdout] 
[INFO] [stdout] error: language item required, but not found: `eh_personality`
[INFO] [stdout]   |
[INFO] [stdout]   = note: this can occur when a binary crate with `#![no_std]` is compiled for a target where `eh_personality` is defined in the standard library
[INFO] [stdout]   = help: you may be able to compile for a target that doesn't need `eh_personality`, specify a target with `--target` or in `.cargo/config`
[INFO] [stdout] 
[INFO] [stdout] 
[INFO] [stdout] error: aborting due to 14 previous errors; 1 warning emitted
[INFO] [stdout] 
[INFO] [stdout] 
[INFO] [stdout] Some errors have detailed explanations: E0412, E0425, E0433, E0554.
[INFO] [stdout] 
[INFO] [stdout] For more information about an error, try `rustc --explain E0412`.
[INFO] [stdout] 
[INFO] [stderr] error: could not compile `app` (bin "app") due to 15 previous errors; 1 warning emitted
[INFO] running `Command { std: "docker" "inspect" "83c56b8645a8720354eb8fa8457913135f8f8d8193935d2c9aaf9979a693af70", kill_on_drop: false }`
[INFO] running `Command { std: "docker" "rm" "-f" "83c56b8645a8720354eb8fa8457913135f8f8d8193935d2c9aaf9979a693af70", kill_on_drop: false }`
[INFO] [stdout] 83c56b8645a8720354eb8fa8457913135f8f8d8193935d2c9aaf9979a693af70
[INFO] testing Eugeny/shutterspeed2 against beta-2023-12-22 for beta-1.76-1
[INFO] running `Command { std: "git" "clone" "/workspace/cache/git-repos/https%3A%2F%2Fgithub.com%2FEugeny%2Fshutterspeed2" "/workspace/builds/worker-6-tc2/source", kill_on_drop: false }`
[INFO] [stderr] Cloning into '/workspace/builds/worker-6-tc2/source'...
[INFO] [stderr] done.
[INFO] validating manifest of git repo https://github.com/Eugeny/shutterspeed2 on toolchain beta-2023-12-22
[INFO] running `Command { std: CARGO_HOME="/workspace/cargo-home" RUSTUP_HOME="/workspace/rustup-home" "/workspace/cargo-home/bin/cargo" "+beta-2023-12-22" "metadata" "--manifest-path" "Cargo.toml" "--no-deps", kill_on_drop: false }`
[INFO] removed /workspace/builds/worker-6-tc2/source/.cargo/config.toml
[INFO] removed /workspace/builds/worker-6-tc2/source/rust-toolchain.toml
[INFO] started tweaking git repo https://github.com/Eugeny/shutterspeed2
[INFO] finished tweaking git repo https://github.com/Eugeny/shutterspeed2
[INFO] tweaked toml for git repo https://github.com/Eugeny/shutterspeed2 written to /workspace/builds/worker-6-tc2/source/Cargo.toml
[INFO] crate git repo https://github.com/Eugeny/shutterspeed2 already has a lockfile, it will not be regenerated
[INFO] running `Command { std: CARGO_HOME="/workspace/cargo-home" RUSTUP_HOME="/workspace/rustup-home" "/workspace/cargo-home/bin/cargo" "+beta-2023-12-22" "fetch" "--manifest-path" "Cargo.toml", kill_on_drop: false }`
[INFO] running `Command { std: "docker" "create" "-v" "/var/lib/crater-agent-workspace/builds/worker-6-tc2/target:/opt/rustwide/target:rw,Z" "-v" "/var/lib/crater-agent-workspace/builds/worker-6-tc2/source:/opt/rustwide/workdir:ro,Z" "-v" "/var/lib/crater-agent-workspace/cargo-home:/opt/rustwide/cargo-home:ro,Z" "-v" "/var/lib/crater-agent-workspace/rustup-home:/opt/rustwide/rustup-home:ro,Z" "-e" "SOURCE_DIR=/opt/rustwide/workdir" "-e" "CARGO_TARGET_DIR=/opt/rustwide/target" "-e" "CARGO_HOME=/opt/rustwide/cargo-home" "-e" "RUSTUP_HOME=/opt/rustwide/rustup-home" "-w" "/opt/rustwide/workdir" "-m" "1610612736" "--user" "0:0" "--network" "none" "ghcr.io/rust-lang/crates-build-env/linux@sha256:2788e3201cd34a07e3172128adcd8b3090168a8e3bcc40d7c032b9dda1df7d1c" "/opt/rustwide/cargo-home/bin/cargo" "+beta-2023-12-22" "metadata" "--no-deps" "--format-version=1", kill_on_drop: false }`
[INFO] [stdout] 1b2232408de31563ede0900741bf4207340b06d28de19b57eee57c569cdef044
[INFO] running `Command { std: "docker" "start" "-a" "1b2232408de31563ede0900741bf4207340b06d28de19b57eee57c569cdef044", kill_on_drop: false }`
[INFO] running `Command { std: "docker" "inspect" "1b2232408de31563ede0900741bf4207340b06d28de19b57eee57c569cdef044", kill_on_drop: false }`
[INFO] running `Command { std: "docker" "rm" "-f" "1b2232408de31563ede0900741bf4207340b06d28de19b57eee57c569cdef044", kill_on_drop: false }`
[INFO] [stdout] 1b2232408de31563ede0900741bf4207340b06d28de19b57eee57c569cdef044
[INFO] running `Command { std: "docker" "create" "-v" "/var/lib/crater-agent-workspace/builds/worker-6-tc2/target:/opt/rustwide/target:rw,Z" "-v" "/var/lib/crater-agent-workspace/builds/worker-6-tc2/source:/opt/rustwide/workdir:ro,Z" "-v" "/var/lib/crater-agent-workspace/cargo-home:/opt/rustwide/cargo-home:ro,Z" "-v" "/var/lib/crater-agent-workspace/rustup-home:/opt/rustwide/rustup-home:ro,Z" "-e" "SOURCE_DIR=/opt/rustwide/workdir" "-e" "CARGO_TARGET_DIR=/opt/rustwide/target" "-e" "CARGO_INCREMENTAL=0" "-e" "RUST_BACKTRACE=full" "-e" "RUSTFLAGS=--cap-lints=warn" "-e" "RUSTDOCFLAGS=--cap-lints=warn" "-e" "CARGO_HOME=/opt/rustwide/cargo-home" "-e" "RUSTUP_HOME=/opt/rustwide/rustup-home" "-w" "/opt/rustwide/workdir" "-m" "1610612736" "--user" "0:0" "--network" "none" "ghcr.io/rust-lang/crates-build-env/linux@sha256:2788e3201cd34a07e3172128adcd8b3090168a8e3bcc40d7c032b9dda1df7d1c" "/opt/rustwide/cargo-home/bin/cargo" "+beta-2023-12-22" "build" "--frozen" "--message-format=json", kill_on_drop: false }`
[INFO] [stdout] c6f94949a4a589465bfe8c2203ffdbdfc49cd94ae38261d785ebef1b8d48b1fb
[INFO] running `Command { std: "docker" "start" "-a" "c6f94949a4a589465bfe8c2203ffdbdfc49cd94ae38261d785ebef1b8d48b1fb", kill_on_drop: false }`
[INFO] [stderr]    Compiling proc-macro2 v1.0.71
[INFO] [stderr]    Compiling cortex-m v0.7.7
[INFO] [stderr]    Compiling nb v1.1.0
[INFO] [stderr]    Compiling semver-parser v0.7.0
[INFO] [stderr]    Compiling void v1.0.2
[INFO] [stderr]    Compiling critical-section v1.1.2
[INFO] [stderr]    Compiling byteorder v1.5.0
[INFO] [stderr]    Compiling num-traits v0.2.17
[INFO] [stderr]    Compiling nb v0.1.3
[INFO] [stderr]    Compiling vcell v0.1.3
[INFO] [stderr]    Compiling bitfield v0.13.2
[INFO] [stderr]    Compiling embedded-hal v0.2.7
[INFO] [stderr]    Compiling volatile-register v0.2.2
[INFO] [stderr]    Compiling semver v0.9.0
[INFO] [stderr]    Compiling syn v1.0.109
[INFO] [stderr]    Compiling stable_deref_trait v1.2.0
[INFO] [stderr]    Compiling az v1.2.1
[INFO] [stderr]    Compiling heapless v0.7.17
[INFO] [stderr]    Compiling spin v0.9.8
[INFO] [stderr]    Compiling hash32 v0.2.1
[INFO] [stderr]    Compiling rustc_version v0.2.3
[INFO] [stderr]    Compiling gcd v2.3.0
[INFO] [stderr]    Compiling cortex-m-rt v0.7.3
[INFO] [stderr]    Compiling portable-atomic v1.6.0
[INFO] [stderr]    Compiling fugit v0.3.7
[INFO] [stderr]    Compiling bare-metal v0.2.5
[INFO] [stderr]    Compiling quote v1.0.33
[INFO] [stderr]    Compiling num-integer v0.1.45
[INFO] [stderr]    Compiling syn v2.0.43
[INFO] [stderr]    Compiling stm32-metapac v14.0.0
[INFO] [stderr]    Compiling embedded-hal v1.0.0-rc.2
[INFO] [stderr]    Compiling proc-macro2-diagnostics v0.10.1
[INFO] [stderr]    Compiling float-cmp v0.9.0
[INFO] [stderr]    Compiling micromath v2.1.0
[INFO] [stderr]    Compiling num-rational v0.3.2
[INFO] [stderr]    Compiling num-iter v0.1.43
[INFO] [stderr]    Compiling embedded-graphics-core v0.4.0
[INFO] [stderr]    Compiling synopsys-usb-otg v0.4.0
[INFO] [stderr]    Compiling powerfmt v0.2.0
[INFO] [stderr]    Compiling stm32f4 v0.15.1
[INFO] [stderr]    Compiling bare-metal v1.0.0
[INFO] [stderr]    Compiling futures-task v0.3.30
[INFO] [stderr]    Compiling atomic-polyfill v1.0.3
[INFO] [stderr]    Compiling futures-core v0.3.30
[INFO] [stderr]    Compiling deranged v0.3.10
[INFO] [stderr]    Compiling futures-util v0.3.30
[INFO] [stderr]    Compiling embedded-graphics v0.8.1
[INFO] [stderr]    Compiling proc-macro-error-attr v1.0.4
[INFO] [stderr]    Compiling embedded-dma v0.2.0
[INFO] [stderr]    Compiling rtic-common v1.0.0
[INFO] [stderr]    Compiling equivalent v1.0.1
[INFO] [stderr]    Compiling time-core v0.1.2
[INFO] [stderr]    Compiling cortex-m-semihosting v0.5.0
[INFO] [stderr]    Compiling hashbrown v0.14.3
[INFO] [stderr]    Compiling either v1.9.0
[INFO] [stderr]    Compiling yansi v1.0.0-rc.1
[INFO] [stderr]    Compiling itertools v0.12.0
[INFO] [stderr]    Compiling time v0.3.31
[INFO] [stderr]    Compiling rtic-time v1.2.0
[INFO] [stderr]    Compiling indexmap v2.1.0
[INFO] [stderr]    Compiling rtic-monotonics v1.4.1
[INFO] [stderr]    Compiling embedded-hal-nb v1.0.0-rc.2
[INFO] [stderr]    Compiling num-complex v0.3.1
[INFO] [stderr]    Compiling fugit-timer v0.1.3
[INFO] [stderr]    Compiling embedded-storage v0.3.1
[INFO] [stderr]    Compiling proc-macro-error v1.0.4
[INFO] [stderr]    Compiling rand_core v0.6.4
[INFO] [stderr]    Compiling rtic v2.0.1
[INFO] [stderr]    Compiling cortex-m-microclock v0.1.0
[INFO] [stderr]    Compiling heapless v0.8.0
[INFO] [stderr]    Compiling display-interface v0.4.1
[INFO] [stderr]    Compiling ufmt-write v0.1.0
[INFO] [stderr]    Compiling num v0.3.1
[INFO] [stderr]    Compiling hash32 v0.3.1
[INFO] [stderr]    Compiling rtic-core v1.0.0
[INFO] [stderr]    Compiling linked_list_allocator v0.10.5
[INFO] [stderr]    Compiling once_cell v1.19.0
[INFO] [stderr]    Compiling app v0.1.0 (/opt/rustwide/workdir/app)
[INFO] [stderr]    Compiling byte-slice-cast v0.3.5
[INFO] [stderr]    Compiling aliasable v0.1.3
[INFO] [stderr]    Compiling object-chain v0.1.3
[INFO] [stderr]    Compiling display-interface-spi v0.4.1
[INFO] [stderr]    Compiling embedded-alloc v0.5.1
[INFO] [stderr]    Compiling embedded-text v0.7.0
[INFO] [stderr]    Compiling embedded-time v0.12.1
[INFO] [stderr]    Compiling mipidsi v0.7.1
[INFO] [stderr]    Compiling u8g2-fonts v0.4.0
[INFO] [stderr]    Compiling embedded-graphics-framebuf v0.5.0
[INFO] [stderr]    Compiling num_enum_derive v0.6.1
[INFO] [stderr]    Compiling enumflags2_derive v0.7.8
[INFO] [stderr]    Compiling ouroboros_macro v0.18.2
[INFO] [stderr]    Compiling enum_dispatch v0.3.12
[INFO] [stderr]    Compiling cortex-m-rt-macros v0.7.0
[INFO] [stderr]    Compiling enumflags2 v0.7.8
[INFO] [stderr]    Compiling ufmt-macros v0.3.0
[INFO] [stderr]    Compiling rtic-macros v2.0.1
[INFO] [stderr]    Compiling num_enum v0.6.1
[INFO] [stderr]    Compiling usb-device v0.3.1
[INFO] [stderr]    Compiling ufmt v0.2.0
[INFO] [stderr]    Compiling usbd-serial v0.2.0
[INFO] [stderr]    Compiling ouroboros v0.18.2
[INFO] [stderr]    Compiling stm32f4xx-hal v0.19.0
[INFO] [stderr]    Compiling bootloader-api v0.1.0 (/opt/rustwide/workdir/bootloader-api)
[INFO] [stdout] error[E0412]: cannot find type `Peripherals` in module `rtic::export`
[INFO] [stdout]   --> app/src/main.rs:20:1
[INFO] [stdout]    |
[INFO] [stdout] 20 | #[rtic::app(device = stm32f4xx_hal::pac, dispatchers = [SPI2, SPI3, SPI4])]
[INFO] [stdout]    | ^^^^^^^^^^^^^^^^^^^^^^^^^^^^^^^^^^^^^^^^^^^^^^^^^^^^^^^^^^^^^^^^^^^^^^^^^^^ not found in `rtic::export`
[INFO] [stdout]    |
[INFO] [stdout]    = note: this error originates in the attribute macro `rtic::app` (in Nightly builds, run with -Z macro-backtrace for more info)
[INFO] [stdout] help: consider importing one of these items
[INFO] [stdout]    |
[INFO] [stdout] 22 +     use cortex_m::Peripherals;
[INFO] [stdout]    |
[INFO] [stdout] 22 +     use crate::app::you_must_enable_the_rt_feature_for_the_pac_in_your_cargo_toml::Peripherals;
[INFO] [stdout]    |
[INFO] [stdout] 22 +     use stm32f4xx_hal::pac::Peripherals;
[INFO] [stdout]    |
[INFO] [stdout] 
[INFO] [stdout] 
[INFO] [stdout] error[E0425]: cannot find function `wfi` in module `rtic::export`
[INFO] [stdout]    --> app/src/main.rs:614:27
[INFO] [stdout]     |
[INFO] [stdout] 614 |             rtic::export::wfi()
[INFO] [stdout]     |                           ^^^ not found in `rtic::export`
[INFO] [stdout]     |
[INFO] [stdout] help: consider importing this function
[INFO] [stdout]     |
[INFO] [stdout] 22  +     use cortex_m::asm::wfi;
[INFO] [stdout]     |
[INFO] [stdout] help: if you import `wfi`, refer to it directly
[INFO] [stdout]     |
[INFO] [stdout] 614 -             rtic::export::wfi()
[INFO] [stdout] 614 +             wfi()
[INFO] [stdout]     |
[INFO] [stdout] 
[INFO] [stdout] 
[INFO] [stdout] error[E0425]: cannot find function `run` in module `rtic::export`
[INFO] [stdout]   --> app/src/main.rs:20:1
[INFO] [stdout]    |
[INFO] [stdout] 20 | #[rtic::app(device = stm32f4xx_hal::pac, dispatchers = [SPI2, SPI3, SPI4])]
[INFO] [stdout]    | ^^^^^^^^^^^^^^^^^^^^^^^^^^^^^^^^^^^^^^^^^^^^^^^^^^^^^^^^^^^^^^^^^^^^^^^^^^^ not found in `rtic::export`
[INFO] [stdout]    |
[INFO] [stdout]    = note: this error originates in the attribute macro `rtic::app` (in Nightly builds, run with -Z macro-backtrace for more info)
[INFO] [stdout] 
[INFO] [stdout] 
[INFO] [stdout] error[E0425]: cannot find function `lock` in module `rtic::export`
[INFO] [stdout]   --> app/src/main.rs:20:1
[INFO] [stdout]    |
[INFO] [stdout] 20 | #[rtic::app(device = stm32f4xx_hal::pac, dispatchers = [SPI2, SPI3, SPI4])]
[INFO] [stdout]    | ^^^^^^^^^^^^^^^^^^^^^^^^^^^^^^^^^^^^^^^^^^^^^^^^^^^^^^^^^^^^^^^^^^^^^^^^^^^ not found in `rtic::export`
[INFO] [stdout]    |
[INFO] [stdout]    = note: this error originates in the attribute macro `rtic::app` (in Nightly builds, run with -Z macro-backtrace for more info)
[INFO] [stdout] 
[INFO] [stdout] 
[INFO] [stdout] error[E0433]: failed to resolve: could not find `interrupt` in `export`
[INFO] [stdout]   --> app/src/main.rs:20:1
[INFO] [stdout]    |
[INFO] [stdout] 20 | #[rtic::app(device = stm32f4xx_hal::pac, dispatchers = [SPI2, SPI3, SPI4])]
[INFO] [stdout]    | ^^^^^^^^^^^^^^^^^^^^^^^^^^^^^^^^^^^^^^^^^^^^^^^^^^^^^^^^^^^^^^^^^^^^^^^^^^^ could not find `interrupt` in `export`
[INFO] [stdout]    |
[INFO] [stdout]    = note: this error originates in the attribute macro `rtic::app` (in Nightly builds, run with -Z macro-backtrace for more info)
[INFO] [stdout] help: consider importing one of these items
[INFO] [stdout]    |
[INFO] [stdout] 22 +     use crate::app::hal::interrupt;
[INFO] [stdout]    |
[INFO] [stdout] 22 +     use stm32f4xx_hal::interrupt;
[INFO] [stdout]    |
[INFO] [stdout] 
[INFO] [stdout] 
[INFO] [stdout] error[E0433]: failed to resolve: could not find `Peripherals` in `export`
[INFO] [stdout]   --> app/src/main.rs:20:1
[INFO] [stdout]    |
[INFO] [stdout] 20 | #[rtic::app(device = stm32f4xx_hal::pac, dispatchers = [SPI2, SPI3, SPI4])]
[INFO] [stdout]    | ^^^^^^^^^^^^^^^^^^^^^^^^^^^^^^^^^^^^^^^^^^^^^^^^^^^^^^^^^^^^^^^^^^^^^^^^^^^ could not find `Peripherals` in `export`
[INFO] [stdout]    |
[INFO] [stdout]    = note: this error originates in the attribute macro `rtic::app` (in Nightly builds, run with -Z macro-backtrace for more info)
[INFO] [stdout] help: consider importing one of these items
[INFO] [stdout]    |
[INFO] [stdout] 22 +     use cortex_m::Peripherals;
[INFO] [stdout]    |
[INFO] [stdout] 22 +     use crate::app::you_must_enable_the_rt_feature_for_the_pac_in_your_cargo_toml::Peripherals;
[INFO] [stdout]    |
[INFO] [stdout] 22 +     use stm32f4xx_hal::pac::Peripherals;
[INFO] [stdout]    |
[INFO] [stdout] 
[INFO] [stdout] 
[INFO] [stdout] error[E0433]: failed to resolve: could not find `SystemHandler` in `export`
[INFO] [stdout]   --> app/src/main.rs:20:1
[INFO] [stdout]    |
[INFO] [stdout] 20 | #[rtic::app(device = stm32f4xx_hal::pac, dispatchers = [SPI2, SPI3, SPI4])]
[INFO] [stdout]    | ^^^^^^^^^^^^^^^^^^^^^^^^^^^^^^^^^^^^^^^^^^^^^^^^^^^^^^^^^^^^^^^^^^^^^^^^^^^ could not find `SystemHandler` in `export`
[INFO] [stdout]    |
[INFO] [stdout]    = note: this error originates in the attribute macro `rtic::app` (in Nightly builds, run with -Z macro-backtrace for more info)
[INFO] [stdout] help: consider importing this enum
[INFO] [stdout]    |
[INFO] [stdout] 22 +     use cortex_m::peripheral::scb::SystemHandler;
[INFO] [stdout]    |
[INFO] [stdout] 
[INFO] [stdout] 
[INFO] [stdout] error[E0554]: `#![feature]` may not be used on the beta release channel
[INFO] [stdout]  --> app/src/main.rs:3:1
[INFO] [stdout]   |
[INFO] [stdout] 3 | #![feature(type_alias_impl_trait)]
[INFO] [stdout]   | ^^^^^^^^^^^^^^^^^^^^^^^^^^^^^^^^^^
[INFO] [stdout] 
[INFO] [stdout] 
[INFO] [stdout] error[E0554]: `#![feature]` may not be used on the beta release channel
[INFO] [stdout]  --> app/src/main.rs:4:1
[INFO] [stdout]   |
[INFO] [stdout] 4 | #![feature(associated_type_bounds)]
[INFO] [stdout]   | ^^^^^^^^^^^^^^^^^^^^^^^^^^^^^^^^^^^
[INFO] [stdout] 
[INFO] [stdout] 
[INFO] [stdout] error[E0554]: `#![feature]` may not be used on the beta release channel
[INFO] [stdout]  --> app/src/main.rs:5:1
[INFO] [stdout]   |
[INFO] [stdout] 5 | #![feature(iter_array_chunks)]
[INFO] [stdout]   | ^^^^^^^^^^^^^^^^^^^^^^^^^^^^^^
[INFO] [stdout] 
[INFO] [stdout] 
[INFO] [stdout] error[E0554]: `#![feature]` may not be used on the beta release channel
[INFO] [stdout]  --> app/src/main.rs:6:1
[INFO] [stdout]   |
[INFO] [stdout] 6 | #![feature(sync_unsafe_cell)]
[INFO] [stdout]   | ^^^^^^^^^^^^^^^^^^^^^^^^^^^^^
[INFO] [stdout] 
[INFO] [stdout] 
[INFO] [stdout] warning: unused import: `WebColors`
[INFO] [stdout]  --> app/src/ui/screens/update.rs:2:55
[INFO] [stdout]   |
[INFO] [stdout] 2 | use embedded_graphics::pixelcolor::{Rgb565, RgbColor, WebColors};
[INFO] [stdout]   |                                                       ^^^^^^^^^
[INFO] [stdout]   |
[INFO] [stdout]   = note: `#[warn(unused_imports)]` on by default
[INFO] [stdout] 
[INFO] [stdout] 
[INFO] [stdout] error: language item required, but not found: `eh_personality`
[INFO] [stdout]   |
[INFO] [stdout]   = note: this can occur when a binary crate with `#![no_std]` is compiled for a target where `eh_personality` is defined in the standard library
[INFO] [stdout]   = help: you may be able to compile for a target that doesn't need `eh_personality`, specify a target with `--target` or in `.cargo/config`
[INFO] [stdout] 
[INFO] [stdout] 
[INFO] [stdout] error[E0554]: `#![feature]` may not be used on the beta release channel
[INFO] [stdout]  --> app/src/main.rs:5:12
[INFO] [stdout]   |
[INFO] [stdout] 5 | #![feature(iter_array_chunks)]
[INFO] [stdout]   |            ^^^^^^^^^^^^^^^^^
[INFO] [stdout] 
[INFO] [stdout] 
[INFO] [stdout] error[E0554]: `#![feature]` may not be used on the beta release channel
[INFO] [stdout]  --> app/src/main.rs:6:12
[INFO] [stdout]   |
[INFO] [stdout] 6 | #![feature(sync_unsafe_cell)]
[INFO] [stdout]   |            ^^^^^^^^^^^^^^^^
[INFO] [stdout] 
[INFO] [stdout] 
[INFO] [stdout] error: aborting due to 14 previous errors; 1 warning emitted
[INFO] [stdout] 
[INFO] [stdout] 
[INFO] [stdout] Some errors have detailed explanations: E0412, E0425, E0433, E0554.
[INFO] [stdout] 
[INFO] [stdout] For more information about an error, try `rustc --explain E0412`.
[INFO] [stdout] 
[INFO] [stderr] error: could not compile `app` (bin "app") due to 15 previous errors; 1 warning emitted
[INFO] running `Command { std: "docker" "inspect" "c6f94949a4a589465bfe8c2203ffdbdfc49cd94ae38261d785ebef1b8d48b1fb", kill_on_drop: false }`
[INFO] running `Command { std: "docker" "rm" "-f" "c6f94949a4a589465bfe8c2203ffdbdfc49cd94ae38261d785ebef1b8d48b1fb", kill_on_drop: false }`
[INFO] [stdout] c6f94949a4a589465bfe8c2203ffdbdfc49cd94ae38261d785ebef1b8d48b1fb
