[INFO] cloning repository https://github.com/Ethan-Metz/lineq
[INFO] running `Command { std: "git" "-c" "credential.helper=" "-c" "credential.helper=/workspace/cargo-home/bin/git-credential-null" "clone" "--bare" "https://github.com/Ethan-Metz/lineq" "/workspace/cache/git-repos/https%3A%2F%2Fgithub.com%2FEthan-Metz%2Flineq", kill_on_drop: false }`
[INFO] [stderr] Cloning into bare repository '/workspace/cache/git-repos/https%3A%2F%2Fgithub.com%2FEthan-Metz%2Flineq'...
[INFO] running `Command { std: "git" "rev-parse" "HEAD", kill_on_drop: false }`
[INFO] [stdout] d3095f8797f6f95333e8ddf96f85b0da6b15843e
[INFO] testing Ethan-Metz/lineq against 1.75.0 for beta-1.76-1
[INFO] running `Command { std: "git" "clone" "/workspace/cache/git-repos/https%3A%2F%2Fgithub.com%2FEthan-Metz%2Flineq" "/workspace/builds/worker-0-tc1/source", kill_on_drop: false }`
[INFO] [stderr] Cloning into '/workspace/builds/worker-0-tc1/source'...
[INFO] [stderr] done.
[INFO] validating manifest of git repo https://github.com/Ethan-Metz/lineq on toolchain 1.75.0
[INFO] running `Command { std: CARGO_HOME="/workspace/cargo-home" RUSTUP_HOME="/workspace/rustup-home" "/workspace/cargo-home/bin/cargo" "+1.75.0" "metadata" "--manifest-path" "Cargo.toml" "--no-deps", kill_on_drop: false }`
[INFO] started tweaking git repo https://github.com/Ethan-Metz/lineq
[INFO] finished tweaking git repo https://github.com/Ethan-Metz/lineq
[INFO] tweaked toml for git repo https://github.com/Ethan-Metz/lineq written to /workspace/builds/worker-0-tc1/source/Cargo.toml
[INFO] crate git repo https://github.com/Ethan-Metz/lineq already has a lockfile, it will not be regenerated
[INFO] running `Command { std: CARGO_HOME="/workspace/cargo-home" RUSTUP_HOME="/workspace/rustup-home" "/workspace/cargo-home/bin/cargo" "+1.75.0" "fetch" "--manifest-path" "Cargo.toml", kill_on_drop: false }`
[INFO] running `Command { std: "docker" "create" "-v" "/var/lib/crater-agent-workspace/builds/worker-0-tc1/target:/opt/rustwide/target:rw,Z" "-v" "/var/lib/crater-agent-workspace/builds/worker-0-tc1/source:/opt/rustwide/workdir:ro,Z" "-v" "/var/lib/crater-agent-workspace/cargo-home:/opt/rustwide/cargo-home:ro,Z" "-v" "/var/lib/crater-agent-workspace/rustup-home:/opt/rustwide/rustup-home:ro,Z" "-e" "SOURCE_DIR=/opt/rustwide/workdir" "-e" "CARGO_TARGET_DIR=/opt/rustwide/target" "-e" "CARGO_HOME=/opt/rustwide/cargo-home" "-e" "RUSTUP_HOME=/opt/rustwide/rustup-home" "-w" "/opt/rustwide/workdir" "-m" "1610612736" "--user" "0:0" "--network" "none" "ghcr.io/rust-lang/crates-build-env/linux@sha256:2788e3201cd34a07e3172128adcd8b3090168a8e3bcc40d7c032b9dda1df7d1c" "/opt/rustwide/cargo-home/bin/cargo" "+1.75.0" "metadata" "--no-deps" "--format-version=1", kill_on_drop: false }`
[INFO] [stdout] c3edd09bb8740210b5ee27e4b297f7b637300a92b153679d791c045972408233
[INFO] running `Command { std: "docker" "start" "-a" "c3edd09bb8740210b5ee27e4b297f7b637300a92b153679d791c045972408233", kill_on_drop: false }`
[INFO] running `Command { std: "docker" "inspect" "c3edd09bb8740210b5ee27e4b297f7b637300a92b153679d791c045972408233", kill_on_drop: false }`
[INFO] running `Command { std: "docker" "rm" "-f" "c3edd09bb8740210b5ee27e4b297f7b637300a92b153679d791c045972408233", kill_on_drop: false }`
[INFO] [stdout] c3edd09bb8740210b5ee27e4b297f7b637300a92b153679d791c045972408233
[INFO] running `Command { std: "docker" "create" "-v" "/var/lib/crater-agent-workspace/builds/worker-0-tc1/target:/opt/rustwide/target:rw,Z" "-v" "/var/lib/crater-agent-workspace/builds/worker-0-tc1/source:/opt/rustwide/workdir:ro,Z" "-v" "/var/lib/crater-agent-workspace/cargo-home:/opt/rustwide/cargo-home:ro,Z" "-v" "/var/lib/crater-agent-workspace/rustup-home:/opt/rustwide/rustup-home:ro,Z" "-e" "SOURCE_DIR=/opt/rustwide/workdir" "-e" "CARGO_TARGET_DIR=/opt/rustwide/target" "-e" "CARGO_INCREMENTAL=0" "-e" "RUST_BACKTRACE=full" "-e" "RUSTFLAGS=--cap-lints=warn" "-e" "RUSTDOCFLAGS=--cap-lints=warn" "-e" "CARGO_HOME=/opt/rustwide/cargo-home" "-e" "RUSTUP_HOME=/opt/rustwide/rustup-home" "-w" "/opt/rustwide/workdir" "-m" "1610612736" "--user" "0:0" "--network" "none" "ghcr.io/rust-lang/crates-build-env/linux@sha256:2788e3201cd34a07e3172128adcd8b3090168a8e3bcc40d7c032b9dda1df7d1c" "/opt/rustwide/cargo-home/bin/cargo" "+1.75.0" "build" "--frozen" "--message-format=json", kill_on_drop: false }`
[INFO] [stdout] 410282c83884c1222f66df434558e2051e39786e574feafcf695e8e8ff34ee93
[INFO] running `Command { std: "docker" "start" "-a" "410282c83884c1222f66df434558e2051e39786e574feafcf695e8e8ff34ee93", kill_on_drop: false }`
[INFO] [stderr]    Compiling lineq v0.1.2 (/opt/rustwide/workdir)
[INFO] [stdout] error[E0412]: cannot find type `N` in this scope
[INFO] [stdout]    --> src/vec2arr.rs:220:28
[INFO] [stdout]     |
[INFO] [stdout] 219 | impl<T: VArr, Rhs> BoxHelper<i8, Rhs> for T { //Rhs is array type
[INFO] [stdout]     |      - similarly named type parameter `T` defined here
[INFO] [stdout] 220 |     type AddType = Vec2arr<N>;
[INFO] [stdout]     |                            ^
[INFO] [stdout]     |
[INFO] [stdout] help: a type parameter with a similar name exists
[INFO] [stdout]     |
[INFO] [stdout] 220 |     type AddType = Vec2arr<T>;
[INFO] [stdout]     |                            ~
[INFO] [stdout] help: you might be missing a type parameter
[INFO] [stdout]     |
[INFO] [stdout] 219 | impl<T: VArr, Rhs, N> BoxHelper<i8, Rhs> for T { //Rhs is array type
[INFO] [stdout]     |                  +++
[INFO] [stdout] 
[INFO] [stdout] 
[INFO] [stdout] error[E0412]: cannot find type `N` in this scope
[INFO] [stdout]    --> src/vec2arr.rs:221:43
[INFO] [stdout]     |
[INFO] [stdout] 219 | impl<T: VArr, Rhs> BoxHelper<i8, Rhs> for T { //Rhs is array type
[INFO] [stdout]     |      - similarly named type parameter `T` defined here
[INFO] [stdout] 220 |     type AddType = Vec2arr<N>;
[INFO] [stdout] 221 |     fn add_imp(self, rhs: Rhs) -> Vec2arr<N> {
[INFO] [stdout]     |                                           ^
[INFO] [stdout]     |
[INFO] [stdout] help: a type parameter with a similar name exists
[INFO] [stdout]     |
[INFO] [stdout] 221 |     fn add_imp(self, rhs: Rhs) -> Vec2arr<T> {
[INFO] [stdout]     |                                           ~
[INFO] [stdout] help: you might be missing a type parameter
[INFO] [stdout]     |
[INFO] [stdout] 219 | impl<T: VArr, Rhs, N> BoxHelper<i8, Rhs> for T { //Rhs is array type
[INFO] [stdout]     |                  +++
[INFO] [stdout] 
[INFO] [stdout] 
[INFO] [stdout] error[E0412]: cannot find type `N` in this scope
[INFO] [stdout]    --> src/vec2arr.rs:223:30
[INFO] [stdout]     |
[INFO] [stdout] 219 | impl<T: VArr, Rhs> BoxHelper<i8, Rhs> for T { //Rhs is array type
[INFO] [stdout]     |      - similarly named type parameter `T` defined here
[INFO] [stdout] ...
[INFO] [stdout] 223 |         let mut tmp: Vec2arr<N> = unsafe { MaybeUninit::uninit().assume_init() };
[INFO] [stdout]     |                              ^
[INFO] [stdout]     |
[INFO] [stdout] help: a type parameter with a similar name exists
[INFO] [stdout]     |
[INFO] [stdout] 223 |         let mut tmp: Vec2arr<T> = unsafe { MaybeUninit::uninit().assume_init() };
[INFO] [stdout]     |                              ~
[INFO] [stdout] help: you might be missing a type parameter
[INFO] [stdout]     |
[INFO] [stdout] 219 | impl<T: VArr, Rhs, N> BoxHelper<i8, Rhs> for T { //Rhs is array type
[INFO] [stdout]     |                  +++
[INFO] [stdout] 
[INFO] [stdout] 
[INFO] [stdout] error[E0425]: cannot find value `N` in this scope
[INFO] [stdout]    --> src/vec2arr.rs:224:21
[INFO] [stdout]     |
[INFO] [stdout] 224 |         for i in 0..N {
[INFO] [stdout]     |                     ^ not found in this scope
[INFO] [stdout]     |
[INFO] [stdout] help: you might have meant to write `.` instead of `..`
[INFO] [stdout]     |
[INFO] [stdout] 224 -         for i in 0..N {
[INFO] [stdout] 224 +         for i in 0.N {
[INFO] [stdout]     |
[INFO] [stdout] 
[INFO] [stdout] 
[INFO] [stdout] error[E0412]: cannot find type `N` in this scope
[INFO] [stdout]    --> src/vec2arr.rs:227:51
[INFO] [stdout]     |
[INFO] [stdout] 219 | impl<T: VArr, Rhs> BoxHelper<i8, Rhs> for T { //Rhs is array type
[INFO] [stdout]     |      - similarly named type parameter `T` defined here
[INFO] [stdout] ...
[INFO] [stdout] 227 |         unsafe { std::mem::transmute::<_, Vec2arr<N>>(tmp) }
[INFO] [stdout]     |                                                   ^
[INFO] [stdout]     |
[INFO] [stdout] help: a type parameter with a similar name exists
[INFO] [stdout]     |
[INFO] [stdout] 227 |         unsafe { std::mem::transmute::<_, Vec2arr<T>>(tmp) }
[INFO] [stdout]     |                                                   ~
[INFO] [stdout] help: you might be missing a type parameter
[INFO] [stdout]     |
[INFO] [stdout] 219 | impl<T: VArr, Rhs, N> BoxHelper<i8, Rhs> for T { //Rhs is array type
[INFO] [stdout]     |                  +++
[INFO] [stdout] 
[INFO] [stdout] 
[INFO] [stdout] error[E0412]: cannot find type `N` in this scope
[INFO] [stdout]    --> src/vec2arr.rs:229:28
[INFO] [stdout]     |
[INFO] [stdout] 219 | impl<T: VArr, Rhs> BoxHelper<i8, Rhs> for T { //Rhs is array type
[INFO] [stdout]     |      - similarly named type parameter `T` defined here
[INFO] [stdout] ...
[INFO] [stdout] 229 |     type DivType = Vec2arr<N>;
[INFO] [stdout]     |                            ^
[INFO] [stdout]     |
[INFO] [stdout] help: a type parameter with a similar name exists
[INFO] [stdout]     |
[INFO] [stdout] 229 |     type DivType = Vec2arr<T>;
[INFO] [stdout]     |                            ~
[INFO] [stdout] help: you might be missing a type parameter
[INFO] [stdout]     |
[INFO] [stdout] 219 | impl<T: VArr, Rhs, N> BoxHelper<i8, Rhs> for T { //Rhs is array type
[INFO] [stdout]     |                  +++
[INFO] [stdout] 
[INFO] [stdout] 
[INFO] [stdout] error[E0412]: cannot find type `N` in this scope
[INFO] [stdout]    --> src/vec2arr.rs:230:43
[INFO] [stdout]     |
[INFO] [stdout] 219 | impl<T: VArr, Rhs> BoxHelper<i8, Rhs> for T { //Rhs is array type
[INFO] [stdout]     |      - similarly named type parameter `T` defined here
[INFO] [stdout] ...
[INFO] [stdout] 230 |     fn div_imp(self, rhs: Rhs) -> Vec2arr<N> {
[INFO] [stdout]     |                                           ^
[INFO] [stdout]     |
[INFO] [stdout] help: a type parameter with a similar name exists
[INFO] [stdout]     |
[INFO] [stdout] 230 |     fn div_imp(self, rhs: Rhs) -> Vec2arr<T> {
[INFO] [stdout]     |                                           ~
[INFO] [stdout] help: you might be missing a type parameter
[INFO] [stdout]     |
[INFO] [stdout] 219 | impl<T: VArr, Rhs, N> BoxHelper<i8, Rhs> for T { //Rhs is array type
[INFO] [stdout]     |                  +++
[INFO] [stdout] 
[INFO] [stdout] 
[INFO] [stdout] error[E0412]: cannot find type `N` in this scope
[INFO] [stdout]    --> src/vec2arr.rs:232:30
[INFO] [stdout]     |
[INFO] [stdout] 219 | impl<T: VArr, Rhs> BoxHelper<i8, Rhs> for T { //Rhs is array type
[INFO] [stdout]     |      - similarly named type parameter `T` defined here
[INFO] [stdout] ...
[INFO] [stdout] 232 |         let mut tmp: Vec2arr<N> = unsafe { MaybeUninit::uninit().assume_init() };
[INFO] [stdout]     |                              ^
[INFO] [stdout]     |
[INFO] [stdout] help: a type parameter with a similar name exists
[INFO] [stdout]     |
[INFO] [stdout] 232 |         let mut tmp: Vec2arr<T> = unsafe { MaybeUninit::uninit().assume_init() };
[INFO] [stdout]     |                              ~
[INFO] [stdout] help: you might be missing a type parameter
[INFO] [stdout]     |
[INFO] [stdout] 219 | impl<T: VArr, Rhs, N> BoxHelper<i8, Rhs> for T { //Rhs is array type
[INFO] [stdout]     |                  +++
[INFO] [stdout] 
[INFO] [stdout] 
[INFO] [stdout] error[E0425]: cannot find value `N` in this scope
[INFO] [stdout]    --> src/vec2arr.rs:233:21
[INFO] [stdout]     |
[INFO] [stdout] 233 |         for i in 0..N {
[INFO] [stdout]     |                     ^ not found in this scope
[INFO] [stdout]     |
[INFO] [stdout] help: you might have meant to write `.` instead of `..`
[INFO] [stdout]     |
[INFO] [stdout] 233 -         for i in 0..N {
[INFO] [stdout] 233 +         for i in 0.N {
[INFO] [stdout]     |
[INFO] [stdout] 
[INFO] [stdout] 
[INFO] [stdout] error[E0412]: cannot find type `N` in this scope
[INFO] [stdout]    --> src/vec2arr.rs:236:51
[INFO] [stdout]     |
[INFO] [stdout] 219 | impl<T: VArr, Rhs> BoxHelper<i8, Rhs> for T { //Rhs is array type
[INFO] [stdout]     |      - similarly named type parameter `T` defined here
[INFO] [stdout] ...
[INFO] [stdout] 236 |         unsafe { std::mem::transmute::<_, Vec2arr<N>>(tmp) }
[INFO] [stdout]     |                                                   ^
[INFO] [stdout]     |
[INFO] [stdout] help: a type parameter with a similar name exists
[INFO] [stdout]     |
[INFO] [stdout] 236 |         unsafe { std::mem::transmute::<_, Vec2arr<T>>(tmp) }
[INFO] [stdout]     |                                                   ~
[INFO] [stdout] help: you might be missing a type parameter
[INFO] [stdout]     |
[INFO] [stdout] 219 | impl<T: VArr, Rhs, N> BoxHelper<i8, Rhs> for T { //Rhs is array type
[INFO] [stdout]     |                  +++
[INFO] [stdout] 
[INFO] [stdout] 
[INFO] [stdout] error[E0412]: cannot find type `N` in this scope
[INFO] [stdout]    --> src/vec2arr.rs:238:28
[INFO] [stdout]     |
[INFO] [stdout] 219 | impl<T: VArr, Rhs> BoxHelper<i8, Rhs> for T { //Rhs is array type
[INFO] [stdout]     |      - similarly named type parameter `T` defined here
[INFO] [stdout] ...
[INFO] [stdout] 238 |     type MulType = Vec2arr<N>;
[INFO] [stdout]     |                            ^
[INFO] [stdout]     |
[INFO] [stdout] help: a type parameter with a similar name exists
[INFO] [stdout]     |
[INFO] [stdout] 238 |     type MulType = Vec2arr<T>;
[INFO] [stdout]     |                            ~
[INFO] [stdout] help: you might be missing a type parameter
[INFO] [stdout]     |
[INFO] [stdout] 219 | impl<T: VArr, Rhs, N> BoxHelper<i8, Rhs> for T { //Rhs is array type
[INFO] [stdout]     |                  +++
[INFO] [stdout] 
[INFO] [stdout] 
[INFO] [stdout] error[E0412]: cannot find type `N` in this scope
[INFO] [stdout]    --> src/vec2arr.rs:239:43
[INFO] [stdout]     |
[INFO] [stdout] 219 | impl<T: VArr, Rhs> BoxHelper<i8, Rhs> for T { //Rhs is array type
[INFO] [stdout]     |      - similarly named type parameter `T` defined here
[INFO] [stdout] ...
[INFO] [stdout] 239 |     fn mul_imp(self, rhs: Rhs) -> Vec2arr<N> {
[INFO] [stdout]     |                                           ^
[INFO] [stdout]     |
[INFO] [stdout] help: a type parameter with a similar name exists
[INFO] [stdout]     |
[INFO] [stdout] 239 |     fn mul_imp(self, rhs: Rhs) -> Vec2arr<T> {
[INFO] [stdout]     |                                           ~
[INFO] [stdout] help: you might be missing a type parameter
[INFO] [stdout]     |
[INFO] [stdout] 219 | impl<T: VArr, Rhs, N> BoxHelper<i8, Rhs> for T { //Rhs is array type
[INFO] [stdout]     |                  +++
[INFO] [stdout] 
[INFO] [stdout] 
[INFO] [stdout] error[E0412]: cannot find type `N` in this scope
[INFO] [stdout]    --> src/vec2arr.rs:241:30
[INFO] [stdout]     |
[INFO] [stdout] 219 | impl<T: VArr, Rhs> BoxHelper<i8, Rhs> for T { //Rhs is array type
[INFO] [stdout]     |      - similarly named type parameter `T` defined here
[INFO] [stdout] ...
[INFO] [stdout] 241 |         let mut tmp: Vec2arr<N> = unsafe { MaybeUninit::uninit().assume_init() };
[INFO] [stdout]     |                              ^
[INFO] [stdout]     |
[INFO] [stdout] help: a type parameter with a similar name exists
[INFO] [stdout]     |
[INFO] [stdout] 241 |         let mut tmp: Vec2arr<T> = unsafe { MaybeUninit::uninit().assume_init() };
[INFO] [stdout]     |                              ~
[INFO] [stdout] help: you might be missing a type parameter
[INFO] [stdout]     |
[INFO] [stdout] 219 | impl<T: VArr, Rhs, N> BoxHelper<i8, Rhs> for T { //Rhs is array type
[INFO] [stdout]     |                  +++
[INFO] [stdout] 
[INFO] [stdout] 
[INFO] [stdout] error[E0425]: cannot find value `N` in this scope
[INFO] [stdout]    --> src/vec2arr.rs:242:21
[INFO] [stdout]     |
[INFO] [stdout] 242 |         for i in 0..N {
[INFO] [stdout]     |                     ^ not found in this scope
[INFO] [stdout]     |
[INFO] [stdout] help: you might have meant to write `.` instead of `..`
[INFO] [stdout]     |
[INFO] [stdout] 242 -         for i in 0..N {
[INFO] [stdout] 242 +         for i in 0.N {
[INFO] [stdout]     |
[INFO] [stdout] 
[INFO] [stdout] 
[INFO] [stdout] error[E0412]: cannot find type `N` in this scope
[INFO] [stdout]    --> src/vec2arr.rs:245:51
[INFO] [stdout]     |
[INFO] [stdout] 219 | impl<T: VArr, Rhs> BoxHelper<i8, Rhs> for T { //Rhs is array type
[INFO] [stdout]     |      - similarly named type parameter `T` defined here
[INFO] [stdout] ...
[INFO] [stdout] 245 |         unsafe { std::mem::transmute::<_, Vec2arr<N>>(tmp) }
[INFO] [stdout]     |                                                   ^
[INFO] [stdout]     |
[INFO] [stdout] help: a type parameter with a similar name exists
[INFO] [stdout]     |
[INFO] [stdout] 245 |         unsafe { std::mem::transmute::<_, Vec2arr<T>>(tmp) }
[INFO] [stdout]     |                                                   ~
[INFO] [stdout] help: you might be missing a type parameter
[INFO] [stdout]     |
[INFO] [stdout] 219 | impl<T: VArr, Rhs, N> BoxHelper<i8, Rhs> for T { //Rhs is array type
[INFO] [stdout]     |                  +++
[INFO] [stdout] 
[INFO] [stdout] 
[INFO] [stdout] error[E0412]: cannot find type `N` in this scope
[INFO] [stdout]    --> src/vec2arr.rs:247:28
[INFO] [stdout]     |
[INFO] [stdout] 219 | impl<T: VArr, Rhs> BoxHelper<i8, Rhs> for T { //Rhs is array type
[INFO] [stdout]     |      - similarly named type parameter `T` defined here
[INFO] [stdout] ...
[INFO] [stdout] 247 |     type SubType = Vec2arr<N>;
[INFO] [stdout]     |                            ^
[INFO] [stdout]     |
[INFO] [stdout] help: a type parameter with a similar name exists
[INFO] [stdout]     |
[INFO] [stdout] 247 |     type SubType = Vec2arr<T>;
[INFO] [stdout]     |                            ~
[INFO] [stdout] help: you might be missing a type parameter
[INFO] [stdout]     |
[INFO] [stdout] 219 | impl<T: VArr, Rhs, N> BoxHelper<i8, Rhs> for T { //Rhs is array type
[INFO] [stdout]     |                  +++
[INFO] [stdout] 
[INFO] [stdout] 
[INFO] [stdout] error[E0412]: cannot find type `N` in this scope
[INFO] [stdout]    --> src/vec2arr.rs:248:43
[INFO] [stdout]     |
[INFO] [stdout] 219 | impl<T: VArr, Rhs> BoxHelper<i8, Rhs> for T { //Rhs is array type
[INFO] [stdout]     |      - similarly named type parameter `T` defined here
[INFO] [stdout] ...
[INFO] [stdout] 248 |     fn sub_imp(self, rhs: Rhs) -> Vec2arr<N> {
[INFO] [stdout]     |                                           ^
[INFO] [stdout]     |
[INFO] [stdout] help: a type parameter with a similar name exists
[INFO] [stdout]     |
[INFO] [stdout] 248 |     fn sub_imp(self, rhs: Rhs) -> Vec2arr<T> {
[INFO] [stdout]     |                                           ~
[INFO] [stdout] help: you might be missing a type parameter
[INFO] [stdout]     |
[INFO] [stdout] 219 | impl<T: VArr, Rhs, N> BoxHelper<i8, Rhs> for T { //Rhs is array type
[INFO] [stdout]     |                  +++
[INFO] [stdout] 
[INFO] [stdout] 
[INFO] [stdout] error[E0412]: cannot find type `N` in this scope
[INFO] [stdout]    --> src/vec2arr.rs:250:30
[INFO] [stdout]     |
[INFO] [stdout] 219 | impl<T: VArr, Rhs> BoxHelper<i8, Rhs> for T { //Rhs is array type
[INFO] [stdout]     |      - similarly named type parameter `T` defined here
[INFO] [stdout] ...
[INFO] [stdout] 250 |         let mut tmp: Vec2arr<N> = unsafe { MaybeUninit::uninit().assume_init() };
[INFO] [stdout]     |                              ^
[INFO] [stdout]     |
[INFO] [stdout] help: a type parameter with a similar name exists
[INFO] [stdout]     |
[INFO] [stdout] 250 |         let mut tmp: Vec2arr<T> = unsafe { MaybeUninit::uninit().assume_init() };
[INFO] [stdout]     |                              ~
[INFO] [stdout] help: you might be missing a type parameter
[INFO] [stdout]     |
[INFO] [stdout] 219 | impl<T: VArr, Rhs, N> BoxHelper<i8, Rhs> for T { //Rhs is array type
[INFO] [stdout]     |                  +++
[INFO] [stdout] 
[INFO] [stdout] 
[INFO] [stdout] error[E0425]: cannot find value `N` in this scope
[INFO] [stdout]    --> src/vec2arr.rs:251:21
[INFO] [stdout]     |
[INFO] [stdout] 251 |         for i in 0..N {
[INFO] [stdout]     |                     ^ not found in this scope
[INFO] [stdout]     |
[INFO] [stdout] help: you might have meant to write `.` instead of `..`
[INFO] [stdout]     |
[INFO] [stdout] 251 -         for i in 0..N {
[INFO] [stdout] 251 +         for i in 0.N {
[INFO] [stdout]     |
[INFO] [stdout] 
[INFO] [stdout] 
[INFO] [stdout] error[E0412]: cannot find type `N` in this scope
[INFO] [stdout]    --> src/vec2arr.rs:254:51
[INFO] [stdout]     |
[INFO] [stdout] 219 | impl<T: VArr, Rhs> BoxHelper<i8, Rhs> for T { //Rhs is array type
[INFO] [stdout]     |      - similarly named type parameter `T` defined here
[INFO] [stdout] ...
[INFO] [stdout] 254 |         unsafe { std::mem::transmute::<_, Vec2arr<N>>(tmp) }
[INFO] [stdout]     |                                                   ^
[INFO] [stdout]     |
[INFO] [stdout] help: a type parameter with a similar name exists
[INFO] [stdout]     |
[INFO] [stdout] 254 |         unsafe { std::mem::transmute::<_, Vec2arr<T>>(tmp) }
[INFO] [stdout]     |                                                   ~
[INFO] [stdout] help: you might be missing a type parameter
[INFO] [stdout]     |
[INFO] [stdout] 219 | impl<T: VArr, Rhs, N> BoxHelper<i8, Rhs> for T { //Rhs is array type
[INFO] [stdout]     |                  +++
[INFO] [stdout] 
[INFO] [stdout] 
[INFO] [stdout] error[E0554]: `#![feature]` may not be used on the stable release channel
[INFO] [stdout]   --> src/lib.rs:63:12
[INFO] [stdout]    |
[INFO] [stdout] 63 | #![feature(new_uninit)]
[INFO] [stdout]    |            ^^^^^^^^^^
[INFO] [stdout] 
[INFO] [stdout] 
[INFO] [stdout] error[E0554]: `#![feature]` may not be used on the stable release channel
[INFO] [stdout]   --> src/lib.rs:64:12
[INFO] [stdout]    |
[INFO] [stdout] 64 | #![feature(slice_ptr_get)]
[INFO] [stdout]    |            ^^^^^^^^^^^^^
[INFO] [stdout] 
[INFO] [stdout] 
[INFO] [stdout] error[E0554]: `#![feature]` may not be used on the stable release channel
[INFO] [stdout]   --> src/lib.rs:65:12
[INFO] [stdout]    |
[INFO] [stdout] 65 | #![feature(test)]
[INFO] [stdout]    |            ^^^^
[INFO] [stdout] 
[INFO] [stdout] 
[INFO] [stdout] error[E0107]: missing generics for trait `VArr`
[INFO] [stdout]    --> src/vec2arr.rs:219:9
[INFO] [stdout]     |
[INFO] [stdout] 219 | impl<T: VArr, Rhs> BoxHelper<i8, Rhs> for T { //Rhs is array type
[INFO] [stdout]     |         ^^^^ expected 1 generic argument
[INFO] [stdout]     |
[INFO] [stdout] note: trait defined here, with 1 generic parameter: `N`
[INFO] [stdout]    --> src/vec2arr.rs:164:11
[INFO] [stdout]     |
[INFO] [stdout] 164 | pub trait VArr<const N: usize>: Assoc<ID = i8> {} // Array type
[INFO] [stdout]     |           ^^^^ --------------
[INFO] [stdout] help: add missing generic argument
[INFO] [stdout]     |
[INFO] [stdout] 219 | impl<T: VArr<N>, Rhs> BoxHelper<i8, Rhs> for T { //Rhs is array type
[INFO] [stdout]     |             +++
[INFO] [stdout] 
[INFO] [stdout] 
[INFO] [stdout] error[E0747]: unresolved item provided when a constant was expected
[INFO] [stdout]    --> src/vec2arr.rs:220:28
[INFO] [stdout]     |
[INFO] [stdout] 220 |     type AddType = Vec2arr<N>;
[INFO] [stdout]     |                            ^
[INFO] [stdout]     |
[INFO] [stdout] help: if this generic argument was intended as a const parameter, surround it with braces
[INFO] [stdout]     |
[INFO] [stdout] 220 |     type AddType = Vec2arr<{ N }>;
[INFO] [stdout]     |                            +   +
[INFO] [stdout] 
[INFO] [stdout] 
[INFO] [stdout] error[E0747]: unresolved item provided when a constant was expected
[INFO] [stdout]    --> src/vec2arr.rs:221:43
[INFO] [stdout]     |
[INFO] [stdout] 221 |     fn add_imp(self, rhs: Rhs) -> Vec2arr<N> {
[INFO] [stdout]     |                                           ^
[INFO] [stdout]     |
[INFO] [stdout] help: if this generic argument was intended as a const parameter, surround it with braces
[INFO] [stdout]     |
[INFO] [stdout] 221 |     fn add_imp(self, rhs: Rhs) -> Vec2arr<{ N }> {
[INFO] [stdout]     |                                           +   +
[INFO] [stdout] 
[INFO] [stdout] 
[INFO] [stdout] error[E0747]: unresolved item provided when a constant was expected
[INFO] [stdout]    --> src/vec2arr.rs:229:28
[INFO] [stdout]     |
[INFO] [stdout] 229 |     type DivType = Vec2arr<N>;
[INFO] [stdout]     |                            ^
[INFO] [stdout]     |
[INFO] [stdout] help: if this generic argument was intended as a const parameter, surround it with braces
[INFO] [stdout]     |
[INFO] [stdout] 229 |     type DivType = Vec2arr<{ N }>;
[INFO] [stdout]     |                            +   +
[INFO] [stdout] 
[INFO] [stdout] 
[INFO] [stdout] error[E0747]: unresolved item provided when a constant was expected
[INFO] [stdout]    --> src/vec2arr.rs:230:43
[INFO] [stdout]     |
[INFO] [stdout] 230 |     fn div_imp(self, rhs: Rhs) -> Vec2arr<N> {
[INFO] [stdout]     |                                           ^
[INFO] [stdout]     |
[INFO] [stdout] help: if this generic argument was intended as a const parameter, surround it with braces
[INFO] [stdout]     |
[INFO] [stdout] 230 |     fn div_imp(self, rhs: Rhs) -> Vec2arr<{ N }> {
[INFO] [stdout]     |                                           +   +
[INFO] [stdout] 
[INFO] [stdout] 
[INFO] [stdout] error[E0747]: unresolved item provided when a constant was expected
[INFO] [stdout]    --> src/vec2arr.rs:238:28
[INFO] [stdout]     |
[INFO] [stdout] 238 |     type MulType = Vec2arr<N>;
[INFO] [stdout]     |                            ^
[INFO] [stdout]     |
[INFO] [stdout] help: if this generic argument was intended as a const parameter, surround it with braces
[INFO] [stdout]     |
[INFO] [stdout] 238 |     type MulType = Vec2arr<{ N }>;
[INFO] [stdout]     |                            +   +
[INFO] [stdout] 
[INFO] [stdout] 
[INFO] [stdout] error[E0747]: unresolved item provided when a constant was expected
[INFO] [stdout]    --> src/vec2arr.rs:239:43
[INFO] [stdout]     |
[INFO] [stdout] 239 |     fn mul_imp(self, rhs: Rhs) -> Vec2arr<N> {
[INFO] [stdout]     |                                           ^
[INFO] [stdout]     |
[INFO] [stdout] help: if this generic argument was intended as a const parameter, surround it with braces
[INFO] [stdout]     |
[INFO] [stdout] 239 |     fn mul_imp(self, rhs: Rhs) -> Vec2arr<{ N }> {
[INFO] [stdout]     |                                           +   +
[INFO] [stdout] 
[INFO] [stdout] 
[INFO] [stdout] error[E0747]: unresolved item provided when a constant was expected
[INFO] [stdout]    --> src/vec2arr.rs:247:28
[INFO] [stdout]     |
[INFO] [stdout] 247 |     type SubType = Vec2arr<N>;
[INFO] [stdout]     |                            ^
[INFO] [stdout]     |
[INFO] [stdout] help: if this generic argument was intended as a const parameter, surround it with braces
[INFO] [stdout]     |
[INFO] [stdout] 247 |     type SubType = Vec2arr<{ N }>;
[INFO] [stdout]     |                            +   +
[INFO] [stdout] 
[INFO] [stdout] 
[INFO] [stdout] error[E0747]: unresolved item provided when a constant was expected
[INFO] [stdout]    --> src/vec2arr.rs:248:43
[INFO] [stdout]     |
[INFO] [stdout] 248 |     fn sub_imp(self, rhs: Rhs) -> Vec2arr<N> {
[INFO] [stdout]     |                                           ^
[INFO] [stdout]     |
[INFO] [stdout] help: if this generic argument was intended as a const parameter, surround it with braces
[INFO] [stdout]     |
[INFO] [stdout] 248 |     fn sub_imp(self, rhs: Rhs) -> Vec2arr<{ N }> {
[INFO] [stdout]     |                                           +   +
[INFO] [stdout] 
[INFO] [stdout] 
[INFO] [stdout] error: aborting due to 32 previous errors
[INFO] [stdout] 
[INFO] [stdout] 
[INFO] [stdout] Some errors have detailed explanations: E0107, E0412, E0425, E0554, E0747.
[INFO] [stdout] 
[INFO] [stdout] For more information about an error, try `rustc --explain E0107`.
[INFO] [stdout] 
[INFO] [stderr] error: could not compile `lineq` (lib) due to 33 previous errors
[INFO] running `Command { std: "docker" "inspect" "410282c83884c1222f66df434558e2051e39786e574feafcf695e8e8ff34ee93", kill_on_drop: false }`
[INFO] running `Command { std: "docker" "rm" "-f" "410282c83884c1222f66df434558e2051e39786e574feafcf695e8e8ff34ee93", kill_on_drop: false }`
[INFO] [stdout] 410282c83884c1222f66df434558e2051e39786e574feafcf695e8e8ff34ee93
[INFO] testing Ethan-Metz/lineq against beta-2023-12-22 for beta-1.76-1
[INFO] running `Command { std: "git" "clone" "/workspace/cache/git-repos/https%3A%2F%2Fgithub.com%2FEthan-Metz%2Flineq" "/workspace/builds/worker-0-tc2/source", kill_on_drop: false }`
[INFO] [stderr] Cloning into '/workspace/builds/worker-0-tc2/source'...
[INFO] [stderr] done.
[INFO] validating manifest of git repo https://github.com/Ethan-Metz/lineq on toolchain beta-2023-12-22
[INFO] running `Command { std: CARGO_HOME="/workspace/cargo-home" RUSTUP_HOME="/workspace/rustup-home" "/workspace/cargo-home/bin/cargo" "+beta-2023-12-22" "metadata" "--manifest-path" "Cargo.toml" "--no-deps", kill_on_drop: false }`
[INFO] started tweaking git repo https://github.com/Ethan-Metz/lineq
[INFO] finished tweaking git repo https://github.com/Ethan-Metz/lineq
[INFO] tweaked toml for git repo https://github.com/Ethan-Metz/lineq written to /workspace/builds/worker-0-tc2/source/Cargo.toml
[INFO] crate git repo https://github.com/Ethan-Metz/lineq already has a lockfile, it will not be regenerated
[INFO] running `Command { std: CARGO_HOME="/workspace/cargo-home" RUSTUP_HOME="/workspace/rustup-home" "/workspace/cargo-home/bin/cargo" "+beta-2023-12-22" "fetch" "--manifest-path" "Cargo.toml", kill_on_drop: false }`
[INFO] running `Command { std: "docker" "create" "-v" "/var/lib/crater-agent-workspace/builds/worker-0-tc2/target:/opt/rustwide/target:rw,Z" "-v" "/var/lib/crater-agent-workspace/builds/worker-0-tc2/source:/opt/rustwide/workdir:ro,Z" "-v" "/var/lib/crater-agent-workspace/cargo-home:/opt/rustwide/cargo-home:ro,Z" "-v" "/var/lib/crater-agent-workspace/rustup-home:/opt/rustwide/rustup-home:ro,Z" "-e" "SOURCE_DIR=/opt/rustwide/workdir" "-e" "CARGO_TARGET_DIR=/opt/rustwide/target" "-e" "CARGO_HOME=/opt/rustwide/cargo-home" "-e" "RUSTUP_HOME=/opt/rustwide/rustup-home" "-w" "/opt/rustwide/workdir" "-m" "1610612736" "--user" "0:0" "--network" "none" "ghcr.io/rust-lang/crates-build-env/linux@sha256:2788e3201cd34a07e3172128adcd8b3090168a8e3bcc40d7c032b9dda1df7d1c" "/opt/rustwide/cargo-home/bin/cargo" "+beta-2023-12-22" "metadata" "--no-deps" "--format-version=1", kill_on_drop: false }`
[INFO] [stdout] 8a881ce1981ad71e2529b7472467c30e257e02b49bf23ae8e71278d20578ff58
[INFO] running `Command { std: "docker" "start" "-a" "8a881ce1981ad71e2529b7472467c30e257e02b49bf23ae8e71278d20578ff58", kill_on_drop: false }`
[INFO] running `Command { std: "docker" "inspect" "8a881ce1981ad71e2529b7472467c30e257e02b49bf23ae8e71278d20578ff58", kill_on_drop: false }`
[INFO] running `Command { std: "docker" "rm" "-f" "8a881ce1981ad71e2529b7472467c30e257e02b49bf23ae8e71278d20578ff58", kill_on_drop: false }`
[INFO] [stdout] 8a881ce1981ad71e2529b7472467c30e257e02b49bf23ae8e71278d20578ff58
[INFO] running `Command { std: "docker" "create" "-v" "/var/lib/crater-agent-workspace/builds/worker-0-tc2/target:/opt/rustwide/target:rw,Z" "-v" "/var/lib/crater-agent-workspace/builds/worker-0-tc2/source:/opt/rustwide/workdir:ro,Z" "-v" "/var/lib/crater-agent-workspace/cargo-home:/opt/rustwide/cargo-home:ro,Z" "-v" "/var/lib/crater-agent-workspace/rustup-home:/opt/rustwide/rustup-home:ro,Z" "-e" "SOURCE_DIR=/opt/rustwide/workdir" "-e" "CARGO_TARGET_DIR=/opt/rustwide/target" "-e" "CARGO_INCREMENTAL=0" "-e" "RUST_BACKTRACE=full" "-e" "RUSTFLAGS=--cap-lints=warn" "-e" "RUSTDOCFLAGS=--cap-lints=warn" "-e" "CARGO_HOME=/opt/rustwide/cargo-home" "-e" "RUSTUP_HOME=/opt/rustwide/rustup-home" "-w" "/opt/rustwide/workdir" "-m" "1610612736" "--user" "0:0" "--network" "none" "ghcr.io/rust-lang/crates-build-env/linux@sha256:2788e3201cd34a07e3172128adcd8b3090168a8e3bcc40d7c032b9dda1df7d1c" "/opt/rustwide/cargo-home/bin/cargo" "+beta-2023-12-22" "build" "--frozen" "--message-format=json", kill_on_drop: false }`
[INFO] [stdout] 0049539c568aa4ee1c02c401fac02fd578ca361de74b13a478273f0210259351
[INFO] running `Command { std: "docker" "start" "-a" "0049539c568aa4ee1c02c401fac02fd578ca361de74b13a478273f0210259351", kill_on_drop: false }`
[INFO] [stderr]    Compiling lineq v0.1.2 (/opt/rustwide/workdir)
[INFO] [stdout] error[E0412]: cannot find type `N` in this scope
[INFO] [stdout]    --> src/vec2arr.rs:220:28
[INFO] [stdout]     |
[INFO] [stdout] 219 | impl<T: VArr, Rhs> BoxHelper<i8, Rhs> for T { //Rhs is array type
[INFO] [stdout]     |      - similarly named type parameter `T` defined here
[INFO] [stdout] 220 |     type AddType = Vec2arr<N>;
[INFO] [stdout]     |                            ^
[INFO] [stdout]     |
[INFO] [stdout] help: a type parameter with a similar name exists
[INFO] [stdout]     |
[INFO] [stdout] 220 |     type AddType = Vec2arr<T>;
[INFO] [stdout]     |                            ~
[INFO] [stdout] help: you might be missing a type parameter
[INFO] [stdout]     |
[INFO] [stdout] 219 | impl<T: VArr, Rhs, N> BoxHelper<i8, Rhs> for T { //Rhs is array type
[INFO] [stdout]     |                  +++
[INFO] [stdout] 
[INFO] [stdout] 
[INFO] [stdout] error[E0412]: cannot find type `N` in this scope
[INFO] [stdout]    --> src/vec2arr.rs:221:43
[INFO] [stdout]     |
[INFO] [stdout] 219 | impl<T: VArr, Rhs> BoxHelper<i8, Rhs> for T { //Rhs is array type
[INFO] [stdout]     |      - similarly named type parameter `T` defined here
[INFO] [stdout] 220 |     type AddType = Vec2arr<N>;
[INFO] [stdout] 221 |     fn add_imp(self, rhs: Rhs) -> Vec2arr<N> {
[INFO] [stdout]     |                                           ^
[INFO] [stdout]     |
[INFO] [stdout] help: a type parameter with a similar name exists
[INFO] [stdout]     |
[INFO] [stdout] 221 |     fn add_imp(self, rhs: Rhs) -> Vec2arr<T> {
[INFO] [stdout]     |                                           ~
[INFO] [stdout] help: you might be missing a type parameter
[INFO] [stdout]     |
[INFO] [stdout] 219 | impl<T: VArr, Rhs, N> BoxHelper<i8, Rhs> for T { //Rhs is array type
[INFO] [stdout]     |                  +++
[INFO] [stdout] 
[INFO] [stdout] 
[INFO] [stdout] error[E0412]: cannot find type `N` in this scope
[INFO] [stdout]    --> src/vec2arr.rs:223:30
[INFO] [stdout]     |
[INFO] [stdout] 219 | impl<T: VArr, Rhs> BoxHelper<i8, Rhs> for T { //Rhs is array type
[INFO] [stdout]     |      - similarly named type parameter `T` defined here
[INFO] [stdout] ...
[INFO] [stdout] 223 |         let mut tmp: Vec2arr<N> = unsafe { MaybeUninit::uninit().assume_init() };
[INFO] [stdout]     |                              ^
[INFO] [stdout]     |
[INFO] [stdout] help: a type parameter with a similar name exists
[INFO] [stdout]     |
[INFO] [stdout] 223 |         let mut tmp: Vec2arr<T> = unsafe { MaybeUninit::uninit().assume_init() };
[INFO] [stdout]     |                              ~
[INFO] [stdout] help: you might be missing a type parameter
[INFO] [stdout]     |
[INFO] [stdout] 219 | impl<T: VArr, Rhs, N> BoxHelper<i8, Rhs> for T { //Rhs is array type
[INFO] [stdout]     |                  +++
[INFO] [stdout] 
[INFO] [stdout] 
[INFO] [stdout] error[E0425]: cannot find value `N` in this scope
[INFO] [stdout]    --> src/vec2arr.rs:224:21
[INFO] [stdout]     |
[INFO] [stdout] 224 |         for i in 0..N {
[INFO] [stdout]     |                     ^ not found in this scope
[INFO] [stdout]     |
[INFO] [stdout] help: you might have meant to write `.` instead of `..`
[INFO] [stdout]     |
[INFO] [stdout] 224 -         for i in 0..N {
[INFO] [stdout] 224 +         for i in 0.N {
[INFO] [stdout]     |
[INFO] [stdout] 
[INFO] [stdout] 
[INFO] [stdout] error[E0412]: cannot find type `N` in this scope
[INFO] [stdout]    --> src/vec2arr.rs:227:51
[INFO] [stdout]     |
[INFO] [stdout] 219 | impl<T: VArr, Rhs> BoxHelper<i8, Rhs> for T { //Rhs is array type
[INFO] [stdout]     |      - similarly named type parameter `T` defined here
[INFO] [stdout] ...
[INFO] [stdout] 227 |         unsafe { std::mem::transmute::<_, Vec2arr<N>>(tmp) }
[INFO] [stdout]     |                                                   ^
[INFO] [stdout]     |
[INFO] [stdout] help: a type parameter with a similar name exists
[INFO] [stdout]     |
[INFO] [stdout] 227 |         unsafe { std::mem::transmute::<_, Vec2arr<T>>(tmp) }
[INFO] [stdout]     |                                                   ~
[INFO] [stdout] help: you might be missing a type parameter
[INFO] [stdout]     |
[INFO] [stdout] 219 | impl<T: VArr, Rhs, N> BoxHelper<i8, Rhs> for T { //Rhs is array type
[INFO] [stdout]     |                  +++
[INFO] [stdout] 
[INFO] [stdout] 
[INFO] [stdout] error[E0412]: cannot find type `N` in this scope
[INFO] [stdout]    --> src/vec2arr.rs:229:28
[INFO] [stdout]     |
[INFO] [stdout] 219 | impl<T: VArr, Rhs> BoxHelper<i8, Rhs> for T { //Rhs is array type
[INFO] [stdout]     |      - similarly named type parameter `T` defined here
[INFO] [stdout] ...
[INFO] [stdout] 229 |     type DivType = Vec2arr<N>;
[INFO] [stdout]     |                            ^
[INFO] [stdout]     |
[INFO] [stdout] help: a type parameter with a similar name exists
[INFO] [stdout]     |
[INFO] [stdout] 229 |     type DivType = Vec2arr<T>;
[INFO] [stdout]     |                            ~
[INFO] [stdout] help: you might be missing a type parameter
[INFO] [stdout]     |
[INFO] [stdout] 219 | impl<T: VArr, Rhs, N> BoxHelper<i8, Rhs> for T { //Rhs is array type
[INFO] [stdout]     |                  +++
[INFO] [stdout] 
[INFO] [stdout] 
[INFO] [stdout] error[E0412]: cannot find type `N` in this scope
[INFO] [stdout]    --> src/vec2arr.rs:230:43
[INFO] [stdout]     |
[INFO] [stdout] 219 | impl<T: VArr, Rhs> BoxHelper<i8, Rhs> for T { //Rhs is array type
[INFO] [stdout]     |      - similarly named type parameter `T` defined here
[INFO] [stdout] ...
[INFO] [stdout] 230 |     fn div_imp(self, rhs: Rhs) -> Vec2arr<N> {
[INFO] [stdout]     |                                           ^
[INFO] [stdout]     |
[INFO] [stdout] help: a type parameter with a similar name exists
[INFO] [stdout]     |
[INFO] [stdout] 230 |     fn div_imp(self, rhs: Rhs) -> Vec2arr<T> {
[INFO] [stdout]     |                                           ~
[INFO] [stdout] help: you might be missing a type parameter
[INFO] [stdout]     |
[INFO] [stdout] 219 | impl<T: VArr, Rhs, N> BoxHelper<i8, Rhs> for T { //Rhs is array type
[INFO] [stdout]     |                  +++
[INFO] [stdout] 
[INFO] [stdout] 
[INFO] [stdout] error[E0412]: cannot find type `N` in this scope
[INFO] [stdout]    --> src/vec2arr.rs:232:30
[INFO] [stdout]     |
[INFO] [stdout] 219 | impl<T: VArr, Rhs> BoxHelper<i8, Rhs> for T { //Rhs is array type
[INFO] [stdout]     |      - similarly named type parameter `T` defined here
[INFO] [stdout] ...
[INFO] [stdout] 232 |         let mut tmp: Vec2arr<N> = unsafe { MaybeUninit::uninit().assume_init() };
[INFO] [stdout]     |                              ^
[INFO] [stdout]     |
[INFO] [stdout] help: a type parameter with a similar name exists
[INFO] [stdout]     |
[INFO] [stdout] 232 |         let mut tmp: Vec2arr<T> = unsafe { MaybeUninit::uninit().assume_init() };
[INFO] [stdout]     |                              ~
[INFO] [stdout] help: you might be missing a type parameter
[INFO] [stdout]     |
[INFO] [stdout] 219 | impl<T: VArr, Rhs, N> BoxHelper<i8, Rhs> for T { //Rhs is array type
[INFO] [stdout]     |                  +++
[INFO] [stdout] 
[INFO] [stdout] 
[INFO] [stdout] error[E0425]: cannot find value `N` in this scope
[INFO] [stdout]    --> src/vec2arr.rs:233:21
[INFO] [stdout]     |
[INFO] [stdout] 233 |         for i in 0..N {
[INFO] [stdout]     |                     ^ not found in this scope
[INFO] [stdout]     |
[INFO] [stdout] help: you might have meant to write `.` instead of `..`
[INFO] [stdout]     |
[INFO] [stdout] 233 -         for i in 0..N {
[INFO] [stdout] 233 +         for i in 0.N {
[INFO] [stdout]     |
[INFO] [stdout] 
[INFO] [stdout] 
[INFO] [stdout] error[E0412]: cannot find type `N` in this scope
[INFO] [stdout]    --> src/vec2arr.rs:236:51
[INFO] [stdout]     |
[INFO] [stdout] 219 | impl<T: VArr, Rhs> BoxHelper<i8, Rhs> for T { //Rhs is array type
[INFO] [stdout]     |      - similarly named type parameter `T` defined here
[INFO] [stdout] ...
[INFO] [stdout] 236 |         unsafe { std::mem::transmute::<_, Vec2arr<N>>(tmp) }
[INFO] [stdout]     |                                                   ^
[INFO] [stdout]     |
[INFO] [stdout] help: a type parameter with a similar name exists
[INFO] [stdout]     |
[INFO] [stdout] 236 |         unsafe { std::mem::transmute::<_, Vec2arr<T>>(tmp) }
[INFO] [stdout]     |                                                   ~
[INFO] [stdout] help: you might be missing a type parameter
[INFO] [stdout]     |
[INFO] [stdout] 219 | impl<T: VArr, Rhs, N> BoxHelper<i8, Rhs> for T { //Rhs is array type
[INFO] [stdout]     |                  +++
[INFO] [stdout] 
[INFO] [stdout] 
[INFO] [stdout] error[E0412]: cannot find type `N` in this scope
[INFO] [stdout]    --> src/vec2arr.rs:238:28
[INFO] [stdout]     |
[INFO] [stdout] 219 | impl<T: VArr, Rhs> BoxHelper<i8, Rhs> for T { //Rhs is array type
[INFO] [stdout]     |      - similarly named type parameter `T` defined here
[INFO] [stdout] ...
[INFO] [stdout] 238 |     type MulType = Vec2arr<N>;
[INFO] [stdout]     |                            ^
[INFO] [stdout]     |
[INFO] [stdout] help: a type parameter with a similar name exists
[INFO] [stdout]     |
[INFO] [stdout] 238 |     type MulType = Vec2arr<T>;
[INFO] [stdout]     |                            ~
[INFO] [stdout] help: you might be missing a type parameter
[INFO] [stdout]     |
[INFO] [stdout] 219 | impl<T: VArr, Rhs, N> BoxHelper<i8, Rhs> for T { //Rhs is array type
[INFO] [stdout]     |                  +++
[INFO] [stdout] 
[INFO] [stdout] 
[INFO] [stdout] error[E0412]: cannot find type `N` in this scope
[INFO] [stdout]    --> src/vec2arr.rs:239:43
[INFO] [stdout]     |
[INFO] [stdout] 219 | impl<T: VArr, Rhs> BoxHelper<i8, Rhs> for T { //Rhs is array type
[INFO] [stdout]     |      - similarly named type parameter `T` defined here
[INFO] [stdout] ...
[INFO] [stdout] 239 |     fn mul_imp(self, rhs: Rhs) -> Vec2arr<N> {
[INFO] [stdout]     |                                           ^
[INFO] [stdout]     |
[INFO] [stdout] help: a type parameter with a similar name exists
[INFO] [stdout]     |
[INFO] [stdout] 239 |     fn mul_imp(self, rhs: Rhs) -> Vec2arr<T> {
[INFO] [stdout]     |                                           ~
[INFO] [stdout] help: you might be missing a type parameter
[INFO] [stdout]     |
[INFO] [stdout] 219 | impl<T: VArr, Rhs, N> BoxHelper<i8, Rhs> for T { //Rhs is array type
[INFO] [stdout]     |                  +++
[INFO] [stdout] 
[INFO] [stdout] 
[INFO] [stdout] error[E0412]: cannot find type `N` in this scope
[INFO] [stdout]    --> src/vec2arr.rs:241:30
[INFO] [stdout]     |
[INFO] [stdout] 219 | impl<T: VArr, Rhs> BoxHelper<i8, Rhs> for T { //Rhs is array type
[INFO] [stdout]     |      - similarly named type parameter `T` defined here
[INFO] [stdout] ...
[INFO] [stdout] 241 |         let mut tmp: Vec2arr<N> = unsafe { MaybeUninit::uninit().assume_init() };
[INFO] [stdout]     |                              ^
[INFO] [stdout]     |
[INFO] [stdout] help: a type parameter with a similar name exists
[INFO] [stdout]     |
[INFO] [stdout] 241 |         let mut tmp: Vec2arr<T> = unsafe { MaybeUninit::uninit().assume_init() };
[INFO] [stdout]     |                              ~
[INFO] [stdout] help: you might be missing a type parameter
[INFO] [stdout]     |
[INFO] [stdout] 219 | impl<T: VArr, Rhs, N> BoxHelper<i8, Rhs> for T { //Rhs is array type
[INFO] [stdout]     |                  +++
[INFO] [stdout] 
[INFO] [stdout] 
[INFO] [stdout] error[E0425]: cannot find value `N` in this scope
[INFO] [stdout]    --> src/vec2arr.rs:242:21
[INFO] [stdout]     |
[INFO] [stdout] 242 |         for i in 0..N {
[INFO] [stdout]     |                     ^ not found in this scope
[INFO] [stdout]     |
[INFO] [stdout] help: you might have meant to write `.` instead of `..`
[INFO] [stdout]     |
[INFO] [stdout] 242 -         for i in 0..N {
[INFO] [stdout] 242 +         for i in 0.N {
[INFO] [stdout]     |
[INFO] [stdout] 
[INFO] [stdout] 
[INFO] [stdout] error[E0412]: cannot find type `N` in this scope
[INFO] [stdout]    --> src/vec2arr.rs:245:51
[INFO] [stdout]     |
[INFO] [stdout] 219 | impl<T: VArr, Rhs> BoxHelper<i8, Rhs> for T { //Rhs is array type
[INFO] [stdout]     |      - similarly named type parameter `T` defined here
[INFO] [stdout] ...
[INFO] [stdout] 245 |         unsafe { std::mem::transmute::<_, Vec2arr<N>>(tmp) }
[INFO] [stdout]     |                                                   ^
[INFO] [stdout]     |
[INFO] [stdout] help: a type parameter with a similar name exists
[INFO] [stdout]     |
[INFO] [stdout] 245 |         unsafe { std::mem::transmute::<_, Vec2arr<T>>(tmp) }
[INFO] [stdout]     |                                                   ~
[INFO] [stdout] help: you might be missing a type parameter
[INFO] [stdout]     |
[INFO] [stdout] 219 | impl<T: VArr, Rhs, N> BoxHelper<i8, Rhs> for T { //Rhs is array type
[INFO] [stdout]     |                  +++
[INFO] [stdout] 
[INFO] [stdout] 
[INFO] [stdout] error[E0412]: cannot find type `N` in this scope
[INFO] [stdout]    --> src/vec2arr.rs:247:28
[INFO] [stdout]     |
[INFO] [stdout] 219 | impl<T: VArr, Rhs> BoxHelper<i8, Rhs> for T { //Rhs is array type
[INFO] [stdout]     |      - similarly named type parameter `T` defined here
[INFO] [stdout] ...
[INFO] [stdout] 247 |     type SubType = Vec2arr<N>;
[INFO] [stdout]     |                            ^
[INFO] [stdout]     |
[INFO] [stdout] help: a type parameter with a similar name exists
[INFO] [stdout]     |
[INFO] [stdout] 247 |     type SubType = Vec2arr<T>;
[INFO] [stdout]     |                            ~
[INFO] [stdout] help: you might be missing a type parameter
[INFO] [stdout]     |
[INFO] [stdout] 219 | impl<T: VArr, Rhs, N> BoxHelper<i8, Rhs> for T { //Rhs is array type
[INFO] [stdout]     |                  +++
[INFO] [stdout] 
[INFO] [stdout] 
[INFO] [stdout] error[E0412]: cannot find type `N` in this scope
[INFO] [stdout]    --> src/vec2arr.rs:248:43
[INFO] [stdout]     |
[INFO] [stdout] 219 | impl<T: VArr, Rhs> BoxHelper<i8, Rhs> for T { //Rhs is array type
[INFO] [stdout]     |      - similarly named type parameter `T` defined here
[INFO] [stdout] ...
[INFO] [stdout] 248 |     fn sub_imp(self, rhs: Rhs) -> Vec2arr<N> {
[INFO] [stdout]     |                                           ^
[INFO] [stdout]     |
[INFO] [stdout] help: a type parameter with a similar name exists
[INFO] [stdout]     |
[INFO] [stdout] 248 |     fn sub_imp(self, rhs: Rhs) -> Vec2arr<T> {
[INFO] [stdout]     |                                           ~
[INFO] [stdout] help: you might be missing a type parameter
[INFO] [stdout]     |
[INFO] [stdout] 219 | impl<T: VArr, Rhs, N> BoxHelper<i8, Rhs> for T { //Rhs is array type
[INFO] [stdout]     |                  +++
[INFO] [stdout] 
[INFO] [stdout] 
[INFO] [stdout] error[E0412]: cannot find type `N` in this scope
[INFO] [stdout]    --> src/vec2arr.rs:250:30
[INFO] [stdout]     |
[INFO] [stdout] 219 | impl<T: VArr, Rhs> BoxHelper<i8, Rhs> for T { //Rhs is array type
[INFO] [stdout]     |      - similarly named type parameter `T` defined here
[INFO] [stdout] ...
[INFO] [stdout] 250 |         let mut tmp: Vec2arr<N> = unsafe { MaybeUninit::uninit().assume_init() };
[INFO] [stdout]     |                              ^
[INFO] [stdout]     |
[INFO] [stdout] help: a type parameter with a similar name exists
[INFO] [stdout]     |
[INFO] [stdout] 250 |         let mut tmp: Vec2arr<T> = unsafe { MaybeUninit::uninit().assume_init() };
[INFO] [stdout]     |                              ~
[INFO] [stdout] help: you might be missing a type parameter
[INFO] [stdout]     |
[INFO] [stdout] 219 | impl<T: VArr, Rhs, N> BoxHelper<i8, Rhs> for T { //Rhs is array type
[INFO] [stdout]     |                  +++
[INFO] [stdout] 
[INFO] [stdout] 
[INFO] [stdout] error[E0425]: cannot find value `N` in this scope
[INFO] [stdout]    --> src/vec2arr.rs:251:21
[INFO] [stdout]     |
[INFO] [stdout] 251 |         for i in 0..N {
[INFO] [stdout]     |                     ^ not found in this scope
[INFO] [stdout]     |
[INFO] [stdout] help: you might have meant to write `.` instead of `..`
[INFO] [stdout]     |
[INFO] [stdout] 251 -         for i in 0..N {
[INFO] [stdout] 251 +         for i in 0.N {
[INFO] [stdout]     |
[INFO] [stdout] 
[INFO] [stdout] 
[INFO] [stdout] error[E0412]: cannot find type `N` in this scope
[INFO] [stdout]    --> src/vec2arr.rs:254:51
[INFO] [stdout]     |
[INFO] [stdout] 219 | impl<T: VArr, Rhs> BoxHelper<i8, Rhs> for T { //Rhs is array type
[INFO] [stdout]     |      - similarly named type parameter `T` defined here
[INFO] [stdout] ...
[INFO] [stdout] 254 |         unsafe { std::mem::transmute::<_, Vec2arr<N>>(tmp) }
[INFO] [stdout]     |                                                   ^
[INFO] [stdout]     |
[INFO] [stdout] help: a type parameter with a similar name exists
[INFO] [stdout]     |
[INFO] [stdout] 254 |         unsafe { std::mem::transmute::<_, Vec2arr<T>>(tmp) }
[INFO] [stdout]     |                                                   ~
[INFO] [stdout] help: you might be missing a type parameter
[INFO] [stdout]     |
[INFO] [stdout] 219 | impl<T: VArr, Rhs, N> BoxHelper<i8, Rhs> for T { //Rhs is array type
[INFO] [stdout]     |                  +++
[INFO] [stdout] 
[INFO] [stdout] 
[INFO] [stdout] error[E0554]: `#![feature]` may not be used on the beta release channel
[INFO] [stdout]   --> src/lib.rs:63:12
[INFO] [stdout]    |
[INFO] [stdout] 63 | #![feature(new_uninit)]
[INFO] [stdout]    |            ^^^^^^^^^^
[INFO] [stdout] 
[INFO] [stdout] 
[INFO] [stdout] error[E0554]: `#![feature]` may not be used on the beta release channel
[INFO] [stdout]   --> src/lib.rs:64:12
[INFO] [stdout]    |
[INFO] [stdout] 64 | #![feature(slice_ptr_get)]
[INFO] [stdout]    |            ^^^^^^^^^^^^^
[INFO] [stdout] 
[INFO] [stdout] 
[INFO] [stdout] error[E0554]: `#![feature]` may not be used on the beta release channel
[INFO] [stdout]   --> src/lib.rs:65:12
[INFO] [stdout]    |
[INFO] [stdout] 65 | #![feature(test)]
[INFO] [stdout]    |            ^^^^
[INFO] [stdout] 
[INFO] [stdout] 
[INFO] [stdout] error[E0107]: missing generics for trait `VArr`
[INFO] [stdout]    --> src/vec2arr.rs:219:9
[INFO] [stdout]     |
[INFO] [stdout] 219 | impl<T: VArr, Rhs> BoxHelper<i8, Rhs> for T { //Rhs is array type
[INFO] [stdout]     |         ^^^^ expected 1 generic argument
[INFO] [stdout]     |
[INFO] [stdout] note: trait defined here, with 1 generic parameter: `N`
[INFO] [stdout]    --> src/vec2arr.rs:164:11
[INFO] [stdout]     |
[INFO] [stdout] 164 | pub trait VArr<const N: usize>: Assoc<ID = i8> {} // Array type
[INFO] [stdout]     |           ^^^^ --------------
[INFO] [stdout] help: add missing generic argument
[INFO] [stdout]     |
[INFO] [stdout] 219 | impl<T: VArr<N>, Rhs> BoxHelper<i8, Rhs> for T { //Rhs is array type
[INFO] [stdout]     |             +++
[INFO] [stdout] 
[INFO] [stdout] 
[INFO] [stdout] error[E0747]: unresolved item provided when a constant was expected
[INFO] [stdout]    --> src/vec2arr.rs:220:28
[INFO] [stdout]     |
[INFO] [stdout] 220 |     type AddType = Vec2arr<N>;
[INFO] [stdout]     |                            ^
[INFO] [stdout]     |
[INFO] [stdout] help: if this generic argument was intended as a const parameter, surround it with braces
[INFO] [stdout]     |
[INFO] [stdout] 220 |     type AddType = Vec2arr<{ N }>;
[INFO] [stdout]     |                            +   +
[INFO] [stdout] 
[INFO] [stdout] 
[INFO] [stdout] error[E0747]: unresolved item provided when a constant was expected
[INFO] [stdout]    --> src/vec2arr.rs:221:43
[INFO] [stdout]     |
[INFO] [stdout] 221 |     fn add_imp(self, rhs: Rhs) -> Vec2arr<N> {
[INFO] [stdout]     |                                           ^
[INFO] [stdout]     |
[INFO] [stdout] help: if this generic argument was intended as a const parameter, surround it with braces
[INFO] [stdout]     |
[INFO] [stdout] 221 |     fn add_imp(self, rhs: Rhs) -> Vec2arr<{ N }> {
[INFO] [stdout]     |                                           +   +
[INFO] [stdout] 
[INFO] [stdout] 
[INFO] [stdout] error[E0747]: unresolved item provided when a constant was expected
[INFO] [stdout]    --> src/vec2arr.rs:229:28
[INFO] [stdout]     |
[INFO] [stdout] 229 |     type DivType = Vec2arr<N>;
[INFO] [stdout]     |                            ^
[INFO] [stdout]     |
[INFO] [stdout] help: if this generic argument was intended as a const parameter, surround it with braces
[INFO] [stdout]     |
[INFO] [stdout] 229 |     type DivType = Vec2arr<{ N }>;
[INFO] [stdout]     |                            +   +
[INFO] [stdout] 
[INFO] [stdout] 
[INFO] [stdout] error[E0747]: unresolved item provided when a constant was expected
[INFO] [stdout]    --> src/vec2arr.rs:230:43
[INFO] [stdout]     |
[INFO] [stdout] 230 |     fn div_imp(self, rhs: Rhs) -> Vec2arr<N> {
[INFO] [stdout]     |                                           ^
[INFO] [stdout]     |
[INFO] [stdout] help: if this generic argument was intended as a const parameter, surround it with braces
[INFO] [stdout]     |
[INFO] [stdout] 230 |     fn div_imp(self, rhs: Rhs) -> Vec2arr<{ N }> {
[INFO] [stdout]     |                                           +   +
[INFO] [stdout] 
[INFO] [stdout] 
[INFO] [stdout] error[E0747]: unresolved item provided when a constant was expected
[INFO] [stdout]    --> src/vec2arr.rs:238:28
[INFO] [stdout]     |
[INFO] [stdout] 238 |     type MulType = Vec2arr<N>;
[INFO] [stdout]     |                            ^
[INFO] [stdout]     |
[INFO] [stdout] help: if this generic argument was intended as a const parameter, surround it with braces
[INFO] [stdout]     |
[INFO] [stdout] 238 |     type MulType = Vec2arr<{ N }>;
[INFO] [stdout]     |                            +   +
[INFO] [stdout] 
[INFO] [stdout] 
[INFO] [stdout] error[E0747]: unresolved item provided when a constant was expected
[INFO] [stdout]    --> src/vec2arr.rs:239:43
[INFO] [stdout]     |
[INFO] [stdout] 239 |     fn mul_imp(self, rhs: Rhs) -> Vec2arr<N> {
[INFO] [stdout]     |                                           ^
[INFO] [stdout]     |
[INFO] [stdout] help: if this generic argument was intended as a const parameter, surround it with braces
[INFO] [stdout]     |
[INFO] [stdout] 239 |     fn mul_imp(self, rhs: Rhs) -> Vec2arr<{ N }> {
[INFO] [stdout]     |                                           +   +
[INFO] [stdout] 
[INFO] [stdout] 
[INFO] [stdout] error[E0747]: unresolved item provided when a constant was expected
[INFO] [stdout]    --> src/vec2arr.rs:247:28
[INFO] [stdout]     |
[INFO] [stdout] 247 |     type SubType = Vec2arr<N>;
[INFO] [stdout]     |                            ^
[INFO] [stdout]     |
[INFO] [stdout] help: if this generic argument was intended as a const parameter, surround it with braces
[INFO] [stdout]     |
[INFO] [stdout] 247 |     type SubType = Vec2arr<{ N }>;
[INFO] [stdout]     |                            +   +
[INFO] [stdout] 
[INFO] [stdout] 
[INFO] [stdout] error[E0747]: unresolved item provided when a constant was expected
[INFO] [stdout]    --> src/vec2arr.rs:248:43
[INFO] [stdout]     |
[INFO] [stdout] 248 |     fn sub_imp(self, rhs: Rhs) -> Vec2arr<N> {
[INFO] [stdout]     |                                           ^
[INFO] [stdout]     |
[INFO] [stdout] help: if this generic argument was intended as a const parameter, surround it with braces
[INFO] [stdout]     |
[INFO] [stdout] 248 |     fn sub_imp(self, rhs: Rhs) -> Vec2arr<{ N }> {
[INFO] [stdout]     |                                           +   +
[INFO] [stdout] 
[INFO] [stdout] 
[INFO] [stdout] error: aborting due to 32 previous errors
[INFO] [stdout] 
[INFO] [stdout] 
[INFO] [stdout] Some errors have detailed explanations: E0107, E0412, E0425, E0554, E0747.
[INFO] [stdout] 
[INFO] [stdout] For more information about an error, try `rustc --explain E0107`.
[INFO] [stdout] 
[INFO] [stderr] error: could not compile `lineq` (lib) due to 33 previous errors
[INFO] running `Command { std: "docker" "inspect" "0049539c568aa4ee1c02c401fac02fd578ca361de74b13a478273f0210259351", kill_on_drop: false }`
[INFO] running `Command { std: "docker" "rm" "-f" "0049539c568aa4ee1c02c401fac02fd578ca361de74b13a478273f0210259351", kill_on_drop: false }`
[INFO] [stdout] 0049539c568aa4ee1c02c401fac02fd578ca361de74b13a478273f0210259351
