[INFO] cloning repository https://github.com/EricFecteau/dcss-api
[INFO] running `Command { std: "git" "-c" "credential.helper=" "-c" "credential.helper=/workspace/cargo-home/bin/git-credential-null" "clone" "--bare" "https://github.com/EricFecteau/dcss-api" "/workspace/cache/git-repos/https%3A%2F%2Fgithub.com%2FEricFecteau%2Fdcss-api", kill_on_drop: false }`
[INFO] [stderr] Cloning into bare repository '/workspace/cache/git-repos/https%3A%2F%2Fgithub.com%2FEricFecteau%2Fdcss-api'...
[INFO] running `Command { std: "git" "rev-parse" "HEAD", kill_on_drop: false }`
[INFO] [stdout] 0ccf39a2302d2ffadcec5dfa4fd238e3dc9aac54
[INFO] testing EricFecteau/dcss-api against 1.75.0 for beta-1.76-1
[INFO] running `Command { std: "git" "clone" "/workspace/cache/git-repos/https%3A%2F%2Fgithub.com%2FEricFecteau%2Fdcss-api" "/workspace/builds/worker-7-tc1/source", kill_on_drop: false }`
[INFO] [stderr] Cloning into '/workspace/builds/worker-7-tc1/source'...
[INFO] [stderr] done.
[INFO] validating manifest of git repo https://github.com/EricFecteau/dcss-api on toolchain 1.75.0
[INFO] running `Command { std: CARGO_HOME="/workspace/cargo-home" RUSTUP_HOME="/workspace/rustup-home" "/workspace/cargo-home/bin/cargo" "+1.75.0" "metadata" "--manifest-path" "Cargo.toml" "--no-deps", kill_on_drop: false }`
[INFO] removed /workspace/builds/worker-7-tc1/source/.cargo/config.toml
[INFO] started tweaking git repo https://github.com/EricFecteau/dcss-api
[INFO] finished tweaking git repo https://github.com/EricFecteau/dcss-api
[INFO] tweaked toml for git repo https://github.com/EricFecteau/dcss-api written to /workspace/builds/worker-7-tc1/source/Cargo.toml
[INFO] crate git repo https://github.com/EricFecteau/dcss-api already has a lockfile, it will not be regenerated
[INFO] running `Command { std: CARGO_HOME="/workspace/cargo-home" RUSTUP_HOME="/workspace/rustup-home" "/workspace/cargo-home/bin/cargo" "+1.75.0" "fetch" "--manifest-path" "Cargo.toml", kill_on_drop: false }`
[INFO] [stderr]  Downloading crates ...
[INFO] [stderr]   Downloaded proc-macro2 v1.0.71
[INFO] [stderr]   Downloaded pyo3-macros v0.20.0
[INFO] [stderr]   Downloaded pyo3-build-config v0.20.0
[INFO] [stderr]   Downloaded thiserror v1.0.52
[INFO] [stderr]   Downloaded pyo3-macros-backend v0.20.0
[INFO] [stderr]   Downloaded pyo3-ffi v0.20.0
[INFO] [stderr]   Downloaded syn v2.0.43
[INFO] [stderr]   Downloaded pyo3 v0.20.0
[INFO] [stderr]   Downloaded tungstenite v0.21.0
[INFO] [stderr]   Downloaded thiserror-impl v1.0.52
[INFO] running `Command { std: "docker" "create" "-v" "/var/lib/crater-agent-workspace/builds/worker-7-tc1/target:/opt/rustwide/target:rw,Z" "-v" "/var/lib/crater-agent-workspace/builds/worker-7-tc1/source:/opt/rustwide/workdir:ro,Z" "-v" "/var/lib/crater-agent-workspace/cargo-home:/opt/rustwide/cargo-home:ro,Z" "-v" "/var/lib/crater-agent-workspace/rustup-home:/opt/rustwide/rustup-home:ro,Z" "-e" "SOURCE_DIR=/opt/rustwide/workdir" "-e" "CARGO_TARGET_DIR=/opt/rustwide/target" "-e" "CARGO_HOME=/opt/rustwide/cargo-home" "-e" "RUSTUP_HOME=/opt/rustwide/rustup-home" "-w" "/opt/rustwide/workdir" "-m" "1610612736" "--user" "0:0" "--network" "none" "ghcr.io/rust-lang/crates-build-env/linux@sha256:2788e3201cd34a07e3172128adcd8b3090168a8e3bcc40d7c032b9dda1df7d1c" "/opt/rustwide/cargo-home/bin/cargo" "+1.75.0" "metadata" "--no-deps" "--format-version=1", kill_on_drop: false }`
[INFO] [stdout] 98643c47c9db4c8ac3296d402194509ce7c4ec54633216f2624fbad178699cd6
[INFO] running `Command { std: "docker" "start" "-a" "98643c47c9db4c8ac3296d402194509ce7c4ec54633216f2624fbad178699cd6", kill_on_drop: false }`
[INFO] running `Command { std: "docker" "inspect" "98643c47c9db4c8ac3296d402194509ce7c4ec54633216f2624fbad178699cd6", kill_on_drop: false }`
[INFO] running `Command { std: "docker" "rm" "-f" "98643c47c9db4c8ac3296d402194509ce7c4ec54633216f2624fbad178699cd6", kill_on_drop: false }`
[INFO] [stdout] 98643c47c9db4c8ac3296d402194509ce7c4ec54633216f2624fbad178699cd6
[INFO] running `Command { std: "docker" "create" "-v" "/var/lib/crater-agent-workspace/builds/worker-7-tc1/target:/opt/rustwide/target:rw,Z" "-v" "/var/lib/crater-agent-workspace/builds/worker-7-tc1/source:/opt/rustwide/workdir:ro,Z" "-v" "/var/lib/crater-agent-workspace/cargo-home:/opt/rustwide/cargo-home:ro,Z" "-v" "/var/lib/crater-agent-workspace/rustup-home:/opt/rustwide/rustup-home:ro,Z" "-e" "SOURCE_DIR=/opt/rustwide/workdir" "-e" "CARGO_TARGET_DIR=/opt/rustwide/target" "-e" "CARGO_INCREMENTAL=0" "-e" "RUST_BACKTRACE=full" "-e" "RUSTFLAGS=--cap-lints=warn" "-e" "RUSTDOCFLAGS=--cap-lints=warn" "-e" "CARGO_HOME=/opt/rustwide/cargo-home" "-e" "RUSTUP_HOME=/opt/rustwide/rustup-home" "-w" "/opt/rustwide/workdir" "-m" "1610612736" "--user" "0:0" "--network" "none" "ghcr.io/rust-lang/crates-build-env/linux@sha256:2788e3201cd34a07e3172128adcd8b3090168a8e3bcc40d7c032b9dda1df7d1c" "/opt/rustwide/cargo-home/bin/cargo" "+1.75.0" "build" "--frozen" "--message-format=json", kill_on_drop: false }`
[INFO] [stdout] 29cd7ee39562c2f8a50d1bc4fa531bceebea06d8f70a4f68492f5adbac755270
[INFO] running `Command { std: "docker" "start" "-a" "29cd7ee39562c2f8a50d1bc4fa531bceebea06d8f70a4f68492f5adbac755270", kill_on_drop: false }`
[INFO] [stderr]    Compiling libc v0.2.151
[INFO] [stderr]    Compiling proc-macro2 v1.0.71
[INFO] [stderr]    Compiling vcpkg v0.2.15
[INFO] [stderr]    Compiling pkg-config v0.3.28
[INFO] [stderr]    Compiling target-lexicon v0.12.12
[INFO] [stderr]    Compiling once_cell v1.19.0
[INFO] [stderr]    Compiling typenum v1.17.0
[INFO] [stderr]    Compiling tinyvec_macros v0.1.1
[INFO] [stderr]    Compiling parking_lot_core v0.9.9
[INFO] [stderr]    Compiling foreign-types-shared v0.1.1
[INFO] [stderr]    Compiling openssl v0.10.62
[INFO] [stderr]    Compiling generic-array v0.14.7
[INFO] [stderr]    Compiling lock_api v0.4.11
[INFO] [stderr]    Compiling memoffset v0.9.0
[INFO] [stderr]    Compiling native-tls v0.2.11
[INFO] [stderr]    Compiling tinyvec v1.6.0
[INFO] [stderr]    Compiling foreign-types v0.3.2
[INFO] [stderr]    Compiling ppv-lite86 v0.2.17
[INFO] [stderr]    Compiling unicode-bidi v0.3.14
[INFO] [stderr]    Compiling crc32fast v1.3.2
[INFO] [stderr]    Compiling thiserror v1.0.52
[INFO] [stderr]    Compiling scopeguard v1.2.0
[INFO] [stderr]    Compiling bitflags v2.4.1
[INFO] [stderr]    Compiling serde v1.0.193
[INFO] [stderr]    Compiling httparse v1.8.0
[INFO] [stderr]    Compiling percent-encoding v2.3.1
[INFO] [stderr]    Compiling smallvec v1.11.2
[INFO] [stderr]    Compiling itoa v1.0.10
[INFO] [stderr]    Compiling form_urlencoded v1.2.1
[INFO] [stderr]    Compiling cpufeatures v0.2.11
[INFO] [stderr]    Compiling serde_json v1.0.108
[INFO] [stderr]    Compiling openssl-probe v0.1.5
[INFO] [stderr]    Compiling fnv v1.0.7
[INFO] [stderr]    Compiling bytes v1.5.0
[INFO] [stderr]    Compiling log v0.4.20
[INFO] [stderr]    Compiling ryu v1.0.16
[INFO] [stderr]    Compiling quote v1.0.33
[INFO] [stderr]    Compiling data-encoding v2.5.0
[INFO] [stderr]    Compiling utf-8 v0.7.6
[INFO] [stderr]    Compiling pyo3-build-config v0.20.0
[INFO] [stderr]    Compiling byteorder v1.5.0
[INFO] [stderr]    Compiling unicode-normalization v0.1.22
[INFO] [stderr]    Compiling unindent v0.2.3
[INFO] [stderr]    Compiling indoc v2.0.4
[INFO] [stderr]    Compiling cc v1.0.83
[INFO] [stderr]    Compiling syn v2.0.43
[INFO] [stderr]    Compiling http v1.0.0
[INFO] [stderr]    Compiling getrandom v0.2.11
[INFO] [stderr]    Compiling rand_core v0.6.4
[INFO] [stderr]    Compiling idna v0.5.0
[INFO] [stderr]    Compiling parking_lot v0.12.1
[INFO] [stderr]    Compiling rand_chacha v0.3.1
[INFO] [stderr]    Compiling openssl-src v300.2.1+3.2.0
[INFO] [stderr]    Compiling rand v0.8.5
[INFO] [stderr]    Compiling openssl-sys v0.9.98
[INFO] [stderr]    Compiling libz-sys v1.1.12
[INFO] [stderr]    Compiling url v2.5.0
[INFO] [stderr]    Compiling block-buffer v0.10.4
[INFO] [stderr]    Compiling crypto-common v0.1.6
[INFO] [stderr]    Compiling digest v0.10.7
[INFO] [stderr]    Compiling pyo3-ffi v0.20.0
[INFO] [stderr]    Compiling pyo3 v0.20.0
[INFO] [stderr]    Compiling sha1 v0.10.6
[INFO] [stderr]    Compiling flate2 v1.0.28
[INFO] [stderr]    Compiling pyo3-macros-backend v0.20.0
[INFO] [stderr]    Compiling openssl-macros v0.1.1
[INFO] [stderr]    Compiling thiserror-impl v1.0.52
[INFO] [stderr]    Compiling pyo3-macros v0.20.0
[INFO] [stderr]    Compiling tungstenite v0.21.0
[INFO] [stderr]    Compiling dcss-api v0.1.5 (/opt/rustwide/workdir)
[INFO] [stderr]     Finished dev [unoptimized + debuginfo] target(s) in 44.60s
[INFO] running `Command { std: "docker" "inspect" "29cd7ee39562c2f8a50d1bc4fa531bceebea06d8f70a4f68492f5adbac755270", kill_on_drop: false }`
[INFO] running `Command { std: "docker" "rm" "-f" "29cd7ee39562c2f8a50d1bc4fa531bceebea06d8f70a4f68492f5adbac755270", kill_on_drop: false }`
[INFO] [stdout] 29cd7ee39562c2f8a50d1bc4fa531bceebea06d8f70a4f68492f5adbac755270
[INFO] running `Command { std: "docker" "create" "-v" "/var/lib/crater-agent-workspace/builds/worker-7-tc1/target:/opt/rustwide/target:rw,Z" "-v" "/var/lib/crater-agent-workspace/builds/worker-7-tc1/source:/opt/rustwide/workdir:ro,Z" "-v" "/var/lib/crater-agent-workspace/cargo-home:/opt/rustwide/cargo-home:ro,Z" "-v" "/var/lib/crater-agent-workspace/rustup-home:/opt/rustwide/rustup-home:ro,Z" "-e" "SOURCE_DIR=/opt/rustwide/workdir" "-e" "CARGO_TARGET_DIR=/opt/rustwide/target" "-e" "CARGO_INCREMENTAL=0" "-e" "RUST_BACKTRACE=full" "-e" "RUSTFLAGS=--cap-lints=warn" "-e" "RUSTDOCFLAGS=--cap-lints=warn" "-e" "CARGO_HOME=/opt/rustwide/cargo-home" "-e" "RUSTUP_HOME=/opt/rustwide/rustup-home" "-w" "/opt/rustwide/workdir" "-m" "1610612736" "--user" "0:0" "--network" "none" "ghcr.io/rust-lang/crates-build-env/linux@sha256:2788e3201cd34a07e3172128adcd8b3090168a8e3bcc40d7c032b9dda1df7d1c" "/opt/rustwide/cargo-home/bin/cargo" "+1.75.0" "test" "--frozen" "--no-run" "--message-format=json", kill_on_drop: false }`
[INFO] [stdout] 3bc544459f77c1c53739ed652b567a28c6f65244469f50a5d0fbaf6f6ebbdc65
[INFO] running `Command { std: "docker" "start" "-a" "3bc544459f77c1c53739ed652b567a28c6f65244469f50a5d0fbaf6f6ebbdc65", kill_on_drop: false }`
[INFO] [stderr]    Compiling dcss-api v0.1.5 (/opt/rustwide/workdir)
[INFO] [stderr] error: could not compile `dcss-api` (lib test)
[INFO] [stderr] 
[INFO] [stderr] Caused by:
[INFO] [stderr]   process didn't exit successfully: `/opt/rustwide/rustup-home/toolchains/1.75.0-x86_64-unknown-linux-gnu/bin/rustc --crate-name dcss_api --edition=2021 src/lib.rs --error-format=json --json=diagnostic-rendered-ansi,artifacts,future-incompat --emit=dep-info,link -C embed-bitcode=no -C debuginfo=2 --test -C metadata=b6b3f44982c774b4 -C extra-filename=-b6b3f44982c774b4 --out-dir /opt/rustwide/target/debug/deps -L dependency=/opt/rustwide/target/debug/deps --extern flate2=/opt/rustwide/target/debug/deps/libflate2-54b508d68f118266.rlib --extern pyo3=/opt/rustwide/target/debug/deps/libpyo3-f863b8210f85a220.rlib --extern serde_json=/opt/rustwide/target/debug/deps/libserde_json-5bbae0b88f0f6df1.rlib --extern thiserror=/opt/rustwide/target/debug/deps/libthiserror-433383471b4410ba.rlib --extern tungstenite=/opt/rustwide/target/debug/deps/libtungstenite-cd5a9a56c969230b.rlib --extern url=/opt/rustwide/target/debug/deps/liburl-e2bbdc8176814ab9.rlib --cap-lints=warn -L native=/opt/rustwide/target/debug/build/openssl-sys-a48197844f7d729e/out/openssl-build/install/lib` (signal: 9, SIGKILL: kill)
[INFO] [stderr] warning: build failed, waiting for other jobs to finish...
[INFO] [stdout] error: linking with `cc` failed: exit status: 1
[INFO] [stdout]   |
[INFO] [stdout]   = note: LC_ALL="C" PATH="/opt/rustwide/rustup-home/toolchains/1.75.0-x86_64-unknown-linux-gnu/lib/rustlib/x86_64-unknown-linux-gnu/bin:/opt/rustwide/cargo-home/bin:/usr/local/sbin:/usr/local/bin:/usr/sbin:/usr/bin:/sbin:/bin" VSLANG="1033" "cc" "-m64" "/tmp/rustcBhsaJS/symbols.o" "/opt/rustwide/target/debug/examples/5_bot_core-c214ce8a184a5732.5_bot_core.b457cd69c2691c5e-cgu.0.rcgu.o" "/opt/rustwide/target/debug/examples/5_bot_core-c214ce8a184a5732.5c94rxdydkdqhrfz.rcgu.o" "-Wl,--as-needed" "-L" "/opt/rustwide/target/debug/deps" "-L" "/opt/rustwide/target/debug/build/openssl-sys-a48197844f7d729e/out/openssl-build/install/lib" "-L" "/opt/rustwide/rustup-home/toolchains/1.75.0-x86_64-unknown-linux-gnu/lib/rustlib/x86_64-unknown-linux-gnu/lib" "-Wl,-Bstatic" "/opt/rustwide/target/debug/deps/libdcss_api.rlib" "/opt/rustwide/target/debug/deps/libtungstenite-cd5a9a56c969230b.rlib" "/opt/rustwide/target/debug/deps/libdata_encoding-fb783755ab4c59ac.rlib" "/opt/rustwide/target/debug/deps/librand-a76c3fe6b34a9f29.rlib" "/opt/rustwide/target/debug/deps/librand_chacha-93c229a7eeb7ab43.rlib" "/opt/rustwide/target/debug/deps/libppv_lite86-9f808eb911999ef2.rlib" "/opt/rustwide/target/debug/deps/librand_core-c8190ea9532a8248.rlib" "/opt/rustwide/target/debug/deps/libgetrandom-68b0603389864cc3.rlib" "/opt/rustwide/target/debug/deps/libnative_tls-8bdab5b89a8474d9.rlib" "/opt/rustwide/target/debug/deps/libopenssl_probe-d850575132083d7c.rlib" "/opt/rustwide/target/debug/deps/libopenssl-f2bbdf1289c74ae2.rlib" "/opt/rustwide/target/debug/deps/libonce_cell-63be820ac0ed0954.rlib" "/opt/rustwide/target/debug/deps/libbitflags-0065cf305c229aa5.rlib" "/opt/rustwide/target/debug/deps/libforeign_types-c05743815e5b8a9d.rlib" "/opt/rustwide/target/debug/deps/libforeign_types_shared-d149f5491fde2862.rlib" "/opt/rustwide/target/debug/deps/libopenssl_sys-9a7dc3d3f6309cb2.rlib" "/opt/rustwide/target/debug/deps/libutf8-9b4563d058a684d7.rlib" "/opt/rustwide/target/debug/deps/libbyteorder-e9468b374a0c0c11.rlib" "/opt/rustwide/target/debug/deps/libsha1-62164dbf764af7c0.rlib" "/opt/rustwide/target/debug/deps/libcpufeatures-942478018e98325a.rlib" "/opt/rustwide/target/debug/deps/libdigest-de2dc59efd15c225.rlib" "/opt/rustwide/target/debug/deps/libblock_buffer-7e9270fb9b7ff635.rlib" "/opt/rustwide/target/debug/deps/libcrypto_common-145014adf1649651.rlib" "/opt/rustwide/target/debug/deps/libgeneric_array-18b3188a0c567140.rlib" "/opt/rustwide/target/debug/deps/libtypenum-da95465dc70d2c95.rlib" "/opt/rustwide/target/debug/deps/libhttparse-64f1ffbeda450424.rlib" "/opt/rustwide/target/debug/deps/liburl-e2bbdc8176814ab9.rlib" "/opt/rustwide/target/debug/deps/libidna-be495c60b826cafb.rlib" "/opt/rustwide/target/debug/deps/libunicode_normalization-e04a0b39935fba30.rlib" "/opt/rustwide/target/debug/deps/libtinyvec-cf6c9f6b792a5507.rlib" "/opt/rustwide/target/debug/deps/libtinyvec_macros-b1cb7f53f58c9f87.rlib" "/opt/rustwide/target/debug/deps/libunicode_bidi-091e6a375aa15ffb.rlib" "/opt/rustwide/target/debug/deps/libform_urlencoded-ef5eb70334031c86.rlib" "/opt/rustwide/target/debug/deps/libpercent_encoding-fe0d57427b4d92e0.rlib" "/opt/rustwide/target/debug/deps/liblog-4f472032e8cdd371.rlib" "/opt/rustwide/target/debug/deps/libhttp-c34571c2bdd04291.rlib" "/opt/rustwide/target/debug/deps/libbytes-0a052f49710012b1.rlib" "/opt/rustwide/target/debug/deps/libfnv-18bf5144d055e772.rlib" "/opt/rustwide/target/debug/deps/libpyo3-f863b8210f85a220.rlib" "/opt/rustwide/target/debug/deps/libmemoffset-77b9fc6eaa51883f.rlib" "/opt/rustwide/target/debug/deps/libparking_lot-0c7bcc779f815d26.rlib" "/opt/rustwide/target/debug/deps/libparking_lot_core-7ef8619e484c37f5.rlib" "/opt/rustwide/target/debug/deps/libsmallvec-19f6a51af3f3c214.rlib" "/opt/rustwide/target/debug/deps/liblock_api-2e3cdc36e2d071f0.rlib" "/opt/rustwide/target/debug/deps/libscopeguard-012e5ed929fc2fe6.rlib" "/opt/rustwide/target/debug/deps/libpyo3_ffi-c5de60b6120411e5.rlib" "/opt/rustwide/target/debug/deps/liblibc-f01c1240f7c859d0.rlib" "/opt/rustwide/target/debug/deps/libunindent-5e314ae83b06325d.rlib" "/opt/rustwide/target/debug/deps/libflate2-54b508d68f118266.rlib" "/opt/rustwide/target/debug/deps/liblibz_sys-06820b7f70dc241b.rlib" "/opt/rustwide/target/debug/deps/libcrc32fast-664446237529ebff.rlib" "/opt/rustwide/target/debug/deps/libcfg_if-61dc7a6799e72b18.rlib" "/opt/rustwide/target/debug/deps/libthiserror-433383471b4410ba.rlib" "/opt/rustwide/target/debug/deps/libserde_json-5bbae0b88f0f6df1.rlib" "/opt/rustwide/target/debug/deps/libryu-5f304b1b6393964f.rlib" "/opt/rustwide/target/debug/deps/libitoa-5f181af53b99b92c.rlib" "/opt/rustwide/target/debug/deps/libserde-a45c1e9f2434de01.rlib" "/opt/rustwide/rustup-home/toolchains/1.75.0-x86_64-unknown-linux-gnu/lib/rustlib/x86_64-unknown-linux-gnu/lib/libstd-90f6ddbf82de36ec.rlib" "/opt/rustwide/rustup-home/toolchains/1.75.0-x86_64-unknown-linux-gnu/lib/rustlib/x86_64-unknown-linux-gnu/lib/libpanic_unwind-480c41e9d4e1f677.rlib" "/opt/rustwide/rustup-home/toolchains/1.75.0-x86_64-unknown-linux-gnu/lib/rustlib/x86_64-unknown-linux-gnu/lib/libobject-db744c0ca03eed1d.rlib" "/opt/rustwide/rustup-home/toolchains/1.75.0-x86_64-unknown-linux-gnu/lib/rustlib/x86_64-unknown-linux-gnu/lib/libmemchr-8ba652dc7d4b285a.rlib" "/opt/rustwide/rustup-home/toolchains/1.75.0-x86_64-unknown-linux-gnu/lib/rustlib/x86_64-unknown-linux-gnu/lib/libaddr2line-d5f4520a9ebc0d58.rlib" "/opt/rustwide/rustup-home/toolchains/1.75.0-x86_64-unknown-linux-gnu/lib/rustlib/x86_64-unknown-linux-gnu/lib/libgimli-4ad84de58f0cb463.rlib" "/opt/rustwide/rustup-home/toolchains/1.75.0-x86_64-unknown-linux-gnu/lib/rustlib/x86_64-unknown-linux-gnu/lib/librustc_demangle-0d10aae2e0f38735.rlib" "/opt/rustwide/rustup-home/toolchains/1.75.0-x86_64-unknown-linux-gnu/lib/rustlib/x86_64-unknown-linux-gnu/lib/libstd_detect-0c17cff739e6745b.rlib" "/opt/rustwide/rustup-home/toolchains/1.75.0-x86_64-unknown-linux-gnu/lib/rustlib/x86_64-unknown-linux-gnu/lib/libhashbrown-b29e17139dde1aa8.rlib" "/opt/rustwide/rustup-home/toolchains/1.75.0-x86_64-unknown-linux-gnu/lib/rustlib/x86_64-unknown-linux-gnu/lib/librustc_std_workspace_alloc-1f975299829cc7bd.rlib" "/opt/rustwide/rustup-home/toolchains/1.75.0-x86_64-unknown-linux-gnu/lib/rustlib/x86_64-unknown-linux-gnu/lib/libminiz_oxide-86bae3bc3079f89b.rlib" "/opt/rustwide/rustup-home/toolchains/1.75.0-x86_64-unknown-linux-gnu/lib/rustlib/x86_64-unknown-linux-gnu/lib/libadler-321b82c30dffdf5f.rlib" "/opt/rustwide/rustup-home/toolchains/1.75.0-x86_64-unknown-linux-gnu/lib/rustlib/x86_64-unknown-linux-gnu/lib/libunwind-3dd8a6810a0bdfef.rlib" "/opt/rustwide/rustup-home/toolchains/1.75.0-x86_64-unknown-linux-gnu/lib/rustlib/x86_64-unknown-linux-gnu/lib/libcfg_if-eb39a61c0c879984.rlib" "/opt/rustwide/rustup-home/toolchains/1.75.0-x86_64-unknown-linux-gnu/lib/rustlib/x86_64-unknown-linux-gnu/lib/liblibc-aa769569f91c3548.rlib" "/opt/rustwide/rustup-home/toolchains/1.75.0-x86_64-unknown-linux-gnu/lib/rustlib/x86_64-unknown-linux-gnu/lib/liballoc-510a192a50a983ed.rlib" "/opt/rustwide/rustup-home/toolchains/1.75.0-x86_64-unknown-linux-gnu/lib/rustlib/x86_64-unknown-linux-gnu/lib/librustc_std_workspace_core-0577018320f99037.rlib" "/opt/rustwide/rustup-home/toolchains/1.75.0-x86_64-unknown-linux-gnu/lib/rustlib/x86_64-unknown-linux-gnu/lib/libcore-193cf992125ccd4c.rlib" "/opt/rustwide/rustup-home/toolchains/1.75.0-x86_64-unknown-linux-gnu/lib/rustlib/x86_64-unknown-linux-gnu/lib/libcompiler_builtins-8e138eaf26ebb4a8.rlib" "-Wl,-Bdynamic" "-lz" "-lgcc_s" "-lutil" "-lrt" "-lpthread" "-lm" "-ldl" "-lc" "-Wl,--eh-frame-hdr" "-Wl,-z,noexecstack" "-L" "/opt/rustwide/rustup-home/toolchains/1.75.0-x86_64-unknown-linux-gnu/lib/rustlib/x86_64-unknown-linux-gnu/lib" "-o" "/opt/rustwide/target/debug/examples/5_bot_core-c214ce8a184a5732" "-Wl,--gc-sections" "-pie" "-Wl,-z,relro,-z,now" "-nodefaultlibs"
[INFO] [stdout]   = note: collect2: fatal error: ld terminated with signal 9 [Killed]
[INFO] [stdout]           compilation terminated.
[INFO] [stdout]           
[INFO] [stdout] 
[INFO] [stdout] 
[INFO] [stdout] error: aborting due to previous error
[INFO] [stdout] 
[INFO] [stdout] 
[INFO] [stderr] error: could not compile `dcss-api` (example "5_bot_core") due to 2 previous errors
[INFO] [stdout] error: linking with `cc` failed: exit status: 1
[INFO] [stdout]   |
[INFO] [stdout]   = note: LC_ALL="C" PATH="/opt/rustwide/rustup-home/toolchains/1.75.0-x86_64-unknown-linux-gnu/lib/rustlib/x86_64-unknown-linux-gnu/bin:/opt/rustwide/cargo-home/bin:/usr/local/sbin:/usr/local/bin:/usr/sbin:/usr/bin:/sbin:/bin" VSLANG="1033" "cc" "-m64" "/tmp/rustcXC8J9I/symbols.o" "/opt/rustwide/target/debug/deps/connect_test-420c1dee29e25cf8.connect_test.289d7319ef3fdba2-cgu.0.rcgu.o" "/opt/rustwide/target/debug/deps/connect_test-420c1dee29e25cf8.45z8d08hfvjsvb38.rcgu.o" "-Wl,--as-needed" "-L" "/opt/rustwide/target/debug/deps" "-L" "/opt/rustwide/target/debug/build/openssl-sys-a48197844f7d729e/out/openssl-build/install/lib" "-L" "/opt/rustwide/rustup-home/toolchains/1.75.0-x86_64-unknown-linux-gnu/lib/rustlib/x86_64-unknown-linux-gnu/lib" "-Wl,-Bstatic" "/opt/rustwide/rustup-home/toolchains/1.75.0-x86_64-unknown-linux-gnu/lib/rustlib/x86_64-unknown-linux-gnu/lib/libtest-3df1bed8075ce1de.rlib" "/opt/rustwide/rustup-home/toolchains/1.75.0-x86_64-unknown-linux-gnu/lib/rustlib/x86_64-unknown-linux-gnu/lib/libgetopts-2076fd86b325cb5d.rlib" "/opt/rustwide/rustup-home/toolchains/1.75.0-x86_64-unknown-linux-gnu/lib/rustlib/x86_64-unknown-linux-gnu/lib/libunicode_width-caa7152ee70c190f.rlib" "/opt/rustwide/rustup-home/toolchains/1.75.0-x86_64-unknown-linux-gnu/lib/rustlib/x86_64-unknown-linux-gnu/lib/librustc_std_workspace_std-04e6425e07f02a3c.rlib" "/opt/rustwide/target/debug/deps/libdcss_api.rlib" "/opt/rustwide/target/debug/deps/libtungstenite-cd5a9a56c969230b.rlib" "/opt/rustwide/target/debug/deps/libdata_encoding-fb783755ab4c59ac.rlib" "/opt/rustwide/target/debug/deps/librand-a76c3fe6b34a9f29.rlib" "/opt/rustwide/target/debug/deps/librand_chacha-93c229a7eeb7ab43.rlib" "/opt/rustwide/target/debug/deps/libppv_lite86-9f808eb911999ef2.rlib" "/opt/rustwide/target/debug/deps/librand_core-c8190ea9532a8248.rlib" "/opt/rustwide/target/debug/deps/libgetrandom-68b0603389864cc3.rlib" "/opt/rustwide/target/debug/deps/libnative_tls-8bdab5b89a8474d9.rlib" "/opt/rustwide/target/debug/deps/libopenssl_probe-d850575132083d7c.rlib" "/opt/rustwide/target/debug/deps/libopenssl-f2bbdf1289c74ae2.rlib" "/opt/rustwide/target/debug/deps/libonce_cell-63be820ac0ed0954.rlib" "/opt/rustwide/target/debug/deps/libbitflags-0065cf305c229aa5.rlib" "/opt/rustwide/target/debug/deps/libforeign_types-c05743815e5b8a9d.rlib" "/opt/rustwide/target/debug/deps/libforeign_types_shared-d149f5491fde2862.rlib" "/opt/rustwide/target/debug/deps/libopenssl_sys-9a7dc3d3f6309cb2.rlib" "/opt/rustwide/target/debug/deps/libutf8-9b4563d058a684d7.rlib" "/opt/rustwide/target/debug/deps/libbyteorder-e9468b374a0c0c11.rlib" "/opt/rustwide/target/debug/deps/libsha1-62164dbf764af7c0.rlib" "/opt/rustwide/target/debug/deps/libcpufeatures-942478018e98325a.rlib" "/opt/rustwide/target/debug/deps/libdigest-de2dc59efd15c225.rlib" "/opt/rustwide/target/debug/deps/libblock_buffer-7e9270fb9b7ff635.rlib" "/opt/rustwide/target/debug/deps/libcrypto_common-145014adf1649651.rlib" "/opt/rustwide/target/debug/deps/libgeneric_array-18b3188a0c567140.rlib" "/opt/rustwide/target/debug/deps/libtypenum-da95465dc70d2c95.rlib" "/opt/rustwide/target/debug/deps/libhttparse-64f1ffbeda450424.rlib" "/opt/rustwide/target/debug/deps/liburl-e2bbdc8176814ab9.rlib" "/opt/rustwide/target/debug/deps/libidna-be495c60b826cafb.rlib" "/opt/rustwide/target/debug/deps/libunicode_normalization-e04a0b39935fba30.rlib" "/opt/rustwide/target/debug/deps/libtinyvec-cf6c9f6b792a5507.rlib" "/opt/rustwide/target/debug/deps/libtinyvec_macros-b1cb7f53f58c9f87.rlib" "/opt/rustwide/target/debug/deps/libunicode_bidi-091e6a375aa15ffb.rlib" "/opt/rustwide/target/debug/deps/libform_urlencoded-ef5eb70334031c86.rlib" "/opt/rustwide/target/debug/deps/libpercent_encoding-fe0d57427b4d92e0.rlib" "/opt/rustwide/target/debug/deps/liblog-4f472032e8cdd371.rlib" "/opt/rustwide/target/debug/deps/libhttp-c34571c2bdd04291.rlib" "/opt/rustwide/target/debug/deps/libbytes-0a052f49710012b1.rlib" "/opt/rustwide/target/debug/deps/libfnv-18bf5144d055e772.rlib" "/opt/rustwide/target/debug/deps/libpyo3-f863b8210f85a220.rlib" "/opt/rustwide/target/debug/deps/libmemoffset-77b9fc6eaa51883f.rlib" "/opt/rustwide/target/debug/deps/libparking_lot-0c7bcc779f815d26.rlib" "/opt/rustwide/target/debug/deps/libparking_lot_core-7ef8619e484c37f5.rlib" "/opt/rustwide/target/debug/deps/libsmallvec-19f6a51af3f3c214.rlib" "/opt/rustwide/target/debug/deps/liblock_api-2e3cdc36e2d071f0.rlib" "/opt/rustwide/target/debug/deps/libscopeguard-012e5ed929fc2fe6.rlib" "/opt/rustwide/target/debug/deps/libpyo3_ffi-c5de60b6120411e5.rlib" "/opt/rustwide/target/debug/deps/liblibc-f01c1240f7c859d0.rlib" "/opt/rustwide/target/debug/deps/libunindent-5e314ae83b06325d.rlib" "/opt/rustwide/target/debug/deps/libflate2-54b508d68f118266.rlib" "/opt/rustwide/target/debug/deps/liblibz_sys-06820b7f70dc241b.rlib" "/opt/rustwide/target/debug/deps/libcrc32fast-664446237529ebff.rlib" "/opt/rustwide/target/debug/deps/libcfg_if-61dc7a6799e72b18.rlib" "/opt/rustwide/target/debug/deps/libthiserror-433383471b4410ba.rlib" "/opt/rustwide/target/debug/deps/libserde_json-5bbae0b88f0f6df1.rlib" "/opt/rustwide/target/debug/deps/libryu-5f304b1b6393964f.rlib" "/opt/rustwide/target/debug/deps/libitoa-5f181af53b99b92c.rlib" "/opt/rustwide/target/debug/deps/libserde-a45c1e9f2434de01.rlib" "/opt/rustwide/rustup-home/toolchains/1.75.0-x86_64-unknown-linux-gnu/lib/rustlib/x86_64-unknown-linux-gnu/lib/libstd-90f6ddbf82de36ec.rlib" "/opt/rustwide/rustup-home/toolchains/1.75.0-x86_64-unknown-linux-gnu/lib/rustlib/x86_64-unknown-linux-gnu/lib/libpanic_unwind-480c41e9d4e1f677.rlib" "/opt/rustwide/rustup-home/toolchains/1.75.0-x86_64-unknown-linux-gnu/lib/rustlib/x86_64-unknown-linux-gnu/lib/libobject-db744c0ca03eed1d.rlib" "/opt/rustwide/rustup-home/toolchains/1.75.0-x86_64-unknown-linux-gnu/lib/rustlib/x86_64-unknown-linux-gnu/lib/libmemchr-8ba652dc7d4b285a.rlib" "/opt/rustwide/rustup-home/toolchains/1.75.0-x86_64-unknown-linux-gnu/lib/rustlib/x86_64-unknown-linux-gnu/lib/libaddr2line-d5f4520a9ebc0d58.rlib" "/opt/rustwide/rustup-home/toolchains/1.75.0-x86_64-unknown-linux-gnu/lib/rustlib/x86_64-unknown-linux-gnu/lib/libgimli-4ad84de58f0cb463.rlib" "/opt/rustwide/rustup-home/toolchains/1.75.0-x86_64-unknown-linux-gnu/lib/rustlib/x86_64-unknown-linux-gnu/lib/librustc_demangle-0d10aae2e0f38735.rlib" "/opt/rustwide/rustup-home/toolchains/1.75.0-x86_64-unknown-linux-gnu/lib/rustlib/x86_64-unknown-linux-gnu/lib/libstd_detect-0c17cff739e6745b.rlib" "/opt/rustwide/rustup-home/toolchains/1.75.0-x86_64-unknown-linux-gnu/lib/rustlib/x86_64-unknown-linux-gnu/lib/libhashbrown-b29e17139dde1aa8.rlib" "/opt/rustwide/rustup-home/toolchains/1.75.0-x86_64-unknown-linux-gnu/lib/rustlib/x86_64-unknown-linux-gnu/lib/librustc_std_workspace_alloc-1f975299829cc7bd.rlib" "/opt/rustwide/rustup-home/toolchains/1.75.0-x86_64-unknown-linux-gnu/lib/rustlib/x86_64-unknown-linux-gnu/lib/libminiz_oxide-86bae3bc3079f89b.rlib" "/opt/rustwide/rustup-home/toolchains/1.75.0-x86_64-unknown-linux-gnu/lib/rustlib/x86_64-unknown-linux-gnu/lib/libadler-321b82c30dffdf5f.rlib" "/opt/rustwide/rustup-home/toolchains/1.75.0-x86_64-unknown-linux-gnu/lib/rustlib/x86_64-unknown-linux-gnu/lib/libunwind-3dd8a6810a0bdfef.rlib" "/opt/rustwide/rustup-home/toolchains/1.75.0-x86_64-unknown-linux-gnu/lib/rustlib/x86_64-unknown-linux-gnu/lib/libcfg_if-eb39a61c0c879984.rlib" "/opt/rustwide/rustup-home/toolchains/1.75.0-x86_64-unknown-linux-gnu/lib/rustlib/x86_64-unknown-linux-gnu/lib/liblibc-aa769569f91c3548.rlib" "/opt/rustwide/rustup-home/toolchains/1.75.0-x86_64-unknown-linux-gnu/lib/rustlib/x86_64-unknown-linux-gnu/lib/liballoc-510a192a50a983ed.rlib" "/opt/rustwide/rustup-home/toolchains/1.75.0-x86_64-unknown-linux-gnu/lib/rustlib/x86_64-unknown-linux-gnu/lib/librustc_std_workspace_core-0577018320f99037.rlib" "/opt/rustwide/rustup-home/toolchains/1.75.0-x86_64-unknown-linux-gnu/lib/rustlib/x86_64-unknown-linux-gnu/lib/libcore-193cf992125ccd4c.rlib" "/opt/rustwide/rustup-home/toolchains/1.75.0-x86_64-unknown-linux-gnu/lib/rustlib/x86_64-unknown-linux-gnu/lib/libcompiler_builtins-8e138eaf26ebb4a8.rlib" "-Wl,-Bdynamic" "-lz" "-lgcc_s" "-lutil" "-lrt" "-lpthread" "-lm" "-ldl" "-lc" "-Wl,--eh-frame-hdr" "-Wl,-z,noexecstack" "-L" "/opt/rustwide/rustup-home/toolchains/1.75.0-x86_64-unknown-linux-gnu/lib/rustlib/x86_64-unknown-linux-gnu/lib" "-o" "/opt/rustwide/target/debug/deps/connect_test-420c1dee29e25cf8" "-Wl,--gc-sections" "-pie" "-Wl,-z,relro,-z,now" "-nodefaultlibs"
[INFO] [stdout]   = note: collect2: fatal error: ld terminated with signal 9 [Killed]
[INFO] [stdout]           compilation terminated.
[INFO] [stdout]           
[INFO] [stdout] 
[INFO] [stdout] 
[INFO] [stdout] error: aborting due to previous error
[INFO] [stdout] 
[INFO] [stdout] 
[INFO] [stderr] error: could not compile `dcss-api` (test "connect_test") due to 2 previous errors
[INFO] [stdout] error: linking with `cc` failed: exit status: 1
[INFO] [stdout]   |
[INFO] [stdout]   = note: LC_ALL="C" PATH="/opt/rustwide/rustup-home/toolchains/1.75.0-x86_64-unknown-linux-gnu/lib/rustlib/x86_64-unknown-linux-gnu/bin:/opt/rustwide/cargo-home/bin:/usr/local/sbin:/usr/local/bin:/usr/sbin:/usr/bin:/sbin:/bin" VSLANG="1033" "cc" "-m64" "/tmp/rustcl9eqsH/symbols.o" "/opt/rustwide/target/debug/examples/4_blocking_error-842ddbda56420489.4_blocking_error.e47b6243601b0ad0-cgu.0.rcgu.o" "/opt/rustwide/target/debug/examples/4_blocking_error-842ddbda56420489.2rn4x1h7efjzivyc.rcgu.o" "-Wl,--as-needed" "-L" "/opt/rustwide/target/debug/deps" "-L" "/opt/rustwide/target/debug/build/openssl-sys-a48197844f7d729e/out/openssl-build/install/lib" "-L" "/opt/rustwide/rustup-home/toolchains/1.75.0-x86_64-unknown-linux-gnu/lib/rustlib/x86_64-unknown-linux-gnu/lib" "-Wl,-Bstatic" "/opt/rustwide/target/debug/deps/libdcss_api.rlib" "/opt/rustwide/target/debug/deps/libtungstenite-cd5a9a56c969230b.rlib" "/opt/rustwide/target/debug/deps/libdata_encoding-fb783755ab4c59ac.rlib" "/opt/rustwide/target/debug/deps/librand-a76c3fe6b34a9f29.rlib" "/opt/rustwide/target/debug/deps/librand_chacha-93c229a7eeb7ab43.rlib" "/opt/rustwide/target/debug/deps/libppv_lite86-9f808eb911999ef2.rlib" "/opt/rustwide/target/debug/deps/librand_core-c8190ea9532a8248.rlib" "/opt/rustwide/target/debug/deps/libgetrandom-68b0603389864cc3.rlib" "/opt/rustwide/target/debug/deps/libnative_tls-8bdab5b89a8474d9.rlib" "/opt/rustwide/target/debug/deps/libopenssl_probe-d850575132083d7c.rlib" "/opt/rustwide/target/debug/deps/libopenssl-f2bbdf1289c74ae2.rlib" "/opt/rustwide/target/debug/deps/libonce_cell-63be820ac0ed0954.rlib" "/opt/rustwide/target/debug/deps/libbitflags-0065cf305c229aa5.rlib" "/opt/rustwide/target/debug/deps/libforeign_types-c05743815e5b8a9d.rlib" "/opt/rustwide/target/debug/deps/libforeign_types_shared-d149f5491fde2862.rlib" "/opt/rustwide/target/debug/deps/libopenssl_sys-9a7dc3d3f6309cb2.rlib" "/opt/rustwide/target/debug/deps/libutf8-9b4563d058a684d7.rlib" "/opt/rustwide/target/debug/deps/libbyteorder-e9468b374a0c0c11.rlib" "/opt/rustwide/target/debug/deps/libsha1-62164dbf764af7c0.rlib" "/opt/rustwide/target/debug/deps/libcpufeatures-942478018e98325a.rlib" "/opt/rustwide/target/debug/deps/libdigest-de2dc59efd15c225.rlib" "/opt/rustwide/target/debug/deps/libblock_buffer-7e9270fb9b7ff635.rlib" "/opt/rustwide/target/debug/deps/libcrypto_common-145014adf1649651.rlib" "/opt/rustwide/target/debug/deps/libgeneric_array-18b3188a0c567140.rlib" "/opt/rustwide/target/debug/deps/libtypenum-da95465dc70d2c95.rlib" "/opt/rustwide/target/debug/deps/libhttparse-64f1ffbeda450424.rlib" "/opt/rustwide/target/debug/deps/liburl-e2bbdc8176814ab9.rlib" "/opt/rustwide/target/debug/deps/libidna-be495c60b826cafb.rlib" "/opt/rustwide/target/debug/deps/libunicode_normalization-e04a0b39935fba30.rlib" "/opt/rustwide/target/debug/deps/libtinyvec-cf6c9f6b792a5507.rlib" "/opt/rustwide/target/debug/deps/libtinyvec_macros-b1cb7f53f58c9f87.rlib" "/opt/rustwide/target/debug/deps/libunicode_bidi-091e6a375aa15ffb.rlib" "/opt/rustwide/target/debug/deps/libform_urlencoded-ef5eb70334031c86.rlib" "/opt/rustwide/target/debug/deps/libpercent_encoding-fe0d57427b4d92e0.rlib" "/opt/rustwide/target/debug/deps/liblog-4f472032e8cdd371.rlib" "/opt/rustwide/target/debug/deps/libhttp-c34571c2bdd04291.rlib" "/opt/rustwide/target/debug/deps/libbytes-0a052f49710012b1.rlib" "/opt/rustwide/target/debug/deps/libfnv-18bf5144d055e772.rlib" "/opt/rustwide/target/debug/deps/libpyo3-f863b8210f85a220.rlib" "/opt/rustwide/target/debug/deps/libmemoffset-77b9fc6eaa51883f.rlib" "/opt/rustwide/target/debug/deps/libparking_lot-0c7bcc779f815d26.rlib" "/opt/rustwide/target/debug/deps/libparking_lot_core-7ef8619e484c37f5.rlib" "/opt/rustwide/target/debug/deps/libsmallvec-19f6a51af3f3c214.rlib" "/opt/rustwide/target/debug/deps/liblock_api-2e3cdc36e2d071f0.rlib" "/opt/rustwide/target/debug/deps/libscopeguard-012e5ed929fc2fe6.rlib" "/opt/rustwide/target/debug/deps/libpyo3_ffi-c5de60b6120411e5.rlib" "/opt/rustwide/target/debug/deps/liblibc-f01c1240f7c859d0.rlib" "/opt/rustwide/target/debug/deps/libunindent-5e314ae83b06325d.rlib" "/opt/rustwide/target/debug/deps/libflate2-54b508d68f118266.rlib" "/opt/rustwide/target/debug/deps/liblibz_sys-06820b7f70dc241b.rlib" "/opt/rustwide/target/debug/deps/libcrc32fast-664446237529ebff.rlib" "/opt/rustwide/target/debug/deps/libcfg_if-61dc7a6799e72b18.rlib" "/opt/rustwide/target/debug/deps/libthiserror-433383471b4410ba.rlib" "/opt/rustwide/target/debug/deps/libserde_json-5bbae0b88f0f6df1.rlib" "/opt/rustwide/target/debug/deps/libryu-5f304b1b6393964f.rlib" "/opt/rustwide/target/debug/deps/libitoa-5f181af53b99b92c.rlib" "/opt/rustwide/target/debug/deps/libserde-a45c1e9f2434de01.rlib" "/opt/rustwide/rustup-home/toolchains/1.75.0-x86_64-unknown-linux-gnu/lib/rustlib/x86_64-unknown-linux-gnu/lib/libstd-90f6ddbf82de36ec.rlib" "/opt/rustwide/rustup-home/toolchains/1.75.0-x86_64-unknown-linux-gnu/lib/rustlib/x86_64-unknown-linux-gnu/lib/libpanic_unwind-480c41e9d4e1f677.rlib" "/opt/rustwide/rustup-home/toolchains/1.75.0-x86_64-unknown-linux-gnu/lib/rustlib/x86_64-unknown-linux-gnu/lib/libobject-db744c0ca03eed1d.rlib" "/opt/rustwide/rustup-home/toolchains/1.75.0-x86_64-unknown-linux-gnu/lib/rustlib/x86_64-unknown-linux-gnu/lib/libmemchr-8ba652dc7d4b285a.rlib" "/opt/rustwide/rustup-home/toolchains/1.75.0-x86_64-unknown-linux-gnu/lib/rustlib/x86_64-unknown-linux-gnu/lib/libaddr2line-d5f4520a9ebc0d58.rlib" "/opt/rustwide/rustup-home/toolchains/1.75.0-x86_64-unknown-linux-gnu/lib/rustlib/x86_64-unknown-linux-gnu/lib/libgimli-4ad84de58f0cb463.rlib" "/opt/rustwide/rustup-home/toolchains/1.75.0-x86_64-unknown-linux-gnu/lib/rustlib/x86_64-unknown-linux-gnu/lib/librustc_demangle-0d10aae2e0f38735.rlib" "/opt/rustwide/rustup-home/toolchains/1.75.0-x86_64-unknown-linux-gnu/lib/rustlib/x86_64-unknown-linux-gnu/lib/libstd_detect-0c17cff739e6745b.rlib" "/opt/rustwide/rustup-home/toolchains/1.75.0-x86_64-unknown-linux-gnu/lib/rustlib/x86_64-unknown-linux-gnu/lib/libhashbrown-b29e17139dde1aa8.rlib" "/opt/rustwide/rustup-home/toolchains/1.75.0-x86_64-unknown-linux-gnu/lib/rustlib/x86_64-unknown-linux-gnu/lib/librustc_std_workspace_alloc-1f975299829cc7bd.rlib" "/opt/rustwide/rustup-home/toolchains/1.75.0-x86_64-unknown-linux-gnu/lib/rustlib/x86_64-unknown-linux-gnu/lib/libminiz_oxide-86bae3bc3079f89b.rlib" "/opt/rustwide/rustup-home/toolchains/1.75.0-x86_64-unknown-linux-gnu/lib/rustlib/x86_64-unknown-linux-gnu/lib/libadler-321b82c30dffdf5f.rlib" "/opt/rustwide/rustup-home/toolchains/1.75.0-x86_64-unknown-linux-gnu/lib/rustlib/x86_64-unknown-linux-gnu/lib/libunwind-3dd8a6810a0bdfef.rlib" "/opt/rustwide/rustup-home/toolchains/1.75.0-x86_64-unknown-linux-gnu/lib/rustlib/x86_64-unknown-linux-gnu/lib/libcfg_if-eb39a61c0c879984.rlib" "/opt/rustwide/rustup-home/toolchains/1.75.0-x86_64-unknown-linux-gnu/lib/rustlib/x86_64-unknown-linux-gnu/lib/liblibc-aa769569f91c3548.rlib" "/opt/rustwide/rustup-home/toolchains/1.75.0-x86_64-unknown-linux-gnu/lib/rustlib/x86_64-unknown-linux-gnu/lib/liballoc-510a192a50a983ed.rlib" "/opt/rustwide/rustup-home/toolchains/1.75.0-x86_64-unknown-linux-gnu/lib/rustlib/x86_64-unknown-linux-gnu/lib/librustc_std_workspace_core-0577018320f99037.rlib" "/opt/rustwide/rustup-home/toolchains/1.75.0-x86_64-unknown-linux-gnu/lib/rustlib/x86_64-unknown-linux-gnu/lib/libcore-193cf992125ccd4c.rlib" "/opt/rustwide/rustup-home/toolchains/1.75.0-x86_64-unknown-linux-gnu/lib/rustlib/x86_64-unknown-linux-gnu/lib/libcompiler_builtins-8e138eaf26ebb4a8.rlib" "-Wl,-Bdynamic" "-lz" "-lgcc_s" "-lutil" "-lrt" "-lpthread" "-lm" "-ldl" "-lc" "-Wl,--eh-frame-hdr" "-Wl,-z,noexecstack" "-L" "/opt/rustwide/rustup-home/toolchains/1.75.0-x86_64-unknown-linux-gnu/lib/rustlib/x86_64-unknown-linux-gnu/lib" "-o" "/opt/rustwide/target/debug/examples/4_blocking_error-842ddbda56420489" "-Wl,--gc-sections" "-pie" "-Wl,-z,relro,-z,now" "-nodefaultlibs"
[INFO] [stdout]   = note: collect2: fatal error: ld terminated with signal 9 [Killed]
[INFO] [stdout]           compilation terminated.
[INFO] [stdout]           
[INFO] [stdout] 
[INFO] [stdout] 
[INFO] [stdout] error: aborting due to previous error
[INFO] [stdout] 
[INFO] [stdout] 
[INFO] [stderr] error: could not compile `dcss-api` (example "4_blocking_error") due to 2 previous errors
[INFO] running `Command { std: "docker" "inspect" "3bc544459f77c1c53739ed652b567a28c6f65244469f50a5d0fbaf6f6ebbdc65", kill_on_drop: false }`
[INFO] running `Command { std: "docker" "rm" "-f" "3bc544459f77c1c53739ed652b567a28c6f65244469f50a5d0fbaf6f6ebbdc65", kill_on_drop: false }`
[INFO] [stdout] 3bc544459f77c1c53739ed652b567a28c6f65244469f50a5d0fbaf6f6ebbdc65
