[INFO] cloning repository https://github.com/EmreKeskin47/solana-intro
[INFO] running `Command { std: "git" "-c" "credential.helper=" "-c" "credential.helper=/workspace/cargo-home/bin/git-credential-null" "clone" "--bare" "https://github.com/EmreKeskin47/solana-intro" "/workspace/cache/git-repos/https%3A%2F%2Fgithub.com%2FEmreKeskin47%2Fsolana-intro", kill_on_drop: false }`
[INFO] [stderr] Cloning into bare repository '/workspace/cache/git-repos/https%3A%2F%2Fgithub.com%2FEmreKeskin47%2Fsolana-intro'...
[INFO] running `Command { std: "git" "rev-parse" "HEAD", kill_on_drop: false }`
[INFO] [stdout] 10356da6a11cde5c1259d621570483fa941f72de
[INFO] testing EmreKeskin47/solana-intro against 1.75.0 for beta-1.76-1
[INFO] running `Command { std: "git" "clone" "/workspace/cache/git-repos/https%3A%2F%2Fgithub.com%2FEmreKeskin47%2Fsolana-intro" "/workspace/builds/worker-1-tc1/source", kill_on_drop: false }`
[INFO] [stderr] Cloning into '/workspace/builds/worker-1-tc1/source'...
[INFO] [stderr] done.
[INFO] validating manifest of git repo https://github.com/EmreKeskin47/solana-intro on toolchain 1.75.0
[INFO] running `Command { std: CARGO_HOME="/workspace/cargo-home" RUSTUP_HOME="/workspace/rustup-home" "/workspace/cargo-home/bin/cargo" "+1.75.0" "metadata" "--manifest-path" "Cargo.toml" "--no-deps", kill_on_drop: false }`
[INFO] started tweaking git repo https://github.com/EmreKeskin47/solana-intro
[INFO] finished tweaking git repo https://github.com/EmreKeskin47/solana-intro
[INFO] tweaked toml for git repo https://github.com/EmreKeskin47/solana-intro written to /workspace/builds/worker-1-tc1/source/Cargo.toml
[INFO] crate git repo https://github.com/EmreKeskin47/solana-intro already has a lockfile, it will not be regenerated
[INFO] running `Command { std: CARGO_HOME="/workspace/cargo-home" RUSTUP_HOME="/workspace/rustup-home" "/workspace/cargo-home/bin/cargo" "+1.75.0" "fetch" "--manifest-path" "Cargo.toml", kill_on_drop: false }`
[INFO] [stderr]     Updating crates.io index
[INFO] [stderr]  Downloading crates ...
[INFO] [stderr]   Downloaded tracing-opentelemetry v0.15.0
[INFO] [stderr]   Downloaded solana-compute-budget-program v1.10.35
[INFO] [stderr]   Downloaded solana-zk-token-proof-program v1.10.35
[INFO] [stderr]   Downloaded solana-banks-interface v1.10.35
[INFO] [stderr]   Downloaded solana-config-program v1.10.35
[INFO] [stderr]   Downloaded borsh-derive-internal v0.10.0
[INFO] [stderr]   Downloaded solana-bucket-map v1.10.35
[INFO] [stderr]   Downloaded borsh-schema-derive-internal v0.10.0
[INFO] [stderr]   Downloaded enum-ordinalize v3.1.10
[INFO] [stderr]   Downloaded solana-version v1.10.35
[INFO] [stderr]   Downloaded solana-faucet v1.10.35
[INFO] [stderr]   Downloaded solana-remote-wallet v1.10.35
[INFO] [stderr]   Downloaded solana-metrics v1.10.35
[INFO] [stderr]   Downloaded solana-bpf-loader-program v1.10.35
[INFO] [stderr]   Downloaded solana-runtime v1.10.35
[INFO] [stderr]   Downloaded solana-zk-token-sdk v1.10.35
[INFO] [stderr]   Downloaded tokio v1.14.1
[INFO] [stderr]   Downloaded solana-program-test v1.10.35
[INFO] [stderr]   Downloaded spl-token-2022 v0.4.2
[INFO] [stderr]   Downloaded solana-streamer v1.10.35
[INFO] [stderr]   Downloaded uriparse v0.6.3
[INFO] [stderr]   Downloaded opentelemetry v0.16.0
[INFO] [stderr]   Downloaded solana-cli-config v1.10.35
[INFO] [stderr]   Downloaded solana_rbpf v0.2.24
[INFO] [stderr]   Downloaded tracing-subscriber v0.2.20
[INFO] [stderr]   Downloaded goblin v0.4.3
[INFO] [stderr]   Downloaded solana-sdk v1.10.35
[INFO] [stderr]   Downloaded solana-client v1.10.35
[INFO] [stderr]   Downloaded solana-frozen-abi v1.10.35
[INFO] [stderr]   Downloaded yasna v0.5.0
[INFO] [stderr]   Downloaded solana-clap-utils v1.10.35
[INFO] [stderr]   Downloaded caps v0.5.4
[INFO] [stderr]   Downloaded educe v0.4.18
[INFO] [stderr]   Downloaded solana-program-runtime v1.10.35
[INFO] [stderr]   Downloaded solana-vote-program v1.10.35
[INFO] [stderr]   Downloaded solana-perf v1.10.35
[INFO] [stderr]   Downloaded index_list v0.2.7
[INFO] [stderr]   Downloaded solana-stake-program v1.10.35
[INFO] [stderr]   Downloaded oid-registry v0.6.0
[INFO] [stderr]   Downloaded tarpc v0.27.2
[INFO] [stderr]   Downloaded solana-transaction-status v1.10.35
[INFO] [stderr]   Downloaded solana-address-lookup-table-program v1.10.35
[INFO] [stderr]   Downloaded solana-rayon-threadlimit v1.10.35
[INFO] [stderr]   Downloaded quinn-udp v0.1.3
[INFO] [stderr]   Downloaded ouroboros_macro v0.14.2
[INFO] [stderr]   Downloaded anyhow v1.0.41
[INFO] [stderr]   Downloaded solana-program v1.10.35
[INFO] [stderr]   Downloaded solana-net-utils v1.10.35
[INFO] [stderr]   Downloaded solana-account-decoder v1.10.35
[INFO] [stderr]   Downloaded solana-logger v1.10.35
[INFO] [stderr]   Downloaded chrono-humanize v0.2.1
[INFO] [stderr]   Downloaded solana-frozen-abi-macro v1.10.35
[INFO] [stderr]   Downloaded spl-associated-token-account v1.1.1
[INFO] [stderr]   Downloaded solana-banks-client v1.10.35
[INFO] [stderr]   Downloaded solana-sdk-macro v1.10.35
[INFO] [stderr]   Downloaded ed25519 v1.1.1
[INFO] [stderr]   Downloaded solana-send-transaction-service v1.10.35
[INFO] [stderr]   Downloaded borsh-derive v0.10.0
[INFO] [stderr]   Downloaded ouroboros v0.14.2
[INFO] [stderr]   Downloaded solana-banks-server v1.10.35
[INFO] [stderr]   Downloaded solana-measure v1.10.35
[INFO] running `Command { std: "docker" "create" "-v" "/var/lib/crater-agent-workspace/builds/worker-1-tc1/target:/opt/rustwide/target:rw,Z" "-v" "/var/lib/crater-agent-workspace/builds/worker-1-tc1/source:/opt/rustwide/workdir:ro,Z" "-v" "/var/lib/crater-agent-workspace/cargo-home:/opt/rustwide/cargo-home:ro,Z" "-v" "/var/lib/crater-agent-workspace/rustup-home:/opt/rustwide/rustup-home:ro,Z" "-e" "SOURCE_DIR=/opt/rustwide/workdir" "-e" "CARGO_TARGET_DIR=/opt/rustwide/target" "-e" "CARGO_HOME=/opt/rustwide/cargo-home" "-e" "RUSTUP_HOME=/opt/rustwide/rustup-home" "-w" "/opt/rustwide/workdir" "-m" "1610612736" "--user" "0:0" "--network" "none" "ghcr.io/rust-lang/crates-build-env/linux@sha256:2788e3201cd34a07e3172128adcd8b3090168a8e3bcc40d7c032b9dda1df7d1c" "/opt/rustwide/cargo-home/bin/cargo" "+1.75.0" "metadata" "--no-deps" "--format-version=1", kill_on_drop: false }`
[INFO] [stdout] e214b2ed6131b1ae92b24f6d02fcbb096be4286f87ec90fd122789f027ae1207
[INFO] running `Command { std: "docker" "start" "-a" "e214b2ed6131b1ae92b24f6d02fcbb096be4286f87ec90fd122789f027ae1207", kill_on_drop: false }`
[INFO] running `Command { std: "docker" "inspect" "e214b2ed6131b1ae92b24f6d02fcbb096be4286f87ec90fd122789f027ae1207", kill_on_drop: false }`
[INFO] running `Command { std: "docker" "rm" "-f" "e214b2ed6131b1ae92b24f6d02fcbb096be4286f87ec90fd122789f027ae1207", kill_on_drop: false }`
[INFO] [stdout] e214b2ed6131b1ae92b24f6d02fcbb096be4286f87ec90fd122789f027ae1207
[INFO] running `Command { std: "docker" "create" "-v" "/var/lib/crater-agent-workspace/builds/worker-1-tc1/target:/opt/rustwide/target:rw,Z" "-v" "/var/lib/crater-agent-workspace/builds/worker-1-tc1/source:/opt/rustwide/workdir:ro,Z" "-v" "/var/lib/crater-agent-workspace/cargo-home:/opt/rustwide/cargo-home:ro,Z" "-v" "/var/lib/crater-agent-workspace/rustup-home:/opt/rustwide/rustup-home:ro,Z" "-e" "SOURCE_DIR=/opt/rustwide/workdir" "-e" "CARGO_TARGET_DIR=/opt/rustwide/target" "-e" "CARGO_INCREMENTAL=0" "-e" "RUST_BACKTRACE=full" "-e" "RUSTFLAGS=--cap-lints=warn" "-e" "RUSTDOCFLAGS=--cap-lints=warn" "-e" "CARGO_HOME=/opt/rustwide/cargo-home" "-e" "RUSTUP_HOME=/opt/rustwide/rustup-home" "-w" "/opt/rustwide/workdir" "-m" "1610612736" "--user" "0:0" "--network" "none" "ghcr.io/rust-lang/crates-build-env/linux@sha256:2788e3201cd34a07e3172128adcd8b3090168a8e3bcc40d7c032b9dda1df7d1c" "/opt/rustwide/cargo-home/bin/cargo" "+1.75.0" "build" "--frozen" "--message-format=json", kill_on_drop: false }`
[INFO] [stdout] fae5746a3bf51291fed57350c0e0437b73e890f6bae17b9409631947310a4f2b
[INFO] running `Command { std: "docker" "start" "-a" "fae5746a3bf51291fed57350c0e0437b73e890f6bae17b9409631947310a4f2b", kill_on_drop: false }`
[INFO] [stderr]    Compiling proc-macro2 v1.0.43
[INFO] [stderr]    Compiling unicode-ident v1.0.3
[INFO] [stderr]    Compiling syn v1.0.99
[INFO] [stderr]    Compiling serde_derive v1.0.136
[INFO] [stderr]    Compiling serde v1.0.136
[INFO] [stderr]    Compiling version_check v0.9.3
[INFO] [stderr]    Compiling libc v0.2.132
[INFO] [stderr]    Compiling typenum v1.15.0
[INFO] [stderr]    Compiling subtle v2.4.0
[INFO] [stderr]    Compiling once_cell v1.13.1
[INFO] [stderr]    Compiling semver v1.0.13
[INFO] [stderr]    Compiling generic-array v0.14.6
[INFO] [stderr]    Compiling crossbeam-utils v0.8.11
[INFO] [stderr]    Compiling memoffset v0.6.4
[INFO] [stderr]    Compiling crunchy v0.2.2
[INFO] [stderr]    Compiling getrandom v0.1.16
[INFO] [stderr]    Compiling quote v1.0.9
[INFO] [stderr]    Compiling crossbeam-epoch v0.9.5
[INFO] [stderr]    Compiling rustc_version v0.4.0
[INFO] [stderr]    Compiling log v0.4.14
[INFO] [stderr]    Compiling rayon-core v1.9.1
[INFO] [stderr]    Compiling wasm-bindgen-shared v0.2.79
[INFO] [stderr]    Compiling crossbeam-channel v0.5.1
[INFO] [stderr]    Compiling ahash v0.7.6
[INFO] [stderr]    Compiling crossbeam-deque v0.8.2
[INFO] [stderr]    Compiling rayon v1.5.1
[INFO] [stderr]    Compiling unicode-xid v0.2.2
[INFO] [stderr]    Compiling feature-probe v0.1.1
[INFO] [stderr]    Compiling bumpalo v3.12.0
[INFO] [stderr]    Compiling either v1.6.1
[INFO] [stderr]    Compiling cpufeatures v0.2.1
[INFO] [stderr]    Compiling bv v0.11.1
[INFO] [stderr]    Compiling bitmaps v2.1.0
[INFO] [stderr]    Compiling getrandom v0.2.3
[INFO] [stderr]    Compiling num_cpus v1.13.1
[INFO] [stderr]    Compiling jobserver v0.1.22
[INFO] [stderr]    Compiling rand_core v0.5.1
[INFO] [stderr]    Compiling rand_core v0.6.3
[INFO] [stderr]    Compiling cc v1.0.68
[INFO] [stderr]    Compiling solana-frozen-abi-macro v1.10.35
[INFO] [stderr]    Compiling im v15.1.0
[INFO] [stderr]    Compiling block-padding v0.2.1
[INFO] [stderr]    Compiling rustversion v1.0.9
[INFO] [stderr]    Compiling ppv-lite86 v0.2.10
[INFO] [stderr]    Compiling rand_xoshiro v0.6.0
[INFO] [stderr]    Compiling rand_pcg v0.2.1
[INFO] [stderr]    Compiling sized-chunks v0.6.5
[INFO] [stderr]    Compiling solana-frozen-abi v1.10.35
[INFO] [stderr]    Compiling rand_chacha v0.2.2
[INFO] [stderr]    Compiling num-traits v0.2.14
[INFO] [stderr]    Compiling opaque-debug v0.3.0
[INFO] [stderr]    Compiling wasm-bindgen v0.2.79
[INFO] [stderr]    Compiling blake3 v1.3.1
[INFO] [stderr]    Compiling bs58 v0.4.0
[INFO] [stderr]    Compiling arrayref v0.3.6
[INFO] [stderr]    Compiling rand v0.7.3
[INFO] [stderr]    Compiling hashbrown v0.11.2
[INFO] [stderr]    Compiling memmap2 v0.5.7
[INFO] [stderr]    Compiling solana-program v1.10.35
[INFO] [stderr]    Compiling base64 v0.12.3
[INFO] [stderr]    Compiling keccak v0.1.0
[INFO] [stderr]    Compiling constant_time_eq v0.1.5
[INFO] [stderr]    Compiling byteorder v1.4.3
[INFO] [stderr]    Compiling arrayvec v0.7.2
[INFO] [stderr]    Compiling itertools v0.10.3
[INFO] [stderr]    Compiling base64 v0.13.0
[INFO] [stderr]    Compiling wasm-bindgen-backend v0.2.79
[INFO] [stderr]    Compiling synstructure v0.12.4
[INFO] [stderr]    Compiling borsh-derive-internal v0.9.3
[INFO] [stderr]    Compiling borsh-schema-derive-internal v0.9.3
[INFO] [stderr]    Compiling borsh-derive-internal v0.10.0
[INFO] [stderr]    Compiling borsh-schema-derive-internal v0.10.0
[INFO] [stderr]    Compiling wasm-bindgen-macro-support v0.2.79
[INFO] [stderr]    Compiling thiserror-impl v1.0.30
[INFO] [stderr]    Compiling zeroize_derive v1.3.3
[INFO] [stderr]    Compiling bytemuck_derive v1.2.1
[INFO] [stderr]    Compiling solana-sdk-macro v1.10.35
[INFO] [stderr]    Compiling num-derive v0.3.3
[INFO] [stderr]    Compiling wasm-bindgen-macro v0.2.79
[INFO] [stderr]    Compiling zeroize v1.3.0
[INFO] [stderr]    Compiling thiserror v1.0.30
[INFO] [stderr]    Compiling bytemuck v1.12.1
[INFO] [stderr]    Compiling toml v0.5.8
[INFO] [stderr]    Compiling serde_bytes v0.11.5
[INFO] [stderr]    Compiling bincode v1.3.3
[INFO] [stderr]    Compiling digest v0.9.0
[INFO] [stderr]    Compiling crypto-common v0.1.6
[INFO] [stderr]    Compiling block-buffer v0.10.2
[INFO] [stderr]    Compiling crypto-mac v0.8.0
[INFO] [stderr]    Compiling libsecp256k1-core v0.2.2
[INFO] [stderr]    Compiling block-buffer v0.9.0
[INFO] [stderr]    Compiling curve25519-dalek v3.2.1
[INFO] [stderr]    Compiling hmac v0.8.1
[INFO] [stderr]    Compiling digest v0.10.3
[INFO] [stderr]    Compiling sha2 v0.9.9
[INFO] [stderr]    Compiling hmac-drbg v0.3.0
[INFO] [stderr]    Compiling sha2 v0.10.2
[INFO] [stderr]    Compiling sha3 v0.10.2
[INFO] [stderr]    Compiling proc-macro-crate v0.1.5
[INFO] [stderr]    Compiling libsecp256k1-gen-genmult v0.2.1
[INFO] [stderr]    Compiling libsecp256k1-gen-ecmult v0.2.1
[INFO] [stderr]    Compiling borsh-derive v0.9.3
[INFO] [stderr]    Compiling borsh-derive v0.10.0
[INFO] [stderr]    Compiling libsecp256k1 v0.6.0
[INFO] [stderr]    Compiling borsh v0.9.3
[INFO] [stderr]    Compiling solana-bpf-helloworld v0.0.1 (/opt/rustwide/workdir)
[INFO] [stderr]     Finished dev [unoptimized + debuginfo] target(s) in 47.94s
[INFO] running `Command { std: "docker" "inspect" "fae5746a3bf51291fed57350c0e0437b73e890f6bae17b9409631947310a4f2b", kill_on_drop: false }`
[INFO] running `Command { std: "docker" "rm" "-f" "fae5746a3bf51291fed57350c0e0437b73e890f6bae17b9409631947310a4f2b", kill_on_drop: false }`
[INFO] [stdout] fae5746a3bf51291fed57350c0e0437b73e890f6bae17b9409631947310a4f2b
[INFO] running `Command { std: "docker" "create" "-v" "/var/lib/crater-agent-workspace/builds/worker-1-tc1/target:/opt/rustwide/target:rw,Z" "-v" "/var/lib/crater-agent-workspace/builds/worker-1-tc1/source:/opt/rustwide/workdir:ro,Z" "-v" "/var/lib/crater-agent-workspace/cargo-home:/opt/rustwide/cargo-home:ro,Z" "-v" "/var/lib/crater-agent-workspace/rustup-home:/opt/rustwide/rustup-home:ro,Z" "-e" "SOURCE_DIR=/opt/rustwide/workdir" "-e" "CARGO_TARGET_DIR=/opt/rustwide/target" "-e" "CARGO_INCREMENTAL=0" "-e" "RUST_BACKTRACE=full" "-e" "RUSTFLAGS=--cap-lints=warn" "-e" "RUSTDOCFLAGS=--cap-lints=warn" "-e" "CARGO_HOME=/opt/rustwide/cargo-home" "-e" "RUSTUP_HOME=/opt/rustwide/rustup-home" "-w" "/opt/rustwide/workdir" "-m" "1610612736" "--user" "0:0" "--network" "none" "ghcr.io/rust-lang/crates-build-env/linux@sha256:2788e3201cd34a07e3172128adcd8b3090168a8e3bcc40d7c032b9dda1df7d1c" "/opt/rustwide/cargo-home/bin/cargo" "+1.75.0" "test" "--frozen" "--no-run" "--message-format=json", kill_on_drop: false }`
[INFO] [stdout] bb3f27682f857c6ad9ad736acb521c31be7f4b0a36b568affa72609d98176cbd
[INFO] running `Command { std: "docker" "start" "-a" "bb3f27682f857c6ad9ad736acb521c31be7f4b0a36b568affa72609d98176cbd", kill_on_drop: false }`
[INFO] [stderr]    Compiling memchr v2.4.0
[INFO] [stderr]    Compiling semver v1.0.13
[INFO] [stderr]    Compiling num-integer v0.1.44
[INFO] [stderr]    Compiling itoa v1.0.1
[INFO] [stderr]    Compiling pin-project-lite v0.2.6
[INFO] [stderr]    Compiling ryu v1.0.5
[INFO] [stderr]    Compiling percent-encoding v2.1.0
[INFO] [stderr]    Compiling futures-core v0.3.23
[INFO] [stderr]    Compiling regex-syntax v0.6.27
[INFO] [stderr]    Compiling serde_json v1.0.79
[INFO] [stderr]    Compiling lock_api v0.4.7
[INFO] [stderr]    Compiling rustc_version v0.4.0
[INFO] [stderr]    Compiling bytes v1.2.1
[INFO] [stderr]    Compiling smallvec v1.6.1
[INFO] [stderr]    Compiling futures-sink v0.3.23
[INFO] [stderr]    Compiling atty v0.2.14
[INFO] [stderr]    Compiling solana-frozen-abi-macro v1.10.35
[INFO] [stderr]    Compiling solana-frozen-abi v1.10.35
[INFO] [stderr]    Compiling solana-program v1.10.35
[INFO] [stderr]    Compiling aho-corasick v0.7.18
[INFO] [stderr]    Compiling time v0.1.44
[INFO] [stderr]    Compiling instant v0.1.9
[INFO] [stderr]    Compiling signature v1.3.0
[INFO] [stderr]    Compiling humantime v2.1.0
[INFO] [stderr]    Compiling parking_lot_core v0.8.3
[INFO] [stderr]    Compiling ed25519 v1.1.1
[INFO] [stderr]    Compiling tokio v1.14.1
[INFO] [stderr]    Compiling slab v0.4.3
[INFO] [stderr]    Compiling termcolor v1.1.2
[INFO] [stderr]    Compiling futures-channel v0.3.23
[INFO] [stderr]    Compiling futures-task v0.3.23
[INFO] [stderr]    Compiling parking_lot v0.11.1
[INFO] [stderr]    Compiling chrono v0.4.19
[INFO] [stderr]    Compiling regex v1.6.0
[INFO] [stderr]    Compiling ed25519-dalek v1.0.1
[INFO] [stderr]    Compiling solana-sdk v1.10.35
[INFO] [stderr]    Compiling hmac v0.12.1
[INFO] [stderr]    Compiling mio v0.7.13
[INFO] [stderr]    Compiling tokio-macros v1.8.0
[INFO] [stderr]    Compiling signal-hook-registry v1.4.0
[INFO] [stderr]    Compiling futures-util v0.3.23
[INFO] [stderr]    Compiling derivation-path v0.2.0
[INFO] [stderr]    Compiling ed25519-dalek-bip32 v0.2.0
[INFO] [stderr]    Compiling env_logger v0.9.0
[INFO] [stderr]    Compiling qstring v0.7.2
[INFO] [stderr]    Compiling uriparse v0.6.3
[INFO] [stderr]    Compiling pbkdf2 v0.10.1
[INFO] [stderr]    Compiling ring v0.16.20
[INFO] [stderr]    Compiling futures-macro v0.3.23
[INFO] [stderr]    Compiling solana-logger v1.10.35
[INFO] [stderr]    Compiling assert_matches v1.5.0
[INFO] [stderr]    Compiling futures-io v0.3.23
[INFO] [stderr]    Compiling tracing-core v0.1.18
[INFO] [stderr]    Compiling untrusted v0.7.1
[INFO] [stderr]    Compiling spin v0.5.2
[INFO] [stderr]    Compiling tracing-attributes v0.1.22
[INFO] [stderr]    Compiling tinyvec_macros v0.1.0
[INFO] [stderr]    Compiling tinyvec v1.2.0
[INFO] [stderr]    Compiling rustls v0.20.6
[INFO] [stderr]    Compiling matches v0.1.8
[INFO] [stderr]    Compiling itoa v0.4.7
[INFO] [stderr]    Compiling http v0.2.4
[INFO] [stderr]    Compiling unicode-normalization v0.1.19
[INFO] [stderr]    Compiling tracing v0.1.26
[INFO] [stderr]    Compiling hashbrown v0.12.3
[INFO] [stderr]    Compiling indexmap v1.9.1
[INFO] [stderr]    Compiling httparse v1.7.1
[INFO] [stderr]    Compiling unicode-bidi v0.3.5
[INFO] [stderr]    Compiling form_urlencoded v1.0.1
[INFO] [stderr]    Compiling socket2 v0.4.6
[INFO] [stderr]    Compiling webpki v0.22.0
[INFO] [stderr]    Compiling sct v0.7.0
[INFO] [stderr]    Compiling idna v0.2.3
[INFO] [stderr]    Compiling tokio-util v0.6.7
[INFO] [stderr]    Compiling solana-program-runtime v1.10.35
[INFO] [stderr]    Compiling rustls-pemfile v1.0.1
[INFO] [stderr]    Compiling enum-iterator-derive v0.7.0
[INFO] [stderr]    Compiling miniz_oxide v0.4.4
[INFO] [stderr]    Compiling alloc-no-stdlib v2.0.3
[INFO] [stderr]    Compiling crc32fast v1.2.1
[INFO] [stderr]    Compiling alloc-stdlib v0.2.1
[INFO] [stderr]    Compiling url v2.2.2
[INFO] [stderr]    Compiling libloading v0.7.3
[INFO] [stderr]    Compiling try-lock v0.2.3
[INFO] [stderr]    Compiling want v0.3.0
[INFO] [stderr]    Compiling brotli-decompressor v2.3.2
[INFO] [stderr]    Compiling h2 v0.3.11
[INFO] [stderr]    Compiling enum-iterator v0.7.0
[INFO] [stderr]    Compiling webpki-roots v0.22.2
[INFO] [stderr]    Compiling http-body v0.4.2
[INFO] [stderr]    Compiling encoding_rs v0.8.28
[INFO] [stderr]    Compiling httpdate v1.0.1
[INFO] [stderr]    Compiling tokio-rustls v0.23.2
[INFO] [stderr]    Compiling tower-service v0.3.1
[INFO] [stderr]    Compiling flate2 v1.0.22
[INFO] [stderr]    Compiling tokio-util v0.7.2
[INFO] [stderr]    Compiling brotli v3.3.4
[INFO] [stderr]    Compiling serde_urlencoded v0.7.1
[INFO] [stderr]    Compiling ipnet v2.3.1
[INFO] [stderr]    Compiling mime v0.3.16
[INFO] [stderr]    Compiling rand_chacha v0.3.1
[INFO] [stderr]    Compiling gethostname v0.2.3
[INFO] [stderr]    Compiling rand v0.8.4
[INFO] [stderr]    Compiling solana-measure v1.10.35
[INFO] [stderr]    Compiling solana-vote-program v1.10.35
[INFO] [stderr]    Compiling cipher v0.3.0
[INFO] [stderr]    Compiling num-bigint v0.4.0
[INFO] [stderr]    Compiling proc-macro2 v0.4.30
[INFO] [stderr]    Compiling universal-hash v0.4.1
[INFO] [stderr]    Compiling unicode-width v0.1.9
[INFO] [stderr]    Compiling unicode-xid v0.1.0
[INFO] [stderr]    Compiling polyval v0.5.3
[INFO] [stderr]    Compiling ctr v0.8.0
[INFO] [stderr]    Compiling aes v0.7.5
[INFO] [stderr]    Compiling hyper v0.14.20
[INFO] [stderr]    Compiling inout v0.1.3
[INFO] [stderr]    Compiling aead v0.4.3
[INFO] [stderr]    Compiling anyhow v1.0.41
[INFO] [stdout] error[E0308]: mismatched types
[INFO] [stdout]   --> /opt/rustwide/cargo-home/registry/src/index.crates.io-6f17d22bba15001f/num-bigint-0.4.0/src/biguint/convert.rs:70:19
[INFO] [stdout]    |
[INFO] [stdout] 70 |         .div_ceil(&big_digit::BITS.into())
[INFO] [stdout]    |          -------- ^^^^^^^^^^^^^^^^^^^^^^^ expected `u64`, found `&_`
[INFO] [stdout]    |          |
[INFO] [stdout]    |          arguments to this method are incorrect
[INFO] [stdout]    |
[INFO] [stdout]    = note:   expected type `u64`
[INFO] [stdout]            found reference `&_`
[INFO] [stdout] note: method defined here
[INFO] [stdout]   --> /rustc/82e1608dfa6e0b5569232559e3d385fea5a93112/library/core/src/num/mod.rs:1169:5
[INFO] [stdout]    = note: this error originates in the macro `uint_impl` (in Nightly builds, run with -Z macro-backtrace for more info)
[INFO] [stdout] help: consider removing the borrow
[INFO] [stdout]    |
[INFO] [stdout] 70 -         .div_ceil(&big_digit::BITS.into())
[INFO] [stdout] 70 +         .div_ceil(big_digit::BITS.into())
[INFO] [stdout]    |
[INFO] [stdout] 
[INFO] [stdout] 
[INFO] [stderr]    Compiling syn v0.15.44
[INFO] [stdout] error[E0308]: mismatched types
[INFO] [stdout]    --> /opt/rustwide/cargo-home/registry/src/index.crates.io-6f17d22bba15001f/num-bigint-0.4.0/src/biguint/convert.rs:585:19
[INFO] [stdout]     |
[INFO] [stdout] 585 |         .div_ceil(&u64::from(bits))
[INFO] [stdout]     |          -------- ^^^^^^^^^^^^^^^^ expected `u64`, found `&u64`
[INFO] [stdout]     |          |
[INFO] [stdout]     |          arguments to this method are incorrect
[INFO] [stdout]     |
[INFO] [stdout] note: method defined here
[INFO] [stdout]    --> /rustc/82e1608dfa6e0b5569232559e3d385fea5a93112/library/core/src/num/mod.rs:1169:5
[INFO] [stdout]     = note: this error originates in the macro `uint_impl` (in Nightly builds, run with -Z macro-backtrace for more info)
[INFO] [stdout] help: consider removing the borrow
[INFO] [stdout]     |
[INFO] [stdout] 585 -         .div_ceil(&u64::from(bits))
[INFO] [stdout] 585 +         .div_ceil(u64::from(bits))
[INFO] [stdout]     |
[INFO] [stdout] 
[INFO] [stdout] 
[INFO] [stdout] error[E0308]: mismatched types
[INFO] [stdout]    --> /opt/rustwide/cargo-home/registry/src/index.crates.io-6f17d22bba15001f/num-bigint-0.4.0/src/biguint/convert.rs:613:19
[INFO] [stdout]     |
[INFO] [stdout] 613 |         .div_ceil(&u64::from(bits))
[INFO] [stdout]     |          -------- ^^^^^^^^^^^^^^^^ expected `u64`, found `&u64`
[INFO] [stdout]     |          |
[INFO] [stdout]     |          arguments to this method are incorrect
[INFO] [stdout]     |
[INFO] [stdout] note: method defined here
[INFO] [stdout]    --> /rustc/82e1608dfa6e0b5569232559e3d385fea5a93112/library/core/src/num/mod.rs:1169:5
[INFO] [stdout]     = note: this error originates in the macro `uint_impl` (in Nightly builds, run with -Z macro-backtrace for more info)
[INFO] [stdout] help: consider removing the borrow
[INFO] [stdout]     |
[INFO] [stdout] 613 -         .div_ceil(&u64::from(bits))
[INFO] [stdout] 613 +         .div_ceil(u64::from(bits))
[INFO] [stdout]     |
[INFO] [stdout] 
[INFO] [stdout] 
[INFO] [stderr]    Compiling aes-gcm-siv v0.10.3
[INFO] [stdout] error[E0308]: mismatched types
[INFO] [stdout]    --> /opt/rustwide/cargo-home/registry/src/index.crates.io-6f17d22bba15001f/num-bigint-0.4.0/src/biguint.rs:398:54
[INFO] [stdout]     |
[INFO] [stdout] 398 |                 let root_scale = extra_bits.div_ceil(&n64);
[INFO] [stdout]     |                                             -------- ^^^^ expected `u64`, found `&u64`
[INFO] [stdout]     |                                             |
[INFO] [stdout]     |                                             arguments to this method are incorrect
[INFO] [stdout]     |
[INFO] [stdout] note: method defined here
[INFO] [stdout]    --> /rustc/82e1608dfa6e0b5569232559e3d385fea5a93112/library/core/src/num/mod.rs:1169:5
[INFO] [stdout]     = note: this error originates in the macro `uint_impl` (in Nightly builds, run with -Z macro-backtrace for more info)
[INFO] [stdout] help: consider removing the borrow
[INFO] [stdout]     |
[INFO] [stdout] 398 -                 let root_scale = extra_bits.div_ceil(&n64);
[INFO] [stdout] 398 +                 let root_scale = extra_bits.div_ceil(n64);
[INFO] [stdout]     |
[INFO] [stdout] 
[INFO] [stdout] 
[INFO] [stdout] error: aborting due to 4 previous errors
[INFO] [stdout] 
[INFO] [stdout] 
[INFO] [stdout] For more information about this error, try `rustc --explain E0308`.
[INFO] [stdout] 
[INFO] [stderr] error: could not compile `num-bigint` (lib) due to 5 previous errors
[INFO] [stderr] warning: build failed, waiting for other jobs to finish...
[INFO] running `Command { std: "docker" "inspect" "bb3f27682f857c6ad9ad736acb521c31be7f4b0a36b568affa72609d98176cbd", kill_on_drop: false }`
[INFO] running `Command { std: "docker" "rm" "-f" "bb3f27682f857c6ad9ad736acb521c31be7f4b0a36b568affa72609d98176cbd", kill_on_drop: false }`
[INFO] [stdout] bb3f27682f857c6ad9ad736acb521c31be7f4b0a36b568affa72609d98176cbd
