[INFO] cloning repository https://github.com/Elinvynia/shortener
[INFO] running `Command { std: "git" "-c" "credential.helper=" "-c" "credential.helper=/workspace/cargo-home/bin/git-credential-null" "clone" "--bare" "https://github.com/Elinvynia/shortener" "/workspace/cache/git-repos/https%3A%2F%2Fgithub.com%2FElinvynia%2Fshortener", kill_on_drop: false }`
[INFO] [stderr] Cloning into bare repository '/workspace/cache/git-repos/https%3A%2F%2Fgithub.com%2FElinvynia%2Fshortener'...
[INFO] running `Command { std: "git" "rev-parse" "HEAD", kill_on_drop: false }`
[INFO] [stdout] 942234621d355ae80f89a0e43f5acd52ec554704
[INFO] testing Elinvynia/shortener against 1.75.0 for beta-1.76-1
[INFO] running `Command { std: "git" "clone" "/workspace/cache/git-repos/https%3A%2F%2Fgithub.com%2FElinvynia%2Fshortener" "/workspace/builds/worker-6-tc1/source", kill_on_drop: false }`
[INFO] [stderr] Cloning into '/workspace/builds/worker-6-tc1/source'...
[INFO] [stderr] done.
[INFO] validating manifest of git repo https://github.com/Elinvynia/shortener on toolchain 1.75.0
[INFO] running `Command { std: CARGO_HOME="/workspace/cargo-home" RUSTUP_HOME="/workspace/rustup-home" "/workspace/cargo-home/bin/cargo" "+1.75.0" "metadata" "--manifest-path" "Cargo.toml" "--no-deps", kill_on_drop: false }`
[INFO] started tweaking git repo https://github.com/Elinvynia/shortener
[INFO] finished tweaking git repo https://github.com/Elinvynia/shortener
[INFO] tweaked toml for git repo https://github.com/Elinvynia/shortener written to /workspace/builds/worker-6-tc1/source/Cargo.toml
[INFO] crate git repo https://github.com/Elinvynia/shortener already has a lockfile, it will not be regenerated
[INFO] running `Command { std: CARGO_HOME="/workspace/cargo-home" RUSTUP_HOME="/workspace/rustup-home" "/workspace/cargo-home/bin/cargo" "+1.75.0" "fetch" "--manifest-path" "Cargo.toml", kill_on_drop: false }`
[INFO] [stderr]     Updating crates.io index
[INFO] [stderr]  Downloading crates ...
[INFO] [stderr]   Downloaded signal-hook v0.3.8
[INFO] [stderr]   Downloaded async-io v1.4.1
[INFO] [stderr]   Downloaded futures v0.3.14
[INFO] [stderr]   Downloaded zeroize_derive v1.1.0
[INFO] [stderr]   Downloaded num-bigint v0.3.2
[INFO] [stderr]   Downloaded num-bigint-dig v0.7.0
[INFO] [stderr]   Downloaded sqlformat v0.1.6
[INFO] [stderr]   Downloaded http-types v2.11.0
[INFO] [stderr]   Downloaded sqlx-macros v0.5.2
[INFO] [stderr]   Downloaded http-client v6.3.5
[INFO] [stderr]   Downloaded polling v2.0.3
[INFO] [stderr]   Downloaded rsa v0.4.0
[INFO] [stderr]   Downloaded blowfish v0.7.0
[INFO] [stderr]   Downloaded bcrypt v0.9.0
[INFO] [stderr]   Downloaded sval v1.0.0-alpha.5
[INFO] [stderr]   Downloaded blake3 v0.3.7
[INFO] [stderr]   Downloaded simple_asn1 v0.5.2
[INFO] [stderr]   Downloaded const_fn v0.4.7
[INFO] [stderr]   Downloaded async-h1 v2.3.2
[INFO] [stderr]   Downloaded ignore v0.4.17
[INFO] [stderr]   Downloaded tera v1.8.0
[INFO] [stderr]   Downloaded async-process v1.1.0
[INFO] [stderr]   Downloaded sqlx-rt v0.5.2
[INFO] [stderr]   Downloaded whoami v1.1.2
[INFO] [stderr]   Downloaded byte-pool v0.2.3
[INFO] [stderr]   Downloaded femme v2.1.1
[INFO] [stderr]   Downloaded sqlx-core v0.5.2
[INFO] [stderr]   Downloaded serde_qs v0.7.2
[INFO] [stderr]   Downloaded sqlx v0.5.2
[INFO] running `Command { std: "docker" "create" "-v" "/var/lib/crater-agent-workspace/builds/worker-6-tc1/target:/opt/rustwide/target:rw,Z" "-v" "/var/lib/crater-agent-workspace/builds/worker-6-tc1/source:/opt/rustwide/workdir:ro,Z" "-v" "/var/lib/crater-agent-workspace/cargo-home:/opt/rustwide/cargo-home:ro,Z" "-v" "/var/lib/crater-agent-workspace/rustup-home:/opt/rustwide/rustup-home:ro,Z" "-e" "SOURCE_DIR=/opt/rustwide/workdir" "-e" "CARGO_TARGET_DIR=/opt/rustwide/target" "-e" "CARGO_HOME=/opt/rustwide/cargo-home" "-e" "RUSTUP_HOME=/opt/rustwide/rustup-home" "-w" "/opt/rustwide/workdir" "-m" "1610612736" "--user" "0:0" "--network" "none" "ghcr.io/rust-lang/crates-build-env/linux@sha256:2788e3201cd34a07e3172128adcd8b3090168a8e3bcc40d7c032b9dda1df7d1c" "/opt/rustwide/cargo-home/bin/cargo" "+1.75.0" "metadata" "--no-deps" "--format-version=1", kill_on_drop: false }`
[INFO] [stdout] a0a0271cd0a60142b9c6c5d6bb4c8c200398a1b1ca1a65b0ea3ff6e71f1b0a7c
[INFO] running `Command { std: "docker" "start" "-a" "a0a0271cd0a60142b9c6c5d6bb4c8c200398a1b1ca1a65b0ea3ff6e71f1b0a7c", kill_on_drop: false }`
[INFO] running `Command { std: "docker" "inspect" "a0a0271cd0a60142b9c6c5d6bb4c8c200398a1b1ca1a65b0ea3ff6e71f1b0a7c", kill_on_drop: false }`
[INFO] running `Command { std: "docker" "rm" "-f" "a0a0271cd0a60142b9c6c5d6bb4c8c200398a1b1ca1a65b0ea3ff6e71f1b0a7c", kill_on_drop: false }`
[INFO] [stdout] a0a0271cd0a60142b9c6c5d6bb4c8c200398a1b1ca1a65b0ea3ff6e71f1b0a7c
[INFO] running `Command { std: "docker" "create" "-v" "/var/lib/crater-agent-workspace/builds/worker-6-tc1/target:/opt/rustwide/target:rw,Z" "-v" "/var/lib/crater-agent-workspace/builds/worker-6-tc1/source:/opt/rustwide/workdir:ro,Z" "-v" "/var/lib/crater-agent-workspace/cargo-home:/opt/rustwide/cargo-home:ro,Z" "-v" "/var/lib/crater-agent-workspace/rustup-home:/opt/rustwide/rustup-home:ro,Z" "-e" "SOURCE_DIR=/opt/rustwide/workdir" "-e" "CARGO_TARGET_DIR=/opt/rustwide/target" "-e" "CARGO_INCREMENTAL=0" "-e" "RUST_BACKTRACE=full" "-e" "RUSTFLAGS=--cap-lints=warn" "-e" "RUSTDOCFLAGS=--cap-lints=warn" "-e" "CARGO_HOME=/opt/rustwide/cargo-home" "-e" "RUSTUP_HOME=/opt/rustwide/rustup-home" "-w" "/opt/rustwide/workdir" "-m" "1610612736" "--user" "0:0" "--network" "none" "ghcr.io/rust-lang/crates-build-env/linux@sha256:2788e3201cd34a07e3172128adcd8b3090168a8e3bcc40d7c032b9dda1df7d1c" "/opt/rustwide/cargo-home/bin/cargo" "+1.75.0" "build" "--frozen" "--message-format=json", kill_on_drop: false }`
[INFO] [stdout] 45e8c0ae30eeb14843b235aaec218fd5d87c5e6c042b067b6224d8202dbf2547
[INFO] running `Command { std: "docker" "start" "-a" "45e8c0ae30eeb14843b235aaec218fd5d87c5e6c042b067b6224d8202dbf2547", kill_on_drop: false }`
[INFO] [stderr]    Compiling proc-macro2 v1.0.26
[INFO] [stderr]    Compiling unicode-xid v0.2.1
[INFO] [stderr]    Compiling syn v1.0.70
[INFO] [stderr]    Compiling libc v0.2.93
[INFO] [stderr]    Compiling memchr v2.3.4
[INFO] [stderr]    Compiling value-bag v1.0.0-alpha.6
[INFO] [stderr]    Compiling sval v1.0.0-alpha.5
[INFO] [stderr]    Compiling log v0.4.14
[INFO] [stderr]    Compiling futures-core v0.3.14
[INFO] [stderr]    Compiling serde_derive v1.0.125
[INFO] [stderr]    Compiling serde v1.0.125
[INFO] [stderr]    Compiling futures-io v0.3.14
[INFO] [stderr]    Compiling lazy_static v1.4.0
[INFO] [stderr]    Compiling subtle v2.4.0
[INFO] [stderr]    Compiling crossbeam-utils v0.8.3
[INFO] [stderr]    Compiling getrandom v0.2.2
[INFO] [stderr]    Compiling opaque-debug v0.3.0
[INFO] [stderr]    Compiling event-listener v2.5.1
[INFO] [stderr]    Compiling waker-fn v1.1.0
[INFO] [stderr]    Compiling cache-padded v1.1.1
[INFO] [stderr]    Compiling fastrand v1.4.1
[INFO] [stderr]    Compiling parking v2.0.0
[INFO] [stderr]    Compiling concurrent-queue v1.2.2
[INFO] [stderr]    Compiling digest v0.9.0
[INFO] [stderr]    Compiling libm v0.2.1
[INFO] [stderr]    Compiling futures-lite v1.11.3
[INFO] [stderr]    Compiling cc v1.0.67
[INFO] [stderr]    Compiling num-traits v0.2.14
[INFO] [stderr]    Compiling quote v1.0.9
[INFO] [stderr]    Compiling ahash v0.4.7
[INFO] [stderr]    Compiling rand_core v0.6.2
[INFO] [stderr]    Compiling socket2 v0.4.0
[INFO] [stderr]    Compiling hashbrown v0.9.1
[INFO] [stderr]    Compiling num-integer v0.1.44
[INFO] [stderr]    Compiling async-task v4.0.3
[INFO] [stderr]    Compiling signal-hook v0.3.8
[INFO] [stderr]    Compiling rand_chacha v0.3.0
[INFO] [stderr]    Compiling num_cpus v1.13.0
[INFO] [stderr]    Compiling signal-hook-registry v1.3.0
[INFO] [stderr]    Compiling async-channel v1.6.1
[INFO] [stderr]    Compiling indexmap v1.6.2
[INFO] [stderr]    Compiling atomic-waker v1.0.0
[INFO] [stderr]    Compiling rand v0.8.3
[INFO] [stderr]    Compiling blocking v1.0.2
[INFO] [stderr]    Compiling async-executor v1.4.1
[INFO] [stderr]    Compiling async-mutex v1.4.0
[INFO] [stderr]    Compiling aho-corasick v0.7.15
[INFO] [stderr]    Compiling block-buffer v0.9.0
[INFO] [stderr]    Compiling cipher v0.2.5
[INFO] [stderr]    Compiling serde_json v1.0.64
[INFO] [stderr]    Compiling const_fn v0.4.7
[INFO] [stderr]    Compiling cpuid-bool v0.1.2
[INFO] [stderr]    Compiling regex-syntax v0.6.23
[INFO] [stderr]    Compiling unicode-normalization v0.1.17
[INFO] [stderr]    Compiling ring v0.16.20
[INFO] [stderr]    Compiling unicode-bidi v0.3.5
[INFO] [stderr]    Compiling async-lock v2.4.0
[INFO] [stderr]    Compiling time v0.2.26
[INFO] [stderr]    Compiling getrandom v0.1.16
[INFO] [stderr]    Compiling sha2 v0.9.3
[INFO] [stderr]    Compiling form_urlencoded v1.0.1
[INFO] [stderr]    Compiling idna v0.2.3
[INFO] [stderr]    Compiling universal-hash v0.4.0
[INFO] [stderr]    Compiling arrayvec v0.5.2
[INFO] [stderr]    Compiling regex v1.4.6
[INFO] [stderr]    Compiling cpuid-bool v0.2.0
[INFO] [stderr]    Compiling polyval v0.4.5
[INFO] [stderr]    Compiling rand_core v0.5.1
[INFO] [stderr]    Compiling aes-soft v0.6.4
[INFO] [stderr]    Compiling time v0.1.44
[INFO] [stderr]    Compiling crypto-mac v0.10.0
[INFO] [stderr]    Compiling maplit v1.0.2
[INFO] [stderr]    Compiling futures-sink v0.3.14
[INFO] [stderr]    Compiling anyhow v1.0.40
[INFO] [stderr]    Compiling radium v0.5.3
[INFO] [stderr]    Compiling futures-channel v0.3.14
[INFO] [stderr]    Compiling aes v0.6.0
[INFO] [stderr]    Compiling hmac v0.10.1
[INFO] [stderr]    Compiling ghash v0.3.1
[INFO] [stderr]    Compiling rand_chacha v0.2.2
[INFO] [stderr]    Compiling ctr v0.6.0
[INFO] [stderr]    Compiling aead v0.3.2
[INFO] [stderr]    Compiling num-iter v0.1.42
[INFO] [stderr]    Compiling cookie v0.14.4
[INFO] [stderr]    Compiling synstructure v0.12.4
[INFO] [stderr]    Compiling num-bigint v0.4.0
[INFO] [stderr]    Compiling autocfg v0.1.7
[INFO] [stderr]    Compiling byteorder v1.4.3
[INFO] [stderr]    Compiling futures-task v0.3.14
[INFO] [stderr]    Compiling lexical-core v0.7.6
[INFO] [stderr]    Compiling num-bigint-dig v0.7.0
[INFO] [stderr]    Compiling rand v0.7.3
[INFO] [stderr]    Compiling aes-gcm v0.8.0
[INFO] [stderr]    Compiling hkdf v0.10.0
[INFO] [stderr]    Compiling crossbeam-queue v0.3.1
[INFO] [stderr]    Compiling nom v6.1.2
[INFO] [stderr]    Compiling build_const v0.2.2
[INFO] [stderr]    Compiling wyz v0.2.0
[INFO] [stderr]    Compiling funty v1.1.0
[INFO] [stderr]    Compiling http-types v2.11.0
[INFO] [stderr]    Compiling data-encoding v2.3.2
[INFO] [stderr]    Compiling tap v1.0.1
[INFO] [stderr]    Compiling static_assertions v1.1.0
[INFO] [stderr]    Compiling bitvec v0.19.5
[INFO] [stderr]    Compiling crc v1.8.1
[INFO] [stderr]    Compiling webpki v0.21.4
[INFO] [stderr]    Compiling sct v0.6.1
[INFO] [stderr]    Compiling ahash v0.7.2
[INFO] [stdout] error[E0308]: mismatched types
[INFO] [stdout]   --> /opt/rustwide/cargo-home/registry/src/index.crates.io-6f17d22bba15001f/num-bigint-0.4.0/src/biguint/convert.rs:70:19
[INFO] [stdout]    |
[INFO] [stdout] 70 |         .div_ceil(&big_digit::BITS.into())
[INFO] [stdout]    |          -------- ^^^^^^^^^^^^^^^^^^^^^^^ expected `u64`, found `&_`
[INFO] [stdout]    |          |
[INFO] [stdout]    |          arguments to this method are incorrect
[INFO] [stdout]    |
[INFO] [stdout]    = note:   expected type `u64`
[INFO] [stdout]            found reference `&_`
[INFO] [stdout] note: method defined here
[INFO] [stdout]   --> /rustc/82e1608dfa6e0b5569232559e3d385fea5a93112/library/core/src/num/mod.rs:1169:5
[INFO] [stdout]    = note: this error originates in the macro `uint_impl` (in Nightly builds, run with -Z macro-backtrace for more info)
[INFO] [stdout] help: consider removing the borrow
[INFO] [stdout]    |
[INFO] [stdout] 70 -         .div_ceil(&big_digit::BITS.into())
[INFO] [stdout] 70 +         .div_ceil(big_digit::BITS.into())
[INFO] [stdout]    |
[INFO] [stdout] 
[INFO] [stdout] 
[INFO] [stdout] error[E0308]: mismatched types
[INFO] [stdout]    --> /opt/rustwide/cargo-home/registry/src/index.crates.io-6f17d22bba15001f/num-bigint-0.4.0/src/biguint/convert.rs:585:19
[INFO] [stdout]     |
[INFO] [stdout] 585 |         .div_ceil(&u64::from(bits))
[INFO] [stdout]     |          -------- ^^^^^^^^^^^^^^^^ expected `u64`, found `&u64`
[INFO] [stdout]     |          |
[INFO] [stdout]     |          arguments to this method are incorrect
[INFO] [stdout]     |
[INFO] [stdout] note: method defined here
[INFO] [stdout]    --> /rustc/82e1608dfa6e0b5569232559e3d385fea5a93112/library/core/src/num/mod.rs:1169:5
[INFO] [stdout]     = note: this error originates in the macro `uint_impl` (in Nightly builds, run with -Z macro-backtrace for more info)
[INFO] [stdout] help: consider removing the borrow
[INFO] [stdout]     |
[INFO] [stdout] 585 -         .div_ceil(&u64::from(bits))
[INFO] [stdout] 585 +         .div_ceil(u64::from(bits))
[INFO] [stdout]     |
[INFO] [stdout] 
[INFO] [stdout] 
[INFO] [stdout] error[E0308]: mismatched types
[INFO] [stdout]    --> /opt/rustwide/cargo-home/registry/src/index.crates.io-6f17d22bba15001f/num-bigint-0.4.0/src/biguint/convert.rs:613:19
[INFO] [stdout]     |
[INFO] [stdout] 613 |         .div_ceil(&u64::from(bits))
[INFO] [stdout]     |          -------- ^^^^^^^^^^^^^^^^ expected `u64`, found `&u64`
[INFO] [stdout]     |          |
[INFO] [stdout]     |          arguments to this method are incorrect
[INFO] [stdout]     |
[INFO] [stdout] note: method defined here
[INFO] [stdout]    --> /rustc/82e1608dfa6e0b5569232559e3d385fea5a93112/library/core/src/num/mod.rs:1169:5
[INFO] [stdout]     = note: this error originates in the macro `uint_impl` (in Nightly builds, run with -Z macro-backtrace for more info)
[INFO] [stdout] help: consider removing the borrow
[INFO] [stdout]     |
[INFO] [stdout] 613 -         .div_ceil(&u64::from(bits))
[INFO] [stdout] 613 +         .div_ceil(u64::from(bits))
[INFO] [stdout]     |
[INFO] [stdout] 
[INFO] [stdout] 
[INFO] [stderr]    Compiling num-bigint v0.3.2
[INFO] [stderr]    Compiling ucd-trie v0.1.3
[INFO] [stdout] error: aborting due to 3 previous errors
[INFO] [stdout] 
[INFO] [stdout] 
[INFO] [stdout] For more information about this error, try `rustc --explain E0308`.
[INFO] [stdout] 
[INFO] [stderr] error: could not compile `num-bigint` (lib) due to 4 previous errors
[INFO] [stderr] warning: build failed, waiting for other jobs to finish...
[INFO] running `Command { std: "docker" "inspect" "45e8c0ae30eeb14843b235aaec218fd5d87c5e6c042b067b6224d8202dbf2547", kill_on_drop: false }`
[INFO] running `Command { std: "docker" "rm" "-f" "45e8c0ae30eeb14843b235aaec218fd5d87c5e6c042b067b6224d8202dbf2547", kill_on_drop: false }`
[INFO] [stdout] 45e8c0ae30eeb14843b235aaec218fd5d87c5e6c042b067b6224d8202dbf2547
