[INFO] cloning repository https://github.com/Elekrisk/fg-sdl2
[INFO] running `Command { std: "git" "-c" "credential.helper=" "-c" "credential.helper=/workspace/cargo-home/bin/git-credential-null" "clone" "--bare" "https://github.com/Elekrisk/fg-sdl2" "/workspace/cache/git-repos/https%3A%2F%2Fgithub.com%2FElekrisk%2Ffg-sdl2", kill_on_drop: false }`
[INFO] [stderr] Cloning into bare repository '/workspace/cache/git-repos/https%3A%2F%2Fgithub.com%2FElekrisk%2Ffg-sdl2'...
[INFO] running `Command { std: "git" "rev-parse" "HEAD", kill_on_drop: false }`
[INFO] [stdout] 0cf3ae388557c75442db79671b417b3e3d390b4f
[INFO] testing Elekrisk/fg-sdl2 against 1.75.0 for beta-1.76-1
[INFO] running `Command { std: "git" "clone" "/workspace/cache/git-repos/https%3A%2F%2Fgithub.com%2FElekrisk%2Ffg-sdl2" "/workspace/builds/worker-0-tc1/source", kill_on_drop: false }`
[INFO] [stderr] Cloning into '/workspace/builds/worker-0-tc1/source'...
[INFO] [stderr] done.
[INFO] validating manifest of git repo https://github.com/Elekrisk/fg-sdl2 on toolchain 1.75.0
[INFO] running `Command { std: CARGO_HOME="/workspace/cargo-home" RUSTUP_HOME="/workspace/rustup-home" "/workspace/cargo-home/bin/cargo" "+1.75.0" "metadata" "--manifest-path" "Cargo.toml" "--no-deps", kill_on_drop: false }`
[INFO] removed /workspace/builds/worker-0-tc1/source/.cargo/config.toml
[INFO] started tweaking git repo https://github.com/Elekrisk/fg-sdl2
[INFO] finished tweaking git repo https://github.com/Elekrisk/fg-sdl2
[INFO] tweaked toml for git repo https://github.com/Elekrisk/fg-sdl2 written to /workspace/builds/worker-0-tc1/source/Cargo.toml
[INFO] crate git repo https://github.com/Elekrisk/fg-sdl2 already has a lockfile, it will not be regenerated
[INFO] running `Command { std: CARGO_HOME="/workspace/cargo-home" RUSTUP_HOME="/workspace/rustup-home" "/workspace/cargo-home/bin/cargo" "+1.75.0" "fetch" "--manifest-path" "Cargo.toml", kill_on_drop: false }`
[INFO] [stderr]     Updating crates.io index
[INFO] [stderr]  Downloading crates ...
[INFO] [stderr]   Downloaded serde v1.0.168
[INFO] [stderr]   Downloaded varinteger v1.0.6
[INFO] [stderr]   Downloaded clap v4.3.11
[INFO] [stderr]   Downloaded bitfield-rle v0.2.0
[INFO] [stderr]   Downloaded serde_derive v1.0.168
[INFO] [stderr]   Downloaded clap_builder v4.3.11
[INFO] [stderr]   Downloaded rustix v0.38.3
[INFO] [stderr]   Downloaded ggrs v0.9.4
[INFO] [stderr]   Downloaded exr v1.7.0
[INFO] [stderr]   Downloaded serde_json v1.0.100
[INFO] running `Command { std: "docker" "create" "-v" "/var/lib/crater-agent-workspace/builds/worker-0-tc1/target:/opt/rustwide/target:rw,Z" "-v" "/var/lib/crater-agent-workspace/builds/worker-0-tc1/source:/opt/rustwide/workdir:ro,Z" "-v" "/var/lib/crater-agent-workspace/cargo-home:/opt/rustwide/cargo-home:ro,Z" "-v" "/var/lib/crater-agent-workspace/rustup-home:/opt/rustwide/rustup-home:ro,Z" "-e" "SOURCE_DIR=/opt/rustwide/workdir" "-e" "CARGO_TARGET_DIR=/opt/rustwide/target" "-e" "CARGO_HOME=/opt/rustwide/cargo-home" "-e" "RUSTUP_HOME=/opt/rustwide/rustup-home" "-w" "/opt/rustwide/workdir" "-m" "1610612736" "--user" "0:0" "--network" "none" "ghcr.io/rust-lang/crates-build-env/linux@sha256:2788e3201cd34a07e3172128adcd8b3090168a8e3bcc40d7c032b9dda1df7d1c" "/opt/rustwide/cargo-home/bin/cargo" "+1.75.0" "metadata" "--no-deps" "--format-version=1", kill_on_drop: false }`
[INFO] [stdout] 7b0d1ea05042f00081515843178c07976a0c0e399e8b1f0b89ba2b7b622a40d7
[INFO] running `Command { std: "docker" "start" "-a" "7b0d1ea05042f00081515843178c07976a0c0e399e8b1f0b89ba2b7b622a40d7", kill_on_drop: false }`
[INFO] running `Command { std: "docker" "inspect" "7b0d1ea05042f00081515843178c07976a0c0e399e8b1f0b89ba2b7b622a40d7", kill_on_drop: false }`
[INFO] running `Command { std: "docker" "rm" "-f" "7b0d1ea05042f00081515843178c07976a0c0e399e8b1f0b89ba2b7b622a40d7", kill_on_drop: false }`
[INFO] [stdout] 7b0d1ea05042f00081515843178c07976a0c0e399e8b1f0b89ba2b7b622a40d7
[INFO] running `Command { std: "docker" "create" "-v" "/var/lib/crater-agent-workspace/builds/worker-0-tc1/target:/opt/rustwide/target:rw,Z" "-v" "/var/lib/crater-agent-workspace/builds/worker-0-tc1/source:/opt/rustwide/workdir:ro,Z" "-v" "/var/lib/crater-agent-workspace/cargo-home:/opt/rustwide/cargo-home:ro,Z" "-v" "/var/lib/crater-agent-workspace/rustup-home:/opt/rustwide/rustup-home:ro,Z" "-e" "SOURCE_DIR=/opt/rustwide/workdir" "-e" "CARGO_TARGET_DIR=/opt/rustwide/target" "-e" "CARGO_INCREMENTAL=0" "-e" "RUST_BACKTRACE=full" "-e" "RUSTFLAGS=--cap-lints=warn" "-e" "RUSTDOCFLAGS=--cap-lints=warn" "-e" "CARGO_HOME=/opt/rustwide/cargo-home" "-e" "RUSTUP_HOME=/opt/rustwide/rustup-home" "-w" "/opt/rustwide/workdir" "-m" "1610612736" "--user" "0:0" "--network" "none" "ghcr.io/rust-lang/crates-build-env/linux@sha256:2788e3201cd34a07e3172128adcd8b3090168a8e3bcc40d7c032b9dda1df7d1c" "/opt/rustwide/cargo-home/bin/cargo" "+1.75.0" "build" "--frozen" "--message-format=json", kill_on_drop: false }`
[INFO] [stdout] 963168454f05c5365e05ba7711a4c8940f659bc3cb4c6c50211bf760be62395b
[INFO] running `Command { std: "docker" "start" "-a" "963168454f05c5365e05ba7711a4c8940f659bc3cb4c6c50211bf760be62395b", kill_on_drop: false }`
[INFO] [stderr]    Compiling cfg-if v1.0.0
[INFO] [stderr]    Compiling autocfg v1.1.0
[INFO] [stderr]    Compiling proc-macro2 v1.0.63
[INFO] [stderr]    Compiling unicode-ident v1.0.10
[INFO] [stderr]    Compiling quote v1.0.29
[INFO] [stderr]    Compiling libc v0.2.147
[INFO] [stderr]    Compiling scopeguard v1.1.0
[INFO] [stderr]    Compiling simd-adler32 v0.3.5
[INFO] [stderr]    Compiling crossbeam-utils v0.8.16
[INFO] [stderr]    Compiling adler v1.0.2
[INFO] [stderr]    Compiling rayon-core v1.11.0
[INFO] [stderr]    Compiling miniz_oxide v0.7.1
[INFO] [stderr]    Compiling memchr v2.5.0
[INFO] [stderr]    Compiling syn v1.0.109
[INFO] [stderr]    Compiling cc v1.0.79
[INFO] [stderr]    Compiling memoffset v0.9.0
[INFO] [stderr]    Compiling crossbeam-epoch v0.9.15
[INFO] [stderr]    Compiling lock_api v0.4.10
[INFO] [stderr]    Compiling crossbeam-channel v0.5.8
[INFO] [stderr]    Compiling syn v2.0.23
[INFO] [stderr]    Compiling getrandom v0.2.10
[INFO] [stderr]    Compiling crossbeam-deque v0.8.3
[INFO] [stderr]    Compiling num_cpus v1.16.0
[INFO] [stderr]    Compiling rustix v0.38.3
[INFO] [stderr]    Compiling crc32fast v1.3.2
[INFO] [stderr]    Compiling num-traits v0.2.15
[INFO] [stderr]    Compiling backtrace v0.3.68
[INFO] [stderr]    Compiling serde v1.0.168
[INFO] [stderr]    Compiling linux-raw-sys v0.4.3
[INFO] [stderr]    Compiling unicode-xid v0.2.4
[INFO] [stderr]    Compiling failure_derive v0.1.8
[INFO] [stderr]    Compiling smallvec v1.11.0
[INFO] [stderr]    Compiling gimli v0.27.3
[INFO] [stderr]    Compiling bitflags v2.3.3
[INFO] [stderr]    Compiling version-compare v0.1.1
[INFO] [stderr]    Compiling futures-core v0.3.28
[INFO] [stderr]    Compiling sdl2-sys v0.35.2
[INFO] [stderr]    Compiling object v0.31.1
[INFO] [stderr]    Compiling num-integer v0.1.45
[INFO] [stderr]    Compiling utf8parse v0.2.1
[INFO] [stderr]    Compiling parking_lot_core v0.8.6
[INFO] [stderr]    Compiling either v1.8.1
[INFO] [stderr]    Compiling rustc-demangle v0.1.23
[INFO] [stderr]    Compiling rayon v1.7.0
[INFO] [stderr]    Compiling is-terminal v0.4.9
[INFO] [stderr]    Compiling anstyle-parse v0.2.1
[INFO] [stderr]    Compiling flate2 v1.0.26
[INFO] [stderr]    Compiling synstructure v0.12.6
[INFO] [stderr]    Compiling spin v0.9.8
[INFO] [stderr]    Compiling nanorand v0.7.0
[INFO] [stderr]    Compiling addr2line v0.20.0
[INFO] [stderr]    Compiling rand_core v0.6.4
[INFO] [stderr]    Compiling num-rational v0.4.1
[INFO] [stderr]    Compiling instant v0.1.12
[INFO] [stderr]    Compiling anstyle v1.0.1
[INFO] [stderr]    Compiling weezl v0.1.7
[INFO] [stderr]    Compiling colorchoice v1.0.0
[INFO] [stderr]    Compiling ppv-lite86 v0.2.17
[INFO] [stderr]    Compiling futures-sink v0.3.28
[INFO] [stderr]    Compiling anstyle-query v1.0.0
[INFO] [stderr]    Compiling bitflags v1.3.2
[INFO] [stderr]    Compiling anstream v0.3.2
[INFO] [stderr]    Compiling rand_chacha v0.3.1
[INFO] [stderr]    Compiling zune-inflate v0.2.54
[INFO] [stderr]    Compiling fdeflate v0.3.0
[INFO] [stderr]    Compiling jpeg-decoder v0.3.0
[INFO] [stderr]    Compiling heck v0.4.1
[INFO] [stderr]    Compiling strsim v0.10.0
[INFO] [stderr]    Compiling color_quant v1.1.0
[INFO] [stderr]    Compiling lebe v0.5.2
[INFO] [stderr]    Compiling sdl2 v0.35.2
[INFO] [stderr]    Compiling half v2.2.1
[INFO] [stderr]    Compiling bit_field v0.10.2
[INFO] [stderr]    Compiling serde_json v1.0.100
[INFO] [stderr]    Compiling varinteger v1.0.6
[INFO] [stderr]    Compiling clap_lex v0.5.0
[INFO] [stderr]    Compiling gif v0.12.0
[INFO] [stderr]    Compiling failure v0.1.8
[INFO] [stderr]    Compiling pin-project-internal v1.1.2
[INFO] [stderr]    Compiling serde_derive v1.0.168
[INFO] [stderr]    Compiling bytemuck_derive v1.4.1
[INFO] [stderr]    Compiling bitfield-rle v0.2.0
[INFO] [stderr]    Compiling clap_derive v4.3.2
[INFO] [stderr]    Compiling clap_builder v4.3.11
[INFO] [stderr]    Compiling tiff v0.8.1
[INFO] [stderr]    Compiling png v0.17.9
[INFO] [stderr]    Compiling bytemuck v1.13.1
[INFO] [stderr]    Compiling qoi v0.4.1
[INFO] [stderr]    Compiling pin-project v1.1.2
[INFO] [stderr]    Compiling flume v0.10.14
[INFO] [stderr]    Compiling rand v0.8.5
[INFO] [stderr]    Compiling parking_lot v0.11.2
[INFO] [stderr]    Compiling exr v1.7.0
[INFO] [stderr]    Compiling once_cell v1.18.0
[INFO] [stderr]    Compiling byteorder v1.4.3
[INFO] [stderr]    Compiling itoa v1.0.8
[INFO] [stderr]    Compiling ryu v1.0.14
[INFO] [stderr]    Compiling lazy_static v1.4.0
[INFO] [stderr]    Compiling macros v0.1.0 (/opt/rustwide/workdir/macros)
[INFO] [stderr]    Compiling clap v4.3.11
[INFO] [stderr]    Compiling base64 v0.21.2
[INFO] [stdout] warning: unused import: `ToTokens`
[INFO] [stdout]  --> macros/src/lib.rs:2:20
[INFO] [stdout]   |
[INFO] [stdout] 2 | use quote::{quote, ToTokens};
[INFO] [stdout]   |                    ^^^^^^^^
[INFO] [stdout]   |
[INFO] [stdout]   = note: `#[warn(unused_imports)]` on by default
[INFO] [stdout] 
[INFO] [stdout] 
[INFO] [stdout] warning: unused imports: `PathArguments`, `Token`
[INFO] [stdout]  --> macros/src/lib.rs:3:49
[INFO] [stdout]   |
[INFO] [stdout] 3 | use syn::{parse_macro_input, DeriveInput, Path, PathArguments, Token};
[INFO] [stdout]   |                                                 ^^^^^^^^^^^^^  ^^^^^
[INFO] [stdout] 
[INFO] [stdout] 
[INFO] [stdout] warning: unused variable: `delegate`
[INFO] [stdout]   --> macros/src/lib.rs:49:17
[INFO] [stdout]    |
[INFO] [stdout] 49 |             let delegate = variant.attrs.iter().find(|attr| attr.path().get_ident().is_some_and(|x| x == "delegate")).is_some();
[INFO] [stdout]    |                 ^^^^^^^^ help: if this is intentional, prefix it with an underscore: `_delegate`
[INFO] [stdout]    |
[INFO] [stdout]    = note: `#[warn(unused_variables)]` on by default
[INFO] [stdout] 
[INFO] [stdout] 
[INFO] [stdout] warning: 3 warnings emitted
[INFO] [stdout] 
[INFO] [stdout] 
[INFO] [stderr]    Compiling image v0.24.6
[INFO] [stderr]    Compiling bincode v1.3.3
[INFO] [stderr]    Compiling ggrs v0.9.4
[INFO] [stderr]    Compiling fg-sdl2 v0.1.0 (/opt/rustwide/workdir)
[INFO] [stdout] error[E0554]: `#![feature]` may not be used on the stable release channel
[INFO] [stdout]  --> src/main.rs:1:1
[INFO] [stdout]   |
[INFO] [stdout] 1 | #![feature(type_alias_impl_trait)]
[INFO] [stdout]   | ^^^^^^^^^^^^^^^^^^^^^^^^^^^^^^^^^^
[INFO] [stdout] 
[INFO] [stdout] 
[INFO] [stdout] error[E0554]: `#![feature]` may not be used on the stable release channel
[INFO] [stdout]  --> src/main.rs:2:1
[INFO] [stdout]   |
[INFO] [stdout] 2 | #![feature(int_roundings)]
[INFO] [stdout]   | ^^^^^^^^^^^^^^^^^^^^^^^^^^
[INFO] [stdout] 
[INFO] [stdout] 
[INFO] [stdout] error[E0554]: `#![feature]` may not be used on the stable release channel
[INFO] [stdout]  --> src/main.rs:3:1
[INFO] [stdout]   |
[INFO] [stdout] 3 | #![feature(let_chains)]
[INFO] [stdout]   | ^^^^^^^^^^^^^^^^^^^^^^^
[INFO] [stdout] 
[INFO] [stdout] 
[INFO] [stdout] warning: unused import: `crate::asset_manager::AssetManager`
[INFO] [stdout]  --> src/app_context.rs:3:5
[INFO] [stdout]   |
[INFO] [stdout] 3 | use crate::asset_manager::AssetManager;
[INFO] [stdout]   |     ^^^^^^^^^^^^^^^^^^^^^^^^^^^^^^^^^^
[INFO] [stdout]   |
[INFO] [stdout]   = note: `#[warn(unused_imports)]` on by default
[INFO] [stdout] 
[INFO] [stdout] 
[INFO] [stdout] warning: unused imports: `CharacterSpecificState`, `CharacterState`
[INFO] [stdout]   --> src/game/character/guy.rs:12:13
[INFO] [stdout]    |
[INFO] [stdout] 12 | use super::{CharacterSpecificState, CharacterState, IdleState, State};
[INFO] [stdout]    |             ^^^^^^^^^^^^^^^^^^^^^^  ^^^^^^^^^^^^^^
[INFO] [stdout] 
[INFO] [stdout] 
[INFO] [stdout] warning: unused import: `fixed_point::FixedPoint`
[INFO] [stdout]  --> src/game/camera.rs:3:13
[INFO] [stdout]   |
[INFO] [stdout] 3 | use super::{fixed_point::FixedPoint, super::fvec2::FVec2};
[INFO] [stdout]   |             ^^^^^^^^^^^^^^^^^^^^^^^
[INFO] [stdout] 
[INFO] [stdout] 
[INFO] [stdout] warning: unused imports: `Hash`, `IpAddr`, `hash_map::DefaultHasher`, `marker::PhantomData`
[INFO] [stdout]   --> src/game.rs:10:19
[INFO] [stdout]    |
[INFO] [stdout] 10 |     collections::{hash_map::DefaultHasher, HashMap},
[INFO] [stdout]    |                   ^^^^^^^^^^^^^^^^^^^^^^^
[INFO] [stdout] 11 |     hash::{Hash, Hasher},
[INFO] [stdout]    |            ^^^^
[INFO] [stdout] 12 |     marker::PhantomData,
[INFO] [stdout]    |     ^^^^^^^^^^^^^^^^^^^
[INFO] [stdout] 13 |     net::{IpAddr, Ipv4Addr, SocketAddr, SocketAddrV4},
[INFO] [stdout]    |           ^^^^^^
[INFO] [stdout] 
[INFO] [stdout] 
[INFO] [stdout] warning: unnecessary braces around function argument
[INFO] [stdout]     --> src/game.rs:1116:77
[INFO] [stdout]      |
[INFO] [stdout] 1116 | ...                   cell.save(frame, Some(self.state.clone()), Some({ 0 }))
[INFO] [stdout]      |                                                                       ^^ ^^
[INFO] [stdout]      |
[INFO] [stdout]      = note: `#[warn(unused_braces)]` on by default
[INFO] [stdout] help: remove these braces
[INFO] [stdout]      |
[INFO] [stdout] 1116 -                             cell.save(frame, Some(self.state.clone()), Some({ 0 }))
[INFO] [stdout] 1116 +                             cell.save(frame, Some(self.state.clone()), Some(0))
[INFO] [stdout]      |
[INFO] [stdout] 
[INFO] [stdout] 
[INFO] [stdout] warning: unused imports: `Ipv4Addr`, `SocketAddrV4`, `SocketAddr`
[INFO] [stdout]   --> src/main.rs:15:11
[INFO] [stdout]    |
[INFO] [stdout] 15 |     net::{Ipv4Addr, SocketAddr, SocketAddrV4},
[INFO] [stdout]    |           ^^^^^^^^  ^^^^^^^^^^  ^^^^^^^^^^^^
[INFO] [stdout] 
[INFO] [stdout] 
[INFO] [stdout] warning: unused import: `asset_manager::AssetManager`
[INFO] [stdout]   --> src/main.rs:20:5
[INFO] [stdout]    |
[INFO] [stdout] 20 | use asset_manager::AssetManager;
[INFO] [stdout]    |     ^^^^^^^^^^^^^^^^^^^^^^^^^^^
[INFO] [stdout] 
[INFO] [stdout] 
[INFO] [stdout] warning: unused imports: `SessionBuilder`, `SessionState`, `UdpNonBlockingSocket`
[INFO] [stdout]   --> src/main.rs:23:12
[INFO] [stdout]    |
[INFO] [stdout] 23 | use ggrs::{SessionBuilder, SessionState, UdpNonBlockingSocket};
[INFO] [stdout]    |            ^^^^^^^^^^^^^^  ^^^^^^^^^^^^  ^^^^^^^^^^^^^^^^^^^^
[INFO] [stdout] 
[INFO] [stdout] 
[INFO] [stdout] warning: unused import: `keyboard::Keycode`
[INFO] [stdout]   --> src/main.rs:24:26
[INFO] [stdout]    |
[INFO] [stdout] 24 | use sdl2::{event::Event, keyboard::Keycode, pixels::Color};
[INFO] [stdout]    |                          ^^^^^^^^^^^^^^^^^
[INFO] [stdout] 
[INFO] [stdout] 
[INFO] [stdout] error[E0554]: `#![feature]` may not be used on the stable release channel
[INFO] [stdout]  --> src/main.rs:2:12
[INFO] [stdout]   |
[INFO] [stdout] 2 | #![feature(int_roundings)]
[INFO] [stdout]   |            ^^^^^^^^^^^^^
[INFO] [stdout] 
[INFO] [stdout] 
[INFO] [stdout] warning: unused import: `Hasher`
[INFO] [stdout]   --> src/game.rs:11:18
[INFO] [stdout]    |
[INFO] [stdout] 11 |     hash::{Hash, Hasher},
[INFO] [stdout]    |                  ^^^^^^
[INFO] [stdout] 
[INFO] [stdout] 
[INFO] [stdout] error: aborting due to 4 previous errors; 10 warnings emitted
[INFO] [stdout] 
[INFO] [stdout] 
[INFO] [stdout] For more information about this error, try `rustc --explain E0554`.
[INFO] [stdout] 
[INFO] [stderr] error: could not compile `fg-sdl2` (bin "fg-sdl2") due to 5 previous errors; 10 warnings emitted
[INFO] running `Command { std: "docker" "inspect" "963168454f05c5365e05ba7711a4c8940f659bc3cb4c6c50211bf760be62395b", kill_on_drop: false }`
[INFO] running `Command { std: "docker" "rm" "-f" "963168454f05c5365e05ba7711a4c8940f659bc3cb4c6c50211bf760be62395b", kill_on_drop: false }`
[INFO] [stdout] 963168454f05c5365e05ba7711a4c8940f659bc3cb4c6c50211bf760be62395b
