[INFO] cloning repository https://github.com/EiseZ/pws-cdf
[INFO] running `Command { std: "git" "-c" "credential.helper=" "-c" "credential.helper=/workspace/cargo-home/bin/git-credential-null" "clone" "--bare" "https://github.com/EiseZ/pws-cdf" "/workspace/cache/git-repos/https%3A%2F%2Fgithub.com%2FEiseZ%2Fpws-cdf", kill_on_drop: false }`
[INFO] [stderr] Cloning into bare repository '/workspace/cache/git-repos/https%3A%2F%2Fgithub.com%2FEiseZ%2Fpws-cdf'...
[INFO] running `Command { std: "git" "rev-parse" "HEAD", kill_on_drop: false }`
[INFO] [stdout] 7d125fdc4e8c86f9e7a4f9cb5945d2febacd0572
[INFO] testing EiseZ/pws-cdf against 1.75.0 for beta-1.76-1
[INFO] running `Command { std: "git" "clone" "/workspace/cache/git-repos/https%3A%2F%2Fgithub.com%2FEiseZ%2Fpws-cdf" "/workspace/builds/worker-5-tc1/source", kill_on_drop: false }`
[INFO] [stderr] Cloning into '/workspace/builds/worker-5-tc1/source'...
[INFO] [stderr] done.
[INFO] validating manifest of git repo https://github.com/EiseZ/pws-cdf on toolchain 1.75.0
[INFO] running `Command { std: CARGO_HOME="/workspace/cargo-home" RUSTUP_HOME="/workspace/rustup-home" "/workspace/cargo-home/bin/cargo" "+1.75.0" "metadata" "--manifest-path" "Cargo.toml" "--no-deps", kill_on_drop: false }`
[INFO] started tweaking git repo https://github.com/EiseZ/pws-cdf
[INFO] finished tweaking git repo https://github.com/EiseZ/pws-cdf
[INFO] tweaked toml for git repo https://github.com/EiseZ/pws-cdf written to /workspace/builds/worker-5-tc1/source/Cargo.toml
[INFO] crate git repo https://github.com/EiseZ/pws-cdf already has a lockfile, it will not be regenerated
[INFO] running `Command { std: CARGO_HOME="/workspace/cargo-home" RUSTUP_HOME="/workspace/rustup-home" "/workspace/cargo-home/bin/cargo" "+1.75.0" "fetch" "--manifest-path" "Cargo.toml", kill_on_drop: false }`
[INFO] running `Command { std: "docker" "create" "-v" "/var/lib/crater-agent-workspace/builds/worker-5-tc1/target:/opt/rustwide/target:rw,Z" "-v" "/var/lib/crater-agent-workspace/builds/worker-5-tc1/source:/opt/rustwide/workdir:ro,Z" "-v" "/var/lib/crater-agent-workspace/cargo-home:/opt/rustwide/cargo-home:ro,Z" "-v" "/var/lib/crater-agent-workspace/rustup-home:/opt/rustwide/rustup-home:ro,Z" "-e" "SOURCE_DIR=/opt/rustwide/workdir" "-e" "CARGO_TARGET_DIR=/opt/rustwide/target" "-e" "CARGO_HOME=/opt/rustwide/cargo-home" "-e" "RUSTUP_HOME=/opt/rustwide/rustup-home" "-w" "/opt/rustwide/workdir" "-m" "1610612736" "--user" "0:0" "--network" "none" "ghcr.io/rust-lang/crates-build-env/linux@sha256:2788e3201cd34a07e3172128adcd8b3090168a8e3bcc40d7c032b9dda1df7d1c" "/opt/rustwide/cargo-home/bin/cargo" "+1.75.0" "metadata" "--no-deps" "--format-version=1", kill_on_drop: false }`
[INFO] [stdout] 03e1c2e3f0644f25484d69bf44fd91d1894dd7c7b1202a50cce39db1e5b62668
[INFO] running `Command { std: "docker" "start" "-a" "03e1c2e3f0644f25484d69bf44fd91d1894dd7c7b1202a50cce39db1e5b62668", kill_on_drop: false }`
[INFO] running `Command { std: "docker" "inspect" "03e1c2e3f0644f25484d69bf44fd91d1894dd7c7b1202a50cce39db1e5b62668", kill_on_drop: false }`
[INFO] running `Command { std: "docker" "rm" "-f" "03e1c2e3f0644f25484d69bf44fd91d1894dd7c7b1202a50cce39db1e5b62668", kill_on_drop: false }`
[INFO] [stdout] 03e1c2e3f0644f25484d69bf44fd91d1894dd7c7b1202a50cce39db1e5b62668
[INFO] running `Command { std: "docker" "create" "-v" "/var/lib/crater-agent-workspace/builds/worker-5-tc1/target:/opt/rustwide/target:rw,Z" "-v" "/var/lib/crater-agent-workspace/builds/worker-5-tc1/source:/opt/rustwide/workdir:ro,Z" "-v" "/var/lib/crater-agent-workspace/cargo-home:/opt/rustwide/cargo-home:ro,Z" "-v" "/var/lib/crater-agent-workspace/rustup-home:/opt/rustwide/rustup-home:ro,Z" "-e" "SOURCE_DIR=/opt/rustwide/workdir" "-e" "CARGO_TARGET_DIR=/opt/rustwide/target" "-e" "CARGO_INCREMENTAL=0" "-e" "RUST_BACKTRACE=full" "-e" "RUSTFLAGS=--cap-lints=warn" "-e" "RUSTDOCFLAGS=--cap-lints=warn" "-e" "CARGO_HOME=/opt/rustwide/cargo-home" "-e" "RUSTUP_HOME=/opt/rustwide/rustup-home" "-w" "/opt/rustwide/workdir" "-m" "1610612736" "--user" "0:0" "--network" "none" "ghcr.io/rust-lang/crates-build-env/linux@sha256:2788e3201cd34a07e3172128adcd8b3090168a8e3bcc40d7c032b9dda1df7d1c" "/opt/rustwide/cargo-home/bin/cargo" "+1.75.0" "build" "--frozen" "--message-format=json", kill_on_drop: false }`
[INFO] [stdout] f9d1c455d2f4b9bf505ec71a46b6ef6ebdcb25794ab065cdf6ee4643accd4703
[INFO] running `Command { std: "docker" "start" "-a" "f9d1c455d2f4b9bf505ec71a46b6ef6ebdcb25794ab065cdf6ee4643accd4703", kill_on_drop: false }`
[INFO] [stderr]    Compiling pws-cfd v0.1.0 (/opt/rustwide/workdir)
[INFO] [stdout] warning: the usage of Script Group `Greek` in this crate consists solely of mixed script confusables
[INFO] [stdout]   --> src/main.rs:19:7
[INFO] [stdout]    |
[INFO] [stdout] 19 | const PRESSURE_CONSTANT_γ: u8 = 1; // TODO: Find right value for this
[INFO] [stdout]    |       ^^^^^^^^^^^^^^^^^^^
[INFO] [stdout]    |
[INFO] [stdout]    = note: the usage includes 'γ' (U+03B3)
[INFO] [stdout]    = note: please recheck to make sure their usages are indeed what you want
[INFO] [stdout]    = note: `#[warn(mixed_script_confusables)]` on by default
[INFO] [stdout] 
[INFO] [stdout] 
[INFO] [stdout] error[E0277]: cannot divide `f32` by `u8`
[INFO] [stdout]   --> src/main.rs:65:76
[INFO] [stdout]    |
[INFO] [stdout] 65 | ...   let mut pressure: f32 = ((pressure_constant_k * reference_density) / pressure_constant_γ) * ((density / reference_density).powi(pre...
[INFO] [stdout]    |                                                                          ^ no implementation for `f32 / u8`
[INFO] [stdout]    |
[INFO] [stdout]    = help: the trait `Div<u8>` is not implemented for `f32`
[INFO] [stdout]    = help: the following other types implement trait `Div<Rhs>`:
[INFO] [stdout]              <f32 as Div>
[INFO] [stdout]              <f32 as Div<&f32>>
[INFO] [stdout]              <&'a f32 as Div<f32>>
[INFO] [stdout]              <&f32 as Div<&f32>>
[INFO] [stdout] 
[INFO] [stdout] 
[INFO] [stdout] error[E0308]: mismatched types
[INFO] [stdout]   --> src/main.rs:65:137
[INFO] [stdout]    |
[INFO] [stdout] 65 | ...tant_γ) * ((density / reference_density).powi(pressure_constant_γ) - 1);
[INFO] [stdout]    |                                             ---- ^^^^^^^^^^^^^^^^^^^ expected `i32`, found `u8`
[INFO] [stdout]    |                                             |
[INFO] [stdout]    |                                             arguments to this method are incorrect
[INFO] [stdout]    |
[INFO] [stdout] note: method defined here
[INFO] [stdout]   --> /rustc/82e1608dfa6e0b5569232559e3d385fea5a93112/library/std/src/f32.rs:354:12
[INFO] [stdout] help: you can convert a `u8` to an `i32`
[INFO] [stdout]    |
[INFO] [stdout] 65 |         let mut pressure: f32 = ((pressure_constant_k * reference_density) / pressure_constant_γ) * ((density / reference_density).powi(pressure_constant_γ.into()) - 1);
[INFO] [stdout]    |                                                                                                                                                            +++++++
[INFO] [stdout] 
[INFO] [stdout] 
[INFO] [stdout] error[E0277]: cannot subtract `{integer}` from `f32`
[INFO] [stdout]   --> src/main.rs:65:158
[INFO] [stdout]    |
[INFO] [stdout] 65 | ... reference_density).powi(pressure_constant_γ) - 1);
[INFO] [stdout]    |                                                  ^ no implementation for `f32 - {integer}`
[INFO] [stdout]    |
[INFO] [stdout]    = help: the trait `Sub<{integer}>` is not implemented for `f32`
[INFO] [stdout]    = help: the following other types implement trait `Sub<Rhs>`:
[INFO] [stdout]              <f32 as Sub>
[INFO] [stdout]              <f32 as Sub<&f32>>
[INFO] [stdout]              <&'a f32 as Sub<f32>>
[INFO] [stdout]              <&f32 as Sub<&f32>>
[INFO] [stdout] help: consider using a floating-point literal by writing it with `.0`
[INFO] [stdout]    |
[INFO] [stdout] 65 |         let mut pressure: f32 = ((pressure_constant_k * reference_density) / pressure_constant_γ) * ((density / reference_density).powi(pressure_constant_γ) - 1.0);
[INFO] [stdout]    |                                                                                                                                                                 ++
[INFO] [stdout] 
[INFO] [stdout] 
[INFO] [stdout] error: aborting due to 3 previous errors; 1 warning emitted
[INFO] [stdout] 
[INFO] [stdout] 
[INFO] [stdout] Some errors have detailed explanations: E0277, E0308.
[INFO] [stdout] 
[INFO] [stdout] For more information about an error, try `rustc --explain E0277`.
[INFO] [stdout] 
[INFO] [stderr] error: could not compile `pws-cfd` (bin "pws-cfd") due to 4 previous errors; 1 warning emitted
[INFO] running `Command { std: "docker" "inspect" "f9d1c455d2f4b9bf505ec71a46b6ef6ebdcb25794ab065cdf6ee4643accd4703", kill_on_drop: false }`
[INFO] running `Command { std: "docker" "rm" "-f" "f9d1c455d2f4b9bf505ec71a46b6ef6ebdcb25794ab065cdf6ee4643accd4703", kill_on_drop: false }`
[INFO] [stdout] f9d1c455d2f4b9bf505ec71a46b6ef6ebdcb25794ab065cdf6ee4643accd4703
[INFO] testing EiseZ/pws-cdf against beta-2023-12-22 for beta-1.76-1
[INFO] running `Command { std: "git" "clone" "/workspace/cache/git-repos/https%3A%2F%2Fgithub.com%2FEiseZ%2Fpws-cdf" "/workspace/builds/worker-5-tc2/source", kill_on_drop: false }`
[INFO] [stderr] Cloning into '/workspace/builds/worker-5-tc2/source'...
[INFO] [stderr] done.
[INFO] validating manifest of git repo https://github.com/EiseZ/pws-cdf on toolchain beta-2023-12-22
[INFO] running `Command { std: CARGO_HOME="/workspace/cargo-home" RUSTUP_HOME="/workspace/rustup-home" "/workspace/cargo-home/bin/cargo" "+beta-2023-12-22" "metadata" "--manifest-path" "Cargo.toml" "--no-deps", kill_on_drop: false }`
[INFO] started tweaking git repo https://github.com/EiseZ/pws-cdf
[INFO] finished tweaking git repo https://github.com/EiseZ/pws-cdf
[INFO] tweaked toml for git repo https://github.com/EiseZ/pws-cdf written to /workspace/builds/worker-5-tc2/source/Cargo.toml
[INFO] crate git repo https://github.com/EiseZ/pws-cdf already has a lockfile, it will not be regenerated
[INFO] running `Command { std: CARGO_HOME="/workspace/cargo-home" RUSTUP_HOME="/workspace/rustup-home" "/workspace/cargo-home/bin/cargo" "+beta-2023-12-22" "fetch" "--manifest-path" "Cargo.toml", kill_on_drop: false }`
[INFO] running `Command { std: "docker" "create" "-v" "/var/lib/crater-agent-workspace/builds/worker-5-tc2/target:/opt/rustwide/target:rw,Z" "-v" "/var/lib/crater-agent-workspace/builds/worker-5-tc2/source:/opt/rustwide/workdir:ro,Z" "-v" "/var/lib/crater-agent-workspace/cargo-home:/opt/rustwide/cargo-home:ro,Z" "-v" "/var/lib/crater-agent-workspace/rustup-home:/opt/rustwide/rustup-home:ro,Z" "-e" "SOURCE_DIR=/opt/rustwide/workdir" "-e" "CARGO_TARGET_DIR=/opt/rustwide/target" "-e" "CARGO_HOME=/opt/rustwide/cargo-home" "-e" "RUSTUP_HOME=/opt/rustwide/rustup-home" "-w" "/opt/rustwide/workdir" "-m" "1610612736" "--user" "0:0" "--network" "none" "ghcr.io/rust-lang/crates-build-env/linux@sha256:2788e3201cd34a07e3172128adcd8b3090168a8e3bcc40d7c032b9dda1df7d1c" "/opt/rustwide/cargo-home/bin/cargo" "+beta-2023-12-22" "metadata" "--no-deps" "--format-version=1", kill_on_drop: false }`
[INFO] [stdout] 32a4865cb0d473ddc4f18497e74b71663dd0d7af60c5cf3cee3215fcf58a2f86
[INFO] running `Command { std: "docker" "start" "-a" "32a4865cb0d473ddc4f18497e74b71663dd0d7af60c5cf3cee3215fcf58a2f86", kill_on_drop: false }`
[INFO] running `Command { std: "docker" "inspect" "32a4865cb0d473ddc4f18497e74b71663dd0d7af60c5cf3cee3215fcf58a2f86", kill_on_drop: false }`
[INFO] running `Command { std: "docker" "rm" "-f" "32a4865cb0d473ddc4f18497e74b71663dd0d7af60c5cf3cee3215fcf58a2f86", kill_on_drop: false }`
[INFO] [stdout] 32a4865cb0d473ddc4f18497e74b71663dd0d7af60c5cf3cee3215fcf58a2f86
[INFO] running `Command { std: "docker" "create" "-v" "/var/lib/crater-agent-workspace/builds/worker-5-tc2/target:/opt/rustwide/target:rw,Z" "-v" "/var/lib/crater-agent-workspace/builds/worker-5-tc2/source:/opt/rustwide/workdir:ro,Z" "-v" "/var/lib/crater-agent-workspace/cargo-home:/opt/rustwide/cargo-home:ro,Z" "-v" "/var/lib/crater-agent-workspace/rustup-home:/opt/rustwide/rustup-home:ro,Z" "-e" "SOURCE_DIR=/opt/rustwide/workdir" "-e" "CARGO_TARGET_DIR=/opt/rustwide/target" "-e" "CARGO_INCREMENTAL=0" "-e" "RUST_BACKTRACE=full" "-e" "RUSTFLAGS=--cap-lints=warn" "-e" "RUSTDOCFLAGS=--cap-lints=warn" "-e" "CARGO_HOME=/opt/rustwide/cargo-home" "-e" "RUSTUP_HOME=/opt/rustwide/rustup-home" "-w" "/opt/rustwide/workdir" "-m" "1610612736" "--user" "0:0" "--network" "none" "ghcr.io/rust-lang/crates-build-env/linux@sha256:2788e3201cd34a07e3172128adcd8b3090168a8e3bcc40d7c032b9dda1df7d1c" "/opt/rustwide/cargo-home/bin/cargo" "+beta-2023-12-22" "build" "--frozen" "--message-format=json", kill_on_drop: false }`
[INFO] [stdout] e6639f69e34325a279ff25e3ca4e37cb5fc74a4e247d748405049e6ac6c75d36
[INFO] running `Command { std: "docker" "start" "-a" "e6639f69e34325a279ff25e3ca4e37cb5fc74a4e247d748405049e6ac6c75d36", kill_on_drop: false }`
[INFO] [stderr]    Compiling pws-cfd v0.1.0 (/opt/rustwide/workdir)
[INFO] [stdout] warning: the usage of Script Group `Greek` in this crate consists solely of mixed script confusables
[INFO] [stdout]   --> src/main.rs:19:7
[INFO] [stdout]    |
[INFO] [stdout] 19 | const PRESSURE_CONSTANT_γ: u8 = 1; // TODO: Find right value for this
[INFO] [stdout]    |       ^^^^^^^^^^^^^^^^^^^
[INFO] [stdout]    |
[INFO] [stdout]    = note: the usage includes 'γ' (U+03B3)
[INFO] [stdout]    = note: please recheck to make sure their usages are indeed what you want
[INFO] [stdout]    = note: `#[warn(mixed_script_confusables)]` on by default
[INFO] [stdout] 
[INFO] [stdout] 
[INFO] [stdout] error[E0277]: cannot divide `f32` by `u8`
[INFO] [stdout]   --> src/main.rs:65:76
[INFO] [stdout]    |
[INFO] [stdout] 65 | ...   let mut pressure: f32 = ((pressure_constant_k * reference_density) / pressure_constant_γ) * ((density / reference_density).powi(pre...
[INFO] [stdout]    |                                                                          ^ no implementation for `f32 / u8`
[INFO] [stdout]    |
[INFO] [stdout]    = help: the trait `Div<u8>` is not implemented for `f32`
[INFO] [stdout]    = help: the following other types implement trait `Div<Rhs>`:
[INFO] [stdout]              <f32 as Div>
[INFO] [stdout]              <f32 as Div<&f32>>
[INFO] [stdout]              <&'a f32 as Div<f32>>
[INFO] [stdout]              <&f32 as Div<&f32>>
[INFO] [stdout] 
[INFO] [stdout] 
[INFO] [stdout] error[E0308]: mismatched types
[INFO] [stdout]   --> src/main.rs:65:137
[INFO] [stdout]    |
[INFO] [stdout] 65 | ...tant_γ) * ((density / reference_density).powi(pressure_constant_γ) - 1);
[INFO] [stdout]    |                                             ---- ^^^^^^^^^^^^^^^^^^^ expected `i32`, found `u8`
[INFO] [stdout]    |                                             |
[INFO] [stdout]    |                                             arguments to this method are incorrect
[INFO] [stdout]    |
[INFO] [stdout] note: method defined here
[INFO] [stdout]   --> /rustc/0e09125c6c3c2fd70d7de961bcf0e51575235fad/library/std/src/f32.rs:354:12
[INFO] [stdout] help: you can convert a `u8` to an `i32`
[INFO] [stdout]    |
[INFO] [stdout] 65 |         let mut pressure: f32 = ((pressure_constant_k * reference_density) / pressure_constant_γ) * ((density / reference_density).powi(pressure_constant_γ.into()) - 1);
[INFO] [stdout]    |                                                                                                                                                            +++++++
[INFO] [stdout] 
[INFO] [stdout] 
[INFO] [stdout] error[E0277]: cannot subtract `{integer}` from `f32`
[INFO] [stdout]   --> src/main.rs:65:158
[INFO] [stdout]    |
[INFO] [stdout] 65 | ... reference_density).powi(pressure_constant_γ) - 1);
[INFO] [stdout]    |                                                  ^ no implementation for `f32 - {integer}`
[INFO] [stdout]    |
[INFO] [stdout]    = help: the trait `Sub<{integer}>` is not implemented for `f32`
[INFO] [stdout]    = help: the following other types implement trait `Sub<Rhs>`:
[INFO] [stdout]              <f32 as Sub>
[INFO] [stdout]              <f32 as Sub<&f32>>
[INFO] [stdout]              <&'a f32 as Sub<f32>>
[INFO] [stdout]              <&f32 as Sub<&f32>>
[INFO] [stdout] help: consider using a floating-point literal by writing it with `.0`
[INFO] [stdout]    |
[INFO] [stdout] 65 |         let mut pressure: f32 = ((pressure_constant_k * reference_density) / pressure_constant_γ) * ((density / reference_density).powi(pressure_constant_γ) - 1.0);
[INFO] [stdout]    |                                                                                                                                                                 ++
[INFO] [stdout] 
[INFO] [stdout] 
[INFO] [stdout] error: aborting due to 3 previous errors; 1 warning emitted
[INFO] [stdout] 
[INFO] [stdout] 
[INFO] [stdout] Some errors have detailed explanations: E0277, E0308.
[INFO] [stdout] 
[INFO] [stdout] For more information about an error, try `rustc --explain E0277`.
[INFO] [stdout] 
[INFO] [stderr] error: could not compile `pws-cfd` (bin "pws-cfd") due to 4 previous errors; 1 warning emitted
[INFO] running `Command { std: "docker" "inspect" "e6639f69e34325a279ff25e3ca4e37cb5fc74a4e247d748405049e6ac6c75d36", kill_on_drop: false }`
[INFO] running `Command { std: "docker" "rm" "-f" "e6639f69e34325a279ff25e3ca4e37cb5fc74a4e247d748405049e6ac6c75d36", kill_on_drop: false }`
[INFO] [stdout] e6639f69e34325a279ff25e3ca4e37cb5fc74a4e247d748405049e6ac6c75d36
