[INFO] cloning repository https://github.com/EinarBalan/rim
[INFO] running `Command { std: "git" "-c" "credential.helper=" "-c" "credential.helper=/workspace/cargo-home/bin/git-credential-null" "clone" "--bare" "https://github.com/EinarBalan/rim" "/workspace/cache/git-repos/https%3A%2F%2Fgithub.com%2FEinarBalan%2Frim", kill_on_drop: false }`
[INFO] [stderr] Cloning into bare repository '/workspace/cache/git-repos/https%3A%2F%2Fgithub.com%2FEinarBalan%2Frim'...
[INFO] running `Command { std: "git" "rev-parse" "HEAD", kill_on_drop: false }`
[INFO] [stdout] 89d700f1ad78ed6ee18a68eca0f885a4c01915df
[INFO] testing EinarBalan/rim against 1.75.0 for beta-1.76-1
[INFO] running `Command { std: "git" "clone" "/workspace/cache/git-repos/https%3A%2F%2Fgithub.com%2FEinarBalan%2Frim" "/workspace/builds/worker-7-tc1/source", kill_on_drop: false }`
[INFO] [stderr] Cloning into '/workspace/builds/worker-7-tc1/source'...
[INFO] [stderr] done.
[INFO] validating manifest of git repo https://github.com/EinarBalan/rim on toolchain 1.75.0
[INFO] running `Command { std: CARGO_HOME="/workspace/cargo-home" RUSTUP_HOME="/workspace/rustup-home" "/workspace/cargo-home/bin/cargo" "+1.75.0" "metadata" "--manifest-path" "Cargo.toml" "--no-deps", kill_on_drop: false }`
[INFO] started tweaking git repo https://github.com/EinarBalan/rim
[INFO] finished tweaking git repo https://github.com/EinarBalan/rim
[INFO] tweaked toml for git repo https://github.com/EinarBalan/rim written to /workspace/builds/worker-7-tc1/source/Cargo.toml
[INFO] crate git repo https://github.com/EinarBalan/rim already has a lockfile, it will not be regenerated
[INFO] running `Command { std: CARGO_HOME="/workspace/cargo-home" RUSTUP_HOME="/workspace/rustup-home" "/workspace/cargo-home/bin/cargo" "+1.75.0" "fetch" "--manifest-path" "Cargo.toml", kill_on_drop: false }`
[INFO] [stderr]     Updating crates.io index
[INFO] [stderr]  Downloading crates ...
[INFO] [stderr]   Downloaded gapbuf v0.1.3
[INFO] running `Command { std: "docker" "create" "-v" "/var/lib/crater-agent-workspace/builds/worker-7-tc1/target:/opt/rustwide/target:rw,Z" "-v" "/var/lib/crater-agent-workspace/builds/worker-7-tc1/source:/opt/rustwide/workdir:ro,Z" "-v" "/var/lib/crater-agent-workspace/cargo-home:/opt/rustwide/cargo-home:ro,Z" "-v" "/var/lib/crater-agent-workspace/rustup-home:/opt/rustwide/rustup-home:ro,Z" "-e" "SOURCE_DIR=/opt/rustwide/workdir" "-e" "CARGO_TARGET_DIR=/opt/rustwide/target" "-e" "CARGO_HOME=/opt/rustwide/cargo-home" "-e" "RUSTUP_HOME=/opt/rustwide/rustup-home" "-w" "/opt/rustwide/workdir" "-m" "1610612736" "--user" "0:0" "--network" "none" "ghcr.io/rust-lang/crates-build-env/linux@sha256:2788e3201cd34a07e3172128adcd8b3090168a8e3bcc40d7c032b9dda1df7d1c" "/opt/rustwide/cargo-home/bin/cargo" "+1.75.0" "metadata" "--no-deps" "--format-version=1", kill_on_drop: false }`
[INFO] [stdout] 7a48f308b32413c77ec5bf3c5d86a5e22dfd2e6be681ab2aaec718dc085c7fbb
[INFO] running `Command { std: "docker" "start" "-a" "7a48f308b32413c77ec5bf3c5d86a5e22dfd2e6be681ab2aaec718dc085c7fbb", kill_on_drop: false }`
[INFO] running `Command { std: "docker" "inspect" "7a48f308b32413c77ec5bf3c5d86a5e22dfd2e6be681ab2aaec718dc085c7fbb", kill_on_drop: false }`
[INFO] running `Command { std: "docker" "rm" "-f" "7a48f308b32413c77ec5bf3c5d86a5e22dfd2e6be681ab2aaec718dc085c7fbb", kill_on_drop: false }`
[INFO] [stdout] 7a48f308b32413c77ec5bf3c5d86a5e22dfd2e6be681ab2aaec718dc085c7fbb
[INFO] running `Command { std: "docker" "create" "-v" "/var/lib/crater-agent-workspace/builds/worker-7-tc1/target:/opt/rustwide/target:rw,Z" "-v" "/var/lib/crater-agent-workspace/builds/worker-7-tc1/source:/opt/rustwide/workdir:ro,Z" "-v" "/var/lib/crater-agent-workspace/cargo-home:/opt/rustwide/cargo-home:ro,Z" "-v" "/var/lib/crater-agent-workspace/rustup-home:/opt/rustwide/rustup-home:ro,Z" "-e" "SOURCE_DIR=/opt/rustwide/workdir" "-e" "CARGO_TARGET_DIR=/opt/rustwide/target" "-e" "CARGO_INCREMENTAL=0" "-e" "RUST_BACKTRACE=full" "-e" "RUSTFLAGS=--cap-lints=warn" "-e" "RUSTDOCFLAGS=--cap-lints=warn" "-e" "CARGO_HOME=/opt/rustwide/cargo-home" "-e" "RUSTUP_HOME=/opt/rustwide/rustup-home" "-w" "/opt/rustwide/workdir" "-m" "1610612736" "--user" "0:0" "--network" "none" "ghcr.io/rust-lang/crates-build-env/linux@sha256:2788e3201cd34a07e3172128adcd8b3090168a8e3bcc40d7c032b9dda1df7d1c" "/opt/rustwide/cargo-home/bin/cargo" "+1.75.0" "build" "--frozen" "--message-format=json", kill_on_drop: false }`
[INFO] [stdout] ffd30e1e27d30a8b36d9afe7dcc0a50feb63dcb9890a898ce280f3f3bf3c4205
[INFO] running `Command { std: "docker" "start" "-a" "ffd30e1e27d30a8b36d9afe7dcc0a50feb63dcb9890a898ce280f3f3bf3c4205", kill_on_drop: false }`
[INFO] [stderr]    Compiling libc v0.2.126
[INFO] [stderr]    Compiling signal-hook v0.3.14
[INFO] [stderr]    Compiling parking_lot_core v0.9.3
[INFO] [stderr]    Compiling smallvec v1.9.0
[INFO] [stderr]    Compiling gapbuf v0.1.3
[INFO] [stderr]    Compiling lock_api v0.4.7
[INFO] [stdout] error[E0659]: `copy` is ambiguous
[INFO] [stdout]    --> /opt/rustwide/cargo-home/registry/src/index.crates.io-6f17d22bba15001f/gapbuf-0.1.3/src/gap_buffer.rs:188:13
[INFO] [stdout]     |
[INFO] [stdout] 188 |             copy(p.add(old_cap - count), p.add(new_cap - count), count);
[INFO] [stdout]     |             ^^^^ ambiguous name
[INFO] [stdout]     |
[INFO] [stdout]     = note: ambiguous because of multiple glob imports of a name in the same module
[INFO] [stdout] note: `copy` could refer to the function imported here
[INFO] [stdout]    --> /opt/rustwide/cargo-home/registry/src/index.crates.io-6f17d22bba15001f/gapbuf-0.1.3/src/gap_buffer.rs:8:5
[INFO] [stdout]     |
[INFO] [stdout] 8   | use std::mem::*;
[INFO] [stdout]     |     ^^^^^^^^^^^
[INFO] [stdout]     = help: consider adding an explicit import of `copy` to disambiguate
[INFO] [stdout] note: `copy` could also refer to the function imported here
[INFO] [stdout]    --> /opt/rustwide/cargo-home/registry/src/index.crates.io-6f17d22bba15001f/gapbuf-0.1.3/src/gap_buffer.rs:11:5
[INFO] [stdout]     |
[INFO] [stdout] 11  | use std::ptr::*;
[INFO] [stdout]     |     ^^^^^^^^^^^
[INFO] [stdout]     = help: consider adding an explicit import of `copy` to disambiguate
[INFO] [stdout] 
[INFO] [stdout] 
[INFO] [stdout] error[E0659]: `copy` is ambiguous
[INFO] [stdout]    --> /opt/rustwide/cargo-home/registry/src/index.crates.io-6f17d22bba15001f/gapbuf-0.1.3/src/gap_buffer.rs:238:13
[INFO] [stdout]     |
[INFO] [stdout] 238 |             copy(p.add(src), p.add(dest), count);
[INFO] [stdout]     |             ^^^^ ambiguous name
[INFO] [stdout]     |
[INFO] [stdout]     = note: ambiguous because of multiple glob imports of a name in the same module
[INFO] [stdout] note: `copy` could refer to the function imported here
[INFO] [stdout]    --> /opt/rustwide/cargo-home/registry/src/index.crates.io-6f17d22bba15001f/gapbuf-0.1.3/src/gap_buffer.rs:8:5
[INFO] [stdout]     |
[INFO] [stdout] 8   | use std::mem::*;
[INFO] [stdout]     |     ^^^^^^^^^^^
[INFO] [stdout]     = help: consider adding an explicit import of `copy` to disambiguate
[INFO] [stdout] note: `copy` could also refer to the function imported here
[INFO] [stdout]    --> /opt/rustwide/cargo-home/registry/src/index.crates.io-6f17d22bba15001f/gapbuf-0.1.3/src/gap_buffer.rs:11:5
[INFO] [stdout]     |
[INFO] [stdout] 11  | use std::ptr::*;
[INFO] [stdout]     |     ^^^^^^^^^^^
[INFO] [stdout]     = help: consider adding an explicit import of `copy` to disambiguate
[INFO] [stdout] 
[INFO] [stdout] 
[INFO] [stdout] error[E0659]: `copy` is ambiguous
[INFO] [stdout]    --> /opt/rustwide/cargo-home/registry/src/index.crates.io-6f17d22bba15001f/gapbuf-0.1.3/src/gap_buffer.rs:373:17
[INFO] [stdout]     |
[INFO] [stdout] 373 |                 copy(p.add(self.gap), pt, 1);
[INFO] [stdout]     |                 ^^^^ ambiguous name
[INFO] [stdout]     |
[INFO] [stdout]     = note: ambiguous because of multiple glob imports of a name in the same module
[INFO] [stdout] note: `copy` could refer to the function imported here
[INFO] [stdout]    --> /opt/rustwide/cargo-home/registry/src/index.crates.io-6f17d22bba15001f/gapbuf-0.1.3/src/gap_buffer.rs:8:5
[INFO] [stdout]     |
[INFO] [stdout] 8   | use std::mem::*;
[INFO] [stdout]     |     ^^^^^^^^^^^
[INFO] [stdout]     = help: consider adding an explicit import of `copy` to disambiguate
[INFO] [stdout] note: `copy` could also refer to the function imported here
[INFO] [stdout]    --> /opt/rustwide/cargo-home/registry/src/index.crates.io-6f17d22bba15001f/gapbuf-0.1.3/src/gap_buffer.rs:11:5
[INFO] [stdout]     |
[INFO] [stdout] 11  | use std::ptr::*;
[INFO] [stdout]     |     ^^^^^^^^^^^
[INFO] [stdout]     = help: consider adding an explicit import of `copy` to disambiguate
[INFO] [stdout] 
[INFO] [stdout] 
[INFO] [stdout] error[E0659]: `copy` is ambiguous
[INFO] [stdout]    --> /opt/rustwide/cargo-home/registry/src/index.crates.io-6f17d22bba15001f/gapbuf-0.1.3/src/gap_buffer.rs:379:17
[INFO] [stdout]     |
[INFO] [stdout] 379 |                 copy(p.add(self.gap + gap_len), pt, 1);
[INFO] [stdout]     |                 ^^^^ ambiguous name
[INFO] [stdout]     |
[INFO] [stdout]     = note: ambiguous because of multiple glob imports of a name in the same module
[INFO] [stdout] note: `copy` could refer to the function imported here
[INFO] [stdout]    --> /opt/rustwide/cargo-home/registry/src/index.crates.io-6f17d22bba15001f/gapbuf-0.1.3/src/gap_buffer.rs:8:5
[INFO] [stdout]     |
[INFO] [stdout] 8   | use std::mem::*;
[INFO] [stdout]     |     ^^^^^^^^^^^
[INFO] [stdout]     = help: consider adding an explicit import of `copy` to disambiguate
[INFO] [stdout] note: `copy` could also refer to the function imported here
[INFO] [stdout]    --> /opt/rustwide/cargo-home/registry/src/index.crates.io-6f17d22bba15001f/gapbuf-0.1.3/src/gap_buffer.rs:11:5
[INFO] [stdout]     |
[INFO] [stdout] 11  | use std::ptr::*;
[INFO] [stdout]     |     ^^^^^^^^^^^
[INFO] [stdout]     = help: consider adding an explicit import of `copy` to disambiguate
[INFO] [stdout] 
[INFO] [stdout] 
[INFO] [stdout] error[E0658]: use of unstable library feature 'mem_copy_fn'
[INFO] [stdout]    --> /opt/rustwide/cargo-home/registry/src/index.crates.io-6f17d22bba15001f/gapbuf-0.1.3/src/gap_buffer.rs:188:13
[INFO] [stdout]     |
[INFO] [stdout] 188 |             copy(p.add(old_cap - count), p.add(new_cap - count), count);
[INFO] [stdout]     |             ^^^^
[INFO] [stdout]     |
[INFO] [stdout]     = note: see issue #98262 <https://github.com/rust-lang/rust/issues/98262> for more information
[INFO] [stdout] 
[INFO] [stdout] 
[INFO] [stdout] error[E0658]: use of unstable library feature 'mem_copy_fn'
[INFO] [stdout]    --> /opt/rustwide/cargo-home/registry/src/index.crates.io-6f17d22bba15001f/gapbuf-0.1.3/src/gap_buffer.rs:238:13
[INFO] [stdout]     |
[INFO] [stdout] 238 |             copy(p.add(src), p.add(dest), count);
[INFO] [stdout]     |             ^^^^
[INFO] [stdout]     |
[INFO] [stdout]     = note: see issue #98262 <https://github.com/rust-lang/rust/issues/98262> for more information
[INFO] [stdout] 
[INFO] [stdout] 
[INFO] [stdout] error[E0658]: use of unstable library feature 'mem_copy_fn'
[INFO] [stdout]    --> /opt/rustwide/cargo-home/registry/src/index.crates.io-6f17d22bba15001f/gapbuf-0.1.3/src/gap_buffer.rs:373:17
[INFO] [stdout]     |
[INFO] [stdout] 373 |                 copy(p.add(self.gap), pt, 1);
[INFO] [stdout]     |                 ^^^^
[INFO] [stdout]     |
[INFO] [stdout]     = note: see issue #98262 <https://github.com/rust-lang/rust/issues/98262> for more information
[INFO] [stdout] 
[INFO] [stdout] 
[INFO] [stdout] error[E0658]: use of unstable library feature 'mem_copy_fn'
[INFO] [stdout]    --> /opt/rustwide/cargo-home/registry/src/index.crates.io-6f17d22bba15001f/gapbuf-0.1.3/src/gap_buffer.rs:379:17
[INFO] [stdout]     |
[INFO] [stdout] 379 |                 copy(p.add(self.gap + gap_len), pt, 1);
[INFO] [stdout]     |                 ^^^^
[INFO] [stdout]     |
[INFO] [stdout]     = note: see issue #98262 <https://github.com/rust-lang/rust/issues/98262> for more information
[INFO] [stdout] 
[INFO] [stdout] 
[INFO] [stdout] error[E0061]: this function takes 1 argument but 3 arguments were supplied
[INFO] [stdout]    --> /opt/rustwide/cargo-home/registry/src/index.crates.io-6f17d22bba15001f/gapbuf-0.1.3/src/gap_buffer.rs:188:13
[INFO] [stdout]     |
[INFO] [stdout] 188 |             copy(p.add(old_cap - count), p.add(new_cap - count), count);
[INFO] [stdout]     |             ^^^^                         ----------------------  ----- unexpected argument of type `usize`
[INFO] [stdout]     |                                          |
[INFO] [stdout]     |                                          unexpected argument of type `*mut T`
[INFO] [stdout]     |
[INFO] [stdout] note: expected `&_`, found `*mut T`
[INFO] [stdout]    --> /opt/rustwide/cargo-home/registry/src/index.crates.io-6f17d22bba15001f/gapbuf-0.1.3/src/gap_buffer.rs:188:18
[INFO] [stdout]     |
[INFO] [stdout] 188 |             copy(p.add(old_cap - count), p.add(new_cap - count), count);
[INFO] [stdout]     |                  ^^^^^^^^^^^^^^^^^^^^^^
[INFO] [stdout]     = note: expected reference `&_`
[INFO] [stdout]              found raw pointer `*mut T`
[INFO] [stdout] note: function defined here
[INFO] [stdout]    --> /rustc/82e1608dfa6e0b5569232559e3d385fea5a93112/library/core/src/mem/mod.rs:1012:14
[INFO] [stdout] help: consider borrowing here
[INFO] [stdout]     |
[INFO] [stdout] 188 |             copy(&p.add(old_cap - count), p.add(new_cap - count), count);
[INFO] [stdout]     |                  +
[INFO] [stdout] help: remove the extra arguments
[INFO] [stdout]     |
[INFO] [stdout] 188 -             copy(p.add(old_cap - count), p.add(new_cap - count), count);
[INFO] [stdout] 188 +             copy(/* x */);
[INFO] [stdout]     |
[INFO] [stdout] 
[INFO] [stdout] 
[INFO] [stdout] error[E0061]: this function takes 1 argument but 3 arguments were supplied
[INFO] [stdout]    --> /opt/rustwide/cargo-home/registry/src/index.crates.io-6f17d22bba15001f/gapbuf-0.1.3/src/gap_buffer.rs:238:13
[INFO] [stdout]     |
[INFO] [stdout] 238 |             copy(p.add(src), p.add(dest), count);
[INFO] [stdout]     |             ^^^^             -----------  ----- unexpected argument of type `usize`
[INFO] [stdout]     |                              |
[INFO] [stdout]     |                              unexpected argument of type `*mut T`
[INFO] [stdout]     |
[INFO] [stdout] note: expected `&_`, found `*mut T`
[INFO] [stdout]    --> /opt/rustwide/cargo-home/registry/src/index.crates.io-6f17d22bba15001f/gapbuf-0.1.3/src/gap_buffer.rs:238:18
[INFO] [stdout]     |
[INFO] [stdout] 238 |             copy(p.add(src), p.add(dest), count);
[INFO] [stdout]     |                  ^^^^^^^^^^
[INFO] [stdout]     = note: expected reference `&_`
[INFO] [stdout]              found raw pointer `*mut T`
[INFO] [stdout] note: function defined here
[INFO] [stdout]    --> /rustc/82e1608dfa6e0b5569232559e3d385fea5a93112/library/core/src/mem/mod.rs:1012:14
[INFO] [stdout] help: consider borrowing here
[INFO] [stdout]     |
[INFO] [stdout] 238 |             copy(&p.add(src), p.add(dest), count);
[INFO] [stdout]     |                  +
[INFO] [stdout] help: remove the extra arguments
[INFO] [stdout]     |
[INFO] [stdout] 238 -             copy(p.add(src), p.add(dest), count);
[INFO] [stdout] 238 +             copy(/* x */);
[INFO] [stdout]     |
[INFO] [stdout] 
[INFO] [stdout] 
[INFO] [stdout] error[E0061]: this function takes 1 argument but 3 arguments were supplied
[INFO] [stdout]    --> /opt/rustwide/cargo-home/registry/src/index.crates.io-6f17d22bba15001f/gapbuf-0.1.3/src/gap_buffer.rs:373:17
[INFO] [stdout]     |
[INFO] [stdout] 373 |                 copy(p.add(self.gap), pt, 1);
[INFO] [stdout]     |                 ^^^^                  --  - unexpected argument of type `{integer}`
[INFO] [stdout]     |                                       |
[INFO] [stdout]     |                                       unexpected argument of type `*mut T`
[INFO] [stdout]     |
[INFO] [stdout] note: expected `&_`, found `*mut T`
[INFO] [stdout]    --> /opt/rustwide/cargo-home/registry/src/index.crates.io-6f17d22bba15001f/gapbuf-0.1.3/src/gap_buffer.rs:373:22
[INFO] [stdout]     |
[INFO] [stdout] 373 |                 copy(p.add(self.gap), pt, 1);
[INFO] [stdout]     |                      ^^^^^^^^^^^^^^^
[INFO] [stdout]     = note: expected reference `&_`
[INFO] [stdout]              found raw pointer `*mut T`
[INFO] [stdout] note: function defined here
[INFO] [stdout]    --> /rustc/82e1608dfa6e0b5569232559e3d385fea5a93112/library/core/src/mem/mod.rs:1012:14
[INFO] [stdout] help: consider borrowing here
[INFO] [stdout]     |
[INFO] [stdout] 373 |                 copy(&p.add(self.gap), pt, 1);
[INFO] [stdout]     |                      +
[INFO] [stdout] help: remove the extra arguments
[INFO] [stdout]     |
[INFO] [stdout] 373 -                 copy(p.add(self.gap), pt, 1);
[INFO] [stdout] 373 +                 copy(/* x */);
[INFO] [stdout]     |
[INFO] [stdout] 
[INFO] [stdout] 
[INFO] [stdout] error[E0061]: this function takes 1 argument but 3 arguments were supplied
[INFO] [stdout]    --> /opt/rustwide/cargo-home/registry/src/index.crates.io-6f17d22bba15001f/gapbuf-0.1.3/src/gap_buffer.rs:379:17
[INFO] [stdout]     |
[INFO] [stdout] 379 |                 copy(p.add(self.gap + gap_len), pt, 1);
[INFO] [stdout]     |                 ^^^^                            --  - unexpected argument of type `{integer}`
[INFO] [stdout]     |                                                 |
[INFO] [stdout]     |                                                 unexpected argument of type `*mut T`
[INFO] [stdout]     |
[INFO] [stdout] note: expected `&_`, found `*mut T`
[INFO] [stdout]    --> /opt/rustwide/cargo-home/registry/src/index.crates.io-6f17d22bba15001f/gapbuf-0.1.3/src/gap_buffer.rs:379:22
[INFO] [stdout]     |
[INFO] [stdout] 379 |                 copy(p.add(self.gap + gap_len), pt, 1);
[INFO] [stdout]     |                      ^^^^^^^^^^^^^^^^^^^^^^^^^
[INFO] [stdout]     = note: expected reference `&_`
[INFO] [stdout]              found raw pointer `*mut T`
[INFO] [stdout] note: function defined here
[INFO] [stdout]    --> /rustc/82e1608dfa6e0b5569232559e3d385fea5a93112/library/core/src/mem/mod.rs:1012:14
[INFO] [stdout] help: consider borrowing here
[INFO] [stdout]     |
[INFO] [stdout] 379 |                 copy(&p.add(self.gap + gap_len), pt, 1);
[INFO] [stdout]     |                      +
[INFO] [stdout] help: remove the extra arguments
[INFO] [stdout]     |
[INFO] [stdout] 379 -                 copy(p.add(self.gap + gap_len), pt, 1);
[INFO] [stdout] 379 +                 copy(/* x */);
[INFO] [stdout]     |
[INFO] [stdout] 
[INFO] [stdout] 
[INFO] [stdout] error: aborting due to 12 previous errors
[INFO] [stdout] 
[INFO] [stdout] 
[INFO] [stdout] Some errors have detailed explanations: E0061, E0658, E0659.
[INFO] [stdout] 
[INFO] [stdout] For more information about an error, try `rustc --explain E0061`.
[INFO] [stdout] 
[INFO] [stderr] error: could not compile `gapbuf` (lib) due to 13 previous errors
[INFO] [stderr] warning: build failed, waiting for other jobs to finish...
[INFO] running `Command { std: "docker" "inspect" "ffd30e1e27d30a8b36d9afe7dcc0a50feb63dcb9890a898ce280f3f3bf3c4205", kill_on_drop: false }`
[INFO] running `Command { std: "docker" "rm" "-f" "ffd30e1e27d30a8b36d9afe7dcc0a50feb63dcb9890a898ce280f3f3bf3c4205", kill_on_drop: false }`
[INFO] [stdout] ffd30e1e27d30a8b36d9afe7dcc0a50feb63dcb9890a898ce280f3f3bf3c4205
[INFO] testing EinarBalan/rim against beta-2023-12-22 for beta-1.76-1
[INFO] running `Command { std: "git" "clone" "/workspace/cache/git-repos/https%3A%2F%2Fgithub.com%2FEinarBalan%2Frim" "/workspace/builds/worker-7-tc2/source", kill_on_drop: false }`
[INFO] [stderr] Cloning into '/workspace/builds/worker-7-tc2/source'...
[INFO] [stderr] done.
[INFO] validating manifest of git repo https://github.com/EinarBalan/rim on toolchain beta-2023-12-22
[INFO] running `Command { std: CARGO_HOME="/workspace/cargo-home" RUSTUP_HOME="/workspace/rustup-home" "/workspace/cargo-home/bin/cargo" "+beta-2023-12-22" "metadata" "--manifest-path" "Cargo.toml" "--no-deps", kill_on_drop: false }`
[INFO] started tweaking git repo https://github.com/EinarBalan/rim
[INFO] finished tweaking git repo https://github.com/EinarBalan/rim
[INFO] tweaked toml for git repo https://github.com/EinarBalan/rim written to /workspace/builds/worker-7-tc2/source/Cargo.toml
[INFO] crate git repo https://github.com/EinarBalan/rim already has a lockfile, it will not be regenerated
[INFO] running `Command { std: CARGO_HOME="/workspace/cargo-home" RUSTUP_HOME="/workspace/rustup-home" "/workspace/cargo-home/bin/cargo" "+beta-2023-12-22" "fetch" "--manifest-path" "Cargo.toml", kill_on_drop: false }`
[INFO] running `Command { std: "docker" "create" "-v" "/var/lib/crater-agent-workspace/builds/worker-7-tc2/target:/opt/rustwide/target:rw,Z" "-v" "/var/lib/crater-agent-workspace/builds/worker-7-tc2/source:/opt/rustwide/workdir:ro,Z" "-v" "/var/lib/crater-agent-workspace/cargo-home:/opt/rustwide/cargo-home:ro,Z" "-v" "/var/lib/crater-agent-workspace/rustup-home:/opt/rustwide/rustup-home:ro,Z" "-e" "SOURCE_DIR=/opt/rustwide/workdir" "-e" "CARGO_TARGET_DIR=/opt/rustwide/target" "-e" "CARGO_HOME=/opt/rustwide/cargo-home" "-e" "RUSTUP_HOME=/opt/rustwide/rustup-home" "-w" "/opt/rustwide/workdir" "-m" "1610612736" "--user" "0:0" "--network" "none" "ghcr.io/rust-lang/crates-build-env/linux@sha256:2788e3201cd34a07e3172128adcd8b3090168a8e3bcc40d7c032b9dda1df7d1c" "/opt/rustwide/cargo-home/bin/cargo" "+beta-2023-12-22" "metadata" "--no-deps" "--format-version=1", kill_on_drop: false }`
[INFO] [stdout] 7a19996ce55a2c39fde7c60f6477d35a47b27f2339e0e69582baf8962c8cb232
[INFO] running `Command { std: "docker" "start" "-a" "7a19996ce55a2c39fde7c60f6477d35a47b27f2339e0e69582baf8962c8cb232", kill_on_drop: false }`
[INFO] running `Command { std: "docker" "inspect" "7a19996ce55a2c39fde7c60f6477d35a47b27f2339e0e69582baf8962c8cb232", kill_on_drop: false }`
[INFO] running `Command { std: "docker" "rm" "-f" "7a19996ce55a2c39fde7c60f6477d35a47b27f2339e0e69582baf8962c8cb232", kill_on_drop: false }`
[INFO] [stdout] 7a19996ce55a2c39fde7c60f6477d35a47b27f2339e0e69582baf8962c8cb232
[INFO] running `Command { std: "docker" "create" "-v" "/var/lib/crater-agent-workspace/builds/worker-7-tc2/target:/opt/rustwide/target:rw,Z" "-v" "/var/lib/crater-agent-workspace/builds/worker-7-tc2/source:/opt/rustwide/workdir:ro,Z" "-v" "/var/lib/crater-agent-workspace/cargo-home:/opt/rustwide/cargo-home:ro,Z" "-v" "/var/lib/crater-agent-workspace/rustup-home:/opt/rustwide/rustup-home:ro,Z" "-e" "SOURCE_DIR=/opt/rustwide/workdir" "-e" "CARGO_TARGET_DIR=/opt/rustwide/target" "-e" "CARGO_INCREMENTAL=0" "-e" "RUST_BACKTRACE=full" "-e" "RUSTFLAGS=--cap-lints=warn" "-e" "RUSTDOCFLAGS=--cap-lints=warn" "-e" "CARGO_HOME=/opt/rustwide/cargo-home" "-e" "RUSTUP_HOME=/opt/rustwide/rustup-home" "-w" "/opt/rustwide/workdir" "-m" "1610612736" "--user" "0:0" "--network" "none" "ghcr.io/rust-lang/crates-build-env/linux@sha256:2788e3201cd34a07e3172128adcd8b3090168a8e3bcc40d7c032b9dda1df7d1c" "/opt/rustwide/cargo-home/bin/cargo" "+beta-2023-12-22" "build" "--frozen" "--message-format=json", kill_on_drop: false }`
[INFO] [stdout] 64e324b100d29d2f19ed3a9577cc1893ba2c79d8b3a09d3251da8f7f602c3034
[INFO] running `Command { std: "docker" "start" "-a" "64e324b100d29d2f19ed3a9577cc1893ba2c79d8b3a09d3251da8f7f602c3034", kill_on_drop: false }`
[INFO] [stderr]    Compiling libc v0.2.126
[INFO] [stderr]    Compiling signal-hook v0.3.14
[INFO] [stderr]    Compiling parking_lot_core v0.9.3
[INFO] [stderr]    Compiling smallvec v1.9.0
[INFO] [stderr]    Compiling gapbuf v0.1.3
[INFO] [stderr]    Compiling lock_api v0.4.7
[INFO] [stdout] error[E0659]: `copy` is ambiguous
[INFO] [stdout]    --> /opt/rustwide/cargo-home/registry/src/index.crates.io-6f17d22bba15001f/gapbuf-0.1.3/src/gap_buffer.rs:188:13
[INFO] [stdout]     |
[INFO] [stdout] 188 |             copy(p.add(old_cap - count), p.add(new_cap - count), count);
[INFO] [stdout]     |             ^^^^ ambiguous name
[INFO] [stdout]     |
[INFO] [stdout]     = note: ambiguous because of multiple glob imports of a name in the same module
[INFO] [stdout] note: `copy` could refer to the function imported here
[INFO] [stdout]    --> /opt/rustwide/cargo-home/registry/src/index.crates.io-6f17d22bba15001f/gapbuf-0.1.3/src/gap_buffer.rs:8:5
[INFO] [stdout]     |
[INFO] [stdout] 8   | use std::mem::*;
[INFO] [stdout]     |     ^^^^^^^^^^^
[INFO] [stdout]     = help: consider adding an explicit import of `copy` to disambiguate
[INFO] [stdout] note: `copy` could also refer to the function imported here
[INFO] [stdout]    --> /opt/rustwide/cargo-home/registry/src/index.crates.io-6f17d22bba15001f/gapbuf-0.1.3/src/gap_buffer.rs:11:5
[INFO] [stdout]     |
[INFO] [stdout] 11  | use std::ptr::*;
[INFO] [stdout]     |     ^^^^^^^^^^^
[INFO] [stdout]     = help: consider adding an explicit import of `copy` to disambiguate
[INFO] [stdout] 
[INFO] [stdout] 
[INFO] [stdout] error[E0659]: `copy` is ambiguous
[INFO] [stdout]    --> /opt/rustwide/cargo-home/registry/src/index.crates.io-6f17d22bba15001f/gapbuf-0.1.3/src/gap_buffer.rs:238:13
[INFO] [stdout]     |
[INFO] [stdout] 238 |             copy(p.add(src), p.add(dest), count);
[INFO] [stdout]     |             ^^^^ ambiguous name
[INFO] [stdout]     |
[INFO] [stdout]     = note: ambiguous because of multiple glob imports of a name in the same module
[INFO] [stdout] note: `copy` could refer to the function imported here
[INFO] [stdout]    --> /opt/rustwide/cargo-home/registry/src/index.crates.io-6f17d22bba15001f/gapbuf-0.1.3/src/gap_buffer.rs:8:5
[INFO] [stdout]     |
[INFO] [stdout] 8   | use std::mem::*;
[INFO] [stdout]     |     ^^^^^^^^^^^
[INFO] [stdout]     = help: consider adding an explicit import of `copy` to disambiguate
[INFO] [stdout] note: `copy` could also refer to the function imported here
[INFO] [stdout]    --> /opt/rustwide/cargo-home/registry/src/index.crates.io-6f17d22bba15001f/gapbuf-0.1.3/src/gap_buffer.rs:11:5
[INFO] [stdout]     |
[INFO] [stdout] 11  | use std::ptr::*;
[INFO] [stdout]     |     ^^^^^^^^^^^
[INFO] [stdout]     = help: consider adding an explicit import of `copy` to disambiguate
[INFO] [stdout] 
[INFO] [stdout] 
[INFO] [stdout] error[E0659]: `copy` is ambiguous
[INFO] [stdout]    --> /opt/rustwide/cargo-home/registry/src/index.crates.io-6f17d22bba15001f/gapbuf-0.1.3/src/gap_buffer.rs:373:17
[INFO] [stdout]     |
[INFO] [stdout] 373 |                 copy(p.add(self.gap), pt, 1);
[INFO] [stdout]     |                 ^^^^ ambiguous name
[INFO] [stdout]     |
[INFO] [stdout]     = note: ambiguous because of multiple glob imports of a name in the same module
[INFO] [stdout] note: `copy` could refer to the function imported here
[INFO] [stdout]    --> /opt/rustwide/cargo-home/registry/src/index.crates.io-6f17d22bba15001f/gapbuf-0.1.3/src/gap_buffer.rs:8:5
[INFO] [stdout]     |
[INFO] [stdout] 8   | use std::mem::*;
[INFO] [stdout]     |     ^^^^^^^^^^^
[INFO] [stdout]     = help: consider adding an explicit import of `copy` to disambiguate
[INFO] [stdout] note: `copy` could also refer to the function imported here
[INFO] [stdout]    --> /opt/rustwide/cargo-home/registry/src/index.crates.io-6f17d22bba15001f/gapbuf-0.1.3/src/gap_buffer.rs:11:5
[INFO] [stdout]     |
[INFO] [stdout] 11  | use std::ptr::*;
[INFO] [stdout]     |     ^^^^^^^^^^^
[INFO] [stdout]     = help: consider adding an explicit import of `copy` to disambiguate
[INFO] [stdout] 
[INFO] [stdout] 
[INFO] [stdout] error[E0659]: `copy` is ambiguous
[INFO] [stdout]    --> /opt/rustwide/cargo-home/registry/src/index.crates.io-6f17d22bba15001f/gapbuf-0.1.3/src/gap_buffer.rs:379:17
[INFO] [stdout]     |
[INFO] [stdout] 379 |                 copy(p.add(self.gap + gap_len), pt, 1);
[INFO] [stdout]     |                 ^^^^ ambiguous name
[INFO] [stdout]     |
[INFO] [stdout]     = note: ambiguous because of multiple glob imports of a name in the same module
[INFO] [stdout] note: `copy` could refer to the function imported here
[INFO] [stdout]    --> /opt/rustwide/cargo-home/registry/src/index.crates.io-6f17d22bba15001f/gapbuf-0.1.3/src/gap_buffer.rs:8:5
[INFO] [stdout]     |
[INFO] [stdout] 8   | use std::mem::*;
[INFO] [stdout]     |     ^^^^^^^^^^^
[INFO] [stdout]     = help: consider adding an explicit import of `copy` to disambiguate
[INFO] [stdout] note: `copy` could also refer to the function imported here
[INFO] [stdout]    --> /opt/rustwide/cargo-home/registry/src/index.crates.io-6f17d22bba15001f/gapbuf-0.1.3/src/gap_buffer.rs:11:5
[INFO] [stdout]     |
[INFO] [stdout] 11  | use std::ptr::*;
[INFO] [stdout]     |     ^^^^^^^^^^^
[INFO] [stdout]     = help: consider adding an explicit import of `copy` to disambiguate
[INFO] [stdout] 
[INFO] [stdout] 
[INFO] [stdout] error[E0658]: use of unstable library feature 'mem_copy_fn'
[INFO] [stdout]    --> /opt/rustwide/cargo-home/registry/src/index.crates.io-6f17d22bba15001f/gapbuf-0.1.3/src/gap_buffer.rs:188:13
[INFO] [stdout]     |
[INFO] [stdout] 188 |             copy(p.add(old_cap - count), p.add(new_cap - count), count);
[INFO] [stdout]     |             ^^^^
[INFO] [stdout]     |
[INFO] [stdout]     = note: see issue #98262 <https://github.com/rust-lang/rust/issues/98262> for more information
[INFO] [stdout] 
[INFO] [stdout] 
[INFO] [stdout] error[E0658]: use of unstable library feature 'mem_copy_fn'
[INFO] [stdout]    --> /opt/rustwide/cargo-home/registry/src/index.crates.io-6f17d22bba15001f/gapbuf-0.1.3/src/gap_buffer.rs:238:13
[INFO] [stdout]     |
[INFO] [stdout] 238 |             copy(p.add(src), p.add(dest), count);
[INFO] [stdout]     |             ^^^^
[INFO] [stdout]     |
[INFO] [stdout]     = note: see issue #98262 <https://github.com/rust-lang/rust/issues/98262> for more information
[INFO] [stdout] 
[INFO] [stdout] 
[INFO] [stdout] error[E0658]: use of unstable library feature 'mem_copy_fn'
[INFO] [stdout]    --> /opt/rustwide/cargo-home/registry/src/index.crates.io-6f17d22bba15001f/gapbuf-0.1.3/src/gap_buffer.rs:373:17
[INFO] [stdout]     |
[INFO] [stdout] 373 |                 copy(p.add(self.gap), pt, 1);
[INFO] [stdout]     |                 ^^^^
[INFO] [stdout]     |
[INFO] [stdout]     = note: see issue #98262 <https://github.com/rust-lang/rust/issues/98262> for more information
[INFO] [stdout] 
[INFO] [stdout] 
[INFO] [stdout] error[E0658]: use of unstable library feature 'mem_copy_fn'
[INFO] [stdout]    --> /opt/rustwide/cargo-home/registry/src/index.crates.io-6f17d22bba15001f/gapbuf-0.1.3/src/gap_buffer.rs:379:17
[INFO] [stdout]     |
[INFO] [stdout] 379 |                 copy(p.add(self.gap + gap_len), pt, 1);
[INFO] [stdout]     |                 ^^^^
[INFO] [stdout]     |
[INFO] [stdout]     = note: see issue #98262 <https://github.com/rust-lang/rust/issues/98262> for more information
[INFO] [stdout] 
[INFO] [stdout] 
[INFO] [stdout] error[E0061]: this function takes 1 argument but 3 arguments were supplied
[INFO] [stdout]    --> /opt/rustwide/cargo-home/registry/src/index.crates.io-6f17d22bba15001f/gapbuf-0.1.3/src/gap_buffer.rs:188:13
[INFO] [stdout]     |
[INFO] [stdout] 188 |             copy(p.add(old_cap - count), p.add(new_cap - count), count);
[INFO] [stdout]     |             ^^^^                         ----------------------  ----- unexpected argument of type `usize`
[INFO] [stdout]     |                                          |
[INFO] [stdout]     |                                          unexpected argument of type `*mut T`
[INFO] [stdout]     |
[INFO] [stdout] note: expected `&_`, found `*mut T`
[INFO] [stdout]    --> /opt/rustwide/cargo-home/registry/src/index.crates.io-6f17d22bba15001f/gapbuf-0.1.3/src/gap_buffer.rs:188:18
[INFO] [stdout]     |
[INFO] [stdout] 188 |             copy(p.add(old_cap - count), p.add(new_cap - count), count);
[INFO] [stdout]     |                  ^^^^^^^^^^^^^^^^^^^^^^
[INFO] [stdout]     = note: expected reference `&_`
[INFO] [stdout]              found raw pointer `*mut T`
[INFO] [stdout] note: function defined here
[INFO] [stdout]    --> /rustc/0e09125c6c3c2fd70d7de961bcf0e51575235fad/library/core/src/mem/mod.rs:1012:14
[INFO] [stdout] help: consider borrowing here
[INFO] [stdout]     |
[INFO] [stdout] 188 |             copy(&p.add(old_cap - count), p.add(new_cap - count), count);
[INFO] [stdout]     |                  +
[INFO] [stdout] help: remove the extra arguments
[INFO] [stdout]     |
[INFO] [stdout] 188 -             copy(p.add(old_cap - count), p.add(new_cap - count), count);
[INFO] [stdout] 188 +             copy(/* x */);
[INFO] [stdout]     |
[INFO] [stdout] 
[INFO] [stdout] 
[INFO] [stdout] error[E0061]: this function takes 1 argument but 3 arguments were supplied
[INFO] [stdout]    --> /opt/rustwide/cargo-home/registry/src/index.crates.io-6f17d22bba15001f/gapbuf-0.1.3/src/gap_buffer.rs:238:13
[INFO] [stdout]     |
[INFO] [stdout] 238 |             copy(p.add(src), p.add(dest), count);
[INFO] [stdout]     |             ^^^^             -----------  ----- unexpected argument of type `usize`
[INFO] [stdout]     |                              |
[INFO] [stdout]     |                              unexpected argument of type `*mut T`
[INFO] [stdout]     |
[INFO] [stdout] note: expected `&_`, found `*mut T`
[INFO] [stdout]    --> /opt/rustwide/cargo-home/registry/src/index.crates.io-6f17d22bba15001f/gapbuf-0.1.3/src/gap_buffer.rs:238:18
[INFO] [stdout]     |
[INFO] [stdout] 238 |             copy(p.add(src), p.add(dest), count);
[INFO] [stdout]     |                  ^^^^^^^^^^
[INFO] [stdout]     = note: expected reference `&_`
[INFO] [stdout]              found raw pointer `*mut T`
[INFO] [stdout] note: function defined here
[INFO] [stdout]    --> /rustc/0e09125c6c3c2fd70d7de961bcf0e51575235fad/library/core/src/mem/mod.rs:1012:14
[INFO] [stdout] help: consider borrowing here
[INFO] [stdout]     |
[INFO] [stdout] 238 |             copy(&p.add(src), p.add(dest), count);
[INFO] [stdout]     |                  +
[INFO] [stdout] help: remove the extra arguments
[INFO] [stdout]     |
[INFO] [stdout] 238 -             copy(p.add(src), p.add(dest), count);
[INFO] [stdout] 238 +             copy(/* x */);
[INFO] [stdout]     |
[INFO] [stdout] 
[INFO] [stdout] 
[INFO] [stdout] error[E0061]: this function takes 1 argument but 3 arguments were supplied
[INFO] [stdout]    --> /opt/rustwide/cargo-home/registry/src/index.crates.io-6f17d22bba15001f/gapbuf-0.1.3/src/gap_buffer.rs:373:17
[INFO] [stdout]     |
[INFO] [stdout] 373 |                 copy(p.add(self.gap), pt, 1);
[INFO] [stdout]     |                 ^^^^                  --  - unexpected argument of type `{integer}`
[INFO] [stdout]     |                                       |
[INFO] [stdout]     |                                       unexpected argument of type `*mut T`
[INFO] [stdout]     |
[INFO] [stdout] note: expected `&_`, found `*mut T`
[INFO] [stdout]    --> /opt/rustwide/cargo-home/registry/src/index.crates.io-6f17d22bba15001f/gapbuf-0.1.3/src/gap_buffer.rs:373:22
[INFO] [stdout]     |
[INFO] [stdout] 373 |                 copy(p.add(self.gap), pt, 1);
[INFO] [stdout]     |                      ^^^^^^^^^^^^^^^
[INFO] [stdout]     = note: expected reference `&_`
[INFO] [stdout]              found raw pointer `*mut T`
[INFO] [stdout] note: function defined here
[INFO] [stdout]    --> /rustc/0e09125c6c3c2fd70d7de961bcf0e51575235fad/library/core/src/mem/mod.rs:1012:14
[INFO] [stdout] help: consider borrowing here
[INFO] [stdout]     |
[INFO] [stdout] 373 |                 copy(&p.add(self.gap), pt, 1);
[INFO] [stdout]     |                      +
[INFO] [stdout] help: remove the extra arguments
[INFO] [stdout]     |
[INFO] [stdout] 373 -                 copy(p.add(self.gap), pt, 1);
[INFO] [stdout] 373 +                 copy(/* x */);
[INFO] [stdout]     |
[INFO] [stdout] 
[INFO] [stdout] 
[INFO] [stdout] error[E0061]: this function takes 1 argument but 3 arguments were supplied
[INFO] [stdout]    --> /opt/rustwide/cargo-home/registry/src/index.crates.io-6f17d22bba15001f/gapbuf-0.1.3/src/gap_buffer.rs:379:17
[INFO] [stdout]     |
[INFO] [stdout] 379 |                 copy(p.add(self.gap + gap_len), pt, 1);
[INFO] [stdout]     |                 ^^^^                            --  - unexpected argument of type `{integer}`
[INFO] [stdout]     |                                                 |
[INFO] [stdout]     |                                                 unexpected argument of type `*mut T`
[INFO] [stdout]     |
[INFO] [stdout] note: expected `&_`, found `*mut T`
[INFO] [stdout]    --> /opt/rustwide/cargo-home/registry/src/index.crates.io-6f17d22bba15001f/gapbuf-0.1.3/src/gap_buffer.rs:379:22
[INFO] [stdout]     |
[INFO] [stdout] 379 |                 copy(p.add(self.gap + gap_len), pt, 1);
[INFO] [stdout]     |                      ^^^^^^^^^^^^^^^^^^^^^^^^^
[INFO] [stdout]     = note: expected reference `&_`
[INFO] [stdout]              found raw pointer `*mut T`
[INFO] [stdout] note: function defined here
[INFO] [stdout]    --> /rustc/0e09125c6c3c2fd70d7de961bcf0e51575235fad/library/core/src/mem/mod.rs:1012:14
[INFO] [stdout] help: consider borrowing here
[INFO] [stdout]     |
[INFO] [stdout] 379 |                 copy(&p.add(self.gap + gap_len), pt, 1);
[INFO] [stdout]     |                      +
[INFO] [stdout] help: remove the extra arguments
[INFO] [stdout]     |
[INFO] [stdout] 379 -                 copy(p.add(self.gap + gap_len), pt, 1);
[INFO] [stdout] 379 +                 copy(/* x */);
[INFO] [stdout]     |
[INFO] [stdout] 
[INFO] [stdout] 
[INFO] [stdout] error: aborting due to 12 previous errors
[INFO] [stdout] 
[INFO] [stdout] 
[INFO] [stdout] Some errors have detailed explanations: E0061, E0658, E0659.
[INFO] [stdout] 
[INFO] [stdout] For more information about an error, try `rustc --explain E0061`.
[INFO] [stdout] 
[INFO] [stderr] error: could not compile `gapbuf` (lib) due to 13 previous errors
[INFO] [stderr] warning: build failed, waiting for other jobs to finish...
[INFO] running `Command { std: "docker" "inspect" "64e324b100d29d2f19ed3a9577cc1893ba2c79d8b3a09d3251da8f7f602c3034", kill_on_drop: false }`
[INFO] running `Command { std: "docker" "rm" "-f" "64e324b100d29d2f19ed3a9577cc1893ba2c79d8b3a09d3251da8f7f602c3034", kill_on_drop: false }`
[INFO] [stdout] 64e324b100d29d2f19ed3a9577cc1893ba2c79d8b3a09d3251da8f7f602c3034
