[INFO] cloning repository https://github.com/EdgelessPE/ept
[INFO] running `Command { std: "git" "-c" "credential.helper=" "-c" "credential.helper=/workspace/cargo-home/bin/git-credential-null" "clone" "--bare" "https://github.com/EdgelessPE/ept" "/workspace/cache/git-repos/https%3A%2F%2Fgithub.com%2FEdgelessPE%2Fept", kill_on_drop: false }`
[INFO] [stderr] Cloning into bare repository '/workspace/cache/git-repos/https%3A%2F%2Fgithub.com%2FEdgelessPE%2Fept'...
[INFO] running `Command { std: "git" "rev-parse" "HEAD", kill_on_drop: false }`
[INFO] [stdout] 392a5540c393d9d0f90043eea5f1a2662bd6c5d6
[INFO] testing EdgelessPE/ept against 1.75.0 for beta-1.76-1
[INFO] running `Command { std: "git" "clone" "/workspace/cache/git-repos/https%3A%2F%2Fgithub.com%2FEdgelessPE%2Fept" "/workspace/builds/worker-4-tc1/source", kill_on_drop: false }`
[INFO] [stderr] Cloning into '/workspace/builds/worker-4-tc1/source'...
[INFO] [stderr] done.
[INFO] validating manifest of git repo https://github.com/EdgelessPE/ept on toolchain 1.75.0
[INFO] running `Command { std: CARGO_HOME="/workspace/cargo-home" RUSTUP_HOME="/workspace/rustup-home" "/workspace/cargo-home/bin/cargo" "+1.75.0" "metadata" "--manifest-path" "Cargo.toml" "--no-deps", kill_on_drop: false }`
[INFO] started tweaking git repo https://github.com/EdgelessPE/ept
[INFO] finished tweaking git repo https://github.com/EdgelessPE/ept
[INFO] tweaked toml for git repo https://github.com/EdgelessPE/ept written to /workspace/builds/worker-4-tc1/source/Cargo.toml
[INFO] crate git repo https://github.com/EdgelessPE/ept already has a lockfile, it will not be regenerated
[INFO] running `Command { std: CARGO_HOME="/workspace/cargo-home" RUSTUP_HOME="/workspace/rustup-home" "/workspace/cargo-home/bin/cargo" "+1.75.0" "fetch" "--manifest-path" "Cargo.toml", kill_on_drop: false }`
[INFO] [stderr]     Updating crates.io index
[INFO] [stderr]  Downloading crates ...
[INFO] [stderr]   Downloaded pelite-macros v0.1.1
[INFO] [stderr]   Downloaded ts-rs v6.2.1
[INFO] [stderr]   Downloaded ts-rs-macros v6.2.0
[INFO] [stderr]   Downloaded notify-rust v4.8.0
[INFO] [stderr]   Downloaded zvariant_derive v3.14.0
[INFO] [stderr]   Downloaded force-delete-win v0.1.0
[INFO] [stderr]   Downloaded cxxbridge-flags v1.0.95
[INFO] [stderr]   Downloaded fd-lock v3.0.12
[INFO] [stderr]   Downloaded constant_time_eq v0.2.5
[INFO] [stderr]   Downloaded cxxbridge-macro v1.0.95
[INFO] [stderr]   Downloaded zbus v3.13.1
[INFO] [stderr]   Downloaded cxx v1.0.95
[INFO] [stderr]   Downloaded pelite v0.10.0
[INFO] [stderr]   Downloaded trash v3.0.2
[INFO] [stderr]   Downloaded mslnk v0.1.8
[INFO] [stderr]   Downloaded cxx-build v1.0.95
[INFO] [stderr]   Downloaded zvariant v3.14.0
[INFO] [stderr]   Downloaded dataview v1.0.1
[INFO] [stderr]   Downloaded zbus_names v2.5.1
[INFO] [stderr]   Downloaded zbus_macros v3.13.1
[INFO] [stderr]   Downloaded derive_pod v0.1.2
[INFO] [stderr]   Downloaded evalexpr v11.0.0
[INFO] [stderr]   Downloaded vc-ltl v5.0.7
[INFO] running `Command { std: "docker" "create" "-v" "/var/lib/crater-agent-workspace/builds/worker-4-tc1/target:/opt/rustwide/target:rw,Z" "-v" "/var/lib/crater-agent-workspace/builds/worker-4-tc1/source:/opt/rustwide/workdir:ro,Z" "-v" "/var/lib/crater-agent-workspace/cargo-home:/opt/rustwide/cargo-home:ro,Z" "-v" "/var/lib/crater-agent-workspace/rustup-home:/opt/rustwide/rustup-home:ro,Z" "-e" "SOURCE_DIR=/opt/rustwide/workdir" "-e" "CARGO_TARGET_DIR=/opt/rustwide/target" "-e" "CARGO_HOME=/opt/rustwide/cargo-home" "-e" "RUSTUP_HOME=/opt/rustwide/rustup-home" "-w" "/opt/rustwide/workdir" "-m" "1610612736" "--user" "0:0" "--network" "none" "ghcr.io/rust-lang/crates-build-env/linux@sha256:2788e3201cd34a07e3172128adcd8b3090168a8e3bcc40d7c032b9dda1df7d1c" "/opt/rustwide/cargo-home/bin/cargo" "+1.75.0" "metadata" "--no-deps" "--format-version=1", kill_on_drop: false }`
[INFO] [stdout] c94d07928bdb270e3e3e585481a9ec3b1adbda3c39aa2a952a8593c5701c53f5
[INFO] running `Command { std: "docker" "start" "-a" "c94d07928bdb270e3e3e585481a9ec3b1adbda3c39aa2a952a8593c5701c53f5", kill_on_drop: false }`
[INFO] running `Command { std: "docker" "inspect" "c94d07928bdb270e3e3e585481a9ec3b1adbda3c39aa2a952a8593c5701c53f5", kill_on_drop: false }`
[INFO] running `Command { std: "docker" "rm" "-f" "c94d07928bdb270e3e3e585481a9ec3b1adbda3c39aa2a952a8593c5701c53f5", kill_on_drop: false }`
[INFO] [stdout] c94d07928bdb270e3e3e585481a9ec3b1adbda3c39aa2a952a8593c5701c53f5
[INFO] running `Command { std: "docker" "create" "-v" "/var/lib/crater-agent-workspace/builds/worker-4-tc1/target:/opt/rustwide/target:rw,Z" "-v" "/var/lib/crater-agent-workspace/builds/worker-4-tc1/source:/opt/rustwide/workdir:ro,Z" "-v" "/var/lib/crater-agent-workspace/cargo-home:/opt/rustwide/cargo-home:ro,Z" "-v" "/var/lib/crater-agent-workspace/rustup-home:/opt/rustwide/rustup-home:ro,Z" "-e" "SOURCE_DIR=/opt/rustwide/workdir" "-e" "CARGO_TARGET_DIR=/opt/rustwide/target" "-e" "CARGO_INCREMENTAL=0" "-e" "RUST_BACKTRACE=full" "-e" "RUSTFLAGS=--cap-lints=warn" "-e" "RUSTDOCFLAGS=--cap-lints=warn" "-e" "CARGO_HOME=/opt/rustwide/cargo-home" "-e" "RUSTUP_HOME=/opt/rustwide/rustup-home" "-w" "/opt/rustwide/workdir" "-m" "1610612736" "--user" "0:0" "--network" "none" "ghcr.io/rust-lang/crates-build-env/linux@sha256:2788e3201cd34a07e3172128adcd8b3090168a8e3bcc40d7c032b9dda1df7d1c" "/opt/rustwide/cargo-home/bin/cargo" "+1.75.0" "build" "--frozen" "--message-format=json", kill_on_drop: false }`
[INFO] [stdout] 0f15d5ee17ecd87e0e8408166e4c54e581695ea2a05310072f14ae1a6691580c
[INFO] running `Command { std: "docker" "start" "-a" "0f15d5ee17ecd87e0e8408166e4c54e581695ea2a05310072f14ae1a6691580c", kill_on_drop: false }`
[INFO] [stderr]    Compiling libc v0.2.144
[INFO] [stderr]    Compiling proc-macro2 v1.0.58
[INFO] [stderr]    Compiling unicode-ident v1.0.8
[INFO] [stderr]    Compiling quote v1.0.27
[INFO] [stderr]    Compiling crossbeam-utils v0.8.15
[INFO] [stderr]    Compiling once_cell v1.17.1
[INFO] [stderr]    Compiling memchr v2.5.0
[INFO] [stderr]    Compiling futures-core v0.3.28
[INFO] [stderr]    Compiling hashbrown v0.12.3
[INFO] [stderr]    Compiling syn v1.0.109
[INFO] [stderr]    Compiling io-lifetimes v1.0.10
[INFO] [stderr]    Compiling rustix v0.37.19
[INFO] [stderr]    Compiling indexmap v1.9.3
[INFO] [stderr]    Compiling linux-raw-sys v0.3.8
[INFO] [stderr]    Compiling typenum v1.16.0
[INFO] [stderr]    Compiling syn v2.0.16
[INFO] [stderr]    Compiling jobserver v0.1.26
[INFO] [stderr]    Compiling version_check v0.9.4
[INFO] [stderr]    Compiling pin-project-lite v0.2.9
[INFO] [stderr]    Compiling log v0.4.17
[INFO] [stderr]    Compiling cc v1.0.79
[INFO] [stderr]    Compiling serde v1.0.163
[INFO] [stderr]    Compiling event-listener v2.5.3
[INFO] [stderr]    Compiling generic-array v0.14.7
[INFO] [stderr]    Compiling memoffset v0.8.0
[INFO] [stderr]    Compiling winnow v0.4.1
[INFO] [stderr]    Compiling toml_datetime v0.6.2
[INFO] [stderr]    Compiling futures-io v0.3.28
[INFO] [stderr]    Compiling concurrent-queue v2.2.0
[INFO] [stderr]    Compiling crossbeam-epoch v0.9.14
[INFO] [stderr]    Compiling slab v0.4.8
[INFO] [stderr]    Compiling termcolor v1.2.0
[INFO] [stderr]    Compiling scopeguard v1.1.0
[INFO] [stderr]    Compiling waker-fn v1.1.0
[INFO] [stderr]    Compiling fastrand v1.9.0
[INFO] [stderr]    Compiling parking v2.1.0
[INFO] [stderr]    Compiling unicode-width v0.1.10
[INFO] [stderr]    Compiling futures-lite v1.13.0
[INFO] [stderr]    Compiling link-cplusplus v1.0.8
[INFO] [stderr]    Compiling getrandom v0.2.9
[INFO] [stderr]    Compiling async-lock v2.7.0
[INFO] [stderr]    Compiling memoffset v0.7.1
[INFO] [stderr]    Compiling encoding_index_tests v0.1.4
[INFO] [stderr]    Compiling static_assertions v1.1.0
[INFO] [stderr]    Compiling scratch v1.0.5
[INFO] [stderr]    Compiling pkg-config v0.3.27
[INFO] [stderr]    Compiling toml_edit v0.19.8
[INFO] [stderr]    Compiling block-buffer v0.10.4
[INFO] [stderr]    Compiling crypto-common v0.1.6
[INFO] [stderr]    Compiling aho-corasick v1.0.1
[INFO] [stderr]    Compiling num-traits v0.2.15
[INFO] [stderr]    Compiling zstd-sys v2.0.8+zstd.1.5.5
[INFO] [stderr]    Compiling polling v2.8.0
[INFO] [stderr]    Compiling utf8parse v0.2.1
[INFO] [stderr]    Compiling futures-task v0.3.28
[INFO] [stderr]    Compiling async-task v4.4.0
[INFO] [stderr]    Compiling rayon-core v1.11.0
[INFO] [stderr]    Compiling tinyvec_macros v0.1.1
[INFO] [stderr]    Compiling regex-syntax v0.7.2
[INFO] [stderr]    Compiling zvariant_utils v1.0.1
[INFO] [stderr]    Compiling subtle v2.5.0
[INFO] [stderr]    Compiling cxxbridge-flags v1.0.95
[INFO] [stderr]    Compiling digest v0.10.7
[INFO] [stderr]    Compiling cxx v1.0.95
[INFO] [stderr]    Compiling tinyvec v1.6.0
[INFO] [stderr]    Compiling crossbeam-deque v0.8.3
[INFO] [stderr]    Compiling rand_core v0.6.4
[INFO] [stderr]    Compiling codespan-reporting v0.11.1
[INFO] [stderr]    Compiling proc-macro-crate v1.3.1
[INFO] [stderr]    Compiling async-channel v1.8.0
[INFO] [stderr]    Compiling num_cpus v1.15.0
[INFO] [stderr]    Compiling crossbeam-channel v0.5.8
[INFO] [stderr]    Compiling num-integer v0.1.45
[INFO] [stderr]    Compiling async-fs v1.6.0
[INFO] [stderr]    Compiling async-io v1.13.0
[INFO] [stderr]    Compiling async-trait v0.1.68
[INFO] [stderr]    Compiling futures-util v0.3.28
[INFO] [stderr]    Compiling atomic-waker v1.1.1
[INFO] [stderr]    Compiling ppv-lite86 v0.2.17
[INFO] [stderr]    Compiling either v1.8.1
[INFO] [stderr]    Compiling regex v1.8.2
[INFO] [stderr]    Compiling blocking v1.3.1
[INFO] [stderr]    Compiling rand_chacha v0.3.1
[INFO] [stderr]    Compiling unicode-normalization v0.1.22
[INFO] [stderr]    Compiling cxx-build v1.0.95
[INFO] [stderr]    Compiling nix v0.26.2
[INFO] [stderr]    Compiling zvariant_derive v3.14.0
[INFO] [stderr]    Compiling serde_derive v1.0.163
[INFO] [stderr]    Compiling enumflags2_derive v0.7.7
[INFO] [stderr]    Compiling tracing-attributes v0.1.24
[INFO] [stderr]    Compiling is-terminal v0.4.7
[INFO] [stderr]    Compiling anstyle-parse v0.2.0
[INFO] [stderr]    Compiling socket2 v0.4.9
[INFO] [stderr]    Compiling tracing-core v0.1.31
[INFO] [stderr]    Compiling thiserror v1.0.40
[INFO] [stderr]    Compiling cpufeatures v0.2.7
[INFO] [stderr]    Compiling rustversion v1.0.14
[INFO] [stderr]    Compiling unicode-bidi v0.3.13
[INFO] [stderr]    Compiling anstyle v1.0.0
[INFO] [stderr]    Compiling futures-sink v0.3.28
[INFO] [stderr]    Compiling smallvec v1.10.0
[INFO] [stderr]    Compiling zstd-safe v6.0.5+zstd.1.5.4
[INFO] [stderr]    Compiling heck v0.4.1
[INFO] [stderr]    Compiling colorchoice v1.0.0
[INFO] [stderr]    Compiling percent-encoding v2.2.0
[INFO] [stderr]    Compiling anstyle-query v1.0.0
[INFO] [stderr]    Compiling form_urlencoded v1.1.0
[INFO] [stderr]    Compiling anstream v0.3.2
[INFO] [stderr]    Compiling nibble_vec v0.1.0
[INFO] [stderr]    Compiling tracing v0.1.37
[INFO] [stderr]    Compiling idna v0.3.0
[INFO] [stderr]    Compiling sha1 v0.10.5
[INFO] [stderr]    Compiling zbus_macros v3.13.1
[INFO] [stderr]    Compiling xdg-home v1.0.0
[INFO] [stderr]    Compiling cxxbridge-macro v1.0.95
[INFO] [stderr]    Compiling force-delete-win v0.1.0
[INFO] [stderr]    Compiling async-recursion v1.0.4
[INFO] [stderr]    Compiling thiserror-impl v1.0.40
[INFO] [stderr]    Compiling serde_repr v0.1.12
[INFO] [stderr]    Compiling derivative v2.2.0
[INFO] [stderr]    Compiling rayon v1.7.0
[INFO] [stderr]    Compiling rand v0.8.5
[INFO] [stderr]    Compiling async-executor v1.5.1
[INFO] [stderr]    Compiling blake3 v1.3.3
[INFO] [stderr]    Compiling time v0.1.45
[INFO] [stderr]    Compiling dirs-sys-next v0.1.2
[INFO] [stderr]    Compiling async-broadcast v0.5.1
[INFO] [stderr]    Compiling ordered-stream v0.2.0
[INFO] [stderr]    Compiling iana-time-zone v0.1.56
[INFO] [stderr]    Compiling hex v0.4.3
[INFO] [stderr]    Compiling serde_json v1.0.96
[INFO] [stderr]    Compiling semver v1.0.17
[INFO] [stderr]    Compiling Inflector v0.11.4
[INFO] [stderr]    Compiling endian-type v0.1.2
[INFO] [stderr]    Compiling strsim v0.10.0
[INFO] [stderr]    Compiling clap_lex v0.5.0
[INFO] [stderr]    Compiling anyhow v1.0.71
[INFO] [stderr]    Compiling ts-rs-macros v6.2.0
[INFO] [stderr]    Compiling radix_trie v0.2.1
[INFO] [stderr]    Compiling clap_builder v4.3.0
[INFO] [stderr]    Compiling chrono v0.4.24
[INFO] [stderr]    Compiling dirs-next v2.0.0
[INFO] [stderr]    Compiling url v2.3.1
[INFO] [stderr]    Compiling clap_derive v4.3.0
[INFO] [stderr]    Compiling fd-lock v3.0.12
[INFO] [stderr]    Compiling encoding-index-japanese v1.20141219.5
[INFO] [stderr]    Compiling enumflags2 v0.7.7
[INFO] [stderr]    Compiling encoding-index-simpchinese v1.20141219.5
[INFO] [stderr]    Compiling encoding-index-singlebyte v1.20141219.5
[INFO] [stderr]    Compiling zvariant v3.14.0
[INFO] [stderr]    Compiling encoding-index-tradchinese v1.20141219.5
[INFO] [stderr]    Compiling encoding-index-korean v1.20141219.5
[INFO] [stderr]    Compiling dirs-sys v0.3.7
[INFO] [stderr]    Compiling nix v0.25.1
[INFO] [stderr]    Compiling filetime v0.2.21
[INFO] [stderr]    Compiling xattr v0.2.3
[INFO] [stderr]    Compiling atty v0.2.14
[INFO] [stderr]    Compiling fsio v0.4.0
[INFO] [stderr]    Compiling arrayvec v0.7.2
[INFO] [stderr]    Compiling unicode-segmentation v1.10.1
[INFO] [stderr]    Compiling ct-codecs v1.1.1
[INFO] [stderr]    Compiling constant_time_eq v0.2.5
[INFO] [stderr]    Compiling windows v0.42.0
[INFO] [stderr]    Compiling itoa v1.0.6
[INFO] [stderr]    Compiling ryu v1.0.13
[INFO] [stderr]    Compiling arrayref v0.3.7
[INFO] [stderr]    Compiling ed25519-compact v2.0.4
[INFO] [stderr]    Compiling envmnt v0.10.4
[INFO] [stderr]    Compiling clap v4.3.0
[INFO] [stderr]    Compiling rustyline v10.1.1
[INFO] [stderr]    Compiling zbus_names v2.5.1
[INFO] [stderr]    Compiling colored v2.0.0
[INFO] [stderr]    Compiling tar v0.4.38
[INFO] [stderr]    Compiling dirs v4.0.0
[INFO] [stderr]    Compiling zbus v3.13.1
[INFO] [stderr]    Compiling encoding v0.2.33
[INFO] [stderr]    Compiling ts-rs v6.2.1
[INFO] [stderr]    Compiling trash v3.0.2
[INFO] [stderr]    Compiling strum_macros v0.25.3
[INFO] [stderr]    Compiling toml v0.5.11
[INFO] [stderr]    Compiling sysinfo v0.28.4
[INFO] [stderr]    Compiling console v0.15.7
[INFO] [stderr]    Compiling which v4.4.0
[INFO] [stderr]    Compiling memmap2 v0.5.10
[INFO] [stderr]    Compiling fs_extra v1.3.0
[INFO] [stderr]    Compiling wildmatch v2.1.1
[INFO] [stderr]    Compiling base64 v0.21.1
[INFO] [stderr]    Compiling shell-words v1.1.0
[INFO] [stderr]    Compiling strum v0.25.0
[INFO] [stderr]    Compiling evalexpr v11.0.0
[INFO] [stderr]    Compiling path-clean v0.1.0
[INFO] [stderr]    Compiling notify-rust v4.8.0
[INFO] [stderr] The following warnings were emitted during compilation:
[INFO] [stderr] 
[INFO] [stderr] warning: force-delete-win@0.1.0: In file included from src/csrc/delete.cpp:1:
[INFO] [stderr] warning: force-delete-win@0.1.0: /opt/rustwide/cargo-home/registry/src/index.crates.io-6f17d22bba15001f/force-delete-win-0.1.0/include/wrapper.h:4:10: fatal error: windows.h: No such file or directory
[INFO] [stderr] warning: force-delete-win@0.1.0:     4 | #include "windows.h"
[INFO] [stderr] warning: force-delete-win@0.1.0:       |          ^~~~~~~~~~~
[INFO] [stderr] warning: force-delete-win@0.1.0: compilation terminated.
[INFO] [stderr] warning: force-delete-win@0.1.0: In file included from /opt/rustwide/target/debug/build/force-delete-win-4c35612ef6049c47/out/cxxbridge/sources/force-delete-win/src/native.rs.cc:1:
[INFO] [stderr] warning: force-delete-win@0.1.0: /opt/rustwide/cargo-home/registry/src/index.crates.io-6f17d22bba15001f/force-delete-win-0.1.0/include/wrapper.h:4:10: fatal error: windows.h: No such file or directory
[INFO] [stderr] warning: force-delete-win@0.1.0:     4 | #include "windows.h"
[INFO] [stderr] warning: force-delete-win@0.1.0:       |          ^~~~~~~~~~~
[INFO] [stderr] warning: force-delete-win@0.1.0: compilation terminated.
[INFO] [stderr] 
[INFO] [stderr] error: failed to run custom build command for `force-delete-win v0.1.0`
[INFO] [stderr] note: To improve backtraces for build dependencies, set the CARGO_PROFILE_DEV_BUILD_OVERRIDE_DEBUG=true environment variable to enable debug information generation.
[INFO] [stderr] 
[INFO] [stderr] Caused by:
[INFO] [stderr]   process didn't exit successfully: `/opt/rustwide/target/debug/build/force-delete-win-7741a148d77a0bc8/build-script-build` (exit status: 1)
[INFO] [stderr]   --- stdout
[INFO] [stderr]   cargo:rerun-if-changed=src/lib.rs
[INFO] [stderr]   cargo:rerun-if-changed=src/native.rs
[INFO] [stderr]   cargo:rerun-if-changed=src/csrc
[INFO] [stderr]   cargo:rerun-if-changed=include/
[INFO] [stderr]   cargo:CXXBRIDGE_PREFIX=force-delete-win
[INFO] [stderr]   cargo:CXXBRIDGE_LINKS=close_file
[INFO] [stderr]   cargo:CXXBRIDGE_DIR0=/opt/rustwide/target/debug/build/force-delete-win-4c35612ef6049c47/out/cxxbridge/include
[INFO] [stderr]   cargo:CXXBRIDGE_DIR1=/opt/rustwide/target/debug/build/force-delete-win-4c35612ef6049c47/out/cxxbridge/crate
[INFO] [stderr]   cargo:CXXBRIDGE_DIR2=/opt/rustwide/cargo-home/registry/src/index.crates.io-6f17d22bba15001f/force-delete-win-0.1.0/include
[INFO] [stderr]   cargo:CXXBRIDGE_DIR3=/opt/rustwide/cargo-home/registry/src/index.crates.io-6f17d22bba15001f/force-delete-win-0.1.0
[INFO] [stderr]   TARGET = Some("x86_64-unknown-linux-gnu")
[INFO] [stderr]   OPT_LEVEL = Some("0")
[INFO] [stderr]   HOST = Some("x86_64-unknown-linux-gnu")
[INFO] [stderr]   cargo:rerun-if-env-changed=CXX_x86_64-unknown-linux-gnu
[INFO] [stderr]   CXX_x86_64-unknown-linux-gnu = None
[INFO] [stderr]   cargo:rerun-if-env-changed=CXX_x86_64_unknown_linux_gnu
[INFO] [stderr]   CXX_x86_64_unknown_linux_gnu = None
[INFO] [stderr]   cargo:rerun-if-env-changed=HOST_CXX
[INFO] [stderr]   HOST_CXX = None
[INFO] [stderr]   cargo:rerun-if-env-changed=CXX
[INFO] [stderr]   CXX = None
[INFO] [stderr]   cargo:rerun-if-env-changed=CXXFLAGS_x86_64-unknown-linux-gnu
[INFO] [stderr]   CXXFLAGS_x86_64-unknown-linux-gnu = None
[INFO] [stderr]   cargo:rerun-if-env-changed=CXXFLAGS_x86_64_unknown_linux_gnu
[INFO] [stderr]   CXXFLAGS_x86_64_unknown_linux_gnu = None
[INFO] [stderr]   cargo:rerun-if-env-changed=HOST_CXXFLAGS
[INFO] [stderr]   HOST_CXXFLAGS = None
[INFO] [stderr]   cargo:rerun-if-env-changed=CXXFLAGS
[INFO] [stderr]   CXXFLAGS = None
[INFO] [stderr]   cargo:rerun-if-env-changed=CRATE_CC_NO_DEFAULTS
[INFO] [stderr]   CRATE_CC_NO_DEFAULTS = None
[INFO] [stderr]   DEBUG = Some("true")
[INFO] [stderr]   CARGO_CFG_TARGET_FEATURE = Some("fxsr,sse,sse2")
[INFO] [stderr]   cargo:rerun-if-env-changed=CXX_x86_64-unknown-linux-gnu
[INFO] [stderr]   CXX_x86_64-unknown-linux-gnu = None
[INFO] [stderr]   cargo:rerun-if-env-changed=CXX_x86_64_unknown_linux_gnu
[INFO] [stderr]   CXX_x86_64_unknown_linux_gnu = None
[INFO] [stderr]   cargo:rerun-if-env-changed=HOST_CXX
[INFO] [stderr]   HOST_CXX = None
[INFO] [stderr]   cargo:rerun-if-env-changed=CXX
[INFO] [stderr]   CXX = None
[INFO] [stderr]   cargo:rerun-if-env-changed=CXXFLAGS_x86_64-unknown-linux-gnu
[INFO] [stderr]   CXXFLAGS_x86_64-unknown-linux-gnu = None
[INFO] [stderr]   cargo:rerun-if-env-changed=CXXFLAGS_x86_64_unknown_linux_gnu
[INFO] [stderr]   CXXFLAGS_x86_64_unknown_linux_gnu = None
[INFO] [stderr]   cargo:rerun-if-env-changed=HOST_CXXFLAGS
[INFO] [stderr]   HOST_CXXFLAGS = None
[INFO] [stderr]   cargo:rerun-if-env-changed=CXXFLAGS
[INFO] [stderr]   CXXFLAGS = None
[INFO] [stderr]   cargo:rerun-if-env-changed=CRATE_CC_NO_DEFAULTS
[INFO] [stderr]   CRATE_CC_NO_DEFAULTS = None
[INFO] [stderr]   CARGO_CFG_TARGET_FEATURE = Some("fxsr,sse,sse2")
[INFO] [stderr]   cargo:rerun-if-env-changed=CXX_x86_64-unknown-linux-gnu
[INFO] [stderr]   CXX_x86_64-unknown-linux-gnu = None
[INFO] [stderr]   cargo:rerun-if-env-changed=CXX_x86_64_unknown_linux_gnu
[INFO] [stderr]   CXX_x86_64_unknown_linux_gnu = None
[INFO] [stderr]   cargo:rerun-if-env-changed=HOST_CXX
[INFO] [stderr]   HOST_CXX = None
[INFO] [stderr]   cargo:rerun-if-env-changed=CXX
[INFO] [stderr]   CXX = None
[INFO] [stderr]   cargo:rerun-if-env-changed=CXXFLAGS_x86_64-unknown-linux-gnu
[INFO] [stderr]   CXXFLAGS_x86_64-unknown-linux-gnu = None
[INFO] [stderr]   cargo:rerun-if-env-changed=CXXFLAGS_x86_64_unknown_linux_gnu
[INFO] [stderr]   CXXFLAGS_x86_64_unknown_linux_gnu = None
[INFO] [stderr]   cargo:rerun-if-env-changed=HOST_CXXFLAGS
[INFO] [stderr]   HOST_CXXFLAGS = None
[INFO] [stderr]   cargo:rerun-if-env-changed=CXXFLAGS
[INFO] [stderr]   CXXFLAGS = None
[INFO] [stderr]   cargo:rerun-if-env-changed=CRATE_CC_NO_DEFAULTS
[INFO] [stderr]   CRATE_CC_NO_DEFAULTS = None
[INFO] [stderr]   CARGO_CFG_TARGET_FEATURE = Some("fxsr,sse,sse2")
[INFO] [stderr]   running: "c++" "-O0" "-ffunction-sections" "-fdata-sections" "-fPIC" "-gdwarf-4" "-fno-omit-frame-pointer" "-m64" "-I" "/opt/rustwide/target/debug/build/force-delete-win-4c35612ef6049c47/out/cxxbridge/include" "-I" "/opt/rustwide/target/debug/build/force-delete-win-4c35612ef6049c47/out/cxxbridge/crate" "-I" "/opt/rustwide/cargo-home/registry/src/index.crates.io-6f17d22bba15001f/force-delete-win-0.1.0/include" "-I" "/opt/rustwide/cargo-home/registry/src/index.crates.io-6f17d22bba15001f/force-delete-win-0.1.0" "-std=gnu++14" "-D_GLIBCXX_USE_CXX11_ABI=0" "-o" "/opt/rustwide/target/debug/build/force-delete-win-4c35612ef6049c47/out/src/csrc/delete.o" "-c" "src/csrc/delete.cpp"
[INFO] [stderr]   running: "c++" "-O0" "-ffunction-sections" "-fdata-sections" "-fPIC" "-gdwarf-4" "-fno-omit-frame-pointer" "-m64" "-I" "/opt/rustwide/target/debug/build/force-delete-win-4c35612ef6049c47/out/cxxbridge/include" "-I" "/opt/rustwide/target/debug/build/force-delete-win-4c35612ef6049c47/out/cxxbridge/crate" "-I" "/opt/rustwide/cargo-home/registry/src/index.crates.io-6f17d22bba15001f/force-delete-win-0.1.0/include" "-I" "/opt/rustwide/cargo-home/registry/src/index.crates.io-6f17d22bba15001f/force-delete-win-0.1.0" "-std=gnu++14" "-D_GLIBCXX_USE_CXX11_ABI=0" "-o" "/opt/rustwide/target/debug/build/force-delete-win-4c35612ef6049c47/out/021e072edd652548-native.rs.o" "-c" "/opt/rustwide/target/debug/build/force-delete-win-4c35612ef6049c47/out/cxxbridge/sources/force-delete-win/src/native.rs.cc"
[INFO] [stderr]   cargo:warning=In file included from src/csrc/delete.cpp:1:
[INFO] [stderr]   cargo:warning=/opt/rustwide/cargo-home/registry/src/index.crates.io-6f17d22bba15001f/force-delete-win-0.1.0/include/wrapper.h:4:10: fatal error: windows.h: No such file or directory
[INFO] [stderr]   cargo:warning=    4 | #include "windows.h"
[INFO] [stderr]   cargo:warning=      |          ^~~~~~~~~~~
[INFO] [stderr]   cargo:warning=compilation terminated.
[INFO] [stderr]   exit status: 1
[INFO] [stderr]   cargo:warning=In file included from /opt/rustwide/target/debug/build/force-delete-win-4c35612ef6049c47/out/cxxbridge/sources/force-delete-win/src/native.rs.cc:1:
[INFO] [stderr]   cargo:warning=/opt/rustwide/cargo-home/registry/src/index.crates.io-6f17d22bba15001f/force-delete-win-0.1.0/include/wrapper.h:4:10: fatal error: windows.h: No such file or directory
[INFO] [stderr]   cargo:warning=    4 | #include "windows.h"
[INFO] [stderr]   cargo:warning=      |          ^~~~~~~~~~~
[INFO] [stderr]   cargo:warning=compilation terminated.
[INFO] [stderr]   exit status: 1
[INFO] [stderr] 
[INFO] [stderr]   --- stderr
[INFO] [stderr] 
[INFO] [stderr]   CXX include path:
[INFO] [stderr]     /opt/rustwide/target/debug/build/force-delete-win-4c35612ef6049c47/out/cxxbridge/include
[INFO] [stderr]     /opt/rustwide/target/debug/build/force-delete-win-4c35612ef6049c47/out/cxxbridge/crate
[INFO] [stderr]     /opt/rustwide/cargo-home/registry/src/index.crates.io-6f17d22bba15001f/force-delete-win-0.1.0/include
[INFO] [stderr]     /opt/rustwide/cargo-home/registry/src/index.crates.io-6f17d22bba15001f/force-delete-win-0.1.0
[INFO] [stderr] 
[INFO] [stderr] 
[INFO] [stderr]   error occurred: Command "c++" "-O0" "-ffunction-sections" "-fdata-sections" "-fPIC" "-gdwarf-4" "-fno-omit-frame-pointer" "-m64" "-I" "/opt/rustwide/target/debug/build/force-delete-win-4c35612ef6049c47/out/cxxbridge/include" "-I" "/opt/rustwide/target/debug/build/force-delete-win-4c35612ef6049c47/out/cxxbridge/crate" "-I" "/opt/rustwide/cargo-home/registry/src/index.crates.io-6f17d22bba15001f/force-delete-win-0.1.0/include" "-I" "/opt/rustwide/cargo-home/registry/src/index.crates.io-6f17d22bba15001f/force-delete-win-0.1.0" "-std=gnu++14" "-D_GLIBCXX_USE_CXX11_ABI=0" "-o" "/opt/rustwide/target/debug/build/force-delete-win-4c35612ef6049c47/out/021e072edd652548-native.rs.o" "-c" "/opt/rustwide/target/debug/build/force-delete-win-4c35612ef6049c47/out/cxxbridge/sources/force-delete-win/src/native.rs.cc" with args "c++" did not execute successfully (status code exit status: 1).
[INFO] [stderr] 
[INFO] [stderr] 
[INFO] [stderr] warning: build failed, waiting for other jobs to finish...
[INFO] running `Command { std: "docker" "inspect" "0f15d5ee17ecd87e0e8408166e4c54e581695ea2a05310072f14ae1a6691580c", kill_on_drop: false }`
[INFO] running `Command { std: "docker" "rm" "-f" "0f15d5ee17ecd87e0e8408166e4c54e581695ea2a05310072f14ae1a6691580c", kill_on_drop: false }`
[INFO] [stdout] 0f15d5ee17ecd87e0e8408166e4c54e581695ea2a05310072f14ae1a6691580c
[INFO] testing EdgelessPE/ept against beta-2023-12-22 for beta-1.76-1
[INFO] running `Command { std: "git" "clone" "/workspace/cache/git-repos/https%3A%2F%2Fgithub.com%2FEdgelessPE%2Fept" "/workspace/builds/worker-4-tc2/source", kill_on_drop: false }`
[INFO] [stderr] Cloning into '/workspace/builds/worker-4-tc2/source'...
[INFO] [stderr] done.
[INFO] validating manifest of git repo https://github.com/EdgelessPE/ept on toolchain beta-2023-12-22
[INFO] running `Command { std: CARGO_HOME="/workspace/cargo-home" RUSTUP_HOME="/workspace/rustup-home" "/workspace/cargo-home/bin/cargo" "+beta-2023-12-22" "metadata" "--manifest-path" "Cargo.toml" "--no-deps", kill_on_drop: false }`
[INFO] started tweaking git repo https://github.com/EdgelessPE/ept
[INFO] finished tweaking git repo https://github.com/EdgelessPE/ept
[INFO] tweaked toml for git repo https://github.com/EdgelessPE/ept written to /workspace/builds/worker-4-tc2/source/Cargo.toml
[INFO] crate git repo https://github.com/EdgelessPE/ept already has a lockfile, it will not be regenerated
[INFO] running `Command { std: CARGO_HOME="/workspace/cargo-home" RUSTUP_HOME="/workspace/rustup-home" "/workspace/cargo-home/bin/cargo" "+beta-2023-12-22" "fetch" "--manifest-path" "Cargo.toml", kill_on_drop: false }`
[INFO] running `Command { std: "docker" "create" "-v" "/var/lib/crater-agent-workspace/builds/worker-4-tc2/target:/opt/rustwide/target:rw,Z" "-v" "/var/lib/crater-agent-workspace/builds/worker-4-tc2/source:/opt/rustwide/workdir:ro,Z" "-v" "/var/lib/crater-agent-workspace/cargo-home:/opt/rustwide/cargo-home:ro,Z" "-v" "/var/lib/crater-agent-workspace/rustup-home:/opt/rustwide/rustup-home:ro,Z" "-e" "SOURCE_DIR=/opt/rustwide/workdir" "-e" "CARGO_TARGET_DIR=/opt/rustwide/target" "-e" "CARGO_HOME=/opt/rustwide/cargo-home" "-e" "RUSTUP_HOME=/opt/rustwide/rustup-home" "-w" "/opt/rustwide/workdir" "-m" "1610612736" "--user" "0:0" "--network" "none" "ghcr.io/rust-lang/crates-build-env/linux@sha256:2788e3201cd34a07e3172128adcd8b3090168a8e3bcc40d7c032b9dda1df7d1c" "/opt/rustwide/cargo-home/bin/cargo" "+beta-2023-12-22" "metadata" "--no-deps" "--format-version=1", kill_on_drop: false }`
[INFO] [stdout] 4004fbdeb5878faf462ce6ba3e701be389d334a7a1d45f67f2e01709cb2a2df8
[INFO] running `Command { std: "docker" "start" "-a" "4004fbdeb5878faf462ce6ba3e701be389d334a7a1d45f67f2e01709cb2a2df8", kill_on_drop: false }`
[INFO] running `Command { std: "docker" "inspect" "4004fbdeb5878faf462ce6ba3e701be389d334a7a1d45f67f2e01709cb2a2df8", kill_on_drop: false }`
[INFO] running `Command { std: "docker" "rm" "-f" "4004fbdeb5878faf462ce6ba3e701be389d334a7a1d45f67f2e01709cb2a2df8", kill_on_drop: false }`
[INFO] [stdout] 4004fbdeb5878faf462ce6ba3e701be389d334a7a1d45f67f2e01709cb2a2df8
[INFO] running `Command { std: "docker" "create" "-v" "/var/lib/crater-agent-workspace/builds/worker-4-tc2/target:/opt/rustwide/target:rw,Z" "-v" "/var/lib/crater-agent-workspace/builds/worker-4-tc2/source:/opt/rustwide/workdir:ro,Z" "-v" "/var/lib/crater-agent-workspace/cargo-home:/opt/rustwide/cargo-home:ro,Z" "-v" "/var/lib/crater-agent-workspace/rustup-home:/opt/rustwide/rustup-home:ro,Z" "-e" "SOURCE_DIR=/opt/rustwide/workdir" "-e" "CARGO_TARGET_DIR=/opt/rustwide/target" "-e" "CARGO_INCREMENTAL=0" "-e" "RUST_BACKTRACE=full" "-e" "RUSTFLAGS=--cap-lints=warn" "-e" "RUSTDOCFLAGS=--cap-lints=warn" "-e" "CARGO_HOME=/opt/rustwide/cargo-home" "-e" "RUSTUP_HOME=/opt/rustwide/rustup-home" "-w" "/opt/rustwide/workdir" "-m" "1610612736" "--user" "0:0" "--network" "none" "ghcr.io/rust-lang/crates-build-env/linux@sha256:2788e3201cd34a07e3172128adcd8b3090168a8e3bcc40d7c032b9dda1df7d1c" "/opt/rustwide/cargo-home/bin/cargo" "+beta-2023-12-22" "build" "--frozen" "--message-format=json", kill_on_drop: false }`
[INFO] [stdout] 41e1677e3658867d6724d7ca0fc3754e934abaa35f7e779c455cf4a6b51bdfe5
[INFO] running `Command { std: "docker" "start" "-a" "41e1677e3658867d6724d7ca0fc3754e934abaa35f7e779c455cf4a6b51bdfe5", kill_on_drop: false }`
[INFO] [stderr]    Compiling libc v0.2.144
[INFO] [stderr]    Compiling proc-macro2 v1.0.58
[INFO] [stderr]    Compiling quote v1.0.27
[INFO] [stderr]    Compiling unicode-ident v1.0.8
[INFO] [stderr]    Compiling crossbeam-utils v0.8.15
[INFO] [stderr]    Compiling once_cell v1.17.1
[INFO] [stderr]    Compiling memchr v2.5.0
[INFO] [stderr]    Compiling futures-core v0.3.28
[INFO] [stderr]    Compiling io-lifetimes v1.0.10
[INFO] [stderr]    Compiling hashbrown v0.12.3
[INFO] [stderr]    Compiling syn v1.0.109
[INFO] [stderr]    Compiling rustix v0.37.19
[INFO] [stderr]    Compiling indexmap v1.9.3
[INFO] [stderr]    Compiling log v0.4.17
[INFO] [stderr]    Compiling version_check v0.9.4
[INFO] [stderr]    Compiling linux-raw-sys v0.3.8
[INFO] [stderr]    Compiling syn v2.0.16
[INFO] [stderr]    Compiling jobserver v0.1.26
[INFO] [stderr]    Compiling cc v1.0.79
[INFO] [stderr]    Compiling typenum v1.16.0
[INFO] [stderr]    Compiling pin-project-lite v0.2.9
[INFO] [stderr]    Compiling generic-array v0.14.7
[INFO] [stderr]    Compiling serde v1.0.163
[INFO] [stderr]    Compiling event-listener v2.5.3
[INFO] [stderr]    Compiling memoffset v0.8.0
[INFO] [stderr]    Compiling toml_datetime v0.6.2
[INFO] [stderr]    Compiling futures-io v0.3.28
[INFO] [stderr]    Compiling winnow v0.4.1
[INFO] [stderr]    Compiling concurrent-queue v2.2.0
[INFO] [stderr]    Compiling crossbeam-epoch v0.9.14
[INFO] [stderr]    Compiling slab v0.4.8
[INFO] [stderr]    Compiling unicode-width v0.1.10
[INFO] [stderr]    Compiling parking v2.1.0
[INFO] [stderr]    Compiling termcolor v1.2.0
[INFO] [stderr]    Compiling scopeguard v1.1.0
[INFO] [stderr]    Compiling waker-fn v1.1.0
[INFO] [stderr]    Compiling fastrand v1.9.0
[INFO] [stderr]    Compiling link-cplusplus v1.0.8
[INFO] [stderr]    Compiling async-lock v2.7.0
[INFO] [stderr]    Compiling futures-lite v1.13.0
[INFO] [stderr]    Compiling getrandom v0.2.9
[INFO] [stderr]    Compiling memoffset v0.7.1
[INFO] [stderr]    Compiling encoding_index_tests v0.1.4
[INFO] [stderr]    Compiling toml_edit v0.19.8
[INFO] [stderr]    Compiling scratch v1.0.5
[INFO] [stderr]    Compiling pkg-config v0.3.27
[INFO] [stderr]    Compiling static_assertions v1.1.0
[INFO] [stderr]    Compiling block-buffer v0.10.4
[INFO] [stderr]    Compiling crypto-common v0.1.6
[INFO] [stderr]    Compiling aho-corasick v1.0.1
[INFO] [stderr]    Compiling polling v2.8.0
[INFO] [stderr]    Compiling zstd-sys v2.0.8+zstd.1.5.5
[INFO] [stderr]    Compiling num-traits v0.2.15
[INFO] [stderr]    Compiling utf8parse v0.2.1
[INFO] [stderr]    Compiling async-task v4.4.0
[INFO] [stderr]    Compiling rayon-core v1.11.0
[INFO] [stderr]    Compiling cxxbridge-flags v1.0.95
[INFO] [stderr]    Compiling futures-task v0.3.28
[INFO] [stderr]    Compiling regex-syntax v0.7.2
[INFO] [stderr]    Compiling tinyvec_macros v0.1.1
[INFO] [stderr]    Compiling subtle v2.5.0
[INFO] [stderr]    Compiling tinyvec v1.6.0
[INFO] [stderr]    Compiling digest v0.10.7
[INFO] [stderr]    Compiling cxx v1.0.95
[INFO] [stderr]    Compiling crossbeam-deque v0.8.3
[INFO] [stderr]    Compiling rand_core v0.6.4
[INFO] [stderr]    Compiling codespan-reporting v0.11.1
[INFO] [stderr]    Compiling proc-macro-crate v1.3.1
[INFO] [stderr]    Compiling zvariant_utils v1.0.1
[INFO] [stderr]    Compiling async-channel v1.8.0
[INFO] [stderr]    Compiling num_cpus v1.15.0
[INFO] [stderr]    Compiling crossbeam-channel v0.5.8
[INFO] [stderr]    Compiling async-fs v1.6.0
[INFO] [stderr]    Compiling regex v1.8.2
[INFO] [stderr]    Compiling async-io v1.13.0
[INFO] [stderr]    Compiling num-integer v0.1.45
[INFO] [stderr]    Compiling atomic-waker v1.1.1
[INFO] [stderr]    Compiling either v1.8.1
[INFO] [stderr]    Compiling async-trait v0.1.68
[INFO] [stderr]    Compiling ppv-lite86 v0.2.17
[INFO] [stderr]    Compiling futures-util v0.3.28
[INFO] [stderr]    Compiling blocking v1.3.1
[INFO] [stderr]    Compiling rand_chacha v0.3.1
[INFO] [stderr]    Compiling cxx-build v1.0.95
[INFO] [stderr]    Compiling unicode-normalization v0.1.22
[INFO] [stderr]    Compiling serde_derive v1.0.163
[INFO] [stderr]    Compiling enumflags2_derive v0.7.7
[INFO] [stderr]    Compiling tracing-attributes v0.1.24
[INFO] [stderr]    Compiling nix v0.26.2
[INFO] [stderr]    Compiling zvariant_derive v3.14.0
[INFO] [stderr]    Compiling anstyle-parse v0.2.0
[INFO] [stderr]    Compiling is-terminal v0.4.7
[INFO] [stderr]    Compiling socket2 v0.4.9
[INFO] [stderr]    Compiling tracing-core v0.1.31
[INFO] [stderr]    Compiling unicode-bidi v0.3.13
[INFO] [stderr]    Compiling cpufeatures v0.2.7
[INFO] [stderr]    Compiling colorchoice v1.0.0
[INFO] [stderr]    Compiling anstyle-query v1.0.0
[INFO] [stderr]    Compiling futures-sink v0.3.28
[INFO] [stderr]    Compiling zstd-safe v6.0.5+zstd.1.5.4
[INFO] [stderr]    Compiling smallvec v1.10.0
[INFO] [stderr]    Compiling thiserror v1.0.40
[INFO] [stderr]    Compiling percent-encoding v2.2.0
[INFO] [stderr]    Compiling heck v0.4.1
[INFO] [stderr]    Compiling anstyle v1.0.0
[INFO] [stderr]    Compiling rustversion v1.0.14
[INFO] [stderr]    Compiling nibble_vec v0.1.0
[INFO] [stderr]    Compiling form_urlencoded v1.1.0
[INFO] [stderr]    Compiling zbus_macros v3.13.1
[INFO] [stderr]    Compiling anstream v0.3.2
[INFO] [stderr]    Compiling sha1 v0.10.5
[INFO] [stderr]    Compiling tracing v0.1.37
[INFO] [stderr]    Compiling idna v0.3.0
[INFO] [stderr]    Compiling xdg-home v1.0.0
[INFO] [stderr]    Compiling derivative v2.2.0
[INFO] [stderr]    Compiling rayon v1.7.0
[INFO] [stderr]    Compiling force-delete-win v0.1.0
[INFO] [stderr]    Compiling thiserror-impl v1.0.40
[INFO] [stderr]    Compiling async-recursion v1.0.4
[INFO] [stderr]    Compiling serde_repr v0.1.12
[INFO] [stderr]    Compiling cxxbridge-macro v1.0.95
[INFO] [stderr]    Compiling rand v0.8.5
[INFO] [stderr]    Compiling async-executor v1.5.1
[INFO] [stderr]    Compiling blake3 v1.3.3
[INFO] [stderr]    Compiling async-broadcast v0.5.1
[INFO] [stderr]    Compiling time v0.1.45
[INFO] [stderr]    Compiling dirs-sys-next v0.1.2
[INFO] [stderr]    Compiling ordered-stream v0.2.0
[INFO] [stderr]    Compiling anyhow v1.0.71
[INFO] [stderr]    Compiling Inflector v0.11.4
[INFO] [stderr]    Compiling hex v0.4.3
[INFO] [stderr]    Compiling iana-time-zone v0.1.56
[INFO] [stderr]    Compiling strsim v0.10.0
[INFO] [stderr]    Compiling semver v1.0.17
[INFO] [stderr]    Compiling serde_json v1.0.96
[INFO] [stderr]    Compiling endian-type v0.1.2
[INFO] [stderr]    Compiling clap_lex v0.5.0
[INFO] [stderr]    Compiling radix_trie v0.2.1
[INFO] [stderr]    Compiling clap_builder v4.3.0
[INFO] [stderr]    Compiling ts-rs-macros v6.2.0
[INFO] [stderr]    Compiling chrono v0.4.24
[INFO] [stderr]    Compiling dirs-next v2.0.0
[INFO] [stderr]    Compiling url v2.3.1
[INFO] [stderr]    Compiling enumflags2 v0.7.7
[INFO] [stderr]    Compiling zvariant v3.14.0
[INFO] [stderr]    Compiling clap_derive v4.3.0
[INFO] [stderr]    Compiling fd-lock v3.0.12
[INFO] [stderr]    Compiling encoding-index-simpchinese v1.20141219.5
[INFO] [stderr]    Compiling encoding-index-korean v1.20141219.5
[INFO] [stderr]    Compiling encoding-index-tradchinese v1.20141219.5
[INFO] [stderr]    Compiling encoding-index-singlebyte v1.20141219.5
[INFO] [stderr]    Compiling encoding-index-japanese v1.20141219.5
[INFO] [stderr]    Compiling atty v0.2.14
[INFO] [stderr]    Compiling xattr v0.2.3
[INFO] [stderr]    Compiling nix v0.25.1
[INFO] [stderr]    Compiling dirs-sys v0.3.7
[INFO] [stderr]    Compiling filetime v0.2.21
[INFO] [stderr]    Compiling arrayvec v0.7.2
[INFO] [stderr]    Compiling ct-codecs v1.1.1
[INFO] [stderr]    Compiling itoa v1.0.6
[INFO] [stderr]    Compiling arrayref v0.3.7
[INFO] [stderr]    Compiling windows v0.42.0
[INFO] [stderr]    Compiling fsio v0.4.0
[INFO] [stderr]    Compiling unicode-segmentation v1.10.1
[INFO] [stderr]    Compiling zbus_names v2.5.1
[INFO] [stderr]    Compiling constant_time_eq v0.2.5
[INFO] [stderr]    Compiling ryu v1.0.13
[INFO] [stderr]    Compiling envmnt v0.10.4
[INFO] [stderr]    Compiling ed25519-compact v2.0.4
[INFO] [stderr]    Compiling zbus v3.13.1
[INFO] [stderr]    Compiling rustyline v10.1.1
[INFO] [stderr]    Compiling tar v0.4.38
[INFO] [stderr]    Compiling encoding v0.2.33
[INFO] [stderr]    Compiling clap v4.3.0
[INFO] [stderr]    Compiling dirs v4.0.0
[INFO] [stderr]    Compiling colored v2.0.0
[INFO] [stderr]    Compiling ts-rs v6.2.1
[INFO] [stderr]    Compiling strum_macros v0.25.3
[INFO] [stderr]    Compiling trash v3.0.2
[INFO] [stderr]    Compiling toml v0.5.11
[INFO] [stderr]    Compiling sysinfo v0.28.4
[INFO] [stderr]    Compiling console v0.15.7
[INFO] [stderr]    Compiling which v4.4.0
[INFO] [stderr]    Compiling memmap2 v0.5.10
[INFO] [stderr]    Compiling wildmatch v2.1.1
[INFO] [stderr]    Compiling shell-words v1.1.0
[INFO] [stderr]    Compiling fs_extra v1.3.0
[INFO] [stderr]    Compiling path-clean v0.1.0
[INFO] [stderr]    Compiling base64 v0.21.1
[INFO] [stderr]    Compiling strum v0.25.0
[INFO] [stderr]    Compiling evalexpr v11.0.0
[INFO] [stderr]    Compiling notify-rust v4.8.0
[INFO] [stderr] The following warnings were emitted during compilation:
[INFO] [stderr] 
[INFO] [stderr] warning: force-delete-win@0.1.0: In file included from /opt/rustwide/target/debug/build/force-delete-win-fe48a16f15969c9e/out/cxxbridge/sources/force-delete-win/src/native.rs.cc:1:
[INFO] [stderr] warning: force-delete-win@0.1.0: /opt/rustwide/cargo-home/registry/src/index.crates.io-6f17d22bba15001f/force-delete-win-0.1.0/include/wrapper.h:4:10: fatal error: windows.h: No such file or directory
[INFO] [stderr] warning: force-delete-win@0.1.0:     4 | #include "windows.h"
[INFO] [stderr] warning: force-delete-win@0.1.0:       |          ^~~~~~~~~~~
[INFO] [stderr] warning: force-delete-win@0.1.0: compilation terminated.
[INFO] [stderr] warning: force-delete-win@0.1.0: In file included from src/csrc/delete.cpp:1:
[INFO] [stderr] warning: force-delete-win@0.1.0: /opt/rustwide/cargo-home/registry/src/index.crates.io-6f17d22bba15001f/force-delete-win-0.1.0/include/wrapper.h:4:10: fatal error: windows.h: No such file or directory
[INFO] [stderr] warning: force-delete-win@0.1.0:     4 | #include "windows.h"
[INFO] [stderr] warning: force-delete-win@0.1.0:       |          ^~~~~~~~~~~
[INFO] [stderr] warning: force-delete-win@0.1.0: compilation terminated.
[INFO] [stderr] 
[INFO] [stderr] error: failed to run custom build command for `force-delete-win v0.1.0`
[INFO] [stderr] note: To improve backtraces for build dependencies, set the CARGO_PROFILE_DEV_BUILD_OVERRIDE_DEBUG=true environment variable to enable debug information generation.
[INFO] [stderr] 
[INFO] [stderr] Caused by:
[INFO] [stderr]   process didn't exit successfully: `/opt/rustwide/target/debug/build/force-delete-win-92d88292146365be/build-script-build` (exit status: 1)
[INFO] [stderr]   --- stdout
[INFO] [stderr]   cargo:rerun-if-changed=src/lib.rs
[INFO] [stderr]   cargo:rerun-if-changed=src/native.rs
[INFO] [stderr]   cargo:rerun-if-changed=src/csrc
[INFO] [stderr]   cargo:rerun-if-changed=include/
[INFO] [stderr]   cargo:CXXBRIDGE_PREFIX=force-delete-win
[INFO] [stderr]   cargo:CXXBRIDGE_LINKS=close_file
[INFO] [stderr]   cargo:CXXBRIDGE_DIR0=/opt/rustwide/target/debug/build/force-delete-win-fe48a16f15969c9e/out/cxxbridge/include
[INFO] [stderr]   cargo:CXXBRIDGE_DIR1=/opt/rustwide/target/debug/build/force-delete-win-fe48a16f15969c9e/out/cxxbridge/crate
[INFO] [stderr]   cargo:CXXBRIDGE_DIR2=/opt/rustwide/cargo-home/registry/src/index.crates.io-6f17d22bba15001f/force-delete-win-0.1.0/include
[INFO] [stderr]   cargo:CXXBRIDGE_DIR3=/opt/rustwide/cargo-home/registry/src/index.crates.io-6f17d22bba15001f/force-delete-win-0.1.0
[INFO] [stderr]   TARGET = Some("x86_64-unknown-linux-gnu")
[INFO] [stderr]   OPT_LEVEL = Some("0")
[INFO] [stderr]   HOST = Some("x86_64-unknown-linux-gnu")
[INFO] [stderr]   cargo:rerun-if-env-changed=CXX_x86_64-unknown-linux-gnu
[INFO] [stderr]   CXX_x86_64-unknown-linux-gnu = None
[INFO] [stderr]   cargo:rerun-if-env-changed=CXX_x86_64_unknown_linux_gnu
[INFO] [stderr]   CXX_x86_64_unknown_linux_gnu = None
[INFO] [stderr]   cargo:rerun-if-env-changed=HOST_CXX
[INFO] [stderr]   HOST_CXX = None
[INFO] [stderr]   cargo:rerun-if-env-changed=CXX
[INFO] [stderr]   CXX = None
[INFO] [stderr]   cargo:rerun-if-env-changed=CXXFLAGS_x86_64-unknown-linux-gnu
[INFO] [stderr]   CXXFLAGS_x86_64-unknown-linux-gnu = None
[INFO] [stderr]   cargo:rerun-if-env-changed=CXXFLAGS_x86_64_unknown_linux_gnu
[INFO] [stderr]   CXXFLAGS_x86_64_unknown_linux_gnu = None
[INFO] [stderr]   cargo:rerun-if-env-changed=HOST_CXXFLAGS
[INFO] [stderr]   HOST_CXXFLAGS = None
[INFO] [stderr]   cargo:rerun-if-env-changed=CXXFLAGS
[INFO] [stderr]   CXXFLAGS = None
[INFO] [stderr]   cargo:rerun-if-env-changed=CRATE_CC_NO_DEFAULTS
[INFO] [stderr]   CRATE_CC_NO_DEFAULTS = None
[INFO] [stderr]   DEBUG = Some("true")
[INFO] [stderr]   CARGO_CFG_TARGET_FEATURE = Some("fxsr,sse,sse2")
[INFO] [stderr]   cargo:rerun-if-env-changed=CXX_x86_64-unknown-linux-gnu
[INFO] [stderr]   CXX_x86_64-unknown-linux-gnu = None
[INFO] [stderr]   cargo:rerun-if-env-changed=CXX_x86_64_unknown_linux_gnu
[INFO] [stderr]   CXX_x86_64_unknown_linux_gnu = None
[INFO] [stderr]   cargo:rerun-if-env-changed=HOST_CXX
[INFO] [stderr]   HOST_CXX = None
[INFO] [stderr]   cargo:rerun-if-env-changed=CXX
[INFO] [stderr]   CXX = None
[INFO] [stderr]   cargo:rerun-if-env-changed=CXXFLAGS_x86_64-unknown-linux-gnu
[INFO] [stderr]   CXXFLAGS_x86_64-unknown-linux-gnu = None
[INFO] [stderr]   cargo:rerun-if-env-changed=CXXFLAGS_x86_64_unknown_linux_gnu
[INFO] [stderr]   CXXFLAGS_x86_64_unknown_linux_gnu = None
[INFO] [stderr]   cargo:rerun-if-env-changed=HOST_CXXFLAGS
[INFO] [stderr]   HOST_CXXFLAGS = None
[INFO] [stderr]   cargo:rerun-if-env-changed=CXXFLAGS
[INFO] [stderr]   CXXFLAGS = None
[INFO] [stderr]   cargo:rerun-if-env-changed=CRATE_CC_NO_DEFAULTS
[INFO] [stderr]   CRATE_CC_NO_DEFAULTS = None
[INFO] [stderr]   CARGO_CFG_TARGET_FEATURE = Some("fxsr,sse,sse2")
[INFO] [stderr]   cargo:rerun-if-env-changed=CXX_x86_64-unknown-linux-gnu
[INFO] [stderr]   CXX_x86_64-unknown-linux-gnu = None
[INFO] [stderr]   cargo:rerun-if-env-changed=CXX_x86_64_unknown_linux_gnu
[INFO] [stderr]   CXX_x86_64_unknown_linux_gnu = None
[INFO] [stderr]   cargo:rerun-if-env-changed=HOST_CXX
[INFO] [stderr]   HOST_CXX = None
[INFO] [stderr]   cargo:rerun-if-env-changed=CXX
[INFO] [stderr]   CXX = None
[INFO] [stderr]   cargo:rerun-if-env-changed=CXXFLAGS_x86_64-unknown-linux-gnu
[INFO] [stderr]   CXXFLAGS_x86_64-unknown-linux-gnu = None
[INFO] [stderr]   cargo:rerun-if-env-changed=CXXFLAGS_x86_64_unknown_linux_gnu
[INFO] [stderr]   CXXFLAGS_x86_64_unknown_linux_gnu = None
[INFO] [stderr]   cargo:rerun-if-env-changed=HOST_CXXFLAGS
[INFO] [stderr]   HOST_CXXFLAGS = None
[INFO] [stderr]   cargo:rerun-if-env-changed=CXXFLAGS
[INFO] [stderr]   CXXFLAGS = None
[INFO] [stderr]   cargo:rerun-if-env-changed=CRATE_CC_NO_DEFAULTS
[INFO] [stderr]   CRATE_CC_NO_DEFAULTS = None
[INFO] [stderr]   CARGO_CFG_TARGET_FEATURE = Some("fxsr,sse,sse2")
[INFO] [stderr]   running: "c++" "-O0" "-ffunction-sections" "-fdata-sections" "-fPIC" "-gdwarf-4" "-fno-omit-frame-pointer" "-m64" "-I" "/opt/rustwide/target/debug/build/force-delete-win-fe48a16f15969c9e/out/cxxbridge/include" "-I" "/opt/rustwide/target/debug/build/force-delete-win-fe48a16f15969c9e/out/cxxbridge/crate" "-I" "/opt/rustwide/cargo-home/registry/src/index.crates.io-6f17d22bba15001f/force-delete-win-0.1.0/include" "-I" "/opt/rustwide/cargo-home/registry/src/index.crates.io-6f17d22bba15001f/force-delete-win-0.1.0" "-std=gnu++14" "-D_GLIBCXX_USE_CXX11_ABI=0" "-o" "/opt/rustwide/target/debug/build/force-delete-win-fe48a16f15969c9e/out/64d96cf425893539-native.rs.o" "-c" "/opt/rustwide/target/debug/build/force-delete-win-fe48a16f15969c9e/out/cxxbridge/sources/force-delete-win/src/native.rs.cc"
[INFO] [stderr]   running: "c++" "-O0" "-ffunction-sections" "-fdata-sections" "-fPIC" "-gdwarf-4" "-fno-omit-frame-pointer" "-m64" "-I" "/opt/rustwide/target/debug/build/force-delete-win-fe48a16f15969c9e/out/cxxbridge/include" "-I" "/opt/rustwide/target/debug/build/force-delete-win-fe48a16f15969c9e/out/cxxbridge/crate" "-I" "/opt/rustwide/cargo-home/registry/src/index.crates.io-6f17d22bba15001f/force-delete-win-0.1.0/include" "-I" "/opt/rustwide/cargo-home/registry/src/index.crates.io-6f17d22bba15001f/force-delete-win-0.1.0" "-std=gnu++14" "-D_GLIBCXX_USE_CXX11_ABI=0" "-o" "/opt/rustwide/target/debug/build/force-delete-win-fe48a16f15969c9e/out/src/csrc/delete.o" "-c" "src/csrc/delete.cpp"
[INFO] [stderr]   cargo:warning=In file included from /opt/rustwide/target/debug/build/force-delete-win-fe48a16f15969c9e/out/cxxbridge/sources/force-delete-win/src/native.rs.cc:1:
[INFO] [stderr]   cargo:warning=/opt/rustwide/cargo-home/registry/src/index.crates.io-6f17d22bba15001f/force-delete-win-0.1.0/include/wrapper.h:4:10: fatal error: windows.h: No such file or directory
[INFO] [stderr]   cargo:warning=    4 | #include "windows.h"
[INFO] [stderr]   cargo:warning=      |          ^~~~~~~~~~~
[INFO] [stderr]   cargo:warning=compilation terminated.
[INFO] [stderr]   exit status: 1
[INFO] [stderr]   cargo:warning=In file included from src/csrc/delete.cpp:1:
[INFO] [stderr]   cargo:warning=/opt/rustwide/cargo-home/registry/src/index.crates.io-6f17d22bba15001f/force-delete-win-0.1.0/include/wrapper.h:4:10: fatal error: windows.h: No such file or directory
[INFO] [stderr]   cargo:warning=    4 | #include "windows.h"
[INFO] [stderr]   cargo:warning=      |          ^~~~~~~~~~~
[INFO] [stderr]   cargo:warning=compilation terminated.
[INFO] [stderr]   exit status: 1
[INFO] [stderr] 
[INFO] [stderr]   --- stderr
[INFO] [stderr] 
[INFO] [stderr]   CXX include path:
[INFO] [stderr]     /opt/rustwide/target/debug/build/force-delete-win-fe48a16f15969c9e/out/cxxbridge/include
[INFO] [stderr]     /opt/rustwide/target/debug/build/force-delete-win-fe48a16f15969c9e/out/cxxbridge/crate
[INFO] [stderr]     /opt/rustwide/cargo-home/registry/src/index.crates.io-6f17d22bba15001f/force-delete-win-0.1.0/include
[INFO] [stderr]     /opt/rustwide/cargo-home/registry/src/index.crates.io-6f17d22bba15001f/force-delete-win-0.1.0
[INFO] [stderr] 
[INFO] [stderr] 
[INFO] [stderr]   error occurred: Command "c++" "-O0" "-ffunction-sections" "-fdata-sections" "-fPIC" "-gdwarf-4" "-fno-omit-frame-pointer" "-m64" "-I" "/opt/rustwide/target/debug/build/force-delete-win-fe48a16f15969c9e/out/cxxbridge/include" "-I" "/opt/rustwide/target/debug/build/force-delete-win-fe48a16f15969c9e/out/cxxbridge/crate" "-I" "/opt/rustwide/cargo-home/registry/src/index.crates.io-6f17d22bba15001f/force-delete-win-0.1.0/include" "-I" "/opt/rustwide/cargo-home/registry/src/index.crates.io-6f17d22bba15001f/force-delete-win-0.1.0" "-std=gnu++14" "-D_GLIBCXX_USE_CXX11_ABI=0" "-o" "/opt/rustwide/target/debug/build/force-delete-win-fe48a16f15969c9e/out/64d96cf425893539-native.rs.o" "-c" "/opt/rustwide/target/debug/build/force-delete-win-fe48a16f15969c9e/out/cxxbridge/sources/force-delete-win/src/native.rs.cc" with args "c++" did not execute successfully (status code exit status: 1).
[INFO] [stderr] 
[INFO] [stderr] 
[INFO] [stderr] warning: build failed, waiting for other jobs to finish...
[INFO] running `Command { std: "docker" "inspect" "41e1677e3658867d6724d7ca0fc3754e934abaa35f7e779c455cf4a6b51bdfe5", kill_on_drop: false }`
[INFO] running `Command { std: "docker" "rm" "-f" "41e1677e3658867d6724d7ca0fc3754e934abaa35f7e779c455cf4a6b51bdfe5", kill_on_drop: false }`
[INFO] [stdout] 41e1677e3658867d6724d7ca0fc3754e934abaa35f7e779c455cf4a6b51bdfe5
