[INFO] cloning repository https://github.com/EastAgile/movey-webapp
[INFO] running `Command { std: "git" "-c" "credential.helper=" "-c" "credential.helper=/workspace/cargo-home/bin/git-credential-null" "clone" "--bare" "https://github.com/EastAgile/movey-webapp" "/workspace/cache/git-repos/https%3A%2F%2Fgithub.com%2FEastAgile%2Fmovey-webapp", kill_on_drop: false }`
[INFO] [stderr] Cloning into bare repository '/workspace/cache/git-repos/https%3A%2F%2Fgithub.com%2FEastAgile%2Fmovey-webapp'...
[INFO] running `Command { std: "git" "rev-parse" "HEAD", kill_on_drop: false }`
[INFO] [stdout] 1ecbd125a22be4d692b1da8ef88ca60abfdf1fa1
[INFO] testing EastAgile/movey-webapp against 1.75.0 for beta-1.76-1
[INFO] running `Command { std: "git" "clone" "/workspace/cache/git-repos/https%3A%2F%2Fgithub.com%2FEastAgile%2Fmovey-webapp" "/workspace/builds/worker-6-tc1/source", kill_on_drop: false }`
[INFO] [stderr] Cloning into '/workspace/builds/worker-6-tc1/source'...
[INFO] [stderr] done.
[INFO] validating manifest of git repo https://github.com/EastAgile/movey-webapp on toolchain 1.75.0
[INFO] running `Command { std: CARGO_HOME="/workspace/cargo-home" RUSTUP_HOME="/workspace/rustup-home" "/workspace/cargo-home/bin/cargo" "+1.75.0" "metadata" "--manifest-path" "Cargo.toml" "--no-deps", kill_on_drop: false }`
[INFO] removed /workspace/builds/worker-6-tc1/source/.cargo/config.toml
[INFO] started tweaking git repo https://github.com/EastAgile/movey-webapp
[INFO] removed 0 missing tests
[INFO] finished tweaking git repo https://github.com/EastAgile/movey-webapp
[INFO] tweaked toml for git repo https://github.com/EastAgile/movey-webapp written to /workspace/builds/worker-6-tc1/source/Cargo.toml
[INFO] crate git repo https://github.com/EastAgile/movey-webapp already has a lockfile, it will not be regenerated
[INFO] running `Command { std: CARGO_HOME="/workspace/cargo-home" RUSTUP_HOME="/workspace/rustup-home" "/workspace/cargo-home/bin/cargo" "+1.75.0" "fetch" "--manifest-path" "Cargo.toml", kill_on_drop: false }`
[INFO] [stderr]     Updating crates.io index
[INFO] [stderr]  Downloading crates ...
[INFO] [stderr]   Downloaded nom_locate v4.0.0
[INFO] [stderr]   Downloaded buf-min v0.2.0
[INFO] [stderr]   Downloaded sentry-panic v0.26.0
[INFO] [stderr]   Downloaded urlencoding v2.1.0
[INFO] [stderr]   Downloaded sentry-core v0.26.0
[INFO] [stderr]   Downloaded firestorm v0.5.1
[INFO] [stderr]   Downloaded mockall_derive v0.11.0
[INFO] [stderr]   Downloaded sentry-backtrace v0.26.0
[INFO] [stderr]   Downloaded cucumber-expressions v0.2.1
[INFO] [stderr]   Downloaded synthez v0.2.0
[INFO] [stderr]   Downloaded sentry v0.26.0
[INFO] [stderr]   Downloaded sealed v0.3.0
[INFO] [stderr]   Downloaded cxxbridge-flags v1.0.68
[INFO] [stderr]   Downloaded async-global-executor v2.2.0
[INFO] [stderr]   Downloaded mockall_double v0.1.0
[INFO] [stderr]   Downloaded sentry-types v0.26.0
[INFO] [stderr]   Downloaded typed-builder v0.7.1
[INFO] [stderr]   Downloaded fancy-regex v0.4.1
[INFO] [stderr]   Downloaded actix-http v2.2.0
[INFO] [stderr]   Downloaded cxx v1.0.68
[INFO] [stderr]   Downloaded cucumber v0.12.1
[INFO] [stderr]   Downloaded uuid v1.1.1
[INFO] [stderr]   Downloaded mockall v0.11.0
[INFO] [stderr]   Downloaded bytes v0.6.0
[INFO] [stderr]   Downloaded ghost v0.1.2
[INFO] [stderr]   Downloaded synthez-core v0.2.0
[INFO] [stderr]   Downloaded sentry-contexts v0.26.0
[INFO] [stderr]   Downloaded peg v0.6.3
[INFO] [stderr]   Downloaded peg-macros v0.6.3
[INFO] [stderr]   Downloaded digest v0.10.2
[INFO] [stderr]   Downloaded v_escape v0.14.1
[INFO] [stderr]   Downloaded serde_path_to_error v0.1.7
[INFO] [stderr]   Downloaded peg-runtime v0.6.3
[INFO] [stderr]   Downloaded cxxbridge-macro v1.0.68
[INFO] [stderr]   Downloaded actix-session v0.4.1
[INFO] [stderr]   Downloaded synthez-codegen v0.2.0
[INFO] [stderr]   Downloaded v_escape_derive v0.8.4
[INFO] [stderr]   Downloaded validator v0.11.0
[INFO] [stderr]   Downloaded cucumber-codegen v0.12.1
[INFO] [stderr]   Downloaded validator_types v0.11.0
[INFO] [stderr]   Downloaded v_htmlescape v0.11.0
[INFO] [stderr]   Downloaded test-log v0.2.8
[INFO] [stderr]   Downloaded strip_markdown v0.2.0
[INFO] [stderr]   Downloaded stringmatch v0.3.3
[INFO] [stderr]   Downloaded radix v0.6.0
[INFO] [stderr]   Downloaded background-jobs v0.8.0
[INFO] [stderr]   Downloaded base64-url v1.4.10
[INFO] [stderr]   Downloaded actix-web-middleware-redirect-scheme v3.0.0
[INFO] [stderr]   Downloaded inventory v0.2.2
[INFO] [stderr]   Downloaded crypto-common v0.1.2
[INFO] [stderr]   Downloaded diesel_full_text_search v1.0.1
[INFO] [stderr]   Downloaded background-jobs-actix v0.8.1
[INFO] [stderr]   Downloaded background-jobs-core v0.8.0
[INFO] [stderr]   Downloaded minreq v2.4.2
[INFO] [stderr]   Downloaded gherkin v0.11.2
[INFO] [stderr]   Downloaded djangohashers v1.5.3
[INFO] [stderr]   Downloaded sentry-actix v0.26.0
[INFO] [stderr]   Downloaded actix-files v0.4.1
[INFO] [stderr]   Downloaded lettre v0.10.0-rc.4
[INFO] [stderr]   Downloaded oauth2 v4.1.0
[INFO] [stderr]   Downloaded thirtyfour v0.28.1
[INFO] [stderr]   Downloaded tera v1.12.1
[INFO] [stderr]   Downloaded cxx-build v1.0.62
[INFO] [stderr]   Downloaded zxcvbn v2.1.1
[INFO] running `Command { std: "docker" "create" "-v" "/var/lib/crater-agent-workspace/builds/worker-6-tc1/target:/opt/rustwide/target:rw,Z" "-v" "/var/lib/crater-agent-workspace/builds/worker-6-tc1/source:/opt/rustwide/workdir:ro,Z" "-v" "/var/lib/crater-agent-workspace/cargo-home:/opt/rustwide/cargo-home:ro,Z" "-v" "/var/lib/crater-agent-workspace/rustup-home:/opt/rustwide/rustup-home:ro,Z" "-e" "SOURCE_DIR=/opt/rustwide/workdir" "-e" "CARGO_TARGET_DIR=/opt/rustwide/target" "-e" "CARGO_HOME=/opt/rustwide/cargo-home" "-e" "RUSTUP_HOME=/opt/rustwide/rustup-home" "-w" "/opt/rustwide/workdir" "-m" "1610612736" "--user" "0:0" "--network" "none" "ghcr.io/rust-lang/crates-build-env/linux@sha256:2788e3201cd34a07e3172128adcd8b3090168a8e3bcc40d7c032b9dda1df7d1c" "/opt/rustwide/cargo-home/bin/cargo" "+1.75.0" "metadata" "--no-deps" "--format-version=1", kill_on_drop: false }`
[INFO] [stdout] a52f524938a9617128e3e561fc680778afe97142f24b307d03149fe0fa35572e
[INFO] running `Command { std: "docker" "start" "-a" "a52f524938a9617128e3e561fc680778afe97142f24b307d03149fe0fa35572e", kill_on_drop: false }`
[INFO] running `Command { std: "docker" "inspect" "a52f524938a9617128e3e561fc680778afe97142f24b307d03149fe0fa35572e", kill_on_drop: false }`
[INFO] running `Command { std: "docker" "rm" "-f" "a52f524938a9617128e3e561fc680778afe97142f24b307d03149fe0fa35572e", kill_on_drop: false }`
[INFO] [stdout] a52f524938a9617128e3e561fc680778afe97142f24b307d03149fe0fa35572e
[INFO] running `Command { std: "docker" "create" "-v" "/var/lib/crater-agent-workspace/builds/worker-6-tc1/target:/opt/rustwide/target:rw,Z" "-v" "/var/lib/crater-agent-workspace/builds/worker-6-tc1/source:/opt/rustwide/workdir:ro,Z" "-v" "/var/lib/crater-agent-workspace/cargo-home:/opt/rustwide/cargo-home:ro,Z" "-v" "/var/lib/crater-agent-workspace/rustup-home:/opt/rustwide/rustup-home:ro,Z" "-e" "SOURCE_DIR=/opt/rustwide/workdir" "-e" "CARGO_TARGET_DIR=/opt/rustwide/target" "-e" "CARGO_INCREMENTAL=0" "-e" "RUST_BACKTRACE=full" "-e" "RUSTFLAGS=--cap-lints=warn" "-e" "RUSTDOCFLAGS=--cap-lints=warn" "-e" "CARGO_HOME=/opt/rustwide/cargo-home" "-e" "RUSTUP_HOME=/opt/rustwide/rustup-home" "-w" "/opt/rustwide/workdir" "-m" "1610612736" "--user" "0:0" "--network" "none" "ghcr.io/rust-lang/crates-build-env/linux@sha256:2788e3201cd34a07e3172128adcd8b3090168a8e3bcc40d7c032b9dda1df7d1c" "/opt/rustwide/cargo-home/bin/cargo" "+1.75.0" "build" "--frozen" "--message-format=json", kill_on_drop: false }`
[INFO] [stdout] e5257e2e7c522004f2105a7f2ed5408f6a4108e940a4eba3afd44f43c2c35e7b
[INFO] running `Command { std: "docker" "start" "-a" "e5257e2e7c522004f2105a7f2ed5408f6a4108e940a4eba3afd44f43c2c35e7b", kill_on_drop: false }`
[INFO] [stderr]    Compiling proc-macro2 v1.0.28
[INFO] [stderr]    Compiling syn v1.0.74
[INFO] [stderr]    Compiling libc v0.2.139
[INFO] [stderr]    Compiling version_check v0.9.3
[INFO] [stderr]    Compiling memchr v2.4.0
[INFO] [stderr]    Compiling log v0.4.17
[INFO] [stderr]    Compiling scopeguard v1.1.0
[INFO] [stderr]    Compiling smallvec v1.6.1
[INFO] [stderr]    Compiling pin-project-lite v0.2.7
[INFO] [stderr]    Compiling serde_derive v1.0.127
[INFO] [stderr]    Compiling futures-core v0.3.21
[INFO] [stderr]    Compiling serde v1.0.127
[INFO] [stderr]    Compiling lock_api v0.4.7
[INFO] [stderr]    Compiling instant v0.1.10
[INFO] [stderr]    Compiling fnv v1.0.7
[INFO] [stderr]    Compiling cc v1.0.69
[INFO] [stderr]    Compiling slab v0.4.3
[INFO] [stderr]    Compiling futures-sink v0.3.21
[INFO] [stderr]    Compiling futures-channel v0.3.21
[INFO] [stderr]    Compiling futures-task v0.3.21
[INFO] [stderr]    Compiling futures-util v0.3.21
[INFO] [stderr]    Compiling pin-utils v0.1.0
[INFO] [stderr]    Compiling futures-io v0.3.21
[INFO] [stderr]    Compiling itoa v1.0.1
[INFO] [stderr]    Compiling typenum v1.13.0
[INFO] [stderr]    Compiling indexmap v1.7.0
[INFO] [stderr]    Compiling bytes v1.0.1
[INFO] [stderr]    Compiling value-bag v1.0.0-alpha.9
[INFO] [stderr]    Compiling generic-array v0.14.4
[INFO] [stderr]    Compiling hashbrown v0.11.2
[INFO] [stderr]    Compiling ppv-lite86 v0.2.10
[INFO] [stderr]    Compiling percent-encoding v2.1.0
[INFO] [stderr]    Compiling matches v0.1.8
[INFO] [stderr]    Compiling tinyvec_macros v0.1.0
[INFO] [stderr]    Compiling tinyvec v1.3.1
[INFO] [stderr]    Compiling serde_json v1.0.79
[INFO] [stderr]    Compiling unicode-bidi v0.3.5
[INFO] [stderr]    Compiling form_urlencoded v1.0.1
[INFO] [stderr]    Compiling tracing-core v0.1.26
[INFO] [stderr]    Compiling bytes v0.5.6
[INFO] [stderr]    Compiling parking_lot_core v0.9.3
[INFO] [stderr]    Compiling pin-project-lite v0.1.12
[INFO] [stderr]    Compiling convert_case v0.4.0
[INFO] [stderr]    Compiling httparse v1.7.1
[INFO] [stderr]    Compiling aho-corasick v0.7.18
[INFO] [stderr]    Compiling quote v1.0.9
[INFO] [stderr]    Compiling http v0.2.8
[INFO] [stderr]    Compiling parking_lot_core v0.8.3
[INFO] [stderr]    Compiling signal-hook-registry v1.4.0
[INFO] [stderr]    Compiling num_cpus v1.13.0
[INFO] [stderr]    Compiling getrandom v0.2.3
[INFO] [stderr]    Compiling net2 v0.2.37
[INFO] [stderr]    Compiling iovec v0.1.4
[INFO] [stderr]    Compiling ring v0.16.20
[INFO] [stderr]    Compiling parking_lot v0.11.1
[INFO] [stderr]    Compiling rand_core v0.6.3
[INFO] [stderr]    Compiling socket2 v0.4.4
[INFO] [stderr]    Compiling threadpool v1.8.1
[INFO] [stderr]    Compiling num-traits v0.2.14
[INFO] [stderr]    Compiling rand_chacha v0.3.1
[INFO] [stderr]    Compiling once_cell v1.8.0
[INFO] [stderr]    Compiling unicode-normalization v0.1.19
[INFO] [stderr]    Compiling regex v1.5.5
[INFO] [stderr]    Compiling parking_lot v0.12.1
[INFO] [stderr]    Compiling rand v0.8.4
[INFO] [stderr]    Compiling getrandom v0.1.16
[INFO] [stderr]    Compiling pin-project-internal v0.4.28
[INFO] [stderr]    Compiling spin v0.5.2
[INFO] [stderr]    Compiling untrusted v0.7.1
[INFO] [stderr]    Compiling num-integer v0.1.44
[INFO] [stderr]    Compiling itoa v0.4.7
[INFO] [stderr]    Compiling copyless v0.1.5
[INFO] [stderr]    Compiling encoding_rs v0.8.28
[INFO] [stderr]    Compiling subtle v2.4.1
[INFO] [stderr]    Compiling async-trait v0.1.52
[INFO] [stderr]    Compiling either v1.6.1
[INFO] [stderr]    Compiling mime v0.3.16
[INFO] [stderr]    Compiling rand_core v0.5.1
[INFO] [stderr]    Compiling time v0.1.43
[INFO] [stderr]    Compiling miniz_oxide v0.4.4
[INFO] [stderr]    Compiling pkg-config v0.3.24
[INFO] [stderr]    Compiling iana-time-zone v0.1.53
[INFO] [stderr]    Compiling idna v0.2.3
[INFO] [stderr]    Compiling match_cfg v0.1.0
[INFO] [stderr]    Compiling rand_chacha v0.2.2
[INFO] [stderr]    Compiling digest v0.9.0
[INFO] [stderr]    Compiling hostname v0.3.1
[INFO] [stderr]    Compiling standback v0.2.17
[INFO] [stderr]    Compiling proc-macro-hack v0.5.19
[INFO] [stderr]    Compiling quick-error v1.2.3
[INFO] [stderr]    Compiling byteorder v1.4.3
[INFO] [stderr]    Compiling cipher v0.2.5
[INFO] [stderr]    Compiling unicase v2.6.0
[INFO] [stderr]    Compiling unicode-segmentation v1.8.0
[INFO] [stderr]    Compiling rand v0.7.3
[INFO] [stderr]    Compiling block-buffer v0.9.0
[INFO] [stderr]    Compiling universal-hash v0.4.1
[INFO] [stderr]    Compiling openssl-sys v0.9.72
[INFO] [stderr]    Compiling cpuid-bool v0.2.0
[INFO] [stderr]    Compiling crossbeam-utils v0.8.5
[INFO] [stderr]    Compiling const_fn v0.4.8
[INFO] [stderr]    Compiling cpufeatures v0.1.5
[INFO] [stderr]    Compiling httpdate v1.0.2
[INFO] [stderr]    Compiling heck v0.3.3
[INFO] [stderr]    Compiling polyval v0.4.5
[INFO] [stderr]    Compiling aes-soft v0.6.4
[INFO] [stderr]    Compiling crypto-mac v0.10.1
[INFO] [stderr]    Compiling brotli-sys v0.3.2
[INFO] [stderr]    Compiling bytestring v1.0.0
[INFO] [stderr]    Compiling time v0.2.27
[INFO] [stderr]    Compiling openssl v0.10.38
[INFO] [stderr]    Compiling foreign-types-shared v0.1.1
[INFO] [stderr]    Compiling linked-hash-map v0.5.4
[INFO] [stderr]    Compiling aes v0.6.0
[INFO] [stderr]    Compiling foreign-types v0.3.2
[INFO] [stderr]    Compiling hmac v0.10.1
[INFO] [stderr]    Compiling ghash v0.3.1
[INFO] [stderr]    Compiling lru-cache v0.1.2
[INFO] [stderr]    Compiling sha2 v0.9.5
[INFO] [stderr]    Compiling ctr v0.6.0
[INFO] [stderr]    Compiling resolv-conf v0.7.0
[INFO] [stderr]    Compiling aead v0.3.2
[INFO] [stderr]    Compiling cookie v0.14.4
[INFO] [stderr]    Compiling num_threads v0.1.6
[INFO] [stderr]    Compiling native-tls v0.2.8
[INFO] [stderr]    Compiling time v0.3.9
[INFO] [stderr]    Compiling aes-gcm v0.8.0
[INFO] [stderr]    Compiling hkdf v0.10.0
[INFO] [stderr]    Compiling openssl-probe v0.1.5
[INFO] [stderr]    Compiling pq-sys v0.4.6
[INFO] [stderr]    Compiling version_check v0.1.5
[INFO] [stderr]    Compiling try-lock v0.2.3
[INFO] [stderr]    Compiling rustls v0.20.4
[INFO] [stderr]    Compiling flate2 v1.0.20
[INFO] [stderr]    Compiling mime_guess v2.0.3
[INFO] [stderr]    Compiling sha-1 v0.9.7
[INFO] [stderr]    Compiling fxhash v0.2.1
[INFO] [stderr]    Compiling http-body v0.4.4
[INFO] [stderr]    Compiling scheduled-thread-pool v0.2.5
[INFO] [stderr]    Compiling socket2 v0.3.19
[INFO] [stderr]    Compiling tower-service v0.3.1
[INFO] [stderr]    Compiling nom v4.2.3
[INFO] [stderr]    Compiling semver v1.0.13
[INFO] [stderr]    Compiling language-tags v0.2.2
[INFO] [stderr]    Compiling strsim v0.9.3
[INFO] [stderr]    Compiling hex v0.4.3
[INFO] [stderr]    Compiling memoffset v0.6.5
[INFO] [stderr]    Compiling anyhow v1.0.42
[INFO] [stderr]    Compiling local-waker v0.1.3
[INFO] [stderr]    Compiling walkdir v2.3.2
[INFO] [stderr]    Compiling parse-zoneinfo v0.3.0
[INFO] [stderr]    Compiling block-buffer v0.10.2
[INFO] [stderr]    Compiling crypto-common v0.1.2
[INFO] [stderr]    Compiling backtrace v0.3.61
[INFO] [stderr]    Compiling bstr v0.2.16
[INFO] [stderr]    Compiling ahash v0.7.6
[INFO] [stderr]    Compiling crossbeam-epoch v0.9.8
[INFO] [stderr]    Compiling unic-char-range v0.9.0
[INFO] [stderr]    Compiling gimli v0.25.0
[INFO] [stderr]    Compiling unic-common v0.9.0
[INFO] [stderr]    Compiling paste v1.0.7
[INFO] [stderr]    Compiling bytes v0.6.0
[INFO] [stderr]    Compiling maplit v1.0.2
[INFO] [stderr]    Compiling v_escape v0.14.1
[INFO] [stderr]    Compiling event-listener v2.5.1
[INFO] [stderr]    Compiling async-mutex v1.4.0
[INFO] [stderr]    Compiling pest_meta v2.1.3
[INFO] [stderr]    Compiling unic-ucd-version v0.9.0
[INFO] [stderr]    Compiling unic-char-property v0.9.0
[INFO] [stderr]    Compiling digest v0.10.2
[INFO] [stderr]    Compiling rustc_version v0.4.0
[INFO] [stderr]    Compiling buf-min v0.2.0
[INFO] [stderr]    Compiling actix-utils v3.0.0
[INFO] [stderr]    Compiling thread_local v1.1.3
[INFO] [stderr]    Compiling atty v0.2.14
[INFO] [stderr]    Compiling object v0.26.0
[INFO] [stderr]    Compiling rustls-pemfile v0.2.1
[INFO] [stderr]    Compiling derive_builder v0.9.0
[INFO] [stderr]    Compiling v_htmlescape v0.11.0
[INFO] [stderr]    Compiling darling_core v0.10.2
[INFO] [stderr]    Compiling actix-service v2.0.2
[INFO] [stderr]    Compiling rustc-demangle v0.1.21
[INFO] [stderr]    Compiling cpufeatures v0.2.2
[INFO] [stderr]    Compiling ipnet v2.4.0
[INFO] [stderr]    Compiling rayon-core v1.9.3
[INFO] [stderr]    Compiling bit-vec v0.6.3
[INFO] [stderr]    Compiling sha-1 v0.10.0
[INFO] [stderr]    Compiling sentry-contexts v0.26.0
[INFO] [stderr]    Compiling chrono-tz v0.5.3
[INFO] [stderr]    Compiling webpki v0.22.0
[INFO] [stderr]    Compiling sct v0.7.0
[INFO] [stderr]    Compiling webpki v0.21.4
[INFO] [stderr]    Compiling bit-set v0.5.2
[INFO] [stderr]    Compiling pest_generator v2.1.3
[INFO] [stderr]    Compiling sct v0.6.1
[INFO] [stderr]    Compiling unic-ucd-segment v0.9.0
[INFO] [stderr]    Compiling webpki-roots v0.22.3
[INFO] [stderr]    Compiling humantime v1.3.0
[INFO] [stderr]    Compiling inotify-sys v0.1.5
[INFO] [stderr]    Compiling minreq v2.4.2
[INFO] [stderr]    Compiling lazycell v1.3.0
[INFO] [stderr]    Compiling pulldown-cmark v0.7.2
[INFO] [stderr]    Compiling language-tags v0.3.2
[INFO] [stderr]    Compiling unicode-width v0.1.9
[INFO] [stderr]    Compiling minimal-lexical v0.2.1
[INFO] [stderr]    Compiling deunicode v0.4.3
[INFO] [stderr]    Compiling firestorm v0.5.1
[INFO] [stderr]    Compiling getopts v0.2.21
[INFO] [stderr]    Compiling unic-segment v0.9.0
[INFO] [stderr]    Compiling addr2line v0.16.0
[INFO] [stderr]    Compiling nom v7.1.1
[INFO] [stderr]    Compiling slug v0.1.4
[INFO] [stderr]    Compiling inotify v0.7.1
[INFO] [stderr]    Compiling crossbeam-deque v0.8.1
[INFO] [stderr]    Compiling webpki-roots v0.18.0
[INFO] [stderr]    Compiling fancy-regex v0.4.1
[INFO] [stderr]    Compiling crossbeam-channel v0.5.4
[INFO] [stderr]    Compiling itertools v0.9.0
[INFO] [stderr]    Compiling uname v0.1.1
[INFO] [stderr]    Compiling filetime v0.2.14
[INFO] [stderr]    Compiling rayon v1.5.3
[INFO] [stderr]    Compiling fastrand v1.7.0
[INFO] [stderr]    Compiling humansize v1.1.1
[INFO] [stderr]    Compiling quick-error v2.0.1
[INFO] [stderr]    Compiling quoted_printable v0.4.5
[INFO] [stderr]    Compiling validator_types v0.11.0
[INFO] [stderr]    Compiling djangohashers v1.5.3
[INFO] [stderr]    Compiling dotenv v0.15.0
[INFO] [stderr]    Compiling radix v0.6.0
[INFO] [stderr]    Compiling base64-url v1.4.10
[INFO] [stderr]    Compiling md5 v0.7.0
[INFO] [stderr]    Compiling convert_case v0.5.0
[INFO] [stderr]    Compiling ctor v0.1.22
[INFO] [stderr]    Compiling futures-macro v0.3.21
[INFO] [stderr]    Compiling tracing-attributes v0.1.22
[INFO] [stderr]    Compiling thiserror-impl v1.0.26
[INFO] [stderr]    Compiling derive_more v0.99.17
[INFO] [stderr]    Compiling tokio-macros v1.7.0
[INFO] [stderr]    Compiling actix-macros v0.1.3
[INFO] [stderr]    Compiling enum-as-inner v0.3.3
[INFO] [stderr]    Compiling time-macros-impl v0.1.2
[INFO] [stderr]    Compiling pin-project-internal v1.0.8
[INFO] [stderr]    Compiling brotli2 v0.3.2
[INFO] [stderr]    Compiling diesel_derives v1.4.1
[INFO] [stderr]    Compiling darling_macro v0.10.2
[INFO] [stderr]    Compiling actix-web-codegen v0.4.0
[INFO] [stderr]    Compiling v_escape_derive v0.8.4
[INFO] [stderr]    Compiling thiserror v1.0.26
[INFO] [stderr]    Compiling pest_derive v2.1.0
[INFO] [stderr]    Compiling mio v0.6.23
[INFO] [stderr]    Compiling mio v0.8.2
[INFO] [stderr]    Compiling time-macros v0.1.1
[INFO] [stderr]    Compiling tokio v1.19.2
[INFO] [stderr]    Compiling tracing v0.1.34
[INFO] [stderr]    Compiling want v0.3.0
[INFO] [stderr]    Compiling mio-uds v0.6.8
[INFO] [stderr]    Compiling r2d2 v0.8.9
[INFO] [stderr]    Compiling tokio v0.2.25
[INFO] [stderr]    Compiling pin-project v0.4.28
[INFO] [stderr]    Compiling darling v0.10.2
[INFO] [stderr]    Compiling globset v0.4.8
[INFO] [stderr]    Compiling mio-extras v2.0.6
[INFO] [stderr]    Compiling derive_builder_core v0.9.0
[INFO] [stderr]    Compiling rustls v0.19.1
[INFO] [stderr]    Compiling env_logger v0.7.1
[INFO] [stderr]    Compiling pin-project v1.0.8
[INFO] [stderr]    Compiling tracing-futures v0.2.5
[INFO] [stderr]    Compiling ignore v0.4.18
[INFO] [stderr]    Compiling pretty_env_logger v0.4.0
[INFO] [stderr]    Compiling notify v4.0.17
[INFO] [stderr]    Compiling env_logger v0.8.4
[INFO] [stderr]    Compiling strip_markdown v0.2.0
[INFO] [stderr]    Compiling globwalk v0.8.1
[INFO] [stderr]    Compiling mockall_double v0.1.0
[INFO] [stderr]    Compiling actix-service v1.0.6
[INFO] [stderr]    Compiling futures-executor v0.3.21
[INFO] [stderr]    Compiling local-channel v0.1.3
[INFO] [stderr]    Compiling futures v0.3.21
[INFO] [stderr]    Compiling actix-threadpool v0.3.3
[INFO] [stderr]    Compiling actix-rt v1.1.1
[INFO] [stderr]    Compiling tokio-util v0.3.1
[INFO] [stderr]    Compiling actix-codec v0.3.0
[INFO] [stderr]    Compiling h2 v0.2.7
[INFO] [stderr]    Compiling actix-utils v2.0.0
[INFO] [stderr]    Compiling tokio-util v0.6.9
[INFO] [stderr]    Compiling tokio-rustls v0.23.3
[INFO] [stderr]    Compiling tokio-native-tls v0.3.0
[INFO] [stderr]    Compiling actix-rt v2.7.0
[INFO] [stderr]    Compiling tokio-util v0.7.3
[INFO] [stderr]    Compiling actix-server v2.1.1
[INFO] [stderr]    Compiling actix-server v1.0.4
[INFO] [stderr]    Compiling actix-tls v2.0.0
[INFO] [stderr]    Compiling h2 v0.3.12
[INFO] [stderr]    Compiling actix-codec v0.5.0
[INFO] [stderr]    Compiling actix-testing v1.0.1
[INFO] [stderr]    Compiling url v2.2.2
[INFO] [stderr]    Compiling chrono v0.4.23
[INFO] [stderr]    Compiling serde_urlencoded v0.7.0
[INFO] [stderr]    Compiling uuid v1.1.1
[INFO] [stderr]    Compiling actix-router v0.2.7
[INFO] [stderr]    Compiling uuid v0.8.2
[INFO] [stderr]    Compiling actix-router v0.5.0
[INFO] [stderr]    Compiling serde_path_to_error v0.1.7
[INFO] [stderr]    Compiling toml v0.5.9
[INFO] [stderr]    Compiling debugid v0.8.0
[INFO] [stderr]    Compiling lettre v0.10.0-rc.4
[INFO] [stderr]    Compiling trust-dns-proto v0.19.7
[INFO] [stderr]    Compiling sentry-types v0.26.0
[INFO] [stderr]    Compiling validator v0.11.0
[INFO] [stderr]    Compiling diesel v1.4.8
[INFO] [stderr]    Compiling background-jobs-core v0.8.0
[INFO] [stderr]    Compiling zxcvbn v2.1.1
[INFO] [stderr]    Compiling trust-dns-resolver v0.19.7
[INFO] [stderr]    Compiling background-jobs-actix v0.8.1
[INFO] [stderr]    Compiling background-jobs v0.8.0
[INFO] [stderr]    Compiling actix-connect v2.0.0
[INFO] [stderr]    Compiling actix-http v3.0.4
[INFO] [stderr]    Compiling sentry-core v0.26.0
[INFO] [stderr]    Compiling actix-http v2.2.0
[INFO] [stderr]    Compiling sentry-backtrace v0.26.0
[INFO] [stderr]    Compiling sentry-panic v0.26.0
[INFO] [stderr]    Compiling hyper v0.14.11
[INFO] [stderr]    Compiling actix-web v4.0.1
[INFO] [stderr]    Compiling tera v1.12.1
[INFO] [stderr]    Compiling awc v2.0.3
[INFO] [stderr]    Compiling actix-web v3.3.2
[INFO] [stderr]    Compiling sentry-actix v0.26.0
[INFO] [stderr]    Compiling actix-session v0.4.1
[INFO] [stderr]    Compiling actix-files v0.4.1
[INFO] [stderr]    Compiling actix-web-middleware-redirect-scheme v3.0.0
[INFO] [stderr]    Compiling hyper-rustls v0.23.0
[INFO] [stderr]    Compiling hyper-tls v0.5.0
[INFO] [stderr]    Compiling reqwest v0.11.9
[INFO] [stderr]    Compiling oauth2 v4.1.0
[INFO] [stderr]    Compiling sentry v0.26.0
[INFO] [stderr]    Compiling migrations_internals v1.4.1
[INFO] [stderr]    Compiling jelly v0.1.0 (/opt/rustwide/workdir/jelly)
[INFO] [stderr]    Compiling diesel_full_text_search v1.0.1
[INFO] [stdout] warning: use of deprecated method `chrono::TimeZone::ymd`: use `with_ymd_and_hms()` instead
[INFO] [stdout]   --> jelly/src/accounts/token_generator.rs:18:19
[INFO] [stdout]    |
[INFO] [stdout] 18 |     let y2k = Utc.ymd(2001, 1, 1).and_hms(0, 0, 0);
[INFO] [stdout]    |                   ^^^
[INFO] [stdout]    |
[INFO] [stdout]    = note: `#[warn(deprecated)]` on by default
[INFO] [stdout] 
[INFO] [stdout] 
[INFO] [stdout] warning: use of deprecated method `chrono::Date::<Tz>::and_hms`: Use and_hms_opt() instead
[INFO] [stdout]   --> jelly/src/accounts/token_generator.rs:18:35
[INFO] [stdout]    |
[INFO] [stdout] 18 |     let y2k = Utc.ymd(2001, 1, 1).and_hms(0, 0, 0);
[INFO] [stdout]    |                                   ^^^^^^^
[INFO] [stdout] 
[INFO] [stdout] 
[INFO] [stderr]    Compiling migrations_macros v1.4.2
[INFO] [stdout] warning: call to `.clone()` on a reference in this situation does nothing
[INFO] [stdout]    --> jelly/src/server.rs:143:32
[INFO] [stdout]     |
[INFO] [stdout] 143 |                 let x = handler.clone();
[INFO] [stdout]     |                                ^^^^^^^^ help: remove this redundant call
[INFO] [stdout]     |
[INFO] [stdout]     = note: the type `Box<dyn Fn(WorkerConfig<JobState>) -> WorkerConfig<JobState> + std::marker::Send + Sync>` does not implement `Clone`, so calling `clone` on `&Box<dyn Fn(WorkerConfig<JobState>) -> WorkerConfig<JobState> + std::marker::Send + Sync>` copies the reference, which does not do anything and can be removed
[INFO] [stdout]     = note: `#[warn(noop_method_call)]` on by default
[INFO] [stdout] 
[INFO] [stdout] 
[INFO] [stdout] warning: 3 warnings emitted
[INFO] [stdout] 
[INFO] [stdout] 
[INFO] [stderr]    Compiling diesel_migrations v1.4.0
[INFO] [stderr]    Compiling movey_app v0.1.0 (/opt/rustwide/workdir)
[INFO] [stderr]     Finished dev [unoptimized + debuginfo] target(s) in 1m 01s
[INFO] [stderr] warning: the following packages contain code that will be rejected by a future version of Rust: nom v4.2.3
[INFO] [stderr] note: to see what the problems were, use the option `--future-incompat-report`, or run `cargo report future-incompatibilities --id 2`
[INFO] running `Command { std: "docker" "inspect" "e5257e2e7c522004f2105a7f2ed5408f6a4108e940a4eba3afd44f43c2c35e7b", kill_on_drop: false }`
[INFO] running `Command { std: "docker" "rm" "-f" "e5257e2e7c522004f2105a7f2ed5408f6a4108e940a4eba3afd44f43c2c35e7b", kill_on_drop: false }`
[INFO] [stdout] e5257e2e7c522004f2105a7f2ed5408f6a4108e940a4eba3afd44f43c2c35e7b
[INFO] running `Command { std: "docker" "create" "-v" "/var/lib/crater-agent-workspace/builds/worker-6-tc1/target:/opt/rustwide/target:rw,Z" "-v" "/var/lib/crater-agent-workspace/builds/worker-6-tc1/source:/opt/rustwide/workdir:ro,Z" "-v" "/var/lib/crater-agent-workspace/cargo-home:/opt/rustwide/cargo-home:ro,Z" "-v" "/var/lib/crater-agent-workspace/rustup-home:/opt/rustwide/rustup-home:ro,Z" "-e" "SOURCE_DIR=/opt/rustwide/workdir" "-e" "CARGO_TARGET_DIR=/opt/rustwide/target" "-e" "CARGO_INCREMENTAL=0" "-e" "RUST_BACKTRACE=full" "-e" "RUSTFLAGS=--cap-lints=warn" "-e" "RUSTDOCFLAGS=--cap-lints=warn" "-e" "CARGO_HOME=/opt/rustwide/cargo-home" "-e" "RUSTUP_HOME=/opt/rustwide/rustup-home" "-w" "/opt/rustwide/workdir" "-m" "1610612736" "--user" "0:0" "--network" "none" "ghcr.io/rust-lang/crates-build-env/linux@sha256:2788e3201cd34a07e3172128adcd8b3090168a8e3bcc40d7c032b9dda1df7d1c" "/opt/rustwide/cargo-home/bin/cargo" "+1.75.0" "test" "--frozen" "--no-run" "--message-format=json", kill_on_drop: false }`
[INFO] [stdout] 55deb706c5f6c5d79001d2145d178598219ad1a7ba557e4d15e2d405b16721d3
[INFO] running `Command { std: "docker" "start" "-a" "55deb706c5f6c5d79001d2145d178598219ad1a7ba557e4d15e2d405b16721d3", kill_on_drop: false }`
[INFO] [stderr]    Compiling cache-padded v1.2.0
[INFO] [stderr]    Compiling parking v2.0.0
[INFO] [stderr]    Compiling waker-fn v1.1.0
[INFO] [stderr]    Compiling libz-sys v1.1.8
[INFO] [stderr]    Compiling itertools v0.10.3
[INFO] [stderr]    Compiling libnghttp2-sys v0.1.7+1.45.0
[INFO] [stderr]    Compiling dirs-sys-next v0.1.2
[INFO] [stderr]    Compiling crunchy v0.2.2
[INFO] [stderr]    Compiling curl-sys v0.4.56+curl-7.83.1
[INFO] [stderr]    Compiling concurrent-queue v1.2.2
[INFO] [stderr]    Compiling polling v2.2.0
[INFO] [stderr]    Compiling siphasher v0.3.10
[INFO] [stderr]    Compiling tiny-keccak v2.0.2
[INFO] [stderr]    Compiling futures-lite v1.12.0
[INFO] [stderr]    Compiling proc-macro-error-attr v1.0.4
[INFO] [stderr]    Compiling precomputed-hash v0.1.1
[INFO] [stderr]    Compiling fixedbitset v0.4.2
[INFO] [stderr]    Compiling async-task v4.3.0
[INFO] [stderr]    Compiling dirs-next v2.0.0
[INFO] [stderr]    Compiling new_debug_unreachable v1.0.4
[INFO] [stderr]    Compiling signal-hook v0.3.14
[INFO] [stderr]    Compiling async-channel v1.6.1
[INFO] [stderr]    Compiling term v0.7.0
[INFO] [stderr]    Compiling phf_shared v0.10.0
[INFO] [stderr]    Compiling petgraph v0.6.2
[INFO] [stderr]    Compiling sealed v0.3.0
[INFO] [stderr]    Compiling ena v0.14.0
[INFO] [stderr]    Compiling lalrpop-util v0.19.8
[INFO] [stderr]    Compiling proc-macro-error v1.0.4
[INFO] [stderr]    Compiling string_cache v0.8.3
[INFO] [stderr]    Compiling atomic-waker v1.0.0
[INFO] [stderr]    Compiling diff v0.1.13
[INFO] [stderr]    Compiling pico-args v0.4.2
[INFO] [stderr]    Compiling ascii-canvas v3.0.0
[INFO] [stderr]    Compiling async-lock v2.5.0
[INFO] [stderr]    Compiling peg-runtime v0.6.3
[INFO] [stderr]    Compiling bytecount v0.6.2
[INFO] [stderr]    Compiling curl v0.4.44
[INFO] [stderr]    Compiling gherkin v0.11.2
[INFO] [stderr]    Compiling kv-log-macro v1.0.7
[INFO] [stderr]    Compiling nom_locate v4.0.0
[INFO] [stderr]    Compiling isahc v1.7.2
[INFO] [stderr]    Compiling async-io v1.7.0
[INFO] [stderr]    Compiling blocking v1.2.0
[INFO] [stderr]    Compiling async-executor v1.4.1
[INFO] [stderr]    Compiling predicates-core v1.0.3
[INFO] [stderr]    Compiling heck v0.4.0
[INFO] [stderr]    Compiling cucumber-expressions v0.2.1
[INFO] [stdout] warning: use of deprecated method `chrono::TimeZone::ymd`: use `with_ymd_and_hms()` instead
[INFO] [stdout]   --> jelly/src/accounts/token_generator.rs:18:19
[INFO] [stdout]    |
[INFO] [stdout] 18 |     let y2k = Utc.ymd(2001, 1, 1).and_hms(0, 0, 0);
[INFO] [stdout]    |                   ^^^
[INFO] [stdout]    |
[INFO] [stdout]    = note: `#[warn(deprecated)]` on by default
[INFO] [stdout] 
[INFO] [stdout] 
[INFO] [stdout] warning: use of deprecated method `chrono::Date::<Tz>::and_hms`: Use and_hms_opt() instead
[INFO] [stdout]   --> jelly/src/accounts/token_generator.rs:18:35
[INFO] [stdout]    |
[INFO] [stdout] 18 |     let y2k = Utc.ymd(2001, 1, 1).and_hms(0, 0, 0);
[INFO] [stdout]    |                                   ^^^^^^^
[INFO] [stdout] 
[INFO] [stdout] 
[INFO] [stdout] warning: call to `.clone()` on a reference in this situation does nothing
[INFO] [stdout]    --> jelly/src/server.rs:143:32
[INFO] [stdout]     |
[INFO] [stdout] 143 |                 let x = handler.clone();
[INFO] [stdout]     |                                ^^^^^^^^ help: remove this redundant call
[INFO] [stdout]     |
[INFO] [stdout]     = note: the type `Box<dyn Fn(WorkerConfig<JobState>) -> WorkerConfig<JobState> + std::marker::Send + Sync>` does not implement `Clone`, so calling `clone` on `&Box<dyn Fn(WorkerConfig<JobState>) -> WorkerConfig<JobState> + std::marker::Send + Sync>` copies the reference, which does not do anything and can be removed
[INFO] [stdout]     = note: `#[warn(noop_method_call)]` on by default
[INFO] [stdout] 
[INFO] [stdout] 
[INFO] [stdout] warning: 3 warnings emitted
[INFO] [stdout] 
[INFO] [stdout] 
[INFO] [stderr]    Compiling sluice v0.5.5
[INFO] [stderr]    Compiling textwrap v0.12.1
[INFO] [stderr]    Compiling float-cmp v0.9.0
[INFO] [stderr]    Compiling typed-builder v0.7.1
[INFO] [stderr]    Compiling ghost v0.1.2
[INFO] [stderr]    Compiling synthez-core v0.2.0
[INFO] [stderr]    Compiling peg-macros v0.6.3
[INFO] [stderr]    Compiling async-global-executor v2.2.0
[INFO] [stderr]    Compiling async-process v1.4.0
[INFO] [stderr]    Compiling os_str_bytes v6.0.0
[INFO] [stderr]    Compiling terminal_size v0.1.17
[INFO] [stderr]    Compiling difflib v0.4.0
[INFO] [stderr]    Compiling clap_derive v3.1.4
[INFO] [stderr]    Compiling textwrap v0.15.0
[INFO] [stderr]    Compiling lalrpop v0.19.8
[INFO] [stderr]    Compiling async-std v1.12.0
[INFO] [stderr]    Compiling strsim v0.10.0
[INFO] [stderr]    Compiling inflections v1.1.1
[INFO] [stderr]    Compiling castaway v0.1.2
[INFO] [stderr]    Compiling normalize-line-endings v0.3.0
[INFO] [stderr]    Compiling termtree v0.2.4
[INFO] [stderr]    Compiling predicates v2.1.1
[INFO] [stderr]    Compiling console v0.15.0
[INFO] [stderr]    Compiling sealed v0.4.0
[INFO] [stderr]    Compiling predicates-tree v1.0.5
[INFO] [stderr]    Compiling inventory v0.2.2
[INFO] [stderr]    Compiling synthez-codegen v0.2.0
[INFO] [stderr]    Compiling assert-json-diff v2.0.2
[INFO] [stderr]    Compiling serde_regex v1.1.0
[INFO] [stderr]    Compiling stringmatch v0.3.3
[INFO] [stderr]    Compiling displaydoc v0.2.3
[INFO] [stderr]    Compiling mockall_derive v0.11.0
[INFO] [stderr]    Compiling serde_repr v0.1.7
[INFO] [stderr]    Compiling fragile v1.2.0
[INFO] [stderr]    Compiling levenshtein v1.0.5
[INFO] [stderr]    Compiling urlparse v0.7.3
[INFO] [stderr]    Compiling downcast v0.11.0
[INFO] [stderr]    Compiling similar v2.1.0
[INFO] [stderr]    Compiling env_logger v0.9.0
[INFO] [stderr]    Compiling synthez v0.2.0
[INFO] [stderr]    Compiling test-log v0.2.8
[INFO] [stderr]    Compiling urlencoding v2.1.0
[INFO] [stderr]    Compiling cucumber-codegen v0.12.1
[INFO] [stderr]    Compiling peg v0.6.3
[INFO] [stderr]    Compiling thirtyfour v0.28.1
[INFO] [stderr]    Compiling clap v3.1.6
[INFO] [stderr]    Compiling async-object-pool v0.1.4
[INFO] [stderr]    Compiling mockall v0.11.0
[INFO] [stderr]    Compiling cucumber v0.12.1
[INFO] [stderr]    Compiling basic-cookies v0.1.4
[INFO] [stderr]    Compiling httpmock v0.6.6
[INFO] [stderr]    Compiling movey_app v0.1.0 (/opt/rustwide/workdir)
[INFO] [stdout] error[E0599]: no function or associated item named `create_test_package` found for struct `Package` in the current scope
[INFO] [stdout]    --> tests/features/step_definitions/collaborators_steps.rs:22:24
[INFO] [stdout]     |
[INFO] [stdout] 22  |     let pid = Package::create_test_package(
[INFO] [stdout]     |                        ^^^^^^^^^^^^^^^^^^^ function or associated item not found in `Package`
[INFO] [stdout]     |
[INFO] [stdout] note: if you're trying to build a new `Package` consider using one of the following associated functions:
[INFO] [stdout]       Package::create
[INFO] [stdout]       Package::create_from_crawled_data
[INFO] [stdout]       Package::get
[INFO] [stdout]       Package::get_by_name
[INFO] [stdout]       and 2 others
[INFO] [stdout]    --> /opt/rustwide/workdir/src/packages/models/mod.rs:230:5
[INFO] [stdout]     |
[INFO] [stdout] 230 | /     pub fn create(
[INFO] [stdout] 231 | |         repo_url: &str,
[INFO] [stdout] 232 | |         package_description: &str,
[INFO] [stdout] 233 | |         version_rev: &str,
[INFO] [stdout] ...   |
[INFO] [stdout] 239 | |         pool: &DieselPgPool,
[INFO] [stdout] 240 | |     ) -> Result<Package> {
[INFO] [stdout]     | |________________________^
[INFO] [stdout] ...
[INFO] [stdout] 255 | /     pub fn create_from_crawled_data(
[INFO] [stdout] 256 | |         repo_url: &str,
[INFO] [stdout] 257 | |         package_description: &str,
[INFO] [stdout] 258 | |         version_rev: &str,
[INFO] [stdout] ...   |
[INFO] [stdout] 263 | |         pool: &DieselPgPool,
[INFO] [stdout] 264 | |     ) -> Result<Package> {
[INFO] [stdout]     | |________________________^
[INFO] [stdout] ...
[INFO] [stdout] 370 |       pub fn get(uid: i32, pool: &DieselPgPool) -> Result<Self> {
[INFO] [stdout]     |       ^^^^^^^^^^^^^^^^^^^^^^^^^^^^^^^^^^^^^^^^^^^^^^^^^^^^^^^^^
[INFO] [stdout] ...
[INFO] [stdout] 380 |       pub fn get_by_name(package_name: &str, pool: &DieselPgPool) -> Result<Self> {
[INFO] [stdout]     |       ^^^^^^^^^^^^^^^^^^^^^^^^^^^^^^^^^^^^^^^^^^^^^^^^^^^^^^^^^^^^^^^^^^^^^^^^^^^
[INFO] [stdout] 
[INFO] [stdout] 
[INFO] [stdout] warning: unused variable: `world`
[INFO] [stdout]    --> tests/features/step_definitions/collaborators_steps.rs:277:32
[INFO] [stdout]     |
[INFO] [stdout] 277 | async fn url_in_transfer_email(world: &mut TestWorld, url: String) {
[INFO] [stdout]     |                                ^^^^^ help: if this is intentional, prefix it with an underscore: `_world`
[INFO] [stdout]     |
[INFO] [stdout]     = note: `#[warn(unused_variables)]` on by default
[INFO] [stdout] 
[INFO] [stdout] 
[INFO] [stdout] error[E0599]: no function or associated item named `create_test_package` found for struct `Package` in the current scope
[INFO] [stdout]    --> tests/features/step_definitions/collaborators_steps.rs:958:24
[INFO] [stdout]     |
[INFO] [stdout] 958 |     let pid = Package::create_test_package(
[INFO] [stdout]     |                        ^^^^^^^^^^^^^^^^^^^ function or associated item not found in `Package`
[INFO] [stdout]     |
[INFO] [stdout] note: if you're trying to build a new `Package` consider using one of the following associated functions:
[INFO] [stdout]       Package::create
[INFO] [stdout]       Package::create_from_crawled_data
[INFO] [stdout]       Package::get
[INFO] [stdout]       Package::get_by_name
[INFO] [stdout]       and 2 others
[INFO] [stdout]    --> /opt/rustwide/workdir/src/packages/models/mod.rs:230:5
[INFO] [stdout]     |
[INFO] [stdout] 230 | /     pub fn create(
[INFO] [stdout] 231 | |         repo_url: &str,
[INFO] [stdout] 232 | |         package_description: &str,
[INFO] [stdout] 233 | |         version_rev: &str,
[INFO] [stdout] ...   |
[INFO] [stdout] 239 | |         pool: &DieselPgPool,
[INFO] [stdout] 240 | |     ) -> Result<Package> {
[INFO] [stdout]     | |________________________^
[INFO] [stdout] ...
[INFO] [stdout] 255 | /     pub fn create_from_crawled_data(
[INFO] [stdout] 256 | |         repo_url: &str,
[INFO] [stdout] 257 | |         package_description: &str,
[INFO] [stdout] 258 | |         version_rev: &str,
[INFO] [stdout] ...   |
[INFO] [stdout] 263 | |         pool: &DieselPgPool,
[INFO] [stdout] 264 | |     ) -> Result<Package> {
[INFO] [stdout]     | |________________________^
[INFO] [stdout] ...
[INFO] [stdout] 370 |       pub fn get(uid: i32, pool: &DieselPgPool) -> Result<Self> {
[INFO] [stdout]     |       ^^^^^^^^^^^^^^^^^^^^^^^^^^^^^^^^^^^^^^^^^^^^^^^^^^^^^^^^^
[INFO] [stdout] ...
[INFO] [stdout] 380 |       pub fn get_by_name(package_name: &str, pool: &DieselPgPool) -> Result<Self> {
[INFO] [stdout]     |       ^^^^^^^^^^^^^^^^^^^^^^^^^^^^^^^^^^^^^^^^^^^^^^^^^^^^^^^^^^^^^^^^^^^^^^^^^^^
[INFO] [stdout] 
[INFO] [stdout] 
[INFO] [stdout] error[E0599]: no function or associated item named `create_test_package` found for struct `Package` in the current scope
[INFO] [stdout]    --> tests/features/step_definitions/owned_package_steps.rs:19:14
[INFO] [stdout]     |
[INFO] [stdout] 19  |     Package::create_test_package(
[INFO] [stdout]     |              ^^^^^^^^^^^^^^^^^^^ function or associated item not found in `Package`
[INFO] [stdout]     |
[INFO] [stdout] note: if you're trying to build a new `Package` consider using one of the following associated functions:
[INFO] [stdout]       Package::create
[INFO] [stdout]       Package::create_from_crawled_data
[INFO] [stdout]       Package::get
[INFO] [stdout]       Package::get_by_name
[INFO] [stdout]       and 2 others
[INFO] [stdout]    --> /opt/rustwide/workdir/src/packages/models/mod.rs:230:5
[INFO] [stdout]     |
[INFO] [stdout] 230 | /     pub fn create(
[INFO] [stdout] 231 | |         repo_url: &str,
[INFO] [stdout] 232 | |         package_description: &str,
[INFO] [stdout] 233 | |         version_rev: &str,
[INFO] [stdout] ...   |
[INFO] [stdout] 239 | |         pool: &DieselPgPool,
[INFO] [stdout] 240 | |     ) -> Result<Package> {
[INFO] [stdout]     | |________________________^
[INFO] [stdout] ...
[INFO] [stdout] 255 | /     pub fn create_from_crawled_data(
[INFO] [stdout] 256 | |         repo_url: &str,
[INFO] [stdout] 257 | |         package_description: &str,
[INFO] [stdout] 258 | |         version_rev: &str,
[INFO] [stdout] ...   |
[INFO] [stdout] 263 | |         pool: &DieselPgPool,
[INFO] [stdout] 264 | |     ) -> Result<Package> {
[INFO] [stdout]     | |________________________^
[INFO] [stdout] ...
[INFO] [stdout] 370 |       pub fn get(uid: i32, pool: &DieselPgPool) -> Result<Self> {
[INFO] [stdout]     |       ^^^^^^^^^^^^^^^^^^^^^^^^^^^^^^^^^^^^^^^^^^^^^^^^^^^^^^^^^
[INFO] [stdout] ...
[INFO] [stdout] 380 |       pub fn get_by_name(package_name: &str, pool: &DieselPgPool) -> Result<Self> {
[INFO] [stdout]     |       ^^^^^^^^^^^^^^^^^^^^^^^^^^^^^^^^^^^^^^^^^^^^^^^^^^^^^^^^^^^^^^^^^^^^^^^^^^^
[INFO] [stdout] 
[INFO] [stdout] 
[INFO] [stdout] error[E0599]: no function or associated item named `create_test_package` found for struct `Package` in the current scope
[INFO] [stdout]    --> tests/features/step_definitions/owned_package_steps.rs:35:14
[INFO] [stdout]     |
[INFO] [stdout] 35  |     Package::create_test_package(
[INFO] [stdout]     |              ^^^^^^^^^^^^^^^^^^^ function or associated item not found in `Package`
[INFO] [stdout]     |
[INFO] [stdout] note: if you're trying to build a new `Package` consider using one of the following associated functions:
[INFO] [stdout]       Package::create
[INFO] [stdout]       Package::create_from_crawled_data
[INFO] [stdout]       Package::get
[INFO] [stdout]       Package::get_by_name
[INFO] [stdout]       and 2 others
[INFO] [stdout]    --> /opt/rustwide/workdir/src/packages/models/mod.rs:230:5
[INFO] [stdout]     |
[INFO] [stdout] 230 | /     pub fn create(
[INFO] [stdout] 231 | |         repo_url: &str,
[INFO] [stdout] 232 | |         package_description: &str,
[INFO] [stdout] 233 | |         version_rev: &str,
[INFO] [stdout] ...   |
[INFO] [stdout] 239 | |         pool: &DieselPgPool,
[INFO] [stdout] 240 | |     ) -> Result<Package> {
[INFO] [stdout]     | |________________________^
[INFO] [stdout] ...
[INFO] [stdout] 255 | /     pub fn create_from_crawled_data(
[INFO] [stdout] 256 | |         repo_url: &str,
[INFO] [stdout] 257 | |         package_description: &str,
[INFO] [stdout] 258 | |         version_rev: &str,
[INFO] [stdout] ...   |
[INFO] [stdout] 263 | |         pool: &DieselPgPool,
[INFO] [stdout] 264 | |     ) -> Result<Package> {
[INFO] [stdout]     | |________________________^
[INFO] [stdout] ...
[INFO] [stdout] 370 |       pub fn get(uid: i32, pool: &DieselPgPool) -> Result<Self> {
[INFO] [stdout]     |       ^^^^^^^^^^^^^^^^^^^^^^^^^^^^^^^^^^^^^^^^^^^^^^^^^^^^^^^^^
[INFO] [stdout] ...
[INFO] [stdout] 380 |       pub fn get_by_name(package_name: &str, pool: &DieselPgPool) -> Result<Self> {
[INFO] [stdout]     |       ^^^^^^^^^^^^^^^^^^^^^^^^^^^^^^^^^^^^^^^^^^^^^^^^^^^^^^^^^^^^^^^^^^^^^^^^^^^
[INFO] [stdout] 
[INFO] [stdout] 
[INFO] [stdout] error[E0599]: no function or associated item named `create_test_package` found for struct `Package` in the current scope
[INFO] [stdout]    --> tests/features/step_definitions/packages_steps.rs:11:24
[INFO] [stdout]     |
[INFO] [stdout] 11  |     let uid = Package::create_test_package(
[INFO] [stdout]     |                        ^^^^^^^^^^^^^^^^^^^ function or associated item not found in `Package`
[INFO] [stdout]     |
[INFO] [stdout] note: if you're trying to build a new `Package` consider using one of the following associated functions:
[INFO] [stdout]       Package::create
[INFO] [stdout]       Package::create_from_crawled_data
[INFO] [stdout]       Package::get
[INFO] [stdout]       Package::get_by_name
[INFO] [stdout]       and 2 others
[INFO] [stdout]    --> /opt/rustwide/workdir/src/packages/models/mod.rs:230:5
[INFO] [stdout]     |
[INFO] [stdout] 230 | /     pub fn create(
[INFO] [stdout] 231 | |         repo_url: &str,
[INFO] [stdout] 232 | |         package_description: &str,
[INFO] [stdout] 233 | |         version_rev: &str,
[INFO] [stdout] ...   |
[INFO] [stdout] 239 | |         pool: &DieselPgPool,
[INFO] [stdout] 240 | |     ) -> Result<Package> {
[INFO] [stdout]     | |________________________^
[INFO] [stdout] ...
[INFO] [stdout] 255 | /     pub fn create_from_crawled_data(
[INFO] [stdout] 256 | |         repo_url: &str,
[INFO] [stdout] 257 | |         package_description: &str,
[INFO] [stdout] 258 | |         version_rev: &str,
[INFO] [stdout] ...   |
[INFO] [stdout] 263 | |         pool: &DieselPgPool,
[INFO] [stdout] 264 | |     ) -> Result<Package> {
[INFO] [stdout]     | |________________________^
[INFO] [stdout] ...
[INFO] [stdout] 370 |       pub fn get(uid: i32, pool: &DieselPgPool) -> Result<Self> {
[INFO] [stdout]     |       ^^^^^^^^^^^^^^^^^^^^^^^^^^^^^^^^^^^^^^^^^^^^^^^^^^^^^^^^^
[INFO] [stdout] ...
[INFO] [stdout] 380 |       pub fn get_by_name(package_name: &str, pool: &DieselPgPool) -> Result<Self> {
[INFO] [stdout]     |       ^^^^^^^^^^^^^^^^^^^^^^^^^^^^^^^^^^^^^^^^^^^^^^^^^^^^^^^^^^^^^^^^^^^^^^^^^^^
[INFO] [stdout] 
[INFO] [stdout] 
[INFO] [stdout] error[E0599]: no function or associated item named `create_test_package` found for struct `Package` in the current scope
[INFO] [stdout]    --> tests/features/step_definitions/packages_steps.rs:27:25
[INFO] [stdout]     |
[INFO] [stdout] 27  |     let uid2 = Package::create_test_package(
[INFO] [stdout]     |                         ^^^^^^^^^^^^^^^^^^^ function or associated item not found in `Package`
[INFO] [stdout]     |
[INFO] [stdout] note: if you're trying to build a new `Package` consider using one of the following associated functions:
[INFO] [stdout]       Package::create
[INFO] [stdout]       Package::create_from_crawled_data
[INFO] [stdout]       Package::get
[INFO] [stdout]       Package::get_by_name
[INFO] [stdout]       and 2 others
[INFO] [stdout]    --> /opt/rustwide/workdir/src/packages/models/mod.rs:230:5
[INFO] [stdout]     |
[INFO] [stdout] 230 | /     pub fn create(
[INFO] [stdout] 231 | |         repo_url: &str,
[INFO] [stdout] 232 | |         package_description: &str,
[INFO] [stdout] 233 | |         version_rev: &str,
[INFO] [stdout] ...   |
[INFO] [stdout] 239 | |         pool: &DieselPgPool,
[INFO] [stdout] 240 | |     ) -> Result<Package> {
[INFO] [stdout]     | |________________________^
[INFO] [stdout] ...
[INFO] [stdout] 255 | /     pub fn create_from_crawled_data(
[INFO] [stdout] 256 | |         repo_url: &str,
[INFO] [stdout] 257 | |         package_description: &str,
[INFO] [stdout] 258 | |         version_rev: &str,
[INFO] [stdout] ...   |
[INFO] [stdout] 263 | |         pool: &DieselPgPool,
[INFO] [stdout] 264 | |     ) -> Result<Package> {
[INFO] [stdout]     | |________________________^
[INFO] [stdout] ...
[INFO] [stdout] 370 |       pub fn get(uid: i32, pool: &DieselPgPool) -> Result<Self> {
[INFO] [stdout]     |       ^^^^^^^^^^^^^^^^^^^^^^^^^^^^^^^^^^^^^^^^^^^^^^^^^^^^^^^^^
[INFO] [stdout] ...
[INFO] [stdout] 380 |       pub fn get_by_name(package_name: &str, pool: &DieselPgPool) -> Result<Self> {
[INFO] [stdout]     |       ^^^^^^^^^^^^^^^^^^^^^^^^^^^^^^^^^^^^^^^^^^^^^^^^^^^^^^^^^^^^^^^^^^^^^^^^^^^
[INFO] [stdout] 
[INFO] [stdout] 
[INFO] [stdout] error[E0599]: no function or associated item named `create_test_package` found for struct `Package` in the current scope
[INFO] [stdout]    --> tests/features/step_definitions/packages_steps.rs:43:25
[INFO] [stdout]     |
[INFO] [stdout] 43  |     let uid3 = Package::create_test_package(
[INFO] [stdout]     |                         ^^^^^^^^^^^^^^^^^^^ function or associated item not found in `Package`
[INFO] [stdout]     |
[INFO] [stdout] note: if you're trying to build a new `Package` consider using one of the following associated functions:
[INFO] [stdout]       Package::create
[INFO] [stdout]       Package::create_from_crawled_data
[INFO] [stdout]       Package::get
[INFO] [stdout]       Package::get_by_name
[INFO] [stdout]       and 2 others
[INFO] [stdout]    --> /opt/rustwide/workdir/src/packages/models/mod.rs:230:5
[INFO] [stdout]     |
[INFO] [stdout] 230 | /     pub fn create(
[INFO] [stdout] 231 | |         repo_url: &str,
[INFO] [stdout] 232 | |         package_description: &str,
[INFO] [stdout] 233 | |         version_rev: &str,
[INFO] [stdout] ...   |
[INFO] [stdout] 239 | |         pool: &DieselPgPool,
[INFO] [stdout] 240 | |     ) -> Result<Package> {
[INFO] [stdout]     | |________________________^
[INFO] [stdout] ...
[INFO] [stdout] 255 | /     pub fn create_from_crawled_data(
[INFO] [stdout] 256 | |         repo_url: &str,
[INFO] [stdout] 257 | |         package_description: &str,
[INFO] [stdout] 258 | |         version_rev: &str,
[INFO] [stdout] ...   |
[INFO] [stdout] 263 | |         pool: &DieselPgPool,
[INFO] [stdout] 264 | |     ) -> Result<Package> {
[INFO] [stdout]     | |________________________^
[INFO] [stdout] ...
[INFO] [stdout] 370 |       pub fn get(uid: i32, pool: &DieselPgPool) -> Result<Self> {
[INFO] [stdout]     |       ^^^^^^^^^^^^^^^^^^^^^^^^^^^^^^^^^^^^^^^^^^^^^^^^^^^^^^^^^
[INFO] [stdout] ...
[INFO] [stdout] 380 |       pub fn get_by_name(package_name: &str, pool: &DieselPgPool) -> Result<Self> {
[INFO] [stdout]     |       ^^^^^^^^^^^^^^^^^^^^^^^^^^^^^^^^^^^^^^^^^^^^^^^^^^^^^^^^^^^^^^^^^^^^^^^^^^^
[INFO] [stdout] 
[INFO] [stdout] 
[INFO] [stdout] error[E0599]: no function or associated item named `create_test_package` found for struct `Package` in the current scope
[INFO] [stdout]    --> tests/features/step_definitions/packages_steps.rs:100:24
[INFO] [stdout]     |
[INFO] [stdout] 100 |     let uid = Package::create_test_package(
[INFO] [stdout]     |                        ^^^^^^^^^^^^^^^^^^^ function or associated item not found in `Package`
[INFO] [stdout]     |
[INFO] [stdout] note: if you're trying to build a new `Package` consider using one of the following associated functions:
[INFO] [stdout]       Package::create
[INFO] [stdout]       Package::create_from_crawled_data
[INFO] [stdout]       Package::get
[INFO] [stdout]       Package::get_by_name
[INFO] [stdout]       and 2 others
[INFO] [stdout]    --> /opt/rustwide/workdir/src/packages/models/mod.rs:230:5
[INFO] [stdout]     |
[INFO] [stdout] 230 | /     pub fn create(
[INFO] [stdout] 231 | |         repo_url: &str,
[INFO] [stdout] 232 | |         package_description: &str,
[INFO] [stdout] 233 | |         version_rev: &str,
[INFO] [stdout] ...   |
[INFO] [stdout] 239 | |         pool: &DieselPgPool,
[INFO] [stdout] 240 | |     ) -> Result<Package> {
[INFO] [stdout]     | |________________________^
[INFO] [stdout] ...
[INFO] [stdout] 255 | /     pub fn create_from_crawled_data(
[INFO] [stdout] 256 | |         repo_url: &str,
[INFO] [stdout] 257 | |         package_description: &str,
[INFO] [stdout] 258 | |         version_rev: &str,
[INFO] [stdout] ...   |
[INFO] [stdout] 263 | |         pool: &DieselPgPool,
[INFO] [stdout] 264 | |     ) -> Result<Package> {
[INFO] [stdout]     | |________________________^
[INFO] [stdout] ...
[INFO] [stdout] 370 |       pub fn get(uid: i32, pool: &DieselPgPool) -> Result<Self> {
[INFO] [stdout]     |       ^^^^^^^^^^^^^^^^^^^^^^^^^^^^^^^^^^^^^^^^^^^^^^^^^^^^^^^^^
[INFO] [stdout] ...
[INFO] [stdout] 380 |       pub fn get_by_name(package_name: &str, pool: &DieselPgPool) -> Result<Self> {
[INFO] [stdout]     |       ^^^^^^^^^^^^^^^^^^^^^^^^^^^^^^^^^^^^^^^^^^^^^^^^^^^^^^^^^^^^^^^^^^^^^^^^^^^
[INFO] [stdout] 
[INFO] [stdout] 
[INFO] [stdout] error[E0599]: no function or associated item named `create_test_package` found for struct `Package` in the current scope
[INFO] [stdout]    --> tests/features/step_definitions/packages_steps.rs:150:14
[INFO] [stdout]     |
[INFO] [stdout] 150 |     Package::create_test_package(
[INFO] [stdout]     |              ^^^^^^^^^^^^^^^^^^^ function or associated item not found in `Package`
[INFO] [stdout]     |
[INFO] [stdout] note: if you're trying to build a new `Package` consider using one of the following associated functions:
[INFO] [stdout]       Package::create
[INFO] [stdout]       Package::create_from_crawled_data
[INFO] [stdout]       Package::get
[INFO] [stdout]       Package::get_by_name
[INFO] [stdout]       and 2 others
[INFO] [stdout]    --> /opt/rustwide/workdir/src/packages/models/mod.rs:230:5
[INFO] [stdout]     |
[INFO] [stdout] 230 | /     pub fn create(
[INFO] [stdout] 231 | |         repo_url: &str,
[INFO] [stdout] 232 | |         package_description: &str,
[INFO] [stdout] 233 | |         version_rev: &str,
[INFO] [stdout] ...   |
[INFO] [stdout] 239 | |         pool: &DieselPgPool,
[INFO] [stdout] 240 | |     ) -> Result<Package> {
[INFO] [stdout]     | |________________________^
[INFO] [stdout] ...
[INFO] [stdout] 255 | /     pub fn create_from_crawled_data(
[INFO] [stdout] 256 | |         repo_url: &str,
[INFO] [stdout] 257 | |         package_description: &str,
[INFO] [stdout] 258 | |         version_rev: &str,
[INFO] [stdout] ...   |
[INFO] [stdout] 263 | |         pool: &DieselPgPool,
[INFO] [stdout] 264 | |     ) -> Result<Package> {
[INFO] [stdout]     | |________________________^
[INFO] [stdout] ...
[INFO] [stdout] 370 |       pub fn get(uid: i32, pool: &DieselPgPool) -> Result<Self> {
[INFO] [stdout]     |       ^^^^^^^^^^^^^^^^^^^^^^^^^^^^^^^^^^^^^^^^^^^^^^^^^^^^^^^^^
[INFO] [stdout] ...
[INFO] [stdout] 380 |       pub fn get_by_name(package_name: &str, pool: &DieselPgPool) -> Result<Self> {
[INFO] [stdout]     |       ^^^^^^^^^^^^^^^^^^^^^^^^^^^^^^^^^^^^^^^^^^^^^^^^^^^^^^^^^^^^^^^^^^^^^^^^^^^
[INFO] [stdout] 
[INFO] [stdout] 
[INFO] [stdout] error[E0599]: no function or associated item named `create_test_package_with_downloads` found for struct `Package` in the current scope
[INFO] [stdout]    --> tests/features/step_definitions/search_results_steps.rs:10:14
[INFO] [stdout]     |
[INFO] [stdout] 10  |     Package::create_test_package_with_downloads(
[INFO] [stdout]     |              ^^^^^^^^^^^^^^^^^^^^^^^^^^^^^^^^^^ function or associated item not found in `Package`
[INFO] [stdout]     |
[INFO] [stdout] note: if you're trying to build a new `Package` consider using one of the following associated functions:
[INFO] [stdout]       Package::create
[INFO] [stdout]       Package::create_from_crawled_data
[INFO] [stdout]       Package::get
[INFO] [stdout]       Package::get_by_name
[INFO] [stdout]       and 2 others
[INFO] [stdout]    --> /opt/rustwide/workdir/src/packages/models/mod.rs:230:5
[INFO] [stdout]     |
[INFO] [stdout] 230 | /     pub fn create(
[INFO] [stdout] 231 | |         repo_url: &str,
[INFO] [stdout] 232 | |         package_description: &str,
[INFO] [stdout] 233 | |         version_rev: &str,
[INFO] [stdout] ...   |
[INFO] [stdout] 239 | |         pool: &DieselPgPool,
[INFO] [stdout] 240 | |     ) -> Result<Package> {
[INFO] [stdout]     | |________________________^
[INFO] [stdout] ...
[INFO] [stdout] 255 | /     pub fn create_from_crawled_data(
[INFO] [stdout] 256 | |         repo_url: &str,
[INFO] [stdout] 257 | |         package_description: &str,
[INFO] [stdout] 258 | |         version_rev: &str,
[INFO] [stdout] ...   |
[INFO] [stdout] 263 | |         pool: &DieselPgPool,
[INFO] [stdout] 264 | |     ) -> Result<Package> {
[INFO] [stdout]     | |________________________^
[INFO] [stdout] ...
[INFO] [stdout] 370 |       pub fn get(uid: i32, pool: &DieselPgPool) -> Result<Self> {
[INFO] [stdout]     |       ^^^^^^^^^^^^^^^^^^^^^^^^^^^^^^^^^^^^^^^^^^^^^^^^^^^^^^^^^
[INFO] [stdout] ...
[INFO] [stdout] 380 |       pub fn get_by_name(package_name: &str, pool: &DieselPgPool) -> Result<Self> {
[INFO] [stdout]     |       ^^^^^^^^^^^^^^^^^^^^^^^^^^^^^^^^^^^^^^^^^^^^^^^^^^^^^^^^^^^^^^^^^^^^^^^^^^^
[INFO] [stdout] 
[INFO] [stdout] 
[INFO] [stdout] error[E0599]: no function or associated item named `create_test_package_with_downloads` found for struct `Package` in the current scope
[INFO] [stdout]    --> tests/features/step_definitions/search_results_steps.rs:20:14
[INFO] [stdout]     |
[INFO] [stdout] 20  |     Package::create_test_package_with_downloads(
[INFO] [stdout]     |              ^^^^^^^^^^^^^^^^^^^^^^^^^^^^^^^^^^ function or associated item not found in `Package`
[INFO] [stdout]     |
[INFO] [stdout] note: if you're trying to build a new `Package` consider using one of the following associated functions:
[INFO] [stdout]       Package::create
[INFO] [stdout]       Package::create_from_crawled_data
[INFO] [stdout]       Package::get
[INFO] [stdout]       Package::get_by_name
[INFO] [stdout]       and 2 others
[INFO] [stdout]    --> /opt/rustwide/workdir/src/packages/models/mod.rs:230:5
[INFO] [stdout]     |
[INFO] [stdout] 230 | /     pub fn create(
[INFO] [stdout] 231 | |         repo_url: &str,
[INFO] [stdout] 232 | |         package_description: &str,
[INFO] [stdout] 233 | |         version_rev: &str,
[INFO] [stdout] ...   |
[INFO] [stdout] 239 | |         pool: &DieselPgPool,
[INFO] [stdout] 240 | |     ) -> Result<Package> {
[INFO] [stdout]     | |________________________^
[INFO] [stdout] ...
[INFO] [stdout] 255 | /     pub fn create_from_crawled_data(
[INFO] [stdout] 256 | |         repo_url: &str,
[INFO] [stdout] 257 | |         package_description: &str,
[INFO] [stdout] 258 | |         version_rev: &str,
[INFO] [stdout] ...   |
[INFO] [stdout] 263 | |         pool: &DieselPgPool,
[INFO] [stdout] 264 | |     ) -> Result<Package> {
[INFO] [stdout]     | |________________________^
[INFO] [stdout] ...
[INFO] [stdout] 370 |       pub fn get(uid: i32, pool: &DieselPgPool) -> Result<Self> {
[INFO] [stdout]     |       ^^^^^^^^^^^^^^^^^^^^^^^^^^^^^^^^^^^^^^^^^^^^^^^^^^^^^^^^^
[INFO] [stdout] ...
[INFO] [stdout] 380 |       pub fn get_by_name(package_name: &str, pool: &DieselPgPool) -> Result<Self> {
[INFO] [stdout]     |       ^^^^^^^^^^^^^^^^^^^^^^^^^^^^^^^^^^^^^^^^^^^^^^^^^^^^^^^^^^^^^^^^^^^^^^^^^^^
[INFO] [stdout] 
[INFO] [stdout] 
[INFO] [stdout] error[E0599]: no function or associated item named `create_test_package_with_downloads` found for struct `Package` in the current scope
[INFO] [stdout]    --> tests/features/step_definitions/search_results_steps.rs:31:14
[INFO] [stdout]     |
[INFO] [stdout] 31  |     Package::create_test_package_with_downloads(
[INFO] [stdout]     |              ^^^^^^^^^^^^^^^^^^^^^^^^^^^^^^^^^^ function or associated item not found in `Package`
[INFO] [stdout]     |
[INFO] [stdout] note: if you're trying to build a new `Package` consider using one of the following associated functions:
[INFO] [stdout]       Package::create
[INFO] [stdout]       Package::create_from_crawled_data
[INFO] [stdout]       Package::get
[INFO] [stdout]       Package::get_by_name
[INFO] [stdout]       and 2 others
[INFO] [stdout]    --> /opt/rustwide/workdir/src/packages/models/mod.rs:230:5
[INFO] [stdout]     |
[INFO] [stdout] 230 | /     pub fn create(
[INFO] [stdout] 231 | |         repo_url: &str,
[INFO] [stdout] 232 | |         package_description: &str,
[INFO] [stdout] 233 | |         version_rev: &str,
[INFO] [stdout] ...   |
[INFO] [stdout] 239 | |         pool: &DieselPgPool,
[INFO] [stdout] 240 | |     ) -> Result<Package> {
[INFO] [stdout]     | |________________________^
[INFO] [stdout] ...
[INFO] [stdout] 255 | /     pub fn create_from_crawled_data(
[INFO] [stdout] 256 | |         repo_url: &str,
[INFO] [stdout] 257 | |         package_description: &str,
[INFO] [stdout] 258 | |         version_rev: &str,
[INFO] [stdout] ...   |
[INFO] [stdout] 263 | |         pool: &DieselPgPool,
[INFO] [stdout] 264 | |     ) -> Result<Package> {
[INFO] [stdout]     | |________________________^
[INFO] [stdout] ...
[INFO] [stdout] 370 |       pub fn get(uid: i32, pool: &DieselPgPool) -> Result<Self> {
[INFO] [stdout]     |       ^^^^^^^^^^^^^^^^^^^^^^^^^^^^^^^^^^^^^^^^^^^^^^^^^^^^^^^^^
[INFO] [stdout] ...
[INFO] [stdout] 380 |       pub fn get_by_name(package_name: &str, pool: &DieselPgPool) -> Result<Self> {
[INFO] [stdout]     |       ^^^^^^^^^^^^^^^^^^^^^^^^^^^^^^^^^^^^^^^^^^^^^^^^^^^^^^^^^^^^^^^^^^^^^^^^^^^
[INFO] [stdout] 
[INFO] [stdout] 
[INFO] [stdout] error[E0599]: no function or associated item named `create_test_package_with_downloads` found for struct `Package` in the current scope
[INFO] [stdout]    --> tests/features/step_definitions/search_results_steps.rs:41:14
[INFO] [stdout]     |
[INFO] [stdout] 41  |     Package::create_test_package_with_downloads(
[INFO] [stdout]     |              ^^^^^^^^^^^^^^^^^^^^^^^^^^^^^^^^^^ function or associated item not found in `Package`
[INFO] [stdout]     |
[INFO] [stdout] note: if you're trying to build a new `Package` consider using one of the following associated functions:
[INFO] [stdout]       Package::create
[INFO] [stdout]       Package::create_from_crawled_data
[INFO] [stdout]       Package::get
[INFO] [stdout]       Package::get_by_name
[INFO] [stdout]       and 2 others
[INFO] [stdout]    --> /opt/rustwide/workdir/src/packages/models/mod.rs:230:5
[INFO] [stdout]     |
[INFO] [stdout] 230 | /     pub fn create(
[INFO] [stdout] 231 | |         repo_url: &str,
[INFO] [stdout] 232 | |         package_description: &str,
[INFO] [stdout] 233 | |         version_rev: &str,
[INFO] [stdout] ...   |
[INFO] [stdout] 239 | |         pool: &DieselPgPool,
[INFO] [stdout] 240 | |     ) -> Result<Package> {
[INFO] [stdout]     | |________________________^
[INFO] [stdout] ...
[INFO] [stdout] 255 | /     pub fn create_from_crawled_data(
[INFO] [stdout] 256 | |         repo_url: &str,
[INFO] [stdout] 257 | |         package_description: &str,
[INFO] [stdout] 258 | |         version_rev: &str,
[INFO] [stdout] ...   |
[INFO] [stdout] 263 | |         pool: &DieselPgPool,
[INFO] [stdout] 264 | |     ) -> Result<Package> {
[INFO] [stdout]     | |________________________^
[INFO] [stdout] ...
[INFO] [stdout] 370 |       pub fn get(uid: i32, pool: &DieselPgPool) -> Result<Self> {
[INFO] [stdout]     |       ^^^^^^^^^^^^^^^^^^^^^^^^^^^^^^^^^^^^^^^^^^^^^^^^^^^^^^^^^
[INFO] [stdout] ...
[INFO] [stdout] 380 |       pub fn get_by_name(package_name: &str, pool: &DieselPgPool) -> Result<Self> {
[INFO] [stdout]     |       ^^^^^^^^^^^^^^^^^^^^^^^^^^^^^^^^^^^^^^^^^^^^^^^^^^^^^^^^^^^^^^^^^^^^^^^^^^^
[INFO] [stdout] 
[INFO] [stdout] 
[INFO] [stdout] error[E0599]: no function or associated item named `delete` found for struct `Account` in the current scope
[INFO] [stdout]    --> tests/features/step_definitions/setting_profile_steps.rs:47:14
[INFO] [stdout]     |
[INFO] [stdout] 47  |     Account::delete(account.id).unwrap();
[INFO] [stdout]     |              ^^^^^^ function or associated item not found in `Account`
[INFO] [stdout]     |
[INFO] [stdout] note: if you're trying to build a new `Account` consider using one of the following associated functions:
[INFO] [stdout]       Account::get
[INFO] [stdout]       Account::get_by_email
[INFO] [stdout]       Account::get_by_email_or_gh_login
[INFO] [stdout]       Account::get_by_github_id
[INFO] [stdout]       Account::get_by_slug
[INFO] [stdout]    --> /opt/rustwide/workdir/src/accounts/models/mod.rs:53:5
[INFO] [stdout]     |
[INFO] [stdout] 53  |     pub fn get(uid: i32, pool: &DieselPgPool) -> Result<Self, Error> {
[INFO] [stdout]     |     ^^^^^^^^^^^^^^^^^^^^^^^^^^^^^^^^^^^^^^^^^^^^^^^^^^^^^^^^^^^^^^^^
[INFO] [stdout] ...
[INFO] [stdout] 60  |     pub fn get_by_email(account_email: &str, pool: &DieselPgPool) -> Result<Self, Error> {
[INFO] [stdout]     |     ^^^^^^^^^^^^^^^^^^^^^^^^^^^^^^^^^^^^^^^^^^^^^^^^^^^^^^^^^^^^^^^^^^^^^^^^^^^^^^^^^^^^
[INFO] [stdout] ...
[INFO] [stdout] 69  |     pub fn get_by_email_or_gh_login(search_term: &str, pool: &DieselPgPool) -> Result<Self, Error> {
[INFO] [stdout]     |     ^^^^^^^^^^^^^^^^^^^^^^^^^^^^^^^^^^^^^^^^^^^^^^^^^^^^^^^^^^^^^^^^^^^^^^^^^^^^^^^^^^^^^^^^^^^^^^
[INFO] [stdout] ...
[INFO] [stdout] 245 |     pub fn get_by_github_id(gid: i64, pool: &DieselPgPool) -> Result<Self, Error> {
[INFO] [stdout]     |     ^^^^^^^^^^^^^^^^^^^^^^^^^^^^^^^^^^^^^^^^^^^^^^^^^^^^^^^^^^^^^^^^^^^^^^^^^^^^^
[INFO] [stdout] ...
[INFO] [stdout] 339 |     pub fn get_by_slug(slug_: &str, pool: &DieselPgPool) -> Result<Self, Error> {
[INFO] [stdout]     |     ^^^^^^^^^^^^^^^^^^^^^^^^^^^^^^^^^^^^^^^^^^^^^^^^^^^^^^^^^^^^^^^^^^^^^^^^^^^
[INFO] [stdout] 
[INFO] [stdout] 
[INFO] [stdout] error: aborting due to 14 previous errors; 1 warning emitted
[INFO] [stdout] 
[INFO] [stdout] 
[INFO] [stdout] For more information about this error, try `rustc --explain E0599`.
[INFO] [stdout] 
[INFO] [stderr] error: could not compile `movey_app` (test "integration_tests") due to 15 previous errors; 1 warning emitted
[INFO] [stderr] warning: build failed, waiting for other jobs to finish...
[INFO] [stdout] error: linking with `cc` failed: exit status: 1
[INFO] [stdout]   |
[INFO] [stdout]   = note: LC_ALL="C" PATH="/opt/rustwide/rustup-home/toolchains/1.75.0-x86_64-unknown-linux-gnu/lib/rustlib/x86_64-unknown-linux-gnu/bin:/opt/rustwide/cargo-home/bin:/usr/local/sbin:/usr/local/bin:/usr/sbin:/usr/bin:/sbin:/bin" VSLANG="1033" "cc" "-m64" "/tmp/rustcy57PdW/symbols.o" "/opt/rustwide/target/debug/deps/templates-89b9482eaf1e9f00.templates.ca2b1186d8c7c62c-cgu.0.rcgu.o" "/opt/rustwide/target/debug/deps/templates-89b9482eaf1e9f00.templates.ca2b1186d8c7c62c-cgu.1.rcgu.o" "/opt/rustwide/target/debug/deps/templates-89b9482eaf1e9f00.3fs7dxlb7kt89j3g.rcgu.o" "-Wl,--as-needed" "-L" "/opt/rustwide/target/debug/deps" "-L" "/usr/lib/x86_64-linux-gnu" "-L" "/opt/rustwide/target/debug/build/curl-sys-53cc4443a268dd25/out/build" "-L" "/opt/rustwide/target/debug/build/libnghttp2-sys-4fdeac1140e4b5d7/out/i/lib" "-L" "/opt/rustwide/target/debug/build/brotli-sys-ae95c2d58803ce34/out" "-L" "/opt/rustwide/target/debug/build/ring-8a5c761c60d40f8e/out" "-L" "/opt/rustwide/rustup-home/toolchains/1.75.0-x86_64-unknown-linux-gnu/lib/rustlib/x86_64-unknown-linux-gnu/lib" "-Wl,-Bstatic" "/opt/rustwide/target/debug/deps/libenv_logger-d1e8b9880da81232.rlib" "/opt/rustwide/target/debug/deps/libhumantime-e2a10e0b2bfa2002.rlib" "/opt/rustwide/rustup-home/toolchains/1.75.0-x86_64-unknown-linux-gnu/lib/rustlib/x86_64-unknown-linux-gnu/lib/libtest-3df1bed8075ce1de.rlib" "/opt/rustwide/rustup-home/toolchains/1.75.0-x86_64-unknown-linux-gnu/lib/rustlib/x86_64-unknown-linux-gnu/lib/libgetopts-2076fd86b325cb5d.rlib" "/opt/rustwide/rustup-home/toolchains/1.75.0-x86_64-unknown-linux-gnu/lib/rustlib/x86_64-unknown-linux-gnu/lib/libunicode_width-caa7152ee70c190f.rlib" "/opt/rustwide/rustup-home/toolchains/1.75.0-x86_64-unknown-linux-gnu/lib/rustlib/x86_64-unknown-linux-gnu/lib/librustc_std_workspace_std-04e6425e07f02a3c.rlib" "/opt/rustwide/target/debug/deps/libmainlib-a6350fadf2971866.rlib" "/opt/rustwide/target/debug/deps/libsentry-ead2a9bdee641100.rlib" "/opt/rustwide/target/debug/deps/libsentry_panic-20b7aa60621aff32.rlib" "/opt/rustwide/target/debug/deps/libsentry_contexts-45f56c46a9746f0a.rlib" "/opt/rustwide/target/debug/deps/libuname-28694625c3b55cc5.rlib" "/opt/rustwide/target/debug/deps/libsentry_backtrace-3b46f67730ed31bb.rlib" "/opt/rustwide/target/debug/deps/libbacktrace-7d06640a5c60a47a.rlib" "/opt/rustwide/target/debug/deps/libobject-aa6b29dc30125095.rlib" "/opt/rustwide/target/debug/deps/libaddr2line-03c7e4cacf2486a6.rlib" "/opt/rustwide/target/debug/deps/libgimli-50d36fbe6358e9ae.rlib" "/opt/rustwide/target/debug/deps/librustc_demangle-62bea9c4f7fb2971.rlib" "/opt/rustwide/target/debug/deps/libsentry_core-c2493f3e9b9d0d3e.rlib" "/opt/rustwide/target/debug/deps/libsentry_types-08b5738b9dbf9eff.rlib" "/opt/rustwide/target/debug/deps/libhex-05644b5497b79c5b.rlib" "/opt/rustwide/target/debug/deps/libtime-7dbc30797103dbb3.rlib" "/opt/rustwide/target/debug/deps/libdebugid-a9b6006cc43d82ec.rlib" "/opt/rustwide/target/debug/deps/libuuid-3f4dfcf479436abc.rlib" "/opt/rustwide/target/debug/deps/libsemver-e2b26e0bafd44d5e.rlib" "/opt/rustwide/target/debug/deps/libtoml-11703635c236c70d.rlib" "/opt/rustwide/target/debug/deps/libstrip_markdown-8a2d67fa871f231b.rlib" "/opt/rustwide/target/debug/deps/libpulldown_cmark-d47e87dc3922d5e6.rlib" "/opt/rustwide/target/debug/deps/libmd5-04e408ba799db848.rlib" "/opt/rustwide/target/debug/deps/libbase64_url-81c2d66fb453e0e6.rlib" "/opt/rustwide/target/debug/deps/libconvert_case-59e11116181aa353.rlib" "/opt/rustwide/target/debug/deps/librayon-cd37b35e1860c3cb.rlib" "/opt/rustwide/target/debug/deps/librayon_core-a4e66dca80542d01.rlib" "/opt/rustwide/target/debug/deps/libcrossbeam_deque-cbc812c57cbe2318.rlib" "/opt/rustwide/target/debug/deps/libcrossbeam_epoch-b93d11d610c27c2b.rlib" "/opt/rustwide/target/debug/deps/libmemoffset-c7b1b1cc44d01308.rlib" "/opt/rustwide/target/debug/deps/libcrossbeam_channel-13475206e9e44915.rlib" "/opt/rustwide/target/debug/deps/liboauth2-7b62c18cd4ab91e5.rlib" "/opt/rustwide/target/debug/deps/libserde_path_to_error-08ad92443ed6ace8.rlib" "/opt/rustwide/target/debug/deps/libdiesel_migrations-a4558a2793e8cada.rlib" "/opt/rustwide/target/debug/deps/libmigrations_internals-3d41bf05aefc7d21.rlib" "/opt/rustwide/target/debug/deps/libdiesel_full_text_search-8be6fd0406f81efa.rlib" "/opt/rustwide/target/debug/deps/libjelly-27e7bf987c9016d1.rlib" "/opt/rustwide/target/debug/deps/libpretty_env_logger-33c3302b2fc7b597.rlib" "/opt/rustwide/target/debug/deps/libenv_logger-f0a64eb274c5cbe5.rlib" "/opt/rustwide/target/debug/deps/libtermcolor-0b747f5cb07b617d.rlib" "/opt/rustwide/target/debug/deps/libatty-a78b6e68fc18d6ae.rlib" "/opt/rustwide/target/debug/deps/libhumantime-ce043b5585f26040.rlib" "/opt/rustwide/target/debug/deps/libdotenv-74253baa84974fa1.rlib" "/opt/rustwide/target/debug/deps/libactix_files-a7740581b9c2fa24.rlib" "/opt/rustwide/target/debug/deps/libv_htmlescape-c78a48f5169bfdf7.rlib" "/opt/rustwide/target/debug/deps/libv_escape-5cc151aaf8dd90f7.rlib" "/opt/rustwide/target/debug/deps/libbuf_min-18d1d341e44bb0df.rlib" "/opt/rustwide/target/debug/deps/libbytes-cfa60087d6e01a7f.rlib" "/opt/rustwide/target/debug/deps/libnotify-372b24dc1bb72d89.rlib" "/opt/rustwide/target/debug/deps/libinotify-a8ae21b1ffd33b16.rlib" "/opt/rustwide/target/debug/deps/libinotify_sys-46f9058f0b3859f5.rlib" "/opt/rustwide/target/debug/deps/libmio_extras-ed750e1c6ecc2fce.rlib" "/opt/rustwide/target/debug/deps/liblazycell-4a65d633f88cb90e.rlib" "/opt/rustwide/target/debug/deps/libfiletime-4d7f6fe707fbb0e5.rlib" "/opt/rustwide/target/debug/deps/libactix_web_middleware_redirect_scheme-761b3848e6225ea3.rlib" "/opt/rustwide/target/debug/deps/libbackground_jobs-82712cdf50601cd5.rlib" "/opt/rustwide/target/debug/deps/libbackground_jobs_actix-7b5cc98c98a4f84e.rlib" "/opt/rustwide/target/debug/deps/libbackground_jobs_core-99dc684c298fc17f.rlib" "/opt/rustwide/target/debug/deps/libasync_mutex-e925545f5fcf9b82.rlib" "/opt/rustwide/target/debug/deps/libevent_listener-a00bf73acc37862a.rlib" "/opt/rustwide/target/debug/deps/libzxcvbn-043d813ff991457c.rlib" "/opt/rustwide/target/debug/deps/libitertools-65f1fe0a17ecb95e.rlib" "/opt/rustwide/target/debug/deps/libfancy_regex-4b759d80c40c0b61.rlib" "/opt/rustwide/target/debug/deps/libbit_set-cb220d7f013b9666.rlib" "/opt/rustwide/target/debug/deps/libbit_vec-f0ba0f35100062e1.rlib" "/opt/rustwide/target/debug/deps/libquick_error-fe09749521d28088.rlib" "/opt/rustwide/target/debug/deps/libvalidator-83964a7d04269a64.rlib" "/opt/rustwide/target/debug/deps/libvalidator_types-f57007fb10ad7dc3.rlib" "/opt/rustwide/target/debug/deps/libreqwest-5696a26fdf7acc9f.rlib" "/opt/rustwide/target/debug/deps/librustls_pemfile-fec5ec6ec1e5892c.rlib" "/opt/rustwide/target/debug/deps/libhyper_rustls-4d6b06c6f1906e51.rlib" "/opt/rustwide/target/debug/deps/libhyper_tls-0d21f3b797f16bc4.rlib" "/opt/rustwide/target/debug/deps/libwebpki_roots-330013e8d21aecac.rlib" "/opt/rustwide/target/debug/deps/libipnet-925216cca3239180.rlib" "/opt/rustwide/target/debug/deps/libtokio_native_tls-b643944d4f40e78e.rlib" "/opt/rustwide/target/debug/deps/libtokio_rustls-3e7aaa2e0d41b4ca.rlib" "/opt/rustwide/target/debug/deps/libmime_guess-72c260b23a97d743.rlib" "/opt/rustwide/target/debug/deps/libunicase-f9a503671a3990dc.rlib" "/opt/rustwide/target/debug/deps/librustls-cfe4d9cd5c5e0362.rlib" "/opt/rustwide/target/debug/deps/libsct-fa70e880d220af64.rlib" "/opt/rustwide/target/debug/deps/libwebpki-02a8fd7d92c69b8a.rlib" "/opt/rustwide/target/debug/deps/libhyper-7d7ae2b63ea9bd72.rlib" "/opt/rustwide/target/debug/deps/libwant-1526371fa165ad61.rlib" "/opt/rustwide/target/debug/deps/libtry_lock-6573df21d991c823.rlib" "/opt/rustwide/target/debug/deps/libh2-26019e3d47b6140a.rlib" "/opt/rustwide/target/debug/deps/libtokio_util-0f4042b4eee891c8.rlib" "/opt/rustwide/target/debug/deps/libtower_service-9991ae2cafd1f41b.rlib" "/opt/rustwide/target/debug/deps/libtokio-37c4663b5019ff35.rlib" "/opt/rustwide/target/debug/deps/libsocket2-218f948039dd55e4.rlib" "/opt/rustwide/target/debug/deps/libmio-661051cd7d9b4d0b.rlib" "/opt/rustwide/target/debug/deps/libparking_lot-7b9df615a12f16f9.rlib" "/opt/rustwide/target/debug/deps/libparking_lot_core-8be2f954238802ec.rlib" "/opt/rustwide/target/debug/deps/libhttp_body-9eb09e61112f62a3.rlib" "/opt/rustwide/target/debug/deps/liblettre-25a5c6d9d977dd46.rlib" "/opt/rustwide/target/debug/deps/libfastrand-07f877a5db0068c6.rlib" "/opt/rustwide/target/debug/deps/libquoted_printable-e7ec6a33258cf436.rlib" "/opt/rustwide/target/debug/deps/libnom-5ac7e6c13750f81b.rlib" "/opt/rustwide/target/debug/deps/libnative_tls-8d9ed4396ebcf2b4.rlib" "/opt/rustwide/target/debug/deps/libopenssl_probe-d850575132083d7c.rlib" "/opt/rustwide/target/debug/deps/libopenssl-9b05e68bcd361f64.rlib" "/opt/rustwide/target/debug/deps/libforeign_types-c05743815e5b8a9d.rlib" "/opt/rustwide/target/debug/deps/libforeign_types_shared-d149f5491fde2862.rlib" "/opt/rustwide/target/debug/deps/libopenssl_sys-e2ab06b9983416fc.rlib" "/opt/rustwide/target/debug/deps/libuuid-46ce0214ceee054f.rlib" "/opt/rustwide/target/debug/deps/libhttpdate-07ccb2bff48c32b9.rlib" "/opt/rustwide/target/debug/deps/libradix-f9e22b9dc6787cb1.rlib" "/opt/rustwide/target/debug/deps/libdiesel-0297eeb6166f7fbb.rlib" "/opt/rustwide/target/debug/deps/libpq_sys-68d4eb9bb814556b.rlib" "/opt/rustwide/target/debug/deps/libr2d2-5d8e29f8c56015aa.rlib" "/opt/rustwide/target/debug/deps/libscheduled_thread_pool-73f7af4768924909.rlib" "/opt/rustwide/target/debug/deps/libtera-7fbf2d3e062e67ae.rlib" "/opt/rustwide/target/debug/deps/libslug-be8be18d28fe26b2.rlib" "/opt/rustwide/target/debug/deps/libdeunicode-67649d2ef3f467c1.rlib" "/opt/rustwide/target/debug/deps/libglobwalk-c1cf2e0ec58c6638.rlib" "/opt/rustwide/target/debug/deps/libignore-63584fbb9624c8ef.rlib" "/opt/rustwide/target/debug/deps/libcrossbeam_utils-bf8ae1909b23e097.rlib" "/opt/rustwide/target/debug/deps/libwalkdir-6f37c7dff47afc4f.rlib" "/opt/rustwide/target/debug/deps/libsame_file-06a4c01142053b65.rlib" "/opt/rustwide/target/debug/deps/libthread_local-75fdac80b3418eae.rlib" "/opt/rustwide/target/debug/deps/libglobset-e3d11247f25a768b.rlib" "/opt/rustwide/target/debug/deps/libbstr-390eeeb7eb93ed55.rlib" "/opt/rustwide/target/debug/deps/libpest-d4a4c25edd8a777a.rlib" "/opt/rustwide/target/debug/deps/libucd_trie-09cd92c2b836a9e1.rlib" "/opt/rustwide/target/debug/deps/libunic_segment-4506fa2a6b8fcf07.rlib" "/opt/rustwide/target/debug/deps/libunic_ucd_segment-39d98c64c5267e88.rlib" "/opt/rustwide/target/debug/deps/libunic_ucd_version-86e870b89902e72e.rlib" "/opt/rustwide/target/debug/deps/libunic_common-b51cfe4c7911fb51.rlib" "/opt/rustwide/target/debug/deps/libunic_char_property-3038e51eb891254b.rlib" "/opt/rustwide/target/debug/deps/libunic_char_range-8167d6d630af922b.rlib" "/opt/rustwide/target/debug/deps/libhumansize-c584c08e16c44edc.rlib" "/opt/rustwide/target/debug/deps/libchrono_tz-82cb338626c7a8be.rlib" "/opt/rustwide/target/debug/deps/libdjangohashers-9de4a91ee6b7d901.rlib" "/opt/rustwide/target/debug/deps/libring-2cd35bca5c0fa855.rlib" "/opt/rustwide/target/debug/deps/libspin-c4098cd951aef6c9.rlib" "/opt/rustwide/target/debug/deps/libuntrusted-5ec0aa78ed8cda5c.rlib" "/opt/rustwide/target/debug/deps/libonce_cell-9c50670bad8e376b.rlib" "/opt/rustwide/target/debug/deps/libconstant_time_eq-47127742af566368.rlib" "/opt/rustwide/target/debug/deps/libchrono-87356634b693d699.rlib" "/opt/rustwide/target/debug/deps/libiana_time_zone-52186f3860fc37b6.rlib" "/opt/rustwide/target/debug/deps/libnum_integer-ceb73b61bd5db94f.rlib" "/opt/rustwide/target/debug/deps/libnum_traits-24aa93b4806ad567.rlib" "/opt/rustwide/target/debug/deps/libtime-92653f387e7b117d.rlib" "/opt/rustwide/target/debug/deps/libanyhow-c416deaa322d2b8b.rlib" "/opt/rustwide/target/debug/deps/libactix_session-7788a4ff1f9b0569.rlib" "/opt/rustwide/target/debug/deps/libactix_web-06ffcbf57e7ff84d.rlib" "/opt/rustwide/target/debug/deps/libactix_tls-170ceccdec0645bd.rlib" "/opt/rustwide/target/debug/deps/libawc-c51f24fafd54f52d.rlib" "/opt/rustwide/target/debug/deps/libactix_server-56af3bda44cc615c.rlib" "/opt/rustwide/target/debug/deps/libsocket2-02f11e864638ebc4.rlib" "/opt/rustwide/target/debug/deps/libactix_router-c138c3c48bae4438.rlib" "/opt/rustwide/target/debug/deps/libbytestring-108075be06f936eb.rlib" "/opt/rustwide/target/debug/deps/libactix_http-2b01c127b0cd3825.rlib" "/opt/rustwide/target/debug/deps/libhttparse-b7073590dbcceffb.rlib" "/opt/rustwide/target/debug/deps/libsha1-ad5002137f0477be.rlib" "/opt/rustwide/target/debug/deps/libserde_urlencoded-b3c2efb81f5c3b38.rlib" "/opt/rustwide/target/debug/deps/libitoa-ec3d76e201e8fe94.rlib" "/opt/rustwide/target/debug/deps/libserde_json-f1534bd5ad17e96d.rlib" "/opt/rustwide/target/debug/deps/libryu-aa04a306730705ee.rlib" "/opt/rustwide/target/debug/deps/libcookie-27740715673643ae.rlib" "/opt/rustwide/target/debug/deps/libhkdf-fdf99bf8d94d56a2.rlib" "/opt/rustwide/target/debug/deps/libhmac-c07e11680df49141.rlib" "/opt/rustwide/target/debug/deps/libcrypto_mac-63b17746edfba461.rlib" "/opt/rustwide/target/debug/deps/libsha2-d2c3fc981dcdadac.rlib" "/opt/rustwide/target/debug/deps/libcpufeatures-d3783073f647f810.rlib" "/opt/rustwide/target/debug/deps/libdigest-6b31fc4233129597.rlib" "/opt/rustwide/target/debug/deps/libblock_buffer-de553c8a05d4bf5d.rlib" "/opt/rustwide/target/debug/deps/libaes_gcm-e512495133ece48b.rlib" "/opt/rustwide/target/debug/deps/libghash-19eeccbf6afcc688.rlib" "/opt/rustwide/target/debug/deps/libpolyval-6255e01c91c56c24.rlib" "/opt/rustwide/target/debug/deps/libcpuid_bool-cf8bb3cd14290955.rlib" "/opt/rustwide/target/debug/deps/libuniversal_hash-3b5bfcc6581f495e.rlib" "/opt/rustwide/target/debug/deps/libsubtle-4dc33cdd307ea15e.rlib" "/opt/rustwide/target/debug/deps/libctr-1e123b9480172a15.rlib" "/opt/rustwide/target/debug/deps/libaes-93357d382679e8c7.rlib" "/opt/rustwide/target/debug/deps/libaes_soft-d29407eb1fdf41e0.rlib" "/opt/rustwide/target/debug/deps/libopaque_debug-15273823c1ba1453.rlib" "/opt/rustwide/target/debug/deps/libcipher-da73670e00974352.rlib" "/opt/rustwide/target/debug/deps/libaead-bb5f4d08e118ad50.rlib" "/opt/rustwide/target/debug/deps/libgeneric_array-06de12a4913a2e94.rlib" "/opt/rustwide/target/debug/deps/libtypenum-6d59404dc7dca8b0.rlib" "/opt/rustwide/target/debug/deps/libbase64-8ea64d3566a9d67e.rlib" "/opt/rustwide/target/debug/deps/librand-d75b9f2b83118b41.rlib" "/opt/rustwide/target/debug/deps/librand_chacha-f3f2bea7dfc2e30c.rlib" "/opt/rustwide/target/debug/deps/librand_core-4a7ef746b2b8c345.rlib" "/opt/rustwide/target/debug/deps/libgetrandom-7a24a5d134dbfe19.rlib" "/opt/rustwide/target/debug/deps/libencoding_rs-19bfb36fe48a6005.rlib" "/opt/rustwide/target/debug/deps/libregex-f364d814a99ea17e.rlib" "/opt/rustwide/target/debug/deps/libaho_corasick-db3496f174306f73.rlib" "/opt/rustwide/target/debug/deps/libregex_syntax-df051bb3664d7987.rlib" "/opt/rustwide/target/debug/deps/liblanguage_tags-8a61f3e771a1a6ca.rlib" "/opt/rustwide/target/debug/deps/libmime-450b243d21db2a61.rlib" "/opt/rustwide/target/debug/deps/libflate2-8b361d6a6fdcce2d.rlib" "/opt/rustwide/target/debug/deps/libminiz_oxide-db86657b438033a2.rlib" "/opt/rustwide/target/debug/deps/libadler-c8f2240c56a0abca.rlib" "/opt/rustwide/target/debug/deps/libcrc32fast-5c588ff8779a69e8.rlib" "/opt/rustwide/target/debug/deps/libbrotli2-c33aa0e85e6813bc.rlib" "/opt/rustwide/target/debug/deps/libbrotli_sys-12744297adf727c8.rlib" "/opt/rustwide/target/debug/deps/libtime-9e4e3470ad54f9b5.rlib" "/opt/rustwide/target/debug/deps/libtime_macros-c351a32d0fb4bea4.rlib" "/opt/rustwide/target/debug/deps/libstandback-86778b4e1bdcda31.rlib" "/opt/rustwide/target/debug/deps/libfxhash-b01b7a3ef6565d3c.rlib" "/opt/rustwide/target/debug/deps/libbyteorder-b7588b59c1d17615.rlib" "/opt/rustwide/target/debug/deps/libactix_utils-45fc469c989cee3c.rlib" "/opt/rustwide/target/debug/deps/libactix_connect-6c6d57d885fa8b86.rlib" "/opt/rustwide/target/debug/deps/libtrust_dns_resolver-054d20f5f255b53e.rlib" "/opt/rustwide/target/debug/deps/libresolv_conf-5970d4829ca4eaad.rlib" "/opt/rustwide/target/debug/deps/libhostname-251fc6e8cbf314f6.rlib" "/opt/rustwide/target/debug/deps/libmatch_cfg-bd3aaf417320192e.rlib" "/opt/rustwide/target/debug/deps/libquick_error-e0931f21b2f0d487.rlib" "/opt/rustwide/target/debug/deps/libtrust_dns_proto-de24ae16dc2b8dda.rlib" "/opt/rustwide/target/debug/deps/librand-520d4a9c68aea03f.rlib" "/opt/rustwide/target/debug/deps/librand_chacha-ea65e8d8537cc75c.rlib" "/opt/rustwide/target/debug/deps/libppv_lite86-d49859d9faa008ca.rlib" "/opt/rustwide/target/debug/deps/librand_core-fd8d1b22a315b27f.rlib" "/opt/rustwide/target/debug/deps/libgetrandom-e96e158ecdbd44a2.rlib" "/opt/rustwide/target/debug/deps/liburl-ae4745ca2164d452.rlib" "/opt/rustwide/target/debug/deps/libform_urlencoded-bcf3f95f23d3d5c9.rlib" "/opt/rustwide/target/debug/deps/libpercent_encoding-526c9d71c02fb5bb.rlib" "/opt/rustwide/target/debug/deps/libserde-9db68375ae4b5a1c.rlib" "/opt/rustwide/target/debug/deps/libidna-24158fc2f411fe0e.rlib" "/opt/rustwide/target/debug/deps/libunicode_normalization-bdae8b9a224bfbb6.rlib" "/opt/rustwide/target/debug/deps/libtinyvec-886bdf9b7829a43e.rlib" "/opt/rustwide/target/debug/deps/libtinyvec_macros-bfeb7a087f0273ce.rlib" "/opt/rustwide/target/debug/deps/libunicode_bidi-9190b604449d788c.rlib" "/opt/rustwide/target/debug/deps/libmatches-f26274ea58bc6e21.rlib" "/opt/rustwide/target/debug/deps/libthiserror-e2f28b46fe68ac2d.rlib" "/opt/rustwide/target/debug/deps/liblru_cache-e04ad9f003c235c8.rlib" "/opt/rustwide/target/debug/deps/liblinked_hash_map-955743f590481109.rlib" "/opt/rustwide/target/debug/deps/libfutures-04a45a4e31ca5dba.rlib" "/opt/rustwide/target/debug/deps/libfutures_executor-28e4c5b597fb0924.rlib" "/opt/rustwide/target/debug/deps/libeither-c3bed87a0ae6dcb8.rlib" "/opt/rustwide/target/debug/deps/libh2-c9e1fb3a092f8152.rlib" "/opt/rustwide/target/debug/deps/libtracing_futures-63aabeee15fab6a8.rlib" "/opt/rustwide/target/debug/deps/libtracing-b100c28e95e415c3.rlib" "/opt/rustwide/target/debug/deps/libtracing_core-2319fb4a7f482636.rlib" "/opt/rustwide/target/debug/deps/libindexmap-64a5e6a00f56880c.rlib" "/opt/rustwide/target/debug/deps/libhashbrown-60eca540826c5d5d.rlib" "/opt/rustwide/target/debug/deps/libhttp-f4fc1e45f4815293.rlib" "/opt/rustwide/target/debug/deps/libitoa-c68eaa30402a4ff5.rlib" "/opt/rustwide/target/debug/deps/libbytes-5e138d6842c3c4cd.rlib" "/opt/rustwide/target/debug/deps/libactix_codec-4ea4f965c3e097f3.rlib" "/opt/rustwide/target/debug/deps/libbitflags-31f9d3daa2ba65e2.rlib" "/opt/rustwide/target/debug/deps/libtokio_util-449f9e93d58a7398.rlib" "/opt/rustwide/target/debug/deps/libpin_project-2111e85526f2ae85.rlib" "/opt/rustwide/target/debug/deps/libactix_service-0d9dad83996de48e.rlib" "/opt/rustwide/target/debug/deps/libpin_project-874c181639b16283.rlib" "/opt/rustwide/target/debug/deps/libactix_rt-6de35c7bbd9f64c9.rlib" "/opt/rustwide/target/debug/deps/libactix_threadpool-ce5f06605401a980.rlib" "/opt/rustwide/target/debug/deps/libthreadpool-9648deea8ecde460.rlib" "/opt/rustwide/target/debug/deps/libnum_cpus-6b5d77b64921b064.rlib" "/opt/rustwide/target/debug/deps/libparking_lot-615159268a09b266.rlib" "/opt/rustwide/target/debug/deps/libparking_lot_core-cf83489b8f865471.rlib" "/opt/rustwide/target/debug/deps/liblock_api-f79b9b5978180fd7.rlib" "/opt/rustwide/target/debug/deps/libscopeguard-b35f5c652940acc2.rlib" "/opt/rustwide/target/debug/deps/libinstant-080b81e9fbd1fdcf.rlib" "/opt/rustwide/target/debug/deps/libtokio-e1162b134111761f.rlib" "/opt/rustwide/target/debug/deps/libsignal_hook_registry-5c7b35c389e25234.rlib" "/opt/rustwide/target/debug/deps/libfnv-18bf5144d055e772.rlib" "/opt/rustwide/target/debug/deps/libmio_uds-ddee3994549e8e0b.rlib" "/opt/rustwide/target/debug/deps/libmio-5f055513bf52b929.rlib" "/opt/rustwide/target/debug/deps/libiovec-1319db70918b45b5.rlib" "/opt/rustwide/target/debug/deps/libnet2-6d884e4f6cf9d2b5.rlib" "/opt/rustwide/target/debug/deps/libcfg_if-925b73a2e437f0c3.rlib" "/opt/rustwide/target/debug/deps/liblibc-ac99773b034c3dde.rlib" "/opt/rustwide/target/debug/deps/libbytes-b61f00db724d2015.rlib" "/opt/rustwide/target/debug/deps/libpin_project_lite-7d6d67e1b534e2c4.rlib" "/opt/rustwide/target/debug/deps/libsmallvec-1430197a5a2f37e2.rlib" "/opt/rustwide/target/debug/deps/libcopyless-e8c1ab2c960befc1.rlib" "/opt/rustwide/target/debug/deps/libfutures_util-73caddd38160cfce.rlib" "/opt/rustwide/target/debug/deps/libmemchr-4bbe5529bc23a5ee.rlib" "/opt/rustwide/target/debug/deps/libfutures_io-ed0d485aa5d3c747.rlib" "/opt/rustwide/target/debug/deps/libslab-6c66dd178426b4e4.rlib" "/opt/rustwide/target/debug/deps/libpin_project_lite-c675bd61a64207ec.rlib" "/opt/rustwide/target/debug/deps/libfutures_task-be5dcf70b5fcba4c.rlib" "/opt/rustwide/target/debug/deps/libpin_utils-741f7d9d160e4a16.rlib" "/opt/rustwide/target/debug/deps/libfutures_channel-b12d3100cbcad3e3.rlib" "/opt/rustwide/target/debug/deps/libfutures_sink-05f2cb5fbc7977ea.rlib" "/opt/rustwide/target/debug/deps/libfutures_core-561ba3cced7f43f6.rlib" "/opt/rustwide/target/debug/deps/liblog-2e837ecb337b541c.rlib" "/opt/rustwide/target/debug/deps/libvalue_bag-2218a50e6d1a0529.rlib" "/opt/rustwide/target/debug/deps/libcfg_if-61dc7a6799e72b18.rlib" "/opt/rustwide/target/debug/deps/liblazy_static-591486ebcb9a7ead.rlib" "/opt/rustwide/rustup-home/toolchains/1.75.0-x86_64-unknown-linux-gnu/lib/rustlib/x86_64-unknown-linux-gnu/lib/libstd-90f6ddbf82de36ec.rlib" "/opt/rustwide/rustup-home/toolchains/1.75.0-x86_64-unknown-linux-gnu/lib/rustlib/x86_64-unknown-linux-gnu/lib/libpanic_unwind-480c41e9d4e1f677.rlib" "/opt/rustwide/rustup-home/toolchains/1.75.0-x86_64-unknown-linux-gnu/lib/rustlib/x86_64-unknown-linux-gnu/lib/libobject-db744c0ca03eed1d.rlib" "/opt/rustwide/rustup-home/toolchains/1.75.0-x86_64-unknown-linux-gnu/lib/rustlib/x86_64-unknown-linux-gnu/lib/libmemchr-8ba652dc7d4b285a.rlib" "/opt/rustwide/rustup-home/toolchains/1.75.0-x86_64-unknown-linux-gnu/lib/rustlib/x86_64-unknown-linux-gnu/lib/libaddr2line-d5f4520a9ebc0d58.rlib" "/opt/rustwide/rustup-home/toolchains/1.75.0-x86_64-unknown-linux-gnu/lib/rustlib/x86_64-unknown-linux-gnu/lib/libgimli-4ad84de58f0cb463.rlib" "/opt/rustwide/rustup-home/toolchains/1.75.0-x86_64-unknown-linux-gnu/lib/rustlib/x86_64-unknown-linux-gnu/lib/librustc_demangle-0d10aae2e0f38735.rlib" "/opt/rustwide/rustup-home/toolchains/1.75.0-x86_64-unknown-linux-gnu/lib/rustlib/x86_64-unknown-linux-gnu/lib/libstd_detect-0c17cff739e6745b.rlib" "/opt/rustwide/rustup-home/toolchains/1.75.0-x86_64-unknown-linux-gnu/lib/rustlib/x86_64-unknown-linux-gnu/lib/libhashbrown-b29e17139dde1aa8.rlib" "/opt/rustwide/rustup-home/toolchains/1.75.0-x86_64-unknown-linux-gnu/lib/rustlib/x86_64-unknown-linux-gnu/lib/librustc_std_workspace_alloc-1f975299829cc7bd.rlib" "/opt/rustwide/rustup-home/toolchains/1.75.0-x86_64-unknown-linux-gnu/lib/rustlib/x86_64-unknown-linux-gnu/lib/libminiz_oxide-86bae3bc3079f89b.rlib" "/opt/rustwide/rustup-home/toolchains/1.75.0-x86_64-unknown-linux-gnu/lib/rustlib/x86_64-unknown-linux-gnu/lib/libadler-321b82c30dffdf5f.rlib" "/opt/rustwide/rustup-home/toolchains/1.75.0-x86_64-unknown-linux-gnu/lib/rustlib/x86_64-unknown-linux-gnu/lib/libunwind-3dd8a6810a0bdfef.rlib" "/opt/rustwide/rustup-home/toolchains/1.75.0-x86_64-unknown-linux-gnu/lib/rustlib/x86_64-unknown-linux-gnu/lib/libcfg_if-eb39a61c0c879984.rlib" "/opt/rustwide/rustup-home/toolchains/1.75.0-x86_64-unknown-linux-gnu/lib/rustlib/x86_64-unknown-linux-gnu/lib/liblibc-aa769569f91c3548.rlib" "/opt/rustwide/rustup-home/toolchains/1.75.0-x86_64-unknown-linux-gnu/lib/rustlib/x86_64-unknown-linux-gnu/lib/liballoc-510a192a50a983ed.rlib" "/opt/rustwide/rustup-home/toolchains/1.75.0-x86_64-unknown-linux-gnu/lib/rustlib/x86_64-unknown-linux-gnu/lib/librustc_std_workspace_core-0577018320f99037.rlib" "/opt/rustwide/rustup-home/toolchains/1.75.0-x86_64-unknown-linux-gnu/lib/rustlib/x86_64-unknown-linux-gnu/lib/libcore-193cf992125ccd4c.rlib" "/opt/rustwide/rustup-home/toolchains/1.75.0-x86_64-unknown-linux-gnu/lib/rustlib/x86_64-unknown-linux-gnu/lib/libcompiler_builtins-8e138eaf26ebb4a8.rlib" "-Wl,-Bdynamic" "-lssl" "-lcrypto" "-lpq" "-lgcc_s" "-lutil" "-lrt" "-lpthread" "-lm" "-ldl" "-lc" "-Wl,--eh-frame-hdr" "-Wl,-z,noexecstack" "-L" "/opt/rustwide/rustup-home/toolchains/1.75.0-x86_64-unknown-linux-gnu/lib/rustlib/x86_64-unknown-linux-gnu/lib" "-o" "/opt/rustwide/target/debug/deps/templates-89b9482eaf1e9f00" "-Wl,--gc-sections" "-pie" "-Wl,-z,relro,-z,now" "-nodefaultlibs"
[INFO] [stdout]   = note: collect2: fatal error: ld terminated with signal 9 [Killed]
[INFO] [stdout]           compilation terminated.
[INFO] [stdout]           
[INFO] [stdout] 
[INFO] [stdout] 
[INFO] [stdout] error: aborting due to previous error
[INFO] [stdout] 
[INFO] [stdout] 
[INFO] [stderr] error: could not compile `movey_app` (test "templates") due to 2 previous errors
[INFO] running `Command { std: "docker" "inspect" "55deb706c5f6c5d79001d2145d178598219ad1a7ba557e4d15e2d405b16721d3", kill_on_drop: false }`
[INFO] running `Command { std: "docker" "rm" "-f" "55deb706c5f6c5d79001d2145d178598219ad1a7ba557e4d15e2d405b16721d3", kill_on_drop: false }`
[INFO] [stdout] 55deb706c5f6c5d79001d2145d178598219ad1a7ba557e4d15e2d405b16721d3
