[INFO] cloning repository https://github.com/EHirano/rust_aws
[INFO] running `Command { std: "git" "-c" "credential.helper=" "-c" "credential.helper=/workspace/cargo-home/bin/git-credential-null" "clone" "--bare" "https://github.com/EHirano/rust_aws" "/workspace/cache/git-repos/https%3A%2F%2Fgithub.com%2FEHirano%2Frust_aws", kill_on_drop: false }`
[INFO] [stderr] Cloning into bare repository '/workspace/cache/git-repos/https%3A%2F%2Fgithub.com%2FEHirano%2Frust_aws'...
[INFO] running `Command { std: "git" "rev-parse" "HEAD", kill_on_drop: false }`
[INFO] [stdout] 95e7f17a077733318de7bd6a6a7f6a89cf50cc72
[INFO] testing EHirano/rust_aws against 1.75.0 for beta-1.76-1
[INFO] running `Command { std: "git" "clone" "/workspace/cache/git-repos/https%3A%2F%2Fgithub.com%2FEHirano%2Frust_aws" "/workspace/builds/worker-0-tc1/source", kill_on_drop: false }`
[INFO] [stderr] Cloning into '/workspace/builds/worker-0-tc1/source'...
[INFO] [stderr] done.
[INFO] [stderr] Updating files:  77% (1014/1313)
Updating files:  78% (1025/1313)
Updating files:  79% (1038/1313)
Updating files:  80% (1051/1313)
Updating files:  81% (1064/1313)
Updating files:  82% (1077/1313)
Updating files:  83% (1090/1313)
Updating files:  84% (1103/1313)
Updating files:  85% (1117/1313)
Updating files:  85% (1121/1313)
Updating files:  86% (1130/1313)
Updating files:  87% (1143/1313)
Updating files:  88% (1156/1313)
Updating files:  89% (1169/1313)
Updating files:  90% (1182/1313)
Updating files:  91% (1195/1313)
Updating files:  92% (1208/1313)
Updating files:  93% (1222/1313)
Updating files:  94% (1235/1313)
Updating files:  95% (1248/1313)
Updating files:  96% (1261/1313)
Updating files:  97% (1274/1313)
Updating files:  98% (1287/1313)
Updating files:  99% (1300/1313)
Updating files: 100% (1313/1313)
Updating files: 100% (1313/1313), done.
[INFO] validating manifest of git repo https://github.com/EHirano/rust_aws on toolchain 1.75.0
[INFO] running `Command { std: CARGO_HOME="/workspace/cargo-home" RUSTUP_HOME="/workspace/rustup-home" "/workspace/cargo-home/bin/cargo" "+1.75.0" "metadata" "--manifest-path" "Cargo.toml" "--no-deps", kill_on_drop: false }`
[INFO] started tweaking git repo https://github.com/EHirano/rust_aws
[INFO] finished tweaking git repo https://github.com/EHirano/rust_aws
[INFO] tweaked toml for git repo https://github.com/EHirano/rust_aws written to /workspace/builds/worker-0-tc1/source/Cargo.toml
[INFO] crate git repo https://github.com/EHirano/rust_aws already has a lockfile, it will not be regenerated
[INFO] running `Command { std: CARGO_HOME="/workspace/cargo-home" RUSTUP_HOME="/workspace/rustup-home" "/workspace/cargo-home/bin/cargo" "+1.75.0" "fetch" "--manifest-path" "Cargo.toml", kill_on_drop: false }`
[INFO] [stderr]     Updating crates.io index
[INFO] [stderr]  Downloading crates ...
[INFO] [stderr]   Downloaded query_map v0.6.0
[INFO] [stderr]   Downloaded lambda_runtime_api_client v0.7.0
[INFO] [stderr]   Downloaded lambda_http v0.7.3
[INFO] [stderr]   Downloaded lambda_runtime v0.7.3
[INFO] [stderr]   Downloaded aws_lambda_events v0.7.3
[INFO] running `Command { std: "docker" "create" "-v" "/var/lib/crater-agent-workspace/builds/worker-0-tc1/target:/opt/rustwide/target:rw,Z" "-v" "/var/lib/crater-agent-workspace/builds/worker-0-tc1/source:/opt/rustwide/workdir:ro,Z" "-v" "/var/lib/crater-agent-workspace/cargo-home:/opt/rustwide/cargo-home:ro,Z" "-v" "/var/lib/crater-agent-workspace/rustup-home:/opt/rustwide/rustup-home:ro,Z" "-e" "SOURCE_DIR=/opt/rustwide/workdir" "-e" "CARGO_TARGET_DIR=/opt/rustwide/target" "-e" "CARGO_HOME=/opt/rustwide/cargo-home" "-e" "RUSTUP_HOME=/opt/rustwide/rustup-home" "-w" "/opt/rustwide/workdir" "-m" "1610612736" "--user" "0:0" "--network" "none" "ghcr.io/rust-lang/crates-build-env/linux@sha256:2788e3201cd34a07e3172128adcd8b3090168a8e3bcc40d7c032b9dda1df7d1c" "/opt/rustwide/cargo-home/bin/cargo" "+1.75.0" "metadata" "--no-deps" "--format-version=1", kill_on_drop: false }`
[INFO] [stdout] e93123e1e203edb4a865c4f09738857964bb163374e670833c9a1d68ec4d6744
[INFO] running `Command { std: "docker" "start" "-a" "e93123e1e203edb4a865c4f09738857964bb163374e670833c9a1d68ec4d6744", kill_on_drop: false }`
[INFO] running `Command { std: "docker" "inspect" "e93123e1e203edb4a865c4f09738857964bb163374e670833c9a1d68ec4d6744", kill_on_drop: false }`
[INFO] running `Command { std: "docker" "rm" "-f" "e93123e1e203edb4a865c4f09738857964bb163374e670833c9a1d68ec4d6744", kill_on_drop: false }`
[INFO] [stdout] e93123e1e203edb4a865c4f09738857964bb163374e670833c9a1d68ec4d6744
[INFO] running `Command { std: "docker" "create" "-v" "/var/lib/crater-agent-workspace/builds/worker-0-tc1/target:/opt/rustwide/target:rw,Z" "-v" "/var/lib/crater-agent-workspace/builds/worker-0-tc1/source:/opt/rustwide/workdir:ro,Z" "-v" "/var/lib/crater-agent-workspace/cargo-home:/opt/rustwide/cargo-home:ro,Z" "-v" "/var/lib/crater-agent-workspace/rustup-home:/opt/rustwide/rustup-home:ro,Z" "-e" "SOURCE_DIR=/opt/rustwide/workdir" "-e" "CARGO_TARGET_DIR=/opt/rustwide/target" "-e" "CARGO_INCREMENTAL=0" "-e" "RUST_BACKTRACE=full" "-e" "RUSTFLAGS=--cap-lints=warn" "-e" "RUSTDOCFLAGS=--cap-lints=warn" "-e" "CARGO_HOME=/opt/rustwide/cargo-home" "-e" "RUSTUP_HOME=/opt/rustwide/rustup-home" "-w" "/opt/rustwide/workdir" "-m" "1610612736" "--user" "0:0" "--network" "none" "ghcr.io/rust-lang/crates-build-env/linux@sha256:2788e3201cd34a07e3172128adcd8b3090168a8e3bcc40d7c032b9dda1df7d1c" "/opt/rustwide/cargo-home/bin/cargo" "+1.75.0" "build" "--frozen" "--message-format=json", kill_on_drop: false }`
[INFO] [stdout] 263486959c41bfaf0575897a462eeeb56b2ad097411eca267c07c2f9bfedefcd
[INFO] running `Command { std: "docker" "start" "-a" "263486959c41bfaf0575897a462eeeb56b2ad097411eca267c07c2f9bfedefcd", kill_on_drop: false }`
[INFO] [stderr]    Compiling proc-macro2 v1.0.50
[INFO] [stderr]    Compiling quote v1.0.23
[INFO] [stderr]    Compiling unicode-ident v1.0.6
[INFO] [stderr]    Compiling syn v1.0.107
[INFO] [stderr]    Compiling serde_derive v1.0.152
[INFO] [stderr]    Compiling serde v1.0.152
[INFO] [stderr]    Compiling futures-core v0.3.25
[INFO] [stderr]    Compiling log v0.4.17
[INFO] [stderr]    Compiling libc v0.2.139
[INFO] [stderr]    Compiling itoa v1.0.5
[INFO] [stderr]    Compiling futures-channel v0.3.25
[INFO] [stderr]    Compiling futures-task v0.3.25
[INFO] [stderr]    Compiling slab v0.4.7
[INFO] [stderr]    Compiling futures-sink v0.3.25
[INFO] [stderr]    Compiling futures-util v0.3.25
[INFO] [stderr]    Compiling futures-io v0.3.25
[INFO] [stderr]    Compiling tokio v1.24.2
[INFO] [stderr]    Compiling once_cell v1.17.0
[INFO] [stderr]    Compiling num-traits v0.2.15
[INFO] [stderr]    Compiling percent-encoding v2.2.0
[INFO] [stderr]    Compiling tracing-core v0.1.30
[INFO] [stderr]    Compiling httparse v1.8.0
[INFO] [stderr]    Compiling num-integer v0.1.45
[INFO] [stderr]    Compiling ryu v1.0.12
[INFO] [stderr]    Compiling serde_json v1.0.91
[INFO] [stderr]    Compiling try-lock v0.2.4
[INFO] [stderr]    Compiling form_urlencoded v1.1.0
[INFO] [stderr]    Compiling want v0.3.0
[INFO] [stderr]    Compiling unicode-normalization v0.1.22
[INFO] [stderr]    Compiling tower-layer v0.3.2
[INFO] [stderr]    Compiling unicode-bidi v0.3.10
[INFO] [stderr]    Compiling base64 v0.13.1
[INFO] [stderr]    Compiling idna v0.3.0
[INFO] [stderr]    Compiling socket2 v0.4.7
[INFO] [stderr]    Compiling num_cpus v1.15.0
[INFO] [stderr]    Compiling mio v0.8.5
[INFO] [stderr]    Compiling url v2.3.1
[INFO] [stderr]    Compiling futures-macro v0.3.25
[INFO] [stderr]    Compiling tracing-attributes v0.1.23
[INFO] [stderr]    Compiling tokio-macros v1.8.2
[INFO] [stderr]    Compiling pin-project-internal v1.0.12
[INFO] [stderr]    Compiling async-stream-impl v0.3.3
[INFO] [stderr]    Compiling async-stream v0.3.3
[INFO] [stderr]    Compiling pin-project v1.0.12
[INFO] [stderr]    Compiling tracing v0.1.37
[INFO] [stderr]    Compiling futures-executor v0.3.25
[INFO] [stderr]    Compiling tower v0.4.13
[INFO] [stderr]    Compiling futures v0.3.25
[INFO] [stderr]    Compiling bytes v1.3.0
[INFO] [stderr]    Compiling query_map v0.6.0
[INFO] [stderr]    Compiling chrono v0.4.23
[INFO] [stderr]    Compiling serde_urlencoded v0.7.1
[INFO] [stderr]    Compiling http v0.2.8
[INFO] [stderr]    Compiling http-body v0.4.5
[INFO] [stderr]    Compiling http-serde v1.1.2
[INFO] [stderr]    Compiling aws_lambda_events v0.7.3
[INFO] [stderr]    Compiling hyper v0.14.23
[INFO] [stderr]    Compiling tokio-stream v0.1.11
[INFO] [stderr]    Compiling lambda_runtime_api_client v0.7.0
[INFO] [stderr]    Compiling lambda_runtime v0.7.3
[INFO] [stderr]    Compiling lambda_http v0.7.3
[INFO] [stderr]    Compiling rust_aws v0.1.0 (/opt/rustwide/workdir)
[INFO] [stdout] error[E0261]: use of undeclared lifetime name `'a`
[INFO] [stdout]   --> src/main.rs:17:37
[INFO] [stdout]    |
[INFO] [stdout] 17 | fn get_pizza_from_name(pizza_name: &'a str, pizza_list: &'a PizzaList) -> Option<&'a Pizza> {
[INFO] [stdout]    |                       -             ^^ undeclared lifetime
[INFO] [stdout]    |                       |
[INFO] [stdout]    |                       help: consider introducing lifetime `'a` here: `<'a>`
[INFO] [stdout] 
[INFO] [stdout] 
[INFO] [stdout] error[E0261]: use of undeclared lifetime name `'a`
[INFO] [stdout]   --> src/main.rs:17:58
[INFO] [stdout]    |
[INFO] [stdout] 17 | fn get_pizza_from_name(pizza_name: &'a str, pizza_list: &'a PizzaList) -> Option<&'a Pizza> {
[INFO] [stdout]    |                       -                                  ^^ undeclared lifetime
[INFO] [stdout]    |                       |
[INFO] [stdout]    |                       help: consider introducing lifetime `'a` here: `<'a>`
[INFO] [stdout] 
[INFO] [stdout] 
[INFO] [stdout] error[E0261]: use of undeclared lifetime name `'a`
[INFO] [stdout]   --> src/main.rs:17:83
[INFO] [stdout]    |
[INFO] [stdout] 17 | fn get_pizza_from_name(pizza_name: &'a str, pizza_list: &'a PizzaList) -> Option<&'a Pizza> {
[INFO] [stdout]    |                       - help: consider introducing lifetime `'a` here: `<'a>`     ^^ undeclared lifetime
[INFO] [stdout] 
[INFO] [stdout] 
[INFO] [stdout] error[E0601]: `main` function not found in crate `rust_aws`
[INFO] [stdout]   --> src/main.rs:34:2
[INFO] [stdout]    |
[INFO] [stdout] 34 | }
[INFO] [stdout]    |  ^ consider adding a `main` function to `src/main.rs`
[INFO] [stdout] 
[INFO] [stdout] 
[INFO] [stdout] error: aborting due to 4 previous errors
[INFO] [stdout] 
[INFO] [stdout] 
[INFO] [stdout] Some errors have detailed explanations: E0261, E0601.
[INFO] [stdout] 
[INFO] [stdout] For more information about an error, try `rustc --explain E0261`.
[INFO] [stdout] 
[INFO] [stderr] error: could not compile `rust_aws` (bin "rust_aws") due to 5 previous errors
[INFO] running `Command { std: "docker" "inspect" "263486959c41bfaf0575897a462eeeb56b2ad097411eca267c07c2f9bfedefcd", kill_on_drop: false }`
[INFO] running `Command { std: "docker" "rm" "-f" "263486959c41bfaf0575897a462eeeb56b2ad097411eca267c07c2f9bfedefcd", kill_on_drop: false }`
[INFO] [stdout] 263486959c41bfaf0575897a462eeeb56b2ad097411eca267c07c2f9bfedefcd
