[INFO] cloning repository https://github.com/EHfive/uefi-toys
[INFO] running `Command { std: "git" "-c" "credential.helper=" "-c" "credential.helper=/workspace/cargo-home/bin/git-credential-null" "clone" "--bare" "https://github.com/EHfive/uefi-toys" "/workspace/cache/git-repos/https%3A%2F%2Fgithub.com%2FEHfive%2Fuefi-toys", kill_on_drop: false }`
[INFO] [stderr] Cloning into bare repository '/workspace/cache/git-repos/https%3A%2F%2Fgithub.com%2FEHfive%2Fuefi-toys'...
[INFO] running `Command { std: "git" "rev-parse" "HEAD", kill_on_drop: false }`
[INFO] [stdout] a458960dfeb4153c6faacb980f2d05088ea7f783
[INFO] testing EHfive/uefi-toys against 1.75.0 for beta-1.76-1
[INFO] running `Command { std: "git" "clone" "/workspace/cache/git-repos/https%3A%2F%2Fgithub.com%2FEHfive%2Fuefi-toys" "/workspace/builds/worker-6-tc1/source", kill_on_drop: false }`
[INFO] [stderr] Cloning into '/workspace/builds/worker-6-tc1/source'...
[INFO] [stderr] done.
[INFO] validating manifest of git repo https://github.com/EHfive/uefi-toys on toolchain 1.75.0
[INFO] running `Command { std: CARGO_HOME="/workspace/cargo-home" RUSTUP_HOME="/workspace/rustup-home" "/workspace/cargo-home/bin/cargo" "+1.75.0" "metadata" "--manifest-path" "Cargo.toml" "--no-deps", kill_on_drop: false }`
[INFO] removed /workspace/builds/worker-6-tc1/source/rust-toolchain.toml
[INFO] started tweaking git repo https://github.com/EHfive/uefi-toys
[INFO] finished tweaking git repo https://github.com/EHfive/uefi-toys
[INFO] tweaked toml for git repo https://github.com/EHfive/uefi-toys written to /workspace/builds/worker-6-tc1/source/Cargo.toml
[INFO] crate git repo https://github.com/EHfive/uefi-toys already has a lockfile, it will not be regenerated
[INFO] running `Command { std: CARGO_HOME="/workspace/cargo-home" RUSTUP_HOME="/workspace/rustup-home" "/workspace/cargo-home/bin/cargo" "+1.75.0" "fetch" "--manifest-path" "Cargo.toml", kill_on_drop: false }`
[INFO] [stderr]     Updating git repository `https://github.com/rust-osdev/uefi-rs.git`
[INFO] [stderr]     Updating git repository `https://github.com/EHfive/uefi-rs.git`
[INFO] [stderr]     Updating crates.io index
[INFO] [stderr]  Downloading crates ...
[INFO] [stderr]   Downloaded ptr_meta_derive v0.2.0
[INFO] [stderr]   Downloaded getargs v0.5.0
[INFO] [stderr]   Downloaded ptr_meta v0.2.0
[INFO] [stderr]   Downloaded ucs2 v0.3.2
[INFO] [stderr]   Downloaded uguid v2.0.1
[INFO] [stderr]   Downloaded qemu-exit v3.0.2
[INFO] [stderr]   Downloaded r-efi v4.2.0
[INFO] running `Command { std: "docker" "create" "-v" "/var/lib/crater-agent-workspace/builds/worker-6-tc1/target:/opt/rustwide/target:rw,Z" "-v" "/var/lib/crater-agent-workspace/builds/worker-6-tc1/source:/opt/rustwide/workdir:ro,Z" "-v" "/var/lib/crater-agent-workspace/cargo-home:/opt/rustwide/cargo-home:ro,Z" "-v" "/var/lib/crater-agent-workspace/rustup-home:/opt/rustwide/rustup-home:ro,Z" "-e" "SOURCE_DIR=/opt/rustwide/workdir" "-e" "CARGO_TARGET_DIR=/opt/rustwide/target" "-e" "CARGO_HOME=/opt/rustwide/cargo-home" "-e" "RUSTUP_HOME=/opt/rustwide/rustup-home" "-w" "/opt/rustwide/workdir" "-m" "1610612736" "--user" "0:0" "--network" "none" "ghcr.io/rust-lang/crates-build-env/linux@sha256:2788e3201cd34a07e3172128adcd8b3090168a8e3bcc40d7c032b9dda1df7d1c" "/opt/rustwide/cargo-home/bin/cargo" "+1.75.0" "metadata" "--no-deps" "--format-version=1", kill_on_drop: false }`
[INFO] [stdout] be051476f42ea76cd09a5f277ce3b67be0a54638ecd5d9d79e4be025143cbcfd
[INFO] running `Command { std: "docker" "start" "-a" "be051476f42ea76cd09a5f277ce3b67be0a54638ecd5d9d79e4be025143cbcfd", kill_on_drop: false }`
[INFO] running `Command { std: "docker" "inspect" "be051476f42ea76cd09a5f277ce3b67be0a54638ecd5d9d79e4be025143cbcfd", kill_on_drop: false }`
[INFO] running `Command { std: "docker" "rm" "-f" "be051476f42ea76cd09a5f277ce3b67be0a54638ecd5d9d79e4be025143cbcfd", kill_on_drop: false }`
[INFO] [stdout] be051476f42ea76cd09a5f277ce3b67be0a54638ecd5d9d79e4be025143cbcfd
[INFO] running `Command { std: "docker" "create" "-v" "/var/lib/crater-agent-workspace/builds/worker-6-tc1/target:/opt/rustwide/target:rw,Z" "-v" "/var/lib/crater-agent-workspace/builds/worker-6-tc1/source:/opt/rustwide/workdir:ro,Z" "-v" "/var/lib/crater-agent-workspace/cargo-home:/opt/rustwide/cargo-home:ro,Z" "-v" "/var/lib/crater-agent-workspace/rustup-home:/opt/rustwide/rustup-home:ro,Z" "-e" "SOURCE_DIR=/opt/rustwide/workdir" "-e" "CARGO_TARGET_DIR=/opt/rustwide/target" "-e" "CARGO_INCREMENTAL=0" "-e" "RUST_BACKTRACE=full" "-e" "RUSTFLAGS=--cap-lints=warn" "-e" "RUSTDOCFLAGS=--cap-lints=warn" "-e" "CARGO_HOME=/opt/rustwide/cargo-home" "-e" "RUSTUP_HOME=/opt/rustwide/rustup-home" "-w" "/opt/rustwide/workdir" "-m" "1610612736" "--user" "0:0" "--network" "none" "ghcr.io/rust-lang/crates-build-env/linux@sha256:2788e3201cd34a07e3172128adcd8b3090168a8e3bcc40d7c032b9dda1df7d1c" "/opt/rustwide/cargo-home/bin/cargo" "+1.75.0" "build" "--frozen" "--message-format=json", kill_on_drop: false }`
[INFO] [stdout] eb8a75ab6ae9f50babb9d21847b6714dbb5ab15656dd77378a2b37f6e36cb1e2
[INFO] running `Command { std: "docker" "start" "-a" "eb8a75ab6ae9f50babb9d21847b6714dbb5ab15656dd77378a2b37f6e36cb1e2", kill_on_drop: false }`
[INFO] [stderr]    Compiling proc-macro2 v1.0.67
[INFO] [stderr]    Compiling unicode-ident v1.0.12
[INFO] [stderr]    Compiling syn v1.0.109
[INFO] [stderr]    Compiling bit_field v0.10.2
[INFO] [stderr]    Compiling uguid v2.0.1
[INFO] [stderr]    Compiling log v0.4.20
[INFO] [stderr]    Compiling cfg-if v1.0.0
[INFO] [stderr]    Compiling uefi-loopdrv v0.1.0 (/opt/rustwide/workdir/loopdrv)
[INFO] [stderr]    Compiling regex-syntax v0.7.5
[INFO] [stderr]    Compiling ucs2 v0.3.2
[INFO] [stderr]    Compiling getargs v0.5.0
[INFO] [stderr]    Compiling uefi-shell-split v0.1.0 (/opt/rustwide/workdir/shell-split)
[INFO] [stderr]    Compiling r-efi v4.2.0
[INFO] [stderr]    Compiling memchr v2.6.3
[INFO] [stderr]    Compiling quote v1.0.33
[INFO] [stderr]    Compiling syn v2.0.33
[INFO] [stderr]    Compiling regex-automata v0.3.8
[INFO] [stderr]    Compiling regex v1.9.5
[INFO] [stderr]    Compiling bytemuck_derive v1.5.0
[INFO] [stderr]    Compiling uefi-macros v0.12.0 (https://github.com/rust-osdev/uefi-rs.git#eb337852)
[INFO] [stderr]    Compiling bytemuck v1.14.0
[INFO] [stderr]    Compiling bitflags v2.4.0
[INFO] [stderr]    Compiling ptr_meta_derive v0.2.0
[INFO] [stderr]    Compiling ptr_meta v0.2.0
[INFO] [stderr]    Compiling uefi-raw v0.3.0 (https://github.com/rust-osdev/uefi-rs.git#eb337852)
[INFO] [stderr]    Compiling uefi v0.24.0 (https://github.com/rust-osdev/uefi-rs.git#eb337852)
[INFO] [stderr]    Compiling uefi-services v0.21.0 (https://github.com/EHfive/uefi-rs.git?branch=uefi-toys#48ff5296)
[INFO] [stderr]    Compiling uefi-lopatch v0.1.0 (/opt/rustwide/workdir/lopatch)
[INFO] [stderr]    Compiling uefi-reset v0.1.0 (/opt/rustwide/workdir/reset)
[INFO] [stdout] error: linking with `cc` failed: exit status: 1
[INFO] [stdout]   |
[INFO] [stdout]   = note: LC_ALL="C" PATH="/opt/rustwide/rustup-home/toolchains/1.75.0-x86_64-unknown-linux-gnu/lib/rustlib/x86_64-unknown-linux-gnu/bin:/opt/rustwide/cargo-home/bin:/usr/local/sbin:/usr/local/bin:/usr/sbin:/usr/bin:/sbin:/bin" VSLANG="1033" "cc" "-m64" "/tmp/rustcYiDkLo/symbols.o" "/opt/rustwide/target/debug/deps/uefi_loopdrv-af7e61ee154c1ff8.uefi_loopdrv.4ddd2fcbdfbd9cee-cgu.0.rcgu.o" "/opt/rustwide/target/debug/deps/uefi_loopdrv-af7e61ee154c1ff8.54rw49cerre0omsl.rcgu.o" "-Wl,--as-needed" "-L" "/opt/rustwide/target/debug/deps" "-L" "/opt/rustwide/rustup-home/toolchains/1.75.0-x86_64-unknown-linux-gnu/lib/rustlib/x86_64-unknown-linux-gnu/lib" "-Wl,-Bstatic" "/opt/rustwide/target/debug/deps/libuefi_loopdrv-e5ab8d09b88973a1.rlib" "/opt/rustwide/target/debug/deps/libuefi_services-3a7693257fb1e563.rlib" "/opt/rustwide/target/debug/deps/libcfg_if-262fd52710562dac.rlib" "/opt/rustwide/target/debug/deps/libuefi-b7b8274afff2a68f.rlib" "/opt/rustwide/target/debug/deps/libucs2-0c5ed4f6ef1833b0.rlib" "/opt/rustwide/target/debug/deps/libbit_field-456906ff18b654c4.rlib" "/opt/rustwide/target/debug/deps/liblog-5dea15aaaff9b1d6.rlib" "/opt/rustwide/target/debug/deps/libptr_meta-814d4c6276479d0e.rlib" "/opt/rustwide/target/debug/deps/libuefi_raw-862fe42c38bc012d.rlib" "/opt/rustwide/target/debug/deps/libuguid-c3ab96ce54127ea3.rlib" "/opt/rustwide/target/debug/deps/libbitflags-a8aef6db968edbcd.rlib" "/opt/rustwide/target/debug/deps/libbytemuck-f91c5977ca63cb6e.rlib" "/opt/rustwide/rustup-home/toolchains/1.75.0-x86_64-unknown-linux-gnu/lib/rustlib/x86_64-unknown-linux-gnu/lib/liballoc-510a192a50a983ed.rlib" "/opt/rustwide/rustup-home/toolchains/1.75.0-x86_64-unknown-linux-gnu/lib/rustlib/x86_64-unknown-linux-gnu/lib/librustc_std_workspace_core-0577018320f99037.rlib" "/opt/rustwide/rustup-home/toolchains/1.75.0-x86_64-unknown-linux-gnu/lib/rustlib/x86_64-unknown-linux-gnu/lib/libcore-193cf992125ccd4c.rlib" "/opt/rustwide/rustup-home/toolchains/1.75.0-x86_64-unknown-linux-gnu/lib/rustlib/x86_64-unknown-linux-gnu/lib/libcompiler_builtins-8e138eaf26ebb4a8.rlib" "-Wl,-Bdynamic" "-Wl,--eh-frame-hdr" "-Wl,-z,noexecstack" "-L" "/opt/rustwide/rustup-home/toolchains/1.75.0-x86_64-unknown-linux-gnu/lib/rustlib/x86_64-unknown-linux-gnu/lib" "-o" "/opt/rustwide/target/debug/deps/uefi_loopdrv-af7e61ee154c1ff8" "-Wl,--gc-sections" "-pie" "-Wl,-z,relro,-z,now" "-nodefaultlibs"
[INFO] [stdout]   = note: /usr/bin/ld: /usr/lib/gcc/x86_64-linux-gnu/11/../../../x86_64-linux-gnu/Scrt1.o: in function `_start':
[INFO] [stdout]           (.text+0x1b): undefined reference to `main'
[INFO] [stdout]           /usr/bin/ld: (.text+0x21): undefined reference to `__libc_start_main'
[INFO] [stdout]           collect2: error: ld returned 1 exit status
[INFO] [stdout]           
[INFO] [stdout]   = note: some `extern` functions couldn't be found; some native libraries may need to be installed or have their path specified
[INFO] [stdout]   = note: use the `-l` flag to specify native libraries to link
[INFO] [stdout]   = note: use the `cargo:rustc-link-lib` directive to specify the native libraries to link with Cargo (see https://doc.rust-lang.org/cargo/reference/build-scripts.html#cargorustc-link-libkindname)
[INFO] [stdout] 
[INFO] [stdout] 
[INFO] [stdout] error: aborting due to previous error
[INFO] [stdout] 
[INFO] [stdout] 
[INFO] [stderr] error: could not compile `uefi-loopdrv` (bin "uefi-loopdrv") due to 2 previous errors
[INFO] [stderr] warning: build failed, waiting for other jobs to finish...
[INFO] [stdout] error: linking with `cc` failed: exit status: 1
[INFO] [stdout]   |
[INFO] [stdout]   = note: LC_ALL="C" PATH="/opt/rustwide/rustup-home/toolchains/1.75.0-x86_64-unknown-linux-gnu/lib/rustlib/x86_64-unknown-linux-gnu/bin:/opt/rustwide/cargo-home/bin:/usr/local/sbin:/usr/local/bin:/usr/sbin:/usr/bin:/sbin:/bin" VSLANG="1033" "cc" "-m64" "/tmp/rustcdFnmNF/symbols.o" "/opt/rustwide/target/debug/deps/uefi_reset-19610511012aaefb.uefi_reset.a4c8c78037d7a5d4-cgu.0.rcgu.o" "/opt/rustwide/target/debug/deps/uefi_reset-19610511012aaefb.uefi_reset.a4c8c78037d7a5d4-cgu.1.rcgu.o" "/opt/rustwide/target/debug/deps/uefi_reset-19610511012aaefb.2teag03e9dfe0j84.rcgu.o" "-Wl,--as-needed" "-L" "/opt/rustwide/target/debug/deps" "-L" "/opt/rustwide/rustup-home/toolchains/1.75.0-x86_64-unknown-linux-gnu/lib/rustlib/x86_64-unknown-linux-gnu/lib" "-Wl,-Bstatic" "/opt/rustwide/target/debug/deps/libuefi_shell_split-bd0bff631fa56e8f.rlib" "/opt/rustwide/target/debug/deps/libuefi_services-3a7693257fb1e563.rlib" "/opt/rustwide/target/debug/deps/libcfg_if-262fd52710562dac.rlib" "/opt/rustwide/target/debug/deps/libuefi-b7b8274afff2a68f.rlib" "/opt/rustwide/target/debug/deps/libucs2-0c5ed4f6ef1833b0.rlib" "/opt/rustwide/target/debug/deps/libbit_field-456906ff18b654c4.rlib" "/opt/rustwide/target/debug/deps/liblog-5dea15aaaff9b1d6.rlib" "/opt/rustwide/target/debug/deps/libptr_meta-814d4c6276479d0e.rlib" "/opt/rustwide/target/debug/deps/libuefi_raw-862fe42c38bc012d.rlib" "/opt/rustwide/target/debug/deps/libuguid-c3ab96ce54127ea3.rlib" "/opt/rustwide/target/debug/deps/libgetargs-aedf5529cb2dcedf.rlib" "/opt/rustwide/target/debug/deps/libbitflags-a8aef6db968edbcd.rlib" "/opt/rustwide/target/debug/deps/libbytemuck-f91c5977ca63cb6e.rlib" "/opt/rustwide/rustup-home/toolchains/1.75.0-x86_64-unknown-linux-gnu/lib/rustlib/x86_64-unknown-linux-gnu/lib/liballoc-510a192a50a983ed.rlib" "/opt/rustwide/rustup-home/toolchains/1.75.0-x86_64-unknown-linux-gnu/lib/rustlib/x86_64-unknown-linux-gnu/lib/librustc_std_workspace_core-0577018320f99037.rlib" "/opt/rustwide/rustup-home/toolchains/1.75.0-x86_64-unknown-linux-gnu/lib/rustlib/x86_64-unknown-linux-gnu/lib/libcore-193cf992125ccd4c.rlib" "/opt/rustwide/rustup-home/toolchains/1.75.0-x86_64-unknown-linux-gnu/lib/rustlib/x86_64-unknown-linux-gnu/lib/libcompiler_builtins-8e138eaf26ebb4a8.rlib" "-Wl,-Bdynamic" "-Wl,--eh-frame-hdr" "-Wl,-z,noexecstack" "-L" "/opt/rustwide/rustup-home/toolchains/1.75.0-x86_64-unknown-linux-gnu/lib/rustlib/x86_64-unknown-linux-gnu/lib" "-o" "/opt/rustwide/target/debug/deps/uefi_reset-19610511012aaefb" "-Wl,--gc-sections" "-pie" "-Wl,-z,relro,-z,now" "-nodefaultlibs"
[INFO] [stdout]   = note: /usr/bin/ld: /usr/lib/gcc/x86_64-linux-gnu/11/../../../x86_64-linux-gnu/Scrt1.o: in function `_start':
[INFO] [stdout]           (.text+0x1b): undefined reference to `main'
[INFO] [stdout]           /usr/bin/ld: (.text+0x21): undefined reference to `__libc_start_main'
[INFO] [stdout]           collect2: error: ld returned 1 exit status
[INFO] [stdout]           
[INFO] [stdout]   = note: some `extern` functions couldn't be found; some native libraries may need to be installed or have their path specified
[INFO] [stdout]   = note: use the `-l` flag to specify native libraries to link
[INFO] [stdout]   = note: use the `cargo:rustc-link-lib` directive to specify the native libraries to link with Cargo (see https://doc.rust-lang.org/cargo/reference/build-scripts.html#cargorustc-link-libkindname)
[INFO] [stdout] 
[INFO] [stdout] 
[INFO] [stdout] error: aborting due to previous error
[INFO] [stdout] 
[INFO] [stdout] 
[INFO] [stderr] error: could not compile `uefi-reset` (bin "uefi-reset") due to 2 previous errors
[INFO] [stdout] error: linking with `cc` failed: exit status: 1
[INFO] [stdout]   |
[INFO] [stdout]   = note: LC_ALL="C" PATH="/opt/rustwide/rustup-home/toolchains/1.75.0-x86_64-unknown-linux-gnu/lib/rustlib/x86_64-unknown-linux-gnu/bin:/opt/rustwide/cargo-home/bin:/usr/local/sbin:/usr/local/bin:/usr/sbin:/usr/bin:/sbin:/bin" VSLANG="1033" "cc" "-m64" "/tmp/rustcSWhO41/symbols.o" "/opt/rustwide/target/debug/deps/uefi_lopatch-c458fd76a46b4c5f.uefi_lopatch.8593fa394f6a5b88-cgu.0.rcgu.o" "/opt/rustwide/target/debug/deps/uefi_lopatch-c458fd76a46b4c5f.uefi_lopatch.8593fa394f6a5b88-cgu.1.rcgu.o" "/opt/rustwide/target/debug/deps/uefi_lopatch-c458fd76a46b4c5f.uefi_lopatch.8593fa394f6a5b88-cgu.2.rcgu.o" "/opt/rustwide/target/debug/deps/uefi_lopatch-c458fd76a46b4c5f.uefi_lopatch.8593fa394f6a5b88-cgu.3.rcgu.o" "/opt/rustwide/target/debug/deps/uefi_lopatch-c458fd76a46b4c5f.uefi_lopatch.8593fa394f6a5b88-cgu.4.rcgu.o" "/opt/rustwide/target/debug/deps/uefi_lopatch-c458fd76a46b4c5f.uefi_lopatch.8593fa394f6a5b88-cgu.5.rcgu.o" "/opt/rustwide/target/debug/deps/uefi_lopatch-c458fd76a46b4c5f.uefi_lopatch.8593fa394f6a5b88-cgu.6.rcgu.o" "/opt/rustwide/target/debug/deps/uefi_lopatch-c458fd76a46b4c5f.uefi_lopatch.8593fa394f6a5b88-cgu.7.rcgu.o" "/opt/rustwide/target/debug/deps/uefi_lopatch-c458fd76a46b4c5f.uefi_lopatch.8593fa394f6a5b88-cgu.8.rcgu.o" "/opt/rustwide/target/debug/deps/uefi_lopatch-c458fd76a46b4c5f.3bu7rkugr71s6ip0.rcgu.o" "-Wl,--as-needed" "-L" "/opt/rustwide/target/debug/deps" "-L" "/opt/rustwide/rustup-home/toolchains/1.75.0-x86_64-unknown-linux-gnu/lib/rustlib/x86_64-unknown-linux-gnu/lib" "-Wl,-Bstatic" "/opt/rustwide/target/debug/deps/libuefi_shell_split-bd0bff631fa56e8f.rlib" "/opt/rustwide/target/debug/deps/libmemchr-a60f4223588b8a1d.rlib" "/opt/rustwide/target/debug/deps/libgetargs-aedf5529cb2dcedf.rlib" "/opt/rustwide/target/debug/deps/libuefi_loopdrv-e5ab8d09b88973a1.rlib" "/opt/rustwide/target/debug/deps/libuefi_services-3a7693257fb1e563.rlib" "/opt/rustwide/target/debug/deps/libcfg_if-262fd52710562dac.rlib" "/opt/rustwide/target/debug/deps/libuefi-b7b8274afff2a68f.rlib" "/opt/rustwide/target/debug/deps/libucs2-0c5ed4f6ef1833b0.rlib" "/opt/rustwide/target/debug/deps/libbit_field-456906ff18b654c4.rlib" "/opt/rustwide/target/debug/deps/liblog-5dea15aaaff9b1d6.rlib" "/opt/rustwide/target/debug/deps/libptr_meta-814d4c6276479d0e.rlib" "/opt/rustwide/target/debug/deps/libuefi_raw-862fe42c38bc012d.rlib" "/opt/rustwide/target/debug/deps/libuguid-c3ab96ce54127ea3.rlib" "/opt/rustwide/target/debug/deps/libbitflags-a8aef6db968edbcd.rlib" "/opt/rustwide/target/debug/deps/libbytemuck-f91c5977ca63cb6e.rlib" "/opt/rustwide/target/debug/deps/libregex-65ab7ab856bbc8b4.rlib" "/opt/rustwide/target/debug/deps/libregex_automata-74137415ebfbbbd3.rlib" "/opt/rustwide/target/debug/deps/libregex_syntax-e0a8e9ddc982062f.rlib" "/opt/rustwide/target/debug/deps/libr_efi-9ce4173b142866cc.rlib" "/opt/rustwide/rustup-home/toolchains/1.75.0-x86_64-unknown-linux-gnu/lib/rustlib/x86_64-unknown-linux-gnu/lib/liballoc-510a192a50a983ed.rlib" "/opt/rustwide/rustup-home/toolchains/1.75.0-x86_64-unknown-linux-gnu/lib/rustlib/x86_64-unknown-linux-gnu/lib/librustc_std_workspace_core-0577018320f99037.rlib" "/opt/rustwide/rustup-home/toolchains/1.75.0-x86_64-unknown-linux-gnu/lib/rustlib/x86_64-unknown-linux-gnu/lib/libcore-193cf992125ccd4c.rlib" "/opt/rustwide/rustup-home/toolchains/1.75.0-x86_64-unknown-linux-gnu/lib/rustlib/x86_64-unknown-linux-gnu/lib/libcompiler_builtins-8e138eaf26ebb4a8.rlib" "-Wl,-Bdynamic" "-Wl,--eh-frame-hdr" "-Wl,-z,noexecstack" "-L" "/opt/rustwide/rustup-home/toolchains/1.75.0-x86_64-unknown-linux-gnu/lib/rustlib/x86_64-unknown-linux-gnu/lib" "-o" "/opt/rustwide/target/debug/deps/uefi_lopatch-c458fd76a46b4c5f" "-Wl,--gc-sections" "-pie" "-Wl,-z,relro,-z,now" "-nodefaultlibs"
[INFO] [stdout]   = note: /usr/bin/ld: /usr/lib/gcc/x86_64-linux-gnu/11/../../../x86_64-linux-gnu/Scrt1.o: in function `_start':
[INFO] [stdout]           (.text+0x1b): undefined reference to `main'
[INFO] [stdout]           /usr/bin/ld: (.text+0x21): undefined reference to `__libc_start_main'
[INFO] [stdout]           collect2: error: ld returned 1 exit status
[INFO] [stdout]           
[INFO] [stdout]   = note: some `extern` functions couldn't be found; some native libraries may need to be installed or have their path specified
[INFO] [stdout]   = note: use the `-l` flag to specify native libraries to link
[INFO] [stdout]   = note: use the `cargo:rustc-link-lib` directive to specify the native libraries to link with Cargo (see https://doc.rust-lang.org/cargo/reference/build-scripts.html#cargorustc-link-libkindname)
[INFO] [stdout] 
[INFO] [stdout] 
[INFO] [stdout] error: aborting due to previous error
[INFO] [stdout] 
[INFO] [stdout] 
[INFO] [stderr] error: could not compile `uefi-lopatch` (bin "uefi-lopatch") due to 2 previous errors
[INFO] running `Command { std: "docker" "inspect" "eb8a75ab6ae9f50babb9d21847b6714dbb5ab15656dd77378a2b37f6e36cb1e2", kill_on_drop: false }`
[INFO] running `Command { std: "docker" "rm" "-f" "eb8a75ab6ae9f50babb9d21847b6714dbb5ab15656dd77378a2b37f6e36cb1e2", kill_on_drop: false }`
[INFO] [stdout] eb8a75ab6ae9f50babb9d21847b6714dbb5ab15656dd77378a2b37f6e36cb1e2
[INFO] testing EHfive/uefi-toys against beta-2023-12-22 for beta-1.76-1
[INFO] running `Command { std: "git" "clone" "/workspace/cache/git-repos/https%3A%2F%2Fgithub.com%2FEHfive%2Fuefi-toys" "/workspace/builds/worker-6-tc2/source", kill_on_drop: false }`
[INFO] [stderr] Cloning into '/workspace/builds/worker-6-tc2/source'...
[INFO] [stderr] done.
[INFO] validating manifest of git repo https://github.com/EHfive/uefi-toys on toolchain beta-2023-12-22
[INFO] running `Command { std: CARGO_HOME="/workspace/cargo-home" RUSTUP_HOME="/workspace/rustup-home" "/workspace/cargo-home/bin/cargo" "+beta-2023-12-22" "metadata" "--manifest-path" "Cargo.toml" "--no-deps", kill_on_drop: false }`
[INFO] removed /workspace/builds/worker-6-tc2/source/rust-toolchain.toml
[INFO] started tweaking git repo https://github.com/EHfive/uefi-toys
[INFO] finished tweaking git repo https://github.com/EHfive/uefi-toys
[INFO] tweaked toml for git repo https://github.com/EHfive/uefi-toys written to /workspace/builds/worker-6-tc2/source/Cargo.toml
[INFO] crate git repo https://github.com/EHfive/uefi-toys already has a lockfile, it will not be regenerated
[INFO] running `Command { std: CARGO_HOME="/workspace/cargo-home" RUSTUP_HOME="/workspace/rustup-home" "/workspace/cargo-home/bin/cargo" "+beta-2023-12-22" "fetch" "--manifest-path" "Cargo.toml", kill_on_drop: false }`
[INFO] running `Command { std: "docker" "create" "-v" "/var/lib/crater-agent-workspace/builds/worker-6-tc2/target:/opt/rustwide/target:rw,Z" "-v" "/var/lib/crater-agent-workspace/builds/worker-6-tc2/source:/opt/rustwide/workdir:ro,Z" "-v" "/var/lib/crater-agent-workspace/cargo-home:/opt/rustwide/cargo-home:ro,Z" "-v" "/var/lib/crater-agent-workspace/rustup-home:/opt/rustwide/rustup-home:ro,Z" "-e" "SOURCE_DIR=/opt/rustwide/workdir" "-e" "CARGO_TARGET_DIR=/opt/rustwide/target" "-e" "CARGO_HOME=/opt/rustwide/cargo-home" "-e" "RUSTUP_HOME=/opt/rustwide/rustup-home" "-w" "/opt/rustwide/workdir" "-m" "1610612736" "--user" "0:0" "--network" "none" "ghcr.io/rust-lang/crates-build-env/linux@sha256:2788e3201cd34a07e3172128adcd8b3090168a8e3bcc40d7c032b9dda1df7d1c" "/opt/rustwide/cargo-home/bin/cargo" "+beta-2023-12-22" "metadata" "--no-deps" "--format-version=1", kill_on_drop: false }`
[INFO] [stdout] 6eb2b7a3e0cd90faaa329e568541495e57826b197b57e774fbae90b959879824
[INFO] running `Command { std: "docker" "start" "-a" "6eb2b7a3e0cd90faaa329e568541495e57826b197b57e774fbae90b959879824", kill_on_drop: false }`
[INFO] running `Command { std: "docker" "inspect" "6eb2b7a3e0cd90faaa329e568541495e57826b197b57e774fbae90b959879824", kill_on_drop: false }`
[INFO] running `Command { std: "docker" "rm" "-f" "6eb2b7a3e0cd90faaa329e568541495e57826b197b57e774fbae90b959879824", kill_on_drop: false }`
[INFO] [stdout] 6eb2b7a3e0cd90faaa329e568541495e57826b197b57e774fbae90b959879824
[INFO] running `Command { std: "docker" "create" "-v" "/var/lib/crater-agent-workspace/builds/worker-6-tc2/target:/opt/rustwide/target:rw,Z" "-v" "/var/lib/crater-agent-workspace/builds/worker-6-tc2/source:/opt/rustwide/workdir:ro,Z" "-v" "/var/lib/crater-agent-workspace/cargo-home:/opt/rustwide/cargo-home:ro,Z" "-v" "/var/lib/crater-agent-workspace/rustup-home:/opt/rustwide/rustup-home:ro,Z" "-e" "SOURCE_DIR=/opt/rustwide/workdir" "-e" "CARGO_TARGET_DIR=/opt/rustwide/target" "-e" "CARGO_INCREMENTAL=0" "-e" "RUST_BACKTRACE=full" "-e" "RUSTFLAGS=--cap-lints=warn" "-e" "RUSTDOCFLAGS=--cap-lints=warn" "-e" "CARGO_HOME=/opt/rustwide/cargo-home" "-e" "RUSTUP_HOME=/opt/rustwide/rustup-home" "-w" "/opt/rustwide/workdir" "-m" "1610612736" "--user" "0:0" "--network" "none" "ghcr.io/rust-lang/crates-build-env/linux@sha256:2788e3201cd34a07e3172128adcd8b3090168a8e3bcc40d7c032b9dda1df7d1c" "/opt/rustwide/cargo-home/bin/cargo" "+beta-2023-12-22" "build" "--frozen" "--message-format=json", kill_on_drop: false }`
[INFO] [stdout] 1f016ef48756aa3b84677c7f9e5fb15dbd1f2c0fc147ddfdb44199dfb9438983
[INFO] running `Command { std: "docker" "start" "-a" "1f016ef48756aa3b84677c7f9e5fb15dbd1f2c0fc147ddfdb44199dfb9438983", kill_on_drop: false }`
[INFO] [stderr]    Compiling proc-macro2 v1.0.67
[INFO] [stderr]    Compiling unicode-ident v1.0.12
[INFO] [stderr]    Compiling syn v1.0.109
[INFO] [stderr]    Compiling uguid v2.0.1
[INFO] [stderr]    Compiling bit_field v0.10.2
[INFO] [stderr]    Compiling log v0.4.20
[INFO] [stderr]    Compiling cfg-if v1.0.0
[INFO] [stderr]    Compiling uefi-loopdrv v0.1.0 (/opt/rustwide/workdir/loopdrv)
[INFO] [stderr]    Compiling regex-syntax v0.7.5
[INFO] [stderr]    Compiling getargs v0.5.0
[INFO] [stderr]    Compiling uefi-shell-split v0.1.0 (/opt/rustwide/workdir/shell-split)
[INFO] [stderr]    Compiling ucs2 v0.3.2
[INFO] [stderr]    Compiling memchr v2.6.3
[INFO] [stderr]    Compiling r-efi v4.2.0
[INFO] [stderr]    Compiling quote v1.0.33
[INFO] [stderr]    Compiling syn v2.0.33
[INFO] [stderr]    Compiling regex-automata v0.3.8
[INFO] [stderr]    Compiling bytemuck_derive v1.5.0
[INFO] [stderr]    Compiling uefi-macros v0.12.0 (https://github.com/rust-osdev/uefi-rs.git#eb337852)
[INFO] [stderr]    Compiling ptr_meta_derive v0.2.0
[INFO] [stderr]    Compiling regex v1.9.5
[INFO] [stderr]    Compiling ptr_meta v0.2.0
[INFO] [stderr]    Compiling bytemuck v1.14.0
[INFO] [stderr]    Compiling bitflags v2.4.0
[INFO] [stderr]    Compiling uefi-raw v0.3.0 (https://github.com/rust-osdev/uefi-rs.git#eb337852)
[INFO] [stderr]    Compiling uefi v0.24.0 (https://github.com/rust-osdev/uefi-rs.git#eb337852)
[INFO] [stderr]    Compiling uefi-services v0.21.0 (https://github.com/EHfive/uefi-rs.git?branch=uefi-toys#48ff5296)
[INFO] [stderr]    Compiling uefi-reset v0.1.0 (/opt/rustwide/workdir/reset)
[INFO] [stderr]    Compiling uefi-lopatch v0.1.0 (/opt/rustwide/workdir/lopatch)
[INFO] [stdout] error: linking with `cc` failed: exit status: 1
[INFO] [stdout]   |
[INFO] [stdout]   = note: LC_ALL="C" PATH="/opt/rustwide/rustup-home/toolchains/beta-2023-12-22-x86_64-unknown-linux-gnu/lib/rustlib/x86_64-unknown-linux-gnu/bin:/opt/rustwide/cargo-home/bin:/usr/local/sbin:/usr/local/bin:/usr/sbin:/usr/bin:/sbin:/bin" VSLANG="1033" "cc" "-m64" "/tmp/rustc7d1dHS/symbols.o" "/opt/rustwide/target/debug/deps/uefi_loopdrv-8072e444017615f3.uefi_loopdrv.6021346b6b66820c-cgu.0.rcgu.o" "/opt/rustwide/target/debug/deps/uefi_loopdrv-8072e444017615f3.1ducdsyy0ffl8746.rcgu.o" "-Wl,--as-needed" "-L" "/opt/rustwide/target/debug/deps" "-L" "/opt/rustwide/rustup-home/toolchains/beta-2023-12-22-x86_64-unknown-linux-gnu/lib/rustlib/x86_64-unknown-linux-gnu/lib" "-Wl,-Bstatic" "/opt/rustwide/target/debug/deps/libuefi_loopdrv-ef2c5ae8a287f8c7.rlib" "/opt/rustwide/target/debug/deps/libuefi_services-20aad02f9f1de814.rlib" "/opt/rustwide/target/debug/deps/libcfg_if-11f17707abc72ee0.rlib" "/opt/rustwide/target/debug/deps/libuefi-cf98a01717de1920.rlib" "/opt/rustwide/target/debug/deps/libucs2-334ca72cf560ba34.rlib" "/opt/rustwide/target/debug/deps/libbit_field-face3e81d2a2c0c0.rlib" "/opt/rustwide/target/debug/deps/liblog-711ce27c467f5e1a.rlib" "/opt/rustwide/target/debug/deps/libptr_meta-0f3c113f16978feb.rlib" "/opt/rustwide/target/debug/deps/libuefi_raw-80da6c26741e535a.rlib" "/opt/rustwide/target/debug/deps/libuguid-4368f9bb81995b60.rlib" "/opt/rustwide/target/debug/deps/libbitflags-c15140f8a2550eb1.rlib" "/opt/rustwide/target/debug/deps/libbytemuck-3e89075417b3a34f.rlib" "/opt/rustwide/rustup-home/toolchains/beta-2023-12-22-x86_64-unknown-linux-gnu/lib/rustlib/x86_64-unknown-linux-gnu/lib/liballoc-c22b13b48a8f128e.rlib" "/opt/rustwide/rustup-home/toolchains/beta-2023-12-22-x86_64-unknown-linux-gnu/lib/rustlib/x86_64-unknown-linux-gnu/lib/librustc_std_workspace_core-e46bc3da6d7c462f.rlib" "/opt/rustwide/rustup-home/toolchains/beta-2023-12-22-x86_64-unknown-linux-gnu/lib/rustlib/x86_64-unknown-linux-gnu/lib/libcore-8d1ac131d3cb2645.rlib" "/opt/rustwide/rustup-home/toolchains/beta-2023-12-22-x86_64-unknown-linux-gnu/lib/rustlib/x86_64-unknown-linux-gnu/lib/libcompiler_builtins-a1b43df8c6899c1f.rlib" "-Wl,-Bdynamic" "-Wl,--eh-frame-hdr" "-Wl,-z,noexecstack" "-L" "/opt/rustwide/rustup-home/toolchains/beta-2023-12-22-x86_64-unknown-linux-gnu/lib/rustlib/x86_64-unknown-linux-gnu/lib" "-o" "/opt/rustwide/target/debug/deps/uefi_loopdrv-8072e444017615f3" "-Wl,--gc-sections" "-pie" "-Wl,-z,relro,-z,now" "-nodefaultlibs"
[INFO] [stdout]   = note: /usr/bin/ld: /usr/lib/gcc/x86_64-linux-gnu/11/../../../x86_64-linux-gnu/Scrt1.o: in function `_start':
[INFO] [stdout]           (.text+0x1b): undefined reference to `main'
[INFO] [stdout]           /usr/bin/ld: (.text+0x21): undefined reference to `__libc_start_main'
[INFO] [stdout]           collect2: error: ld returned 1 exit status
[INFO] [stdout]           
[INFO] [stdout]   = note: some `extern` functions couldn't be found; some native libraries may need to be installed or have their path specified
[INFO] [stdout]   = note: use the `-l` flag to specify native libraries to link
[INFO] [stdout]   = note: use the `cargo:rustc-link-lib` directive to specify the native libraries to link with Cargo (see https://doc.rust-lang.org/cargo/reference/build-scripts.html#cargorustc-link-libkindname)
[INFO] [stdout] 
[INFO] [stdout] 
[INFO] [stdout] error: aborting due to 1 previous error
[INFO] [stdout] 
[INFO] [stdout] 
[INFO] [stderr] error: could not compile `uefi-loopdrv` (bin "uefi-loopdrv") due to 2 previous errors
[INFO] [stderr] warning: build failed, waiting for other jobs to finish...
[INFO] [stdout] error: linking with `cc` failed: exit status: 1
[INFO] [stdout]   |
[INFO] [stdout]   = note: LC_ALL="C" PATH="/opt/rustwide/rustup-home/toolchains/beta-2023-12-22-x86_64-unknown-linux-gnu/lib/rustlib/x86_64-unknown-linux-gnu/bin:/opt/rustwide/cargo-home/bin:/usr/local/sbin:/usr/local/bin:/usr/sbin:/usr/bin:/sbin:/bin" VSLANG="1033" "cc" "-m64" "/tmp/rustctg9po5/symbols.o" "/opt/rustwide/target/debug/deps/uefi_reset-ab80df55c107fda0.uefi_reset.695bf6922693e32f-cgu.0.rcgu.o" "/opt/rustwide/target/debug/deps/uefi_reset-ab80df55c107fda0.uefi_reset.695bf6922693e32f-cgu.1.rcgu.o" "/opt/rustwide/target/debug/deps/uefi_reset-ab80df55c107fda0.3mpktov2d9qsz6ai.rcgu.o" "-Wl,--as-needed" "-L" "/opt/rustwide/target/debug/deps" "-L" "/opt/rustwide/rustup-home/toolchains/beta-2023-12-22-x86_64-unknown-linux-gnu/lib/rustlib/x86_64-unknown-linux-gnu/lib" "-Wl,-Bstatic" "/opt/rustwide/target/debug/deps/libuefi_shell_split-639cd2d34abc6ff1.rlib" "/opt/rustwide/target/debug/deps/libuefi_services-20aad02f9f1de814.rlib" "/opt/rustwide/target/debug/deps/libcfg_if-11f17707abc72ee0.rlib" "/opt/rustwide/target/debug/deps/libuefi-cf98a01717de1920.rlib" "/opt/rustwide/target/debug/deps/libucs2-334ca72cf560ba34.rlib" "/opt/rustwide/target/debug/deps/libbit_field-face3e81d2a2c0c0.rlib" "/opt/rustwide/target/debug/deps/liblog-711ce27c467f5e1a.rlib" "/opt/rustwide/target/debug/deps/libptr_meta-0f3c113f16978feb.rlib" "/opt/rustwide/target/debug/deps/libuefi_raw-80da6c26741e535a.rlib" "/opt/rustwide/target/debug/deps/libuguid-4368f9bb81995b60.rlib" "/opt/rustwide/target/debug/deps/libgetargs-0bb5065ca1aa41c1.rlib" "/opt/rustwide/target/debug/deps/libbitflags-c15140f8a2550eb1.rlib" "/opt/rustwide/target/debug/deps/libbytemuck-3e89075417b3a34f.rlib" "/opt/rustwide/rustup-home/toolchains/beta-2023-12-22-x86_64-unknown-linux-gnu/lib/rustlib/x86_64-unknown-linux-gnu/lib/liballoc-c22b13b48a8f128e.rlib" "/opt/rustwide/rustup-home/toolchains/beta-2023-12-22-x86_64-unknown-linux-gnu/lib/rustlib/x86_64-unknown-linux-gnu/lib/librustc_std_workspace_core-e46bc3da6d7c462f.rlib" "/opt/rustwide/rustup-home/toolchains/beta-2023-12-22-x86_64-unknown-linux-gnu/lib/rustlib/x86_64-unknown-linux-gnu/lib/libcore-8d1ac131d3cb2645.rlib" "/opt/rustwide/rustup-home/toolchains/beta-2023-12-22-x86_64-unknown-linux-gnu/lib/rustlib/x86_64-unknown-linux-gnu/lib/libcompiler_builtins-a1b43df8c6899c1f.rlib" "-Wl,-Bdynamic" "-Wl,--eh-frame-hdr" "-Wl,-z,noexecstack" "-L" "/opt/rustwide/rustup-home/toolchains/beta-2023-12-22-x86_64-unknown-linux-gnu/lib/rustlib/x86_64-unknown-linux-gnu/lib" "-o" "/opt/rustwide/target/debug/deps/uefi_reset-ab80df55c107fda0" "-Wl,--gc-sections" "-pie" "-Wl,-z,relro,-z,now" "-nodefaultlibs"
[INFO] [stdout]   = note: /usr/bin/ld: /usr/lib/gcc/x86_64-linux-gnu/11/../../../x86_64-linux-gnu/Scrt1.o: in function `_start':
[INFO] [stdout]           (.text+0x1b): undefined reference to `main'
[INFO] [stdout]           /usr/bin/ld: (.text+0x21): undefined reference to `__libc_start_main'
[INFO] [stdout]           collect2: error: ld returned 1 exit status
[INFO] [stdout]           
[INFO] [stdout]   = note: some `extern` functions couldn't be found; some native libraries may need to be installed or have their path specified
[INFO] [stdout]   = note: use the `-l` flag to specify native libraries to link
[INFO] [stdout]   = note: use the `cargo:rustc-link-lib` directive to specify the native libraries to link with Cargo (see https://doc.rust-lang.org/cargo/reference/build-scripts.html#cargorustc-link-libkindname)
[INFO] [stdout] 
[INFO] [stdout] 
[INFO] [stdout] error: aborting due to 1 previous error
[INFO] [stdout] 
[INFO] [stdout] 
[INFO] [stderr] error: could not compile `uefi-reset` (bin "uefi-reset") due to 2 previous errors
[INFO] [stdout] error: linking with `cc` failed: exit status: 1
[INFO] [stdout]   |
[INFO] [stdout]   = note: LC_ALL="C" PATH="/opt/rustwide/rustup-home/toolchains/beta-2023-12-22-x86_64-unknown-linux-gnu/lib/rustlib/x86_64-unknown-linux-gnu/bin:/opt/rustwide/cargo-home/bin:/usr/local/sbin:/usr/local/bin:/usr/sbin:/usr/bin:/sbin:/bin" VSLANG="1033" "cc" "-m64" "/tmp/rustc5EXoGU/symbols.o" "/opt/rustwide/target/debug/deps/uefi_lopatch-1c60b4c6d7c10234.uefi_lopatch.81cdaa3b29436874-cgu.0.rcgu.o" "/opt/rustwide/target/debug/deps/uefi_lopatch-1c60b4c6d7c10234.uefi_lopatch.81cdaa3b29436874-cgu.1.rcgu.o" "/opt/rustwide/target/debug/deps/uefi_lopatch-1c60b4c6d7c10234.uefi_lopatch.81cdaa3b29436874-cgu.2.rcgu.o" "/opt/rustwide/target/debug/deps/uefi_lopatch-1c60b4c6d7c10234.uefi_lopatch.81cdaa3b29436874-cgu.3.rcgu.o" "/opt/rustwide/target/debug/deps/uefi_lopatch-1c60b4c6d7c10234.uefi_lopatch.81cdaa3b29436874-cgu.4.rcgu.o" "/opt/rustwide/target/debug/deps/uefi_lopatch-1c60b4c6d7c10234.uefi_lopatch.81cdaa3b29436874-cgu.5.rcgu.o" "/opt/rustwide/target/debug/deps/uefi_lopatch-1c60b4c6d7c10234.uefi_lopatch.81cdaa3b29436874-cgu.6.rcgu.o" "/opt/rustwide/target/debug/deps/uefi_lopatch-1c60b4c6d7c10234.uefi_lopatch.81cdaa3b29436874-cgu.7.rcgu.o" "/opt/rustwide/target/debug/deps/uefi_lopatch-1c60b4c6d7c10234.uefi_lopatch.81cdaa3b29436874-cgu.8.rcgu.o" "/opt/rustwide/target/debug/deps/uefi_lopatch-1c60b4c6d7c10234.27hd6r0i6ga0zlgm.rcgu.o" "-Wl,--as-needed" "-L" "/opt/rustwide/target/debug/deps" "-L" "/opt/rustwide/rustup-home/toolchains/beta-2023-12-22-x86_64-unknown-linux-gnu/lib/rustlib/x86_64-unknown-linux-gnu/lib" "-Wl,-Bstatic" "/opt/rustwide/target/debug/deps/libuefi_shell_split-639cd2d34abc6ff1.rlib" "/opt/rustwide/target/debug/deps/libmemchr-29817aae45230fd2.rlib" "/opt/rustwide/target/debug/deps/libgetargs-0bb5065ca1aa41c1.rlib" "/opt/rustwide/target/debug/deps/libuefi_loopdrv-ef2c5ae8a287f8c7.rlib" "/opt/rustwide/target/debug/deps/libuefi_services-20aad02f9f1de814.rlib" "/opt/rustwide/target/debug/deps/libcfg_if-11f17707abc72ee0.rlib" "/opt/rustwide/target/debug/deps/libuefi-cf98a01717de1920.rlib" "/opt/rustwide/target/debug/deps/libucs2-334ca72cf560ba34.rlib" "/opt/rustwide/target/debug/deps/libbit_field-face3e81d2a2c0c0.rlib" "/opt/rustwide/target/debug/deps/liblog-711ce27c467f5e1a.rlib" "/opt/rustwide/target/debug/deps/libptr_meta-0f3c113f16978feb.rlib" "/opt/rustwide/target/debug/deps/libuefi_raw-80da6c26741e535a.rlib" "/opt/rustwide/target/debug/deps/libuguid-4368f9bb81995b60.rlib" "/opt/rustwide/target/debug/deps/libbitflags-c15140f8a2550eb1.rlib" "/opt/rustwide/target/debug/deps/libbytemuck-3e89075417b3a34f.rlib" "/opt/rustwide/target/debug/deps/libregex-43665bb43e12dbd0.rlib" "/opt/rustwide/target/debug/deps/libregex_automata-1e31b0a2fcdb6d4d.rlib" "/opt/rustwide/target/debug/deps/libregex_syntax-765e60e616f4b9fe.rlib" "/opt/rustwide/target/debug/deps/libr_efi-30d3c91201a4f237.rlib" "/opt/rustwide/rustup-home/toolchains/beta-2023-12-22-x86_64-unknown-linux-gnu/lib/rustlib/x86_64-unknown-linux-gnu/lib/liballoc-c22b13b48a8f128e.rlib" "/opt/rustwide/rustup-home/toolchains/beta-2023-12-22-x86_64-unknown-linux-gnu/lib/rustlib/x86_64-unknown-linux-gnu/lib/librustc_std_workspace_core-e46bc3da6d7c462f.rlib" "/opt/rustwide/rustup-home/toolchains/beta-2023-12-22-x86_64-unknown-linux-gnu/lib/rustlib/x86_64-unknown-linux-gnu/lib/libcore-8d1ac131d3cb2645.rlib" "/opt/rustwide/rustup-home/toolchains/beta-2023-12-22-x86_64-unknown-linux-gnu/lib/rustlib/x86_64-unknown-linux-gnu/lib/libcompiler_builtins-a1b43df8c6899c1f.rlib" "-Wl,-Bdynamic" "-Wl,--eh-frame-hdr" "-Wl,-z,noexecstack" "-L" "/opt/rustwide/rustup-home/toolchains/beta-2023-12-22-x86_64-unknown-linux-gnu/lib/rustlib/x86_64-unknown-linux-gnu/lib" "-o" "/opt/rustwide/target/debug/deps/uefi_lopatch-1c60b4c6d7c10234" "-Wl,--gc-sections" "-pie" "-Wl,-z,relro,-z,now" "-nodefaultlibs"
[INFO] [stdout]   = note: /usr/bin/ld: /usr/lib/gcc/x86_64-linux-gnu/11/../../../x86_64-linux-gnu/Scrt1.o: in function `_start':
[INFO] [stdout]           (.text+0x1b): undefined reference to `main'
[INFO] [stdout]           /usr/bin/ld: (.text+0x21): undefined reference to `__libc_start_main'
[INFO] [stdout]           collect2: error: ld returned 1 exit status
[INFO] [stdout]           
[INFO] [stdout]   = note: some `extern` functions couldn't be found; some native libraries may need to be installed or have their path specified
[INFO] [stdout]   = note: use the `-l` flag to specify native libraries to link
[INFO] [stdout]   = note: use the `cargo:rustc-link-lib` directive to specify the native libraries to link with Cargo (see https://doc.rust-lang.org/cargo/reference/build-scripts.html#cargorustc-link-libkindname)
[INFO] [stdout] 
[INFO] [stdout] 
[INFO] [stdout] error: aborting due to 1 previous error
[INFO] [stdout] 
[INFO] [stdout] 
[INFO] [stderr] error: could not compile `uefi-lopatch` (bin "uefi-lopatch") due to 2 previous errors
[INFO] running `Command { std: "docker" "inspect" "1f016ef48756aa3b84677c7f9e5fb15dbd1f2c0fc147ddfdb44199dfb9438983", kill_on_drop: false }`
[INFO] running `Command { std: "docker" "rm" "-f" "1f016ef48756aa3b84677c7f9e5fb15dbd1f2c0fc147ddfdb44199dfb9438983", kill_on_drop: false }`
[INFO] [stdout] 1f016ef48756aa3b84677c7f9e5fb15dbd1f2c0fc147ddfdb44199dfb9438983
