[INFO] cloning repository https://github.com/EFulmer/random-dril-tweets
[INFO] running `Command { std: "git" "-c" "credential.helper=" "-c" "credential.helper=/workspace/cargo-home/bin/git-credential-null" "clone" "--bare" "https://github.com/EFulmer/random-dril-tweets" "/workspace/cache/git-repos/https%3A%2F%2Fgithub.com%2FEFulmer%2Frandom-dril-tweets", kill_on_drop: false }`
[INFO] [stderr] Cloning into bare repository '/workspace/cache/git-repos/https%3A%2F%2Fgithub.com%2FEFulmer%2Frandom-dril-tweets'...
[INFO] running `Command { std: "git" "rev-parse" "HEAD", kill_on_drop: false }`
[INFO] [stdout] c62fb0e8df0808c30b98264e284cd58da1c3ae4a
[INFO] testing EFulmer/random-dril-tweets against 1.75.0 for beta-1.76-1
[INFO] running `Command { std: "git" "clone" "/workspace/cache/git-repos/https%3A%2F%2Fgithub.com%2FEFulmer%2Frandom-dril-tweets" "/workspace/builds/worker-5-tc1/source", kill_on_drop: false }`
[INFO] [stderr] Cloning into '/workspace/builds/worker-5-tc1/source'...
[INFO] [stderr] done.
[INFO] validating manifest of git repo https://github.com/EFulmer/random-dril-tweets on toolchain 1.75.0
[INFO] running `Command { std: CARGO_HOME="/workspace/cargo-home" RUSTUP_HOME="/workspace/rustup-home" "/workspace/cargo-home/bin/cargo" "+1.75.0" "metadata" "--manifest-path" "Cargo.toml" "--no-deps", kill_on_drop: false }`
[INFO] started tweaking git repo https://github.com/EFulmer/random-dril-tweets
[INFO] finished tweaking git repo https://github.com/EFulmer/random-dril-tweets
[INFO] tweaked toml for git repo https://github.com/EFulmer/random-dril-tweets written to /workspace/builds/worker-5-tc1/source/Cargo.toml
[INFO] crate git repo https://github.com/EFulmer/random-dril-tweets already has a lockfile, it will not be regenerated
[INFO] running `Command { std: CARGO_HOME="/workspace/cargo-home" RUSTUP_HOME="/workspace/rustup-home" "/workspace/cargo-home/bin/cargo" "+1.75.0" "fetch" "--manifest-path" "Cargo.toml", kill_on_drop: false }`
[INFO] [stderr]     Updating crates.io index
[INFO] [stderr]  Downloading crates ...
[INFO] [stderr]   Downloaded bson v0.3.2
[INFO] [stderr]   Downloaded ansi_term v0.7.2
[INFO] [stderr]   Downloaded scan_fmt v0.1.3
[INFO] [stderr]   Downloaded mongodb v0.1.8
[INFO] [stderr]   Downloaded bson v0.2.1
[INFO] running `Command { std: "docker" "create" "-v" "/var/lib/crater-agent-workspace/builds/worker-5-tc1/target:/opt/rustwide/target:rw,Z" "-v" "/var/lib/crater-agent-workspace/builds/worker-5-tc1/source:/opt/rustwide/workdir:ro,Z" "-v" "/var/lib/crater-agent-workspace/cargo-home:/opt/rustwide/cargo-home:ro,Z" "-v" "/var/lib/crater-agent-workspace/rustup-home:/opt/rustwide/rustup-home:ro,Z" "-e" "SOURCE_DIR=/opt/rustwide/workdir" "-e" "CARGO_TARGET_DIR=/opt/rustwide/target" "-e" "CARGO_HOME=/opt/rustwide/cargo-home" "-e" "RUSTUP_HOME=/opt/rustwide/rustup-home" "-w" "/opt/rustwide/workdir" "-m" "1610612736" "--user" "0:0" "--network" "none" "ghcr.io/rust-lang/crates-build-env/linux@sha256:2788e3201cd34a07e3172128adcd8b3090168a8e3bcc40d7c032b9dda1df7d1c" "/opt/rustwide/cargo-home/bin/cargo" "+1.75.0" "metadata" "--no-deps" "--format-version=1", kill_on_drop: false }`
[INFO] [stdout] 9b94b496eea56d06a5b770958d16173c4c603a8a0ba30ea893ec66e0363ed1ec
[INFO] running `Command { std: "docker" "start" "-a" "9b94b496eea56d06a5b770958d16173c4c603a8a0ba30ea893ec66e0363ed1ec", kill_on_drop: false }`
[INFO] running `Command { std: "docker" "inspect" "9b94b496eea56d06a5b770958d16173c4c603a8a0ba30ea893ec66e0363ed1ec", kill_on_drop: false }`
[INFO] running `Command { std: "docker" "rm" "-f" "9b94b496eea56d06a5b770958d16173c4c603a8a0ba30ea893ec66e0363ed1ec", kill_on_drop: false }`
[INFO] [stdout] 9b94b496eea56d06a5b770958d16173c4c603a8a0ba30ea893ec66e0363ed1ec
[INFO] running `Command { std: "docker" "create" "-v" "/var/lib/crater-agent-workspace/builds/worker-5-tc1/target:/opt/rustwide/target:rw,Z" "-v" "/var/lib/crater-agent-workspace/builds/worker-5-tc1/source:/opt/rustwide/workdir:ro,Z" "-v" "/var/lib/crater-agent-workspace/cargo-home:/opt/rustwide/cargo-home:ro,Z" "-v" "/var/lib/crater-agent-workspace/rustup-home:/opt/rustwide/rustup-home:ro,Z" "-e" "SOURCE_DIR=/opt/rustwide/workdir" "-e" "CARGO_TARGET_DIR=/opt/rustwide/target" "-e" "CARGO_INCREMENTAL=0" "-e" "RUST_BACKTRACE=full" "-e" "RUSTFLAGS=--cap-lints=warn" "-e" "RUSTDOCFLAGS=--cap-lints=warn" "-e" "CARGO_HOME=/opt/rustwide/cargo-home" "-e" "RUSTUP_HOME=/opt/rustwide/rustup-home" "-w" "/opt/rustwide/workdir" "-m" "1610612736" "--user" "0:0" "--network" "none" "ghcr.io/rust-lang/crates-build-env/linux@sha256:2788e3201cd34a07e3172128adcd8b3090168a8e3bcc40d7c032b9dda1df7d1c" "/opt/rustwide/cargo-home/bin/cargo" "+1.75.0" "build" "--frozen" "--message-format=json", kill_on_drop: false }`
[INFO] [stdout] a04f579e0188ec8e5a3cef06eaee6c0450492942f47d5873a1305405a8cce48e
[INFO] running `Command { std: "docker" "start" "-a" "a04f579e0188ec8e5a3cef06eaee6c0450492942f47d5873a1305405a8cce48e", kill_on_drop: false }`
[INFO] [stderr]    Compiling libc v0.2.151
[INFO] [stderr]    Compiling winapi-build v0.1.1
[INFO] [stderr]    Compiling winapi v0.2.8
[INFO] [stderr]    Compiling num-traits v0.2.17
[INFO] [stderr]    Compiling num-integer v0.1.45
[INFO] [stderr]    Compiling num-iter v0.1.43
[INFO] [stderr]    Compiling gcc v0.3.55
[INFO] [stderr]    Compiling rustc-serialize v0.3.25
[INFO] [stderr]    Compiling ucd-util v0.1.10
[INFO] [stderr]    Compiling memchr v2.7.1
[INFO] [stderr]    Compiling utf8-ranges v0.1.3
[INFO] [stderr]    Compiling regex v0.2.11
[INFO] [stderr]    Compiling regex-syntax v0.3.9
[INFO] [stderr]    Compiling linked-hash-map v0.0.9
[INFO] [stderr]    Compiling libc v0.1.12
[INFO] [stderr]    Compiling thread_local v0.3.6
[INFO] [stderr]    Compiling byteorder v0.3.13
[INFO] [stderr]    Compiling kernel32-sys v0.2.2
[INFO] [stderr]    Compiling regex-syntax v0.5.6
[INFO] [stderr]    Compiling utf8-ranges v1.0.5
[INFO] [stderr]    Compiling serde v0.8.23
[INFO] [stderr]    Compiling byteorder v0.5.3
[INFO] [stderr]    Compiling serde v0.7.15
[INFO] [stderr]    Compiling separator v0.3.1
[INFO] [stderr]    Compiling bufstream v0.1.4
[INFO] [stderr]    Compiling ansi_term v0.7.2
[INFO] [stderr]    Compiling rust-crypto v0.2.36
[INFO] [stderr]    Compiling aho-corasick v0.6.10
[INFO] [stderr]    Compiling time v0.1.45
[INFO] [stderr]    Compiling memchr v0.1.11
[INFO] [stderr]    Compiling rand v0.3.14
[INFO] [stderr]    Compiling thread-id v2.0.0
[INFO] [stderr]    Compiling thread_local v0.2.7
[INFO] [stderr]    Compiling aho-corasick v0.5.3
[INFO] [stderr]    Compiling regex v0.1.80
[INFO] [stderr]    Compiling textnonce v0.4.1
[INFO] [stderr]    Compiling num v0.1.42
[INFO] [stderr]    Compiling chrono v0.2.25
[INFO] [stderr]    Compiling semver-parser v0.6.2
[INFO] [stderr]    Compiling semver v0.5.1
[INFO] [stderr]    Compiling scan_fmt v0.1.3
[INFO] [stderr]    Compiling bson v0.3.2
[INFO] [stderr]    Compiling bson v0.2.1
[INFO] [stderr]    Compiling mongodb v0.1.8
[INFO] [stderr]    Compiling random-dril-tweet v0.1.0 (/opt/rustwide/workdir)
[INFO] [stdout] warning: unused import: `std::path::Path`
[INFO] [stdout]   --> src/main.rs:13:5
[INFO] [stdout]    |
[INFO] [stdout] 13 | use std::path::Path;
[INFO] [stdout]    |     ^^^^^^^^^^^^^^^
[INFO] [stdout]    |
[INFO] [stdout]    = note: `#[warn(unused_imports)]` on by default
[INFO] [stdout] 
[INFO] [stdout] 
[INFO] [stdout] warning: use of deprecated macro `try`: use the `?` operator instead
[INFO] [stdout]   --> src/main.rs:34:5
[INFO] [stdout]    |
[INFO] [stdout] 34 |     try!(f.write(output.stdout.as_slice()));
[INFO] [stdout]    |     ^^^
[INFO] [stdout]    |
[INFO] [stdout]    = note: `#[warn(deprecated)]` on by default
[INFO] [stdout] 
[INFO] [stdout] 
[INFO] [stdout] warning: use of deprecated macro `try`: use the `?` operator instead
[INFO] [stdout]   --> src/main.rs:26:18
[INFO] [stdout]    |
[INFO] [stdout] 26 |     let output = try!(Command::new("curl")
[INFO] [stdout]    |                  ^^^
[INFO] [stdout] 
[INFO] [stdout] 
[INFO] [stdout] warning: use of deprecated macro `try`: use the `?` operator instead
[INFO] [stdout]   --> src/main.rs:41:5
[INFO] [stdout]    |
[INFO] [stdout] 41 |     try!(f.read_to_string(&mut buf));
[INFO] [stdout]    |     ^^^
[INFO] [stdout] 
[INFO] [stdout] 
[INFO] [stdout] warning: use of deprecated macro `try`: use the `?` operator instead
[INFO] [stdout]   --> src/main.rs:64:5
[INFO] [stdout]    |
[INFO] [stdout] 64 |     try!(f.read_to_string(&mut buf));
[INFO] [stdout]    |     ^^^
[INFO] [stdout] 
[INFO] [stdout] 
[INFO] [stdout] error[E0308]: mismatched types
[INFO] [stdout]   --> src/main.rs:48:41
[INFO] [stdout]    |
[INFO] [stdout] 48 |         let mut cursor = coll.find(Some(doc), None).unwrap();
[INFO] [stdout]    |                                    ---- ^^^ expected `bson::ordered::OrderedDocument`, found `OrderedDocument`
[INFO] [stdout]    |                                    |
[INFO] [stdout]    |                                    arguments to this enum variant are incorrect
[INFO] [stdout]    |
[INFO] [stdout]    = note: `OrderedDocument` and `bson::ordered::OrderedDocument` have similar names, but are actually distinct types
[INFO] [stdout] note: `OrderedDocument` is defined in crate `bson`
[INFO] [stdout]   --> /opt/rustwide/cargo-home/registry/src/index.crates.io-6f17d22bba15001f/bson-0.2.1/src/ordered.rs:54:1
[INFO] [stdout]    |
[INFO] [stdout] 54 | pub struct OrderedDocument {
[INFO] [stdout]    | ^^^^^^^^^^^^^^^^^^^^^^^^^^
[INFO] [stdout] note: `bson::ordered::OrderedDocument` is defined in crate `bson`
[INFO] [stdout]   --> /opt/rustwide/cargo-home/registry/src/index.crates.io-6f17d22bba15001f/bson-0.3.2/src/ordered.rs:54:1
[INFO] [stdout]    |
[INFO] [stdout] 54 | pub struct OrderedDocument {
[INFO] [stdout]    | ^^^^^^^^^^^^^^^^^^^^^^^^^^
[INFO] [stdout]    = note: perhaps two different versions of crate `bson` are being used?
[INFO] [stdout] help: the type constructed contains `OrderedDocument` due to the type of the argument passed
[INFO] [stdout]   --> src/main.rs:48:36
[INFO] [stdout]    |
[INFO] [stdout] 48 |         let mut cursor = coll.find(Some(doc), None).unwrap();
[INFO] [stdout]    |                                    ^^^^^---^
[INFO] [stdout]    |                                         |
[INFO] [stdout]    |                                         this argument influences the type of `Some`
[INFO] [stdout] note: tuple variant defined here
[INFO] [stdout]   --> /rustc/82e1608dfa6e0b5569232559e3d385fea5a93112/library/core/src/option.rs:577:5
[INFO] [stdout] 
[INFO] [stdout] 
[INFO] [stdout] error[E0308]: mismatched types
[INFO] [stdout]   --> src/main.rs:51:29
[INFO] [stdout]    |
[INFO] [stdout] 51 |             coll.insert_one(doc!{"tweet" => tweet}, None).unwrap();
[INFO] [stdout]    |                             ^^^^^^^^^^^^^^^^^^^^^^ expected `bson::ordered::OrderedDocument`, found `OrderedDocument`
[INFO] [stdout]    |
[INFO] [stdout]    = note: `OrderedDocument` and `bson::ordered::OrderedDocument` have similar names, but are actually distinct types
[INFO] [stdout] note: `OrderedDocument` is defined in crate `bson`
[INFO] [stdout]   --> /opt/rustwide/cargo-home/registry/src/index.crates.io-6f17d22bba15001f/bson-0.2.1/src/ordered.rs:54:1
[INFO] [stdout]    |
[INFO] [stdout] 54 | pub struct OrderedDocument {
[INFO] [stdout]    | ^^^^^^^^^^^^^^^^^^^^^^^^^^
[INFO] [stdout] note: `bson::ordered::OrderedDocument` is defined in crate `bson`
[INFO] [stdout]   --> /opt/rustwide/cargo-home/registry/src/index.crates.io-6f17d22bba15001f/bson-0.3.2/src/ordered.rs:54:1
[INFO] [stdout]    |
[INFO] [stdout] 54 | pub struct OrderedDocument {
[INFO] [stdout]    | ^^^^^^^^^^^^^^^^^^^^^^^^^^
[INFO] [stdout]    = note: perhaps two different versions of crate `bson` are being used?
[INFO] [stdout]    = note: this error originates in the macro `doc` (in Nightly builds, run with -Z macro-backtrace for more info)
[INFO] [stdout] 
[INFO] [stdout] 
[INFO] [stdout] error: aborting due to 2 previous errors; 5 warnings emitted
[INFO] [stdout] 
[INFO] [stdout] 
[INFO] [stdout] For more information about this error, try `rustc --explain E0308`.
[INFO] [stdout] 
[INFO] [stderr] error: could not compile `random-dril-tweet` (bin "random-dril-tweet") due to 3 previous errors; 5 warnings emitted
[INFO] running `Command { std: "docker" "inspect" "a04f579e0188ec8e5a3cef06eaee6c0450492942f47d5873a1305405a8cce48e", kill_on_drop: false }`
[INFO] running `Command { std: "docker" "rm" "-f" "a04f579e0188ec8e5a3cef06eaee6c0450492942f47d5873a1305405a8cce48e", kill_on_drop: false }`
[INFO] [stdout] a04f579e0188ec8e5a3cef06eaee6c0450492942f47d5873a1305405a8cce48e
[INFO] testing EFulmer/random-dril-tweets against beta-2023-12-22 for beta-1.76-1
[INFO] running `Command { std: "git" "clone" "/workspace/cache/git-repos/https%3A%2F%2Fgithub.com%2FEFulmer%2Frandom-dril-tweets" "/workspace/builds/worker-5-tc2/source", kill_on_drop: false }`
[INFO] [stderr] Cloning into '/workspace/builds/worker-5-tc2/source'...
[INFO] [stderr] done.
[INFO] validating manifest of git repo https://github.com/EFulmer/random-dril-tweets on toolchain beta-2023-12-22
[INFO] running `Command { std: CARGO_HOME="/workspace/cargo-home" RUSTUP_HOME="/workspace/rustup-home" "/workspace/cargo-home/bin/cargo" "+beta-2023-12-22" "metadata" "--manifest-path" "Cargo.toml" "--no-deps", kill_on_drop: false }`
[INFO] started tweaking git repo https://github.com/EFulmer/random-dril-tweets
[INFO] finished tweaking git repo https://github.com/EFulmer/random-dril-tweets
[INFO] tweaked toml for git repo https://github.com/EFulmer/random-dril-tweets written to /workspace/builds/worker-5-tc2/source/Cargo.toml
[INFO] crate git repo https://github.com/EFulmer/random-dril-tweets already has a lockfile, it will not be regenerated
[INFO] running `Command { std: CARGO_HOME="/workspace/cargo-home" RUSTUP_HOME="/workspace/rustup-home" "/workspace/cargo-home/bin/cargo" "+beta-2023-12-22" "fetch" "--manifest-path" "Cargo.toml", kill_on_drop: false }`
[INFO] [stderr]     Updating crates.io index
[INFO] running `Command { std: "docker" "create" "-v" "/var/lib/crater-agent-workspace/builds/worker-5-tc2/target:/opt/rustwide/target:rw,Z" "-v" "/var/lib/crater-agent-workspace/builds/worker-5-tc2/source:/opt/rustwide/workdir:ro,Z" "-v" "/var/lib/crater-agent-workspace/cargo-home:/opt/rustwide/cargo-home:ro,Z" "-v" "/var/lib/crater-agent-workspace/rustup-home:/opt/rustwide/rustup-home:ro,Z" "-e" "SOURCE_DIR=/opt/rustwide/workdir" "-e" "CARGO_TARGET_DIR=/opt/rustwide/target" "-e" "CARGO_HOME=/opt/rustwide/cargo-home" "-e" "RUSTUP_HOME=/opt/rustwide/rustup-home" "-w" "/opt/rustwide/workdir" "-m" "1610612736" "--user" "0:0" "--network" "none" "ghcr.io/rust-lang/crates-build-env/linux@sha256:2788e3201cd34a07e3172128adcd8b3090168a8e3bcc40d7c032b9dda1df7d1c" "/opt/rustwide/cargo-home/bin/cargo" "+beta-2023-12-22" "metadata" "--no-deps" "--format-version=1", kill_on_drop: false }`
[INFO] [stdout] 10cf633e94d66cc0f543c828fecd8a7166700d70123b3076e00f0842118b78b4
[INFO] running `Command { std: "docker" "start" "-a" "10cf633e94d66cc0f543c828fecd8a7166700d70123b3076e00f0842118b78b4", kill_on_drop: false }`
[INFO] running `Command { std: "docker" "inspect" "10cf633e94d66cc0f543c828fecd8a7166700d70123b3076e00f0842118b78b4", kill_on_drop: false }`
[INFO] running `Command { std: "docker" "rm" "-f" "10cf633e94d66cc0f543c828fecd8a7166700d70123b3076e00f0842118b78b4", kill_on_drop: false }`
[INFO] [stdout] 10cf633e94d66cc0f543c828fecd8a7166700d70123b3076e00f0842118b78b4
[INFO] running `Command { std: "docker" "create" "-v" "/var/lib/crater-agent-workspace/builds/worker-5-tc2/target:/opt/rustwide/target:rw,Z" "-v" "/var/lib/crater-agent-workspace/builds/worker-5-tc2/source:/opt/rustwide/workdir:ro,Z" "-v" "/var/lib/crater-agent-workspace/cargo-home:/opt/rustwide/cargo-home:ro,Z" "-v" "/var/lib/crater-agent-workspace/rustup-home:/opt/rustwide/rustup-home:ro,Z" "-e" "SOURCE_DIR=/opt/rustwide/workdir" "-e" "CARGO_TARGET_DIR=/opt/rustwide/target" "-e" "CARGO_INCREMENTAL=0" "-e" "RUST_BACKTRACE=full" "-e" "RUSTFLAGS=--cap-lints=warn" "-e" "RUSTDOCFLAGS=--cap-lints=warn" "-e" "CARGO_HOME=/opt/rustwide/cargo-home" "-e" "RUSTUP_HOME=/opt/rustwide/rustup-home" "-w" "/opt/rustwide/workdir" "-m" "1610612736" "--user" "0:0" "--network" "none" "ghcr.io/rust-lang/crates-build-env/linux@sha256:2788e3201cd34a07e3172128adcd8b3090168a8e3bcc40d7c032b9dda1df7d1c" "/opt/rustwide/cargo-home/bin/cargo" "+beta-2023-12-22" "build" "--frozen" "--message-format=json", kill_on_drop: false }`
[INFO] [stdout] 3abdfb2a605adcde93b477dc1870b3b5decdd2ad2cdb36c2f3b96d1891a892d3
[INFO] running `Command { std: "docker" "start" "-a" "3abdfb2a605adcde93b477dc1870b3b5decdd2ad2cdb36c2f3b96d1891a892d3", kill_on_drop: false }`
[INFO] [stderr]    Compiling libc v0.2.151
[INFO] [stderr]    Compiling num-traits v0.2.17
[INFO] [stderr]    Compiling winapi-build v0.1.1
[INFO] [stderr]    Compiling num-integer v0.1.45
[INFO] [stderr]    Compiling num-iter v0.1.43
[INFO] [stderr]    Compiling winapi v0.2.8
[INFO] [stderr]    Compiling gcc v0.3.55
[INFO] [stderr]    Compiling rustc-serialize v0.3.25
[INFO] [stderr]    Compiling utf8-ranges v0.1.3
[INFO] [stderr]    Compiling regex-syntax v0.3.9
[INFO] [stderr]    Compiling memchr v2.7.1
[INFO] [stderr]    Compiling regex v0.2.11
[INFO] [stderr]    Compiling ucd-util v0.1.10
[INFO] [stderr]    Compiling linked-hash-map v0.0.9
[INFO] [stderr]    Compiling byteorder v0.3.13
[INFO] [stderr]    Compiling thread_local v0.3.6
[INFO] [stderr]    Compiling utf8-ranges v1.0.5
[INFO] [stderr]    Compiling kernel32-sys v0.2.2
[INFO] [stderr]    Compiling regex-syntax v0.5.6
[INFO] [stderr]    Compiling libc v0.1.12
[INFO] [stderr]    Compiling serde v0.8.23
[INFO] [stderr]    Compiling separator v0.3.1
[INFO] [stderr]    Compiling byteorder v0.5.3
[INFO] [stderr]    Compiling bufstream v0.1.4
[INFO] [stderr]    Compiling serde v0.7.15
[INFO] [stderr]    Compiling ansi_term v0.7.2
[INFO] [stderr]    Compiling aho-corasick v0.6.10
[INFO] [stderr]    Compiling rust-crypto v0.2.36
[INFO] [stderr]    Compiling time v0.1.45
[INFO] [stderr]    Compiling rand v0.3.14
[INFO] [stderr]    Compiling memchr v0.1.11
[INFO] [stderr]    Compiling thread-id v2.0.0
[INFO] [stderr]    Compiling thread_local v0.2.7
[INFO] [stderr]    Compiling aho-corasick v0.5.3
[INFO] [stderr]    Compiling regex v0.1.80
[INFO] [stderr]    Compiling textnonce v0.4.1
[INFO] [stderr]    Compiling num v0.1.42
[INFO] [stderr]    Compiling semver-parser v0.6.2
[INFO] [stderr]    Compiling chrono v0.2.25
[INFO] [stderr]    Compiling semver v0.5.1
[INFO] [stderr]    Compiling scan_fmt v0.1.3
[INFO] [stderr]    Compiling bson v0.3.2
[INFO] [stderr]    Compiling bson v0.2.1
[INFO] [stderr]    Compiling mongodb v0.1.8
[INFO] [stderr]    Compiling random-dril-tweet v0.1.0 (/opt/rustwide/workdir)
[INFO] [stdout] warning: unused import: `std::path::Path`
[INFO] [stdout]   --> src/main.rs:13:5
[INFO] [stdout]    |
[INFO] [stdout] 13 | use std::path::Path;
[INFO] [stdout]    |     ^^^^^^^^^^^^^^^
[INFO] [stdout]    |
[INFO] [stdout]    = note: `#[warn(unused_imports)]` on by default
[INFO] [stdout] 
[INFO] [stdout] 
[INFO] [stdout] warning: use of deprecated macro `try`: use the `?` operator instead
[INFO] [stdout]   --> src/main.rs:34:5
[INFO] [stdout]    |
[INFO] [stdout] 34 |     try!(f.write(output.stdout.as_slice()));
[INFO] [stdout]    |     ^^^
[INFO] [stdout]    |
[INFO] [stdout]    = note: `#[warn(deprecated)]` on by default
[INFO] [stdout] 
[INFO] [stdout] 
[INFO] [stdout] warning: use of deprecated macro `try`: use the `?` operator instead
[INFO] [stdout]   --> src/main.rs:26:18
[INFO] [stdout]    |
[INFO] [stdout] 26 |     let output = try!(Command::new("curl")
[INFO] [stdout]    |                  ^^^
[INFO] [stdout] 
[INFO] [stdout] 
[INFO] [stdout] warning: use of deprecated macro `try`: use the `?` operator instead
[INFO] [stdout]   --> src/main.rs:41:5
[INFO] [stdout]    |
[INFO] [stdout] 41 |     try!(f.read_to_string(&mut buf));
[INFO] [stdout]    |     ^^^
[INFO] [stdout] 
[INFO] [stdout] 
[INFO] [stdout] warning: use of deprecated macro `try`: use the `?` operator instead
[INFO] [stdout]   --> src/main.rs:64:5
[INFO] [stdout]    |
[INFO] [stdout] 64 |     try!(f.read_to_string(&mut buf));
[INFO] [stdout]    |     ^^^
[INFO] [stdout] 
[INFO] [stdout] 
[INFO] [stdout] error[E0308]: mismatched types
[INFO] [stdout]   --> src/main.rs:48:41
[INFO] [stdout]    |
[INFO] [stdout] 48 |         let mut cursor = coll.find(Some(doc), None).unwrap();
[INFO] [stdout]    |                                    ---- ^^^ expected `bson::ordered::OrderedDocument`, found `OrderedDocument`
[INFO] [stdout]    |                                    |
[INFO] [stdout]    |                                    arguments to this enum variant are incorrect
[INFO] [stdout]    |
[INFO] [stdout]    = note: `OrderedDocument` and `bson::ordered::OrderedDocument` have similar names, but are actually distinct types
[INFO] [stdout] note: `OrderedDocument` is defined in crate `bson`
[INFO] [stdout]   --> /opt/rustwide/cargo-home/registry/src/index.crates.io-6f17d22bba15001f/bson-0.2.1/src/ordered.rs:54:1
[INFO] [stdout]    |
[INFO] [stdout] 54 | pub struct OrderedDocument {
[INFO] [stdout]    | ^^^^^^^^^^^^^^^^^^^^^^^^^^
[INFO] [stdout] note: `bson::ordered::OrderedDocument` is defined in crate `bson`
[INFO] [stdout]   --> /opt/rustwide/cargo-home/registry/src/index.crates.io-6f17d22bba15001f/bson-0.3.2/src/ordered.rs:54:1
[INFO] [stdout]    |
[INFO] [stdout] 54 | pub struct OrderedDocument {
[INFO] [stdout]    | ^^^^^^^^^^^^^^^^^^^^^^^^^^
[INFO] [stdout]    = note: perhaps two different versions of crate `bson` are being used?
[INFO] [stdout] help: the type constructed contains `OrderedDocument` due to the type of the argument passed
[INFO] [stdout]   --> src/main.rs:48:36
[INFO] [stdout]    |
[INFO] [stdout] 48 |         let mut cursor = coll.find(Some(doc), None).unwrap();
[INFO] [stdout]    |                                    ^^^^^---^
[INFO] [stdout]    |                                         |
[INFO] [stdout]    |                                         this argument influences the type of `Some`
[INFO] [stdout] note: tuple variant defined here
[INFO] [stdout]   --> /rustc/0e09125c6c3c2fd70d7de961bcf0e51575235fad/library/core/src/option.rs:578:5
[INFO] [stdout] 
[INFO] [stdout] 
[INFO] [stdout] error[E0308]: mismatched types
[INFO] [stdout]   --> src/main.rs:51:29
[INFO] [stdout]    |
[INFO] [stdout] 51 |             coll.insert_one(doc!{"tweet" => tweet}, None).unwrap();
[INFO] [stdout]    |                             ^^^^^^^^^^^^^^^^^^^^^^ expected `bson::ordered::OrderedDocument`, found `OrderedDocument`
[INFO] [stdout]    |
[INFO] [stdout]    = note: `OrderedDocument` and `bson::ordered::OrderedDocument` have similar names, but are actually distinct types
[INFO] [stdout] note: `OrderedDocument` is defined in crate `bson`
[INFO] [stdout]   --> /opt/rustwide/cargo-home/registry/src/index.crates.io-6f17d22bba15001f/bson-0.2.1/src/ordered.rs:54:1
[INFO] [stdout]    |
[INFO] [stdout] 54 | pub struct OrderedDocument {
[INFO] [stdout]    | ^^^^^^^^^^^^^^^^^^^^^^^^^^
[INFO] [stdout] note: `bson::ordered::OrderedDocument` is defined in crate `bson`
[INFO] [stdout]   --> /opt/rustwide/cargo-home/registry/src/index.crates.io-6f17d22bba15001f/bson-0.3.2/src/ordered.rs:54:1
[INFO] [stdout]    |
[INFO] [stdout] 54 | pub struct OrderedDocument {
[INFO] [stdout]    | ^^^^^^^^^^^^^^^^^^^^^^^^^^
[INFO] [stdout]    = note: perhaps two different versions of crate `bson` are being used?
[INFO] [stdout]    = note: this error originates in the macro `doc` (in Nightly builds, run with -Z macro-backtrace for more info)
[INFO] [stdout] 
[INFO] [stdout] 
[INFO] [stdout] error: aborting due to 2 previous errors; 5 warnings emitted
[INFO] [stdout] 
[INFO] [stdout] 
[INFO] [stdout] For more information about this error, try `rustc --explain E0308`.
[INFO] [stdout] 
[INFO] [stderr] error: could not compile `random-dril-tweet` (bin "random-dril-tweet") due to 3 previous errors; 5 warnings emitted
[INFO] running `Command { std: "docker" "inspect" "3abdfb2a605adcde93b477dc1870b3b5decdd2ad2cdb36c2f3b96d1891a892d3", kill_on_drop: false }`
[INFO] running `Command { std: "docker" "rm" "-f" "3abdfb2a605adcde93b477dc1870b3b5decdd2ad2cdb36c2f3b96d1891a892d3", kill_on_drop: false }`
[INFO] [stdout] 3abdfb2a605adcde93b477dc1870b3b5decdd2ad2cdb36c2f3b96d1891a892d3
