[INFO] cloning repository https://github.com/Dutt23/rust_prod
[INFO] running `Command { std: "git" "-c" "credential.helper=" "-c" "credential.helper=/workspace/cargo-home/bin/git-credential-null" "clone" "--bare" "https://github.com/Dutt23/rust_prod" "/workspace/cache/git-repos/https%3A%2F%2Fgithub.com%2FDutt23%2Frust_prod", kill_on_drop: false }`
[INFO] [stderr] Cloning into bare repository '/workspace/cache/git-repos/https%3A%2F%2Fgithub.com%2FDutt23%2Frust_prod'...
[INFO] running `Command { std: "git" "rev-parse" "HEAD", kill_on_drop: false }`
[INFO] [stdout] d3c30955ada0fcac3de3a5f017d9dc3498e0244d
[INFO] testing Dutt23/rust_prod against 1.75.0 for beta-1.76-1
[INFO] running `Command { std: "git" "clone" "/workspace/cache/git-repos/https%3A%2F%2Fgithub.com%2FDutt23%2Frust_prod" "/workspace/builds/worker-0-tc1/source", kill_on_drop: false }`
[INFO] [stderr] Cloning into '/workspace/builds/worker-0-tc1/source'...
[INFO] [stderr] done.
[INFO] validating manifest of git repo https://github.com/Dutt23/rust_prod on toolchain 1.75.0
[INFO] running `Command { std: CARGO_HOME="/workspace/cargo-home" RUSTUP_HOME="/workspace/rustup-home" "/workspace/cargo-home/bin/cargo" "+1.75.0" "metadata" "--manifest-path" "Cargo.toml" "--no-deps", kill_on_drop: false }`
[INFO] started tweaking git repo https://github.com/Dutt23/rust_prod
[INFO] finished tweaking git repo https://github.com/Dutt23/rust_prod
[INFO] tweaked toml for git repo https://github.com/Dutt23/rust_prod written to /workspace/builds/worker-0-tc1/source/Cargo.toml
[INFO] crate git repo https://github.com/Dutt23/rust_prod already has a lockfile, it will not be regenerated
[INFO] running `Command { std: CARGO_HOME="/workspace/cargo-home" RUSTUP_HOME="/workspace/rustup-home" "/workspace/cargo-home/bin/cargo" "+1.75.0" "fetch" "--manifest-path" "Cargo.toml", kill_on_drop: false }`
[INFO] [stderr]     Updating git repository `https://github.com/actix/actix-extras`
[INFO] [stderr]     Updating crates.io index
[INFO] [stderr]  Downloading crates ...
[INFO] [stderr]   Downloaded zstd-safe v6.0.4+zstd.1.5.4
[INFO] [stderr]   Downloaded migrate-core v0.1.0
[INFO] [stderr]   Downloaded actix-web-lab-derive v0.20.0
[INFO] [stderr]   Downloaded migrate-state v0.1.0
[INFO] [stderr]   Downloaded serde_html_form v0.2.2
[INFO] [stderr]   Downloaded actix-web-flash-messages v0.4.2
[INFO] [stderr]   Downloaded tracing-actix-web v0.7.4
[INFO] [stderr]   Downloaded migrate v0.2.0
[INFO] [stderr]   Downloaded mediatype v0.19.15
[INFO] [stderr]   Downloaded aes-gcm v0.10.2
[INFO] [stderr]   Downloaded tracing-bunyan-formatter v0.3.7
[INFO] [stderr]   Downloaded argon2 v0.5.1
[INFO] [stderr]   Downloaded actix-web-lab v0.20.0
[INFO] running `Command { std: "docker" "create" "-v" "/var/lib/crater-agent-workspace/builds/worker-0-tc1/target:/opt/rustwide/target:rw,Z" "-v" "/var/lib/crater-agent-workspace/builds/worker-0-tc1/source:/opt/rustwide/workdir:ro,Z" "-v" "/var/lib/crater-agent-workspace/cargo-home:/opt/rustwide/cargo-home:ro,Z" "-v" "/var/lib/crater-agent-workspace/rustup-home:/opt/rustwide/rustup-home:ro,Z" "-e" "SOURCE_DIR=/opt/rustwide/workdir" "-e" "CARGO_TARGET_DIR=/opt/rustwide/target" "-e" "CARGO_HOME=/opt/rustwide/cargo-home" "-e" "RUSTUP_HOME=/opt/rustwide/rustup-home" "-w" "/opt/rustwide/workdir" "-m" "1610612736" "--user" "0:0" "--network" "none" "ghcr.io/rust-lang/crates-build-env/linux@sha256:2788e3201cd34a07e3172128adcd8b3090168a8e3bcc40d7c032b9dda1df7d1c" "/opt/rustwide/cargo-home/bin/cargo" "+1.75.0" "metadata" "--no-deps" "--format-version=1", kill_on_drop: false }`
[INFO] [stdout] e68eb2b01c197fc3e14b0732d3c6751d84249c60f455c9d7bc58bbf149cc9e59
[INFO] running `Command { std: "docker" "start" "-a" "e68eb2b01c197fc3e14b0732d3c6751d84249c60f455c9d7bc58bbf149cc9e59", kill_on_drop: false }`
[INFO] running `Command { std: "docker" "inspect" "e68eb2b01c197fc3e14b0732d3c6751d84249c60f455c9d7bc58bbf149cc9e59", kill_on_drop: false }`
[INFO] running `Command { std: "docker" "rm" "-f" "e68eb2b01c197fc3e14b0732d3c6751d84249c60f455c9d7bc58bbf149cc9e59", kill_on_drop: false }`
[INFO] [stdout] e68eb2b01c197fc3e14b0732d3c6751d84249c60f455c9d7bc58bbf149cc9e59
[INFO] running `Command { std: "docker" "create" "-v" "/var/lib/crater-agent-workspace/builds/worker-0-tc1/target:/opt/rustwide/target:rw,Z" "-v" "/var/lib/crater-agent-workspace/builds/worker-0-tc1/source:/opt/rustwide/workdir:ro,Z" "-v" "/var/lib/crater-agent-workspace/cargo-home:/opt/rustwide/cargo-home:ro,Z" "-v" "/var/lib/crater-agent-workspace/rustup-home:/opt/rustwide/rustup-home:ro,Z" "-e" "SOURCE_DIR=/opt/rustwide/workdir" "-e" "CARGO_TARGET_DIR=/opt/rustwide/target" "-e" "CARGO_INCREMENTAL=0" "-e" "RUST_BACKTRACE=full" "-e" "RUSTFLAGS=--cap-lints=warn" "-e" "RUSTDOCFLAGS=--cap-lints=warn" "-e" "CARGO_HOME=/opt/rustwide/cargo-home" "-e" "RUSTUP_HOME=/opt/rustwide/rustup-home" "-w" "/opt/rustwide/workdir" "-m" "1610612736" "--user" "0:0" "--network" "none" "ghcr.io/rust-lang/crates-build-env/linux@sha256:2788e3201cd34a07e3172128adcd8b3090168a8e3bcc40d7c032b9dda1df7d1c" "/opt/rustwide/cargo-home/bin/cargo" "+1.75.0" "build" "--frozen" "--message-format=json", kill_on_drop: false }`
[INFO] [stdout] 0170cfed92b58b26722de65962a48ed70f2b27ccb66be345164252fc02588208
[INFO] running `Command { std: "docker" "start" "-a" "0170cfed92b58b26722de65962a48ed70f2b27ccb66be345164252fc02588208", kill_on_drop: false }`
[INFO] [stderr]    Compiling cfg-if v1.0.0
[INFO] [stderr]    Compiling libc v0.2.140
[INFO] [stderr]    Compiling proc-macro2 v1.0.66
[INFO] [stderr]    Compiling unicode-ident v1.0.8
[INFO] [stderr]    Compiling syn v1.0.109
[INFO] [stderr]    Compiling version_check v0.9.4
[INFO] [stderr]    Compiling autocfg v1.1.0
[INFO] [stderr]    Compiling memchr v2.5.0
[INFO] [stderr]    Compiling pin-project-lite v0.2.9
[INFO] [stderr]    Compiling once_cell v1.17.1
[INFO] [stderr]    Compiling typenum v1.16.0
[INFO] [stderr]    Compiling generic-array v0.14.6
[INFO] [stderr]    Compiling log v0.4.17
[INFO] [stderr]    Compiling bytes v1.4.0
[INFO] [stderr]    Compiling serde_derive v1.0.156
[INFO] [stderr]    Compiling quote v1.0.32
[INFO] [stderr]    Compiling futures-core v0.3.27
[INFO] [stderr]    Compiling serde v1.0.156
[INFO] [stderr]    Compiling smallvec v1.10.0
[INFO] [stderr]    Compiling jobserver v0.1.26
[INFO] [stderr]    Compiling lock_api v0.4.9
[INFO] [stderr]    Compiling itoa v1.0.6
[INFO] [stderr]    Compiling scopeguard v1.1.0
[INFO] [stderr]    Compiling cc v1.0.79
[INFO] [stderr]    Compiling parking_lot_core v0.9.7
[INFO] [stderr]    Compiling tokio v1.26.0
[INFO] [stderr]    Compiling subtle v2.4.1
[INFO] [stderr]    Compiling ahash v0.7.6
[INFO] [stderr]    Compiling getrandom v0.2.8
[INFO] [stderr]    Compiling signal-hook-registry v1.4.1
[INFO] [stderr]    Compiling rand_core v0.6.4
[INFO] [stderr]    Compiling parking_lot v0.12.1
[INFO] [stderr]    Compiling mio v0.8.6
[INFO] [stderr]    Compiling num_cpus v1.15.0
[INFO] [stderr]    Compiling socket2 v0.4.9
[INFO] [stderr]    Compiling tracing-core v0.1.30
[INFO] [stderr]    Compiling tinyvec_macros v0.1.1
[INFO] [stderr]    Compiling block-buffer v0.10.4
[INFO] [stderr]    Compiling crypto-common v0.1.6
[INFO] [stderr]    Compiling tinyvec v1.6.0
[INFO] [stderr]    Compiling futures-sink v0.3.27
[INFO] [stderr]    Compiling cpufeatures v0.2.9
[INFO] [stderr]    Compiling unicode-bidi v0.3.11
[INFO] [stderr]    Compiling pin-utils v0.1.0
[INFO] [stderr]    Compiling ryu v1.0.13
[INFO] [stderr]    Compiling ppv-lite86 v0.2.17
[INFO] [stderr]    Compiling percent-encoding v2.2.0
[INFO] [stderr]    Compiling slab v0.4.8
[INFO] [stderr]    Compiling futures-io v0.3.28
[INFO] [stderr]    Compiling futures-task v0.3.27
[INFO] [stderr]    Compiling futures-channel v0.3.27
[INFO] [stderr]    Compiling digest v0.10.7
[INFO] [stderr]    Compiling bitflags v1.3.2
[INFO] [stderr]    Compiling futures-util v0.3.27
[INFO] [stderr]    Compiling pkg-config v0.3.26
[INFO] [stderr]    Compiling ring v0.16.20
[INFO] [stderr]    Compiling serde_json v1.0.96
[INFO] [stderr]    Compiling syn v2.0.28
[INFO] [stderr]    Compiling unicode-normalization v0.1.22
[INFO] [stderr]    Compiling spin v0.5.2
[INFO] [stderr]    Compiling untrusted v0.7.1
[INFO] [stderr]    Compiling hashbrown v0.12.3
[INFO] [stderr]    Compiling form_urlencoded v1.1.0
[INFO] [stderr]    Compiling thiserror v1.0.44
[INFO] [stderr]    Compiling fnv v1.0.7
[INFO] [stderr]    Compiling http v0.2.9
[INFO] [stderr]    Compiling rand_chacha v0.3.1
[INFO] [stderr]    Compiling indexmap v1.9.2
[INFO] [stderr]    Compiling idna v0.3.0
[INFO] [stderr]    Compiling regex-syntax v0.6.28
[INFO] [stderr]    Compiling rand v0.8.5
[INFO] [stderr]    Compiling hmac v0.12.1
[INFO] [stderr]    Compiling sha2 v0.10.7
[INFO] [stderr]    Compiling aho-corasick v0.7.20
[INFO] [stderr]    Compiling paste v1.0.12
[INFO] [stderr]    Compiling rustls v0.20.8
[INFO] [stderr]    Compiling async-trait v0.1.66
[INFO] [stderr]    Compiling base64 v0.21.2
[INFO] [stderr]    Compiling httparse v1.8.0
[INFO] [stderr]    Compiling inout v0.1.3
[INFO] [stderr]    Compiling cipher v0.4.4
[INFO] [stderr]    Compiling openssl-sys v0.9.81
[INFO] [stderr]    Compiling zstd-sys v2.0.7+zstd.1.5.4
[INFO] [stderr]    Compiling universal-hash v0.5.1
[INFO] [stderr]    Compiling num-traits v0.2.15
[INFO] [stderr]    Compiling regex v1.7.1
[INFO] [stderr]    Compiling httpdate v1.0.2
[INFO] [stderr]    Compiling crossbeam-utils v0.8.15
[INFO] [stderr]    Compiling parking_lot_core v0.8.6
[INFO] [stderr]    Compiling opaque-debug v0.3.0
[INFO] [stderr]    Compiling time-core v0.1.0
[INFO] [stderr]    Compiling polyval v0.6.1
[INFO] [stderr]    Compiling time-macros v0.2.8
[INFO] [stderr]    Compiling hkdf v0.12.3
[INFO] [stderr]    Compiling instant v0.1.12
[INFO] [stderr]    Compiling base64 v0.13.1
[INFO] [stderr]    Compiling ghash v0.5.0
[INFO] [stderr]    Compiling tokio-macros v1.8.2
[INFO] [stderr]    Compiling tracing-attributes v0.1.23
[INFO] [stderr]    Compiling futures-macro v0.3.27
[INFO] [stderr]    Compiling thiserror-impl v1.0.44
[INFO] [stderr]    Compiling time v0.3.20
[INFO] [stderr]    Compiling tracing v0.1.37
[INFO] [stderr]    Compiling ctr v0.9.2
[INFO] [stderr]    Compiling aes v0.8.3
[INFO] [stderr]    Compiling aead v0.5.2
[INFO] [stderr]    Compiling bytestring v1.3.0
[INFO] [stderr]    Compiling num-integer v0.1.45
[INFO] [stderr]    Compiling ahash v0.8.3
[INFO] [stderr]    Compiling cookie v0.16.2
[INFO] [stderr]    Compiling alloc-no-stdlib v2.0.4
[INFO] [stderr]    Compiling local-waker v0.1.3
[INFO] [stderr]    Compiling crc32fast v1.3.2
[INFO] [stderr]    Compiling zstd-safe v6.0.4+zstd.1.5.4
[INFO] [stderr]    Compiling alloc-stdlib v0.2.2
[INFO] [stderr]    Compiling aes-gcm v0.10.2
[INFO] [stderr]    Compiling webpki v0.22.0
[INFO] [stderr]    Compiling stringprep v0.1.2
[INFO] [stderr]    Compiling sha1 v0.10.5
[INFO] [stderr]    Compiling base64 v0.20.0
[INFO] [stderr]    Compiling adler v1.0.2
[INFO] [stderr]    Compiling openssl v0.10.46
[INFO] [stderr]    Compiling foreign-types-shared v0.1.1
[INFO] [stderr]    Compiling lazy_static v1.4.0
[INFO] [stderr]    Compiling foreign-types v0.3.2
[INFO] [stderr]    Compiling miniz_oxide v0.6.2
[INFO] [stderr]    Compiling brotli-decompressor v2.3.4
[INFO] [stderr]    Compiling actix-utils v3.0.1
[INFO] [stderr]    Compiling sct v0.7.0
[INFO] [stderr]    Compiling openssl-macros v0.1.0
[INFO] [stderr]    Compiling actix-service v2.0.2
[INFO] [stderr]    Compiling tokio-util v0.7.7
[INFO] [stderr]    Compiling actix-rt v2.8.0
[INFO] [stderr]    Compiling encoding_rs v0.8.32
[INFO] [stderr]    Compiling getrandom v0.1.16
[INFO] [stderr]    Compiling h2 v0.3.16
[INFO] [stderr]    Compiling native-tls v0.2.11
[INFO] [stderr]    Compiling mime v0.3.16
[INFO] [stderr]    Compiling minimal-lexical v0.2.1
[INFO] [stderr]    Compiling unicode-segmentation v1.10.1
[INFO] [stderr]    Compiling iana-time-zone v0.1.53
[INFO] [stderr]    Compiling convert_case v0.4.0
[INFO] [stderr]    Compiling event-listener v2.5.3
[INFO] [stderr]    Compiling nom v7.1.3
[INFO] [stderr]    Compiling actix-codec v0.5.0
[INFO] [stderr]    Compiling derive_more v0.99.17
[INFO] [stderr]    Compiling brotli v3.3.4
[INFO] [stderr]    Compiling url v2.3.1
[INFO] [stderr]    Compiling either v1.8.1
[INFO] [stderr]    Compiling serde_urlencoded v0.7.1
[INFO] [stderr]    Compiling itertools v0.10.5
[INFO] [stderr]    Compiling actix-router v0.5.1
[INFO] [stderr]    Compiling flate2 v1.0.25
[INFO] [stderr]    Compiling local-channel v0.1.3
[INFO] [stderr]    Compiling md-5 v0.10.5
[INFO] [stderr]    Compiling proc-macro-error-attr v1.0.4
[INFO] [stderr]    Compiling try-lock v0.2.4
[INFO] [stderr]    Compiling ucd-trie v0.1.5
[INFO] [stderr]    Compiling language-tags v0.3.2
[INFO] [stderr]    Compiling crossbeam-queue v0.3.8
[INFO] [stderr]    Compiling byteorder v1.4.3
[INFO] [stderr]    Compiling anyhow v1.0.72
[INFO] [stderr]    Compiling openssl-probe v0.1.5
[INFO] [stderr]    Compiling pest v2.5.6
[INFO] [stderr]    Compiling want v0.3.0
[INFO] [stderr]    Compiling tokio-rustls v0.23.4
[INFO] [stderr]    Compiling actix-web-codegen v4.2.0
[INFO] [stderr]    Compiling actix-server v2.2.0
[INFO] [stderr]    Compiling pin-project-internal v1.0.12
[INFO] [stderr]    Compiling actix-macros v0.2.3
[INFO] [stderr]    Compiling rustls-pemfile v1.0.2
[INFO] [stderr]    Compiling http-body v0.4.5
[INFO] [stderr]    Compiling proc-macro-error v1.0.4
[INFO] [stderr]    Compiling crc-catalog v2.2.0
[INFO] [stderr]    Compiling io-lifetimes v1.0.6
[INFO] [stderr]    Compiling unicode_categories v0.1.1
[INFO] [stderr]    Compiling tower-service v0.3.2
[INFO] [stderr]    Compiling hyper v0.14.25
[INFO] [stderr]    Compiling sqlformat v0.2.1
[INFO] [stderr]    Compiling crc v3.0.1
[INFO] [stderr]    Compiling pin-project v1.0.12
[INFO] [stderr]    Compiling parking_lot v0.11.2
[INFO] [stderr]    Compiling rand_core v0.5.1
[INFO] [stderr]    Compiling pest_meta v2.5.6
[INFO] [stderr]    Compiling tokio-native-tls v0.3.1
[INFO] [stderr]    Compiling futures-executor v0.3.27
[INFO] [stderr]    Compiling atoi v1.0.0
[INFO] [stderr]    Compiling time v0.1.45
[INFO] [stderr]    Compiling dirs-sys v0.3.7
[INFO] [stderr]    Compiling unicode-width v0.1.10
[INFO] [stderr]    Compiling fallible-iterator v0.2.0
[INFO] [stderr]    Compiling dotenvy v0.15.6
[INFO] [stderr]    Compiling matches v0.1.10
[INFO] [stderr]    Compiling rustix v0.36.9
[INFO] [stderr]    Compiling whoami v1.4.0
[INFO] [stderr]    Compiling siphasher v0.3.10
[INFO] [stderr]    Compiling hex v0.4.3
[INFO] [stderr]    Compiling phf_shared v0.11.1
[INFO] [stderr]    Compiling postgres-protocol v0.6.4
[INFO] [stderr]    Compiling idna v0.2.3
[INFO] [stderr]    Compiling chrono v0.4.24
[INFO] [stderr]    Compiling dirs v4.0.0
[INFO] [stderr]    Compiling textwrap v0.11.0
[INFO] [stderr]    Compiling pest_generator v2.5.6
[INFO] [stderr]    Compiling futures v0.3.27
[INFO] [stderr]    Compiling rand_chacha v0.2.2
[INFO] [stderr]    Compiling futures-intrusive v0.4.2
[INFO] [stderr]    Compiling sqlx-rt v0.6.2
[INFO] [stderr]    Compiling tokio-stream v0.1.12
[INFO] [stderr]    Compiling hashlink v0.8.1
[INFO] [stderr]    Compiling uuid v1.3.0
[INFO] [stderr]    Compiling heck v0.3.3
[INFO] [stderr]    Compiling webpki-roots v0.22.6
[INFO] [stderr]    Compiling concurrent-queue v2.2.0
[INFO] [stderr]    Compiling regex-automata v0.1.10
[INFO] [stderr]    Compiling atty v0.2.14
[INFO] [stderr]    Compiling fastrand v1.9.0
[INFO] [stderr]    Compiling http-types v2.12.0
[INFO] [stderr]    Compiling equivalent v1.0.1
[INFO] [stderr]    Compiling strsim v0.8.0
[INFO] [stderr]    Compiling hashbrown v0.14.2
[INFO] [stderr]    Compiling overload v0.1.1
[INFO] [stderr]    Compiling dlv-list v0.3.0
[INFO] [stderr]    Compiling psl-types v2.0.11
[INFO] [stderr]    Compiling ansi_term v0.12.1
[INFO] [stderr]    Compiling vec_map v0.8.2
[INFO] [stderr]    Compiling parking v2.1.0
[INFO] [stderr]    Compiling arc-swap v1.6.0
[INFO] [stderr]    Compiling linux-raw-sys v0.1.4
[INFO] [stderr]    Compiling waker-fn v1.1.0
[INFO] [stderr]    Compiling clap v2.34.0
[INFO] [stderr]    Compiling indexmap v2.1.0
[INFO] [stderr]    Compiling futures-lite v1.13.0
[INFO] [stderr]    Compiling sqlx-core v0.6.2
[INFO] [stderr]    Compiling publicsuffix v2.2.3
[INFO] [stderr]    Compiling ordered-multimap v0.4.3
[INFO] [stderr]    Compiling matchers v0.1.0
[INFO] [stderr]    Compiling nu-ansi-term v0.46.0
[INFO] [stderr]    Compiling async-channel v1.8.0
[INFO] [stderr]    Compiling structopt-derive v0.4.18
[INFO] [stderr]    Compiling pest_derive v2.5.6
[INFO] [stderr]    Compiling rand v0.7.3
[INFO] [stderr]    Compiling postgres-types v0.2.4
[INFO] [stderr]    Compiling phf v0.11.1
[INFO] [stderr]    Compiling tracing-futures v0.2.5
[INFO] [stderr]    Compiling serde_qs v0.8.5
[INFO] [stderr]    Compiling heck v0.4.1
[INFO] [stderr]    Compiling combine v4.6.6
[INFO] [stderr]    Compiling tracing-log v0.1.3
[INFO] [stderr]    Compiling sharded-slab v0.1.4
[INFO] [stderr]    Compiling migrate-state v0.1.0
[INFO] [stderr]    Compiling csv-core v0.1.11
[INFO] [stderr]    Compiling thread_local v1.1.7
[INFO] [stderr]    Compiling deadpool-runtime v0.1.2
[INFO] [stderr]    Compiling infer v0.2.3
[INFO] [stderr]    Compiling retain_mut v0.1.9
[INFO] [stderr]    Compiling base64ct v1.6.0
[INFO] [stderr]    Compiling linked-hash-map v0.5.6
[INFO] [stderr]    Compiling tracing-subscriber v0.3.16
[INFO] [stderr]    Compiling deadpool v0.9.5
[INFO] [stderr]    Compiling yaml-rust v0.4.5
[INFO] [stderr]    Compiling password-hash v0.5.0
[INFO] [stderr]    Compiling csv v1.3.0
[INFO] [stderr]    Compiling structopt v0.3.26
[INFO] [stderr]    Compiling migrate-core v0.1.0
[INFO] [stderr]    Compiling tokio-postgres v0.7.7
[INFO] [stderr]    Compiling is-terminal v0.4.4
[INFO] [stderr]    Compiling json5 v0.4.1
[INFO] [stderr]    Compiling rust-ini v0.18.0
[INFO] [stderr]    Compiling cookie_store v0.16.2
[INFO] [stderr]    Compiling serde_html_form v0.2.2
[INFO] [stderr]    Compiling hyper-tls v0.5.0
[INFO] [stderr]    Compiling hyper-rustls v0.23.2
[INFO] [stderr]    Compiling itertools v0.11.0
[INFO] [stderr]    Compiling assert-json-diff v2.0.2
[INFO] [stderr]    Compiling ron v0.7.1
[INFO] [stderr]    Compiling toml v0.5.11
[INFO] [stderr]    Compiling redis v0.22.3
[INFO] [stderr]    Compiling actix-web-lab-derive v0.20.0
[INFO] [stderr]    Compiling blake2 v0.10.6
[INFO] [stderr]    Compiling gethostname v0.2.3
[INFO] [stderr]    Compiling keccak v0.1.4
[INFO] [stderr]    Compiling ipnet v2.7.1
[INFO] [stderr]    Compiling futures-timer v3.0.2
[INFO] [stderr]    Compiling impl-more v0.1.6
[INFO] [stderr]    Compiling zeroize v1.6.0
[INFO] [stderr]    Compiling termcolor v1.2.0
[INFO] [stderr]    Compiling pathdiff v0.2.1
[INFO] [stderr]    Compiling mediatype v0.19.15
[INFO] [stderr]    Compiling humantime v2.1.0
[INFO] [stderr]    Compiling config v0.13.3
[INFO] [stderr]    Compiling env_logger v0.10.0
[INFO] [stderr]    Compiling secrecy v0.8.0
[INFO] [stderr]    Compiling reqwest v0.11.14
[INFO] [stderr]    Compiling sqlx-macros v0.6.2
[INFO] [stderr]    Compiling wiremock v0.5.18
[INFO] [stderr]    Compiling sha3 v0.10.8
[INFO] [stderr]    Compiling tracing-bunyan-formatter v0.3.7
[INFO] [stderr]    Compiling argon2 v0.5.1
[INFO] [stderr]    Compiling postgres v0.19.4
[INFO] [stderr]    Compiling migrate v0.2.0
[INFO] [stderr]    Compiling serde-aux v4.2.0
[INFO] [stderr]    Compiling validator v0.16.0
[INFO] [stderr]    Compiling urlencoding v2.1.3
[INFO] [stderr]    Compiling htmlescape v0.3.1
[INFO] [stderr]    Compiling sqlx v0.6.2
[INFO] [stderr]    Compiling zstd v0.12.3+zstd.1.5.2
[INFO] [stderr]    Compiling actix-http v3.3.1
[INFO] [stderr]    Compiling actix-web v4.3.1
[INFO] [stderr]    Compiling actix-web-flash-messages v0.4.2
[INFO] [stderr]    Compiling actix-web-lab v0.20.0
[INFO] [stderr]    Compiling tracing-actix-web v0.7.4
[INFO] [stderr]    Compiling actix-session v0.7.2 (https://github.com/actix/actix-extras?branch=master#75386f4a)
[INFO] [stderr]    Compiling news_letter v0.1.0 (/opt/rustwide/workdir)
[INFO] [stdout] error: error communicating with database: Cannot assign requested address (os error 99)
[INFO] [stdout]   --> src/authentication/authentication.rs:67:16
[INFO] [stdout]    |
[INFO] [stdout] 67 |       let user = sqlx::query!(
[INFO] [stdout]    |  ________________^
[INFO] [stdout] 68 | |         r#"SELECT user_id, password_hash from users where username = $1"#,
[INFO] [stdout] 69 | |         username
[INFO] [stdout] 70 | |     )
[INFO] [stdout]    | |_____^
[INFO] [stdout]    |
[INFO] [stdout]    = note: this error originates in the macro `$crate::sqlx_macros::expand_query` which comes from the expansion of the macro `sqlx::query` (in Nightly builds, run with -Z macro-backtrace for more info)
[INFO] [stdout] 
[INFO] [stdout] 
[INFO] [stdout] error: error communicating with database: Cannot assign requested address (os error 99)
[INFO] [stdout]   --> src/authentication/authentication.rs:87:5
[INFO] [stdout]    |
[INFO] [stdout] 87 | /     sqlx::query!(
[INFO] [stdout] 88 | |         r#"UPDATE users
[INFO] [stdout] 89 | |     SET password_hash = $1
[INFO] [stdout] 90 | |     WHERE user_id = $2"#,
[INFO] [stdout] 91 | |         password_hash.expose_secret(),
[INFO] [stdout] 92 | |         user_id
[INFO] [stdout] 93 | |     )
[INFO] [stdout]    | |_____^
[INFO] [stdout]    |
[INFO] [stdout]    = note: this error originates in the macro `$crate::sqlx_macros::expand_query` which comes from the expansion of the macro `sqlx::query` (in Nightly builds, run with -Z macro-backtrace for more info)
[INFO] [stdout] 
[INFO] [stdout] 
[INFO] [stdout] error: error communicating with database: Cannot assign requested address (os error 99)
[INFO] [stdout]   --> src/routes/admin/dashboard.rs:54:15
[INFO] [stdout]    |
[INFO] [stdout] 54 |     let row = sqlx::query!(r#"SELECT username FROM users where user_id = $1"#, user_id)
[INFO] [stdout]    |               ^^^^^^^^^^^^^^^^^^^^^^^^^^^^^^^^^^^^^^^^^^^^^^^^^^^^^^^^^^^^^^^^^^^^^^^^^
[INFO] [stdout]    |
[INFO] [stdout]    = note: this error originates in the macro `$crate::sqlx_macros::expand_query` which comes from the expansion of the macro `sqlx::query` (in Nightly builds, run with -Z macro-backtrace for more info)
[INFO] [stdout] 
[INFO] [stdout] 
[INFO] [stdout] error: error communicating with database: Cannot assign requested address (os error 99)
[INFO] [stdout]    --> src/routes/admin/newsletter/post.rs:102:8
[INFO] [stdout]     |
[INFO] [stdout] 102 |       Ok(sqlx::query_as!(
[INFO] [stdout]     |  ________^
[INFO] [stdout] 103 | |         ConfirmedSubscriber,
[INFO] [stdout] 104 | |         r#"SELECT email from subscriptions where status = 'confirmed'"#
[INFO] [stdout] 105 | |     )
[INFO] [stdout]     | |_____^
[INFO] [stdout]     |
[INFO] [stdout]     = note: this error originates in the macro `$crate::sqlx_macros::expand_query` which comes from the expansion of the macro `sqlx::query_as` (in Nightly builds, run with -Z macro-backtrace for more info)
[INFO] [stdout] 
[INFO] [stdout] 
[INFO] [stdout] error: error communicating with database: Cannot assign requested address (os error 99)
[INFO] [stdout]    --> src/routes/subscriptions.rs:187:5
[INFO] [stdout]     |
[INFO] [stdout] 187 | /     sqlx::query!(
[INFO] [stdout] 188 | |         r#"
[INFO] [stdout] 189 | |    INSERT INTO subscriptions (id, email, name, subscribed_at, status) VALUES ($1, $2, $3, $4, 'pending_confirmation')
[INFO] [stdout] 190 | |    "#,
[INFO] [stdout] ...   |
[INFO] [stdout] 194 | |         Utc::now()
[INFO] [stdout] 195 | |     )
[INFO] [stdout]     | |_____^
[INFO] [stdout]     |
[INFO] [stdout]     = note: this error originates in the macro `$crate::sqlx_macros::expand_query` which comes from the expansion of the macro `sqlx::query` (in Nightly builds, run with -Z macro-backtrace for more info)
[INFO] [stdout] 
[INFO] [stdout] 
[INFO] [stdout] error: error communicating with database: Cannot assign requested address (os error 99)
[INFO] [stdout]    --> src/routes/subscriptions.rs:213:5
[INFO] [stdout]     |
[INFO] [stdout] 213 | /     sqlx::query!(
[INFO] [stdout] 214 | |         r#"INSERT into subscription_tokens (subscription_token, subscription_id) VALUES ($1, $2)"#,
[INFO] [stdout] 215 | |         subscription_token,
[INFO] [stdout] 216 | |         subscription_id
[INFO] [stdout] 217 | |     )
[INFO] [stdout]     | |_____^
[INFO] [stdout]     |
[INFO] [stdout]     = note: this error originates in the macro `$crate::sqlx_macros::expand_query` which comes from the expansion of the macro `sqlx::query` (in Nightly builds, run with -Z macro-backtrace for more info)
[INFO] [stdout] 
[INFO] [stdout] 
[INFO] [stdout] error: error communicating with database: Cannot assign requested address (os error 99)
[INFO] [stdout]   --> src/routes/subscriptions_confirm.rs:39:5
[INFO] [stdout]    |
[INFO] [stdout] 39 | /     sqlx::query!(
[INFO] [stdout] 40 | |         r#"UPDATE subscriptions SET status = 'confirmed' WHERE id = $1"#,
[INFO] [stdout] 41 | |         subscription_id
[INFO] [stdout] 42 | |     )
[INFO] [stdout]    | |_____^
[INFO] [stdout]    |
[INFO] [stdout]    = note: this error originates in the macro `$crate::sqlx_macros::expand_query` which comes from the expansion of the macro `sqlx::query` (in Nightly builds, run with -Z macro-backtrace for more info)
[INFO] [stdout] 
[INFO] [stdout] 
[INFO] [stdout] error: error communicating with database: Cannot assign requested address (os error 99)
[INFO] [stdout]   --> src/routes/subscriptions_confirm.rs:60:18
[INFO] [stdout]    |
[INFO] [stdout] 60 |       let result = sqlx::query!(
[INFO] [stdout]    |  __________________^
[INFO] [stdout] 61 | |         r#"SELECT subscription_id from subscription_tokens WHERE subscription_token = $1"#,
[INFO] [stdout] 62 | |         subscription_token
[INFO] [stdout] 63 | |     )
[INFO] [stdout]    | |_____^
[INFO] [stdout]    |
[INFO] [stdout]    = note: this error originates in the macro `$crate::sqlx_macros::expand_query` which comes from the expansion of the macro `sqlx::query` (in Nightly builds, run with -Z macro-backtrace for more info)
[INFO] [stdout] 
[INFO] [stdout] 
[INFO] [stdout] warning: unused import: `reqwest::header::LOCATION`
[INFO] [stdout]  --> src/routes/admin/dashboard.rs:3:5
[INFO] [stdout]   |
[INFO] [stdout] 3 | use reqwest::header::LOCATION;
[INFO] [stdout]   |     ^^^^^^^^^^^^^^^^^^^^^^^^^
[INFO] [stdout]   |
[INFO] [stdout]   = note: `#[warn(unused_imports)]` on by default
[INFO] [stdout] 
[INFO] [stdout] 
[INFO] [stdout] warning: unused import: `state_session::TypedSession`
[INFO] [stdout]  --> src/routes/admin/dashboard.rs:7:37
[INFO] [stdout]   |
[INFO] [stdout] 7 | use crate::{authentication::UserId, state_session::TypedSession};
[INFO] [stdout]   |                                     ^^^^^^^^^^^^^^^^^^^^^^^^^^^
[INFO] [stdout] 
[INFO] [stdout] 
[INFO] [stdout] warning: unused import: `HttpRequest`
[INFO] [stdout]  --> src/routes/admin/newsletter/post.rs:7:16
[INFO] [stdout]   |
[INFO] [stdout] 7 |     post, web, HttpRequest, HttpResponse, ResponseError,
[INFO] [stdout]   |                ^^^^^^^^^^^
[INFO] [stdout] 
[INFO] [stdout] 
[INFO] [stdout] warning: unused import: `crate::authentication::UserId`
[INFO] [stdout]  --> src/routes/admin/password/get.rs:1:5
[INFO] [stdout]   |
[INFO] [stdout] 1 | use crate::authentication::UserId;
[INFO] [stdout]   |     ^^^^^^^^^^^^^^^^^^^^^^^^^^^^^
[INFO] [stdout] 
[INFO] [stdout] 
[INFO] [stdout] warning: unused import: `crate::routes::admin::dashboard::e500`
[INFO] [stdout]  --> src/routes/admin/password/get.rs:2:5
[INFO] [stdout]   |
[INFO] [stdout] 2 | use crate::routes::admin::dashboard::e500;
[INFO] [stdout]   |     ^^^^^^^^^^^^^^^^^^^^^^^^^^^^^^^^^^^^^
[INFO] [stdout] 
[INFO] [stdout] 
[INFO] [stdout] warning: unused import: `crate::state_session::TypedSession`
[INFO] [stdout]  --> src/routes/admin/password/get.rs:3:5
[INFO] [stdout]   |
[INFO] [stdout] 3 | use crate::state_session::TypedSession;
[INFO] [stdout]   |     ^^^^^^^^^^^^^^^^^^^^^^^^^^^^^^^^^^
[INFO] [stdout] 
[INFO] [stdout] 
[INFO] [stdout] warning: unused import: `web`
[INFO] [stdout]  --> src/routes/admin/password/get.rs:5:22
[INFO] [stdout]   |
[INFO] [stdout] 5 | use actix_web::{get, web, Error, HttpResponse};
[INFO] [stdout]   |                      ^^^
[INFO] [stdout] 
[INFO] [stdout] 
[INFO] [stdout] warning: unused import: `reqwest::header::LOCATION`
[INFO] [stdout]  --> src/routes/admin/password/get.rs:7:5
[INFO] [stdout]   |
[INFO] [stdout] 7 | use reqwest::header::LOCATION;
[INFO] [stdout]   |     ^^^^^^^^^^^^^^^^^^^^^^^^^
[INFO] [stdout] 
[INFO] [stdout] 
[INFO] [stdout] warning: private item shadows public glob re-export
[INFO] [stdout]  --> src/routes/mod.rs:2:1
[INFO] [stdout]   |
[INFO] [stdout] 2 | mod health_check;
[INFO] [stdout]   | ^^^^^^^^^^^^^^^^^
[INFO] [stdout]   |
[INFO] [stdout] note: the name `health_check` in the type namespace is supposed to be publicly re-exported here
[INFO] [stdout]  --> src/routes/mod.rs:9:9
[INFO] [stdout]   |
[INFO] [stdout] 9 | pub use health_check::*;
[INFO] [stdout]   |         ^^^^^^^^^^^^^^^
[INFO] [stdout] note: but the private item here shadows it
[INFO] [stdout]  --> src/routes/mod.rs:2:1
[INFO] [stdout]   |
[INFO] [stdout] 2 | mod health_check;
[INFO] [stdout]   | ^^^^^^^^^^^^^^^^^
[INFO] [stdout]   = note: `#[warn(hidden_glob_reexports)]` on by default
[INFO] [stdout] 
[INFO] [stdout] 
[INFO] [stdout] warning: private item shadows public glob re-export
[INFO] [stdout]   --> src/routes/mod.rs:3:1
[INFO] [stdout]    |
[INFO] [stdout] 3  | mod home;
[INFO] [stdout]    | ^^^^^^^^^
[INFO] [stdout]    |
[INFO] [stdout] note: the name `home` in the type namespace is supposed to be publicly re-exported here
[INFO] [stdout]   --> src/routes/mod.rs:10:9
[INFO] [stdout]    |
[INFO] [stdout] 10 | pub use home::*;
[INFO] [stdout]    |         ^^^^^^^
[INFO] [stdout] note: but the private item here shadows it
[INFO] [stdout]   --> src/routes/mod.rs:3:1
[INFO] [stdout]    |
[INFO] [stdout] 3  | mod home;
[INFO] [stdout]    | ^^^^^^^^^
[INFO] [stdout] 
[INFO] [stdout] 
[INFO] [stdout] warning: private item shadows public glob re-export
[INFO] [stdout]   --> src/routes/mod.rs:4:1
[INFO] [stdout]    |
[INFO] [stdout] 4  | mod login;
[INFO] [stdout]    | ^^^^^^^^^^
[INFO] [stdout]    |
[INFO] [stdout] note: the name `login` in the type namespace is supposed to be publicly re-exported here
[INFO] [stdout]   --> src/routes/mod.rs:11:9
[INFO] [stdout]    |
[INFO] [stdout] 11 | pub use login::*;
[INFO] [stdout]    |         ^^^^^^^^
[INFO] [stdout] note: but the private item here shadows it
[INFO] [stdout]   --> src/routes/mod.rs:4:1
[INFO] [stdout]    |
[INFO] [stdout] 4  | mod login;
[INFO] [stdout]    | ^^^^^^^^^^
[INFO] [stdout] 
[INFO] [stdout] 
[INFO] [stdout] warning: unused import: `Level`
[INFO] [stdout]  --> src/routes/login/get.rs:3:55
[INFO] [stdout]   |
[INFO] [stdout] 3 | use actix_web_flash_messages::{IncomingFlashMessages, Level};
[INFO] [stdout]   |                                                       ^^^^^
[INFO] [stdout] 
[INFO] [stdout] 
[INFO] [stdout] warning: unused imports: `Cookie`, `time::Duration`
[INFO] [stdout]  --> src/routes/login/post.rs:8:14
[INFO] [stdout]   |
[INFO] [stdout] 8 |     cookie::{time::Duration, Cookie},
[INFO] [stdout]   |              ^^^^^^^^^^^^^^  ^^^^^^
[INFO] [stdout] 
[INFO] [stdout] 
[INFO] [stdout] warning: private item shadows public glob re-export
[INFO] [stdout]   --> src/routes/mod.rs:5:1
[INFO] [stdout]    |
[INFO] [stdout] 5  | mod subscriptions;
[INFO] [stdout]    | ^^^^^^^^^^^^^^^^^^
[INFO] [stdout]    |
[INFO] [stdout] note: the name `subscriptions` in the type namespace is supposed to be publicly re-exported here
[INFO] [stdout]   --> src/routes/mod.rs:12:9
[INFO] [stdout]    |
[INFO] [stdout] 12 | pub use subscriptions::*;
[INFO] [stdout]    |         ^^^^^^^^^^^^^^^^
[INFO] [stdout] note: but the private item here shadows it
[INFO] [stdout]   --> src/routes/mod.rs:5:1
[INFO] [stdout]    |
[INFO] [stdout] 5  | mod subscriptions;
[INFO] [stdout]    | ^^^^^^^^^^^^^^^^^^
[INFO] [stdout] 
[INFO] [stdout] 
[INFO] [stdout] warning: unused import: `chrono::Utc`
[INFO] [stdout]  --> src/routes/subscriptions.rs:7:5
[INFO] [stdout]   |
[INFO] [stdout] 7 | use chrono::Utc;
[INFO] [stdout]   |     ^^^^^^^^^^^
[INFO] [stdout] 
[INFO] [stdout] 
[INFO] [stdout] warning: unused import: `anyhow::Context`
[INFO] [stdout]  --> src/routes/admin/dashboard.rs:2:5
[INFO] [stdout]   |
[INFO] [stdout] 2 | use anyhow::Context;
[INFO] [stdout]   |     ^^^^^^^^^^^^^^^
[INFO] [stdout] 
[INFO] [stdout] 
[INFO] [stdout] error: aborting due to 8 previous errors; 16 warnings emitted
[INFO] [stdout] 
[INFO] [stdout] 
[INFO] [stderr] error: could not compile `news_letter` (lib) due to 9 previous errors; 16 warnings emitted
[INFO] running `Command { std: "docker" "inspect" "0170cfed92b58b26722de65962a48ed70f2b27ccb66be345164252fc02588208", kill_on_drop: false }`
[INFO] running `Command { std: "docker" "rm" "-f" "0170cfed92b58b26722de65962a48ed70f2b27ccb66be345164252fc02588208", kill_on_drop: false }`
[INFO] [stdout] 0170cfed92b58b26722de65962a48ed70f2b27ccb66be345164252fc02588208
