[INFO] cloning repository https://github.com/Dr-Emann/applesauce
[INFO] running `Command { std: "git" "-c" "credential.helper=" "-c" "credential.helper=/workspace/cargo-home/bin/git-credential-null" "clone" "--bare" "https://github.com/Dr-Emann/applesauce" "/workspace/cache/git-repos/https%3A%2F%2Fgithub.com%2FDr-Emann%2Fapplesauce", kill_on_drop: false }`
[INFO] [stderr] Cloning into bare repository '/workspace/cache/git-repos/https%3A%2F%2Fgithub.com%2FDr-Emann%2Fapplesauce'...
[INFO] running `Command { std: "git" "rev-parse" "HEAD", kill_on_drop: false }`
[INFO] [stdout] 33cbf67b2ea01d46016f739ec7dfe11877210de8
[INFO] testing Dr-Emann/applesauce against 1.75.0 for beta-1.76-1
[INFO] running `Command { std: "git" "clone" "/workspace/cache/git-repos/https%3A%2F%2Fgithub.com%2FDr-Emann%2Fapplesauce" "/workspace/builds/worker-0-tc1/source", kill_on_drop: false }`
[INFO] [stderr] Cloning into '/workspace/builds/worker-0-tc1/source'...
[INFO] [stderr] done.
[INFO] validating manifest of git repo https://github.com/Dr-Emann/applesauce on toolchain 1.75.0
[INFO] running `Command { std: CARGO_HOME="/workspace/cargo-home" RUSTUP_HOME="/workspace/rustup-home" "/workspace/cargo-home/bin/cargo" "+1.75.0" "metadata" "--manifest-path" "Cargo.toml" "--no-deps", kill_on_drop: false }`
[INFO] started tweaking git repo https://github.com/Dr-Emann/applesauce
[INFO] finished tweaking git repo https://github.com/Dr-Emann/applesauce
[INFO] tweaked toml for git repo https://github.com/Dr-Emann/applesauce written to /workspace/builds/worker-0-tc1/source/Cargo.toml
[INFO] crate git repo https://github.com/Dr-Emann/applesauce already has a lockfile, it will not be regenerated
[INFO] running `Command { std: CARGO_HOME="/workspace/cargo-home" RUSTUP_HOME="/workspace/rustup-home" "/workspace/cargo-home/bin/cargo" "+1.75.0" "fetch" "--manifest-path" "Cargo.toml", kill_on_drop: false }`
[INFO] [stderr]  Downloading crates ...
[INFO] [stderr]   Downloaded serde v1.0.170
[INFO] running `Command { std: "docker" "create" "-v" "/var/lib/crater-agent-workspace/builds/worker-0-tc1/target:/opt/rustwide/target:rw,Z" "-v" "/var/lib/crater-agent-workspace/builds/worker-0-tc1/source:/opt/rustwide/workdir:ro,Z" "-v" "/var/lib/crater-agent-workspace/cargo-home:/opt/rustwide/cargo-home:ro,Z" "-v" "/var/lib/crater-agent-workspace/rustup-home:/opt/rustwide/rustup-home:ro,Z" "-e" "SOURCE_DIR=/opt/rustwide/workdir" "-e" "CARGO_TARGET_DIR=/opt/rustwide/target" "-e" "CARGO_HOME=/opt/rustwide/cargo-home" "-e" "RUSTUP_HOME=/opt/rustwide/rustup-home" "-w" "/opt/rustwide/workdir" "-m" "1610612736" "--user" "0:0" "--network" "none" "ghcr.io/rust-lang/crates-build-env/linux@sha256:2788e3201cd34a07e3172128adcd8b3090168a8e3bcc40d7c032b9dda1df7d1c" "/opt/rustwide/cargo-home/bin/cargo" "+1.75.0" "metadata" "--no-deps" "--format-version=1", kill_on_drop: false }`
[INFO] [stdout] ac632ed7a7196604a36e0d79ab8d7b912aed84427c46d058cf9ed7feae77b4ea
[INFO] running `Command { std: "docker" "start" "-a" "ac632ed7a7196604a36e0d79ab8d7b912aed84427c46d058cf9ed7feae77b4ea", kill_on_drop: false }`
[INFO] running `Command { std: "docker" "inspect" "ac632ed7a7196604a36e0d79ab8d7b912aed84427c46d058cf9ed7feae77b4ea", kill_on_drop: false }`
[INFO] running `Command { std: "docker" "rm" "-f" "ac632ed7a7196604a36e0d79ab8d7b912aed84427c46d058cf9ed7feae77b4ea", kill_on_drop: false }`
[INFO] [stdout] ac632ed7a7196604a36e0d79ab8d7b912aed84427c46d058cf9ed7feae77b4ea
[INFO] running `Command { std: "docker" "create" "-v" "/var/lib/crater-agent-workspace/builds/worker-0-tc1/target:/opt/rustwide/target:rw,Z" "-v" "/var/lib/crater-agent-workspace/builds/worker-0-tc1/source:/opt/rustwide/workdir:ro,Z" "-v" "/var/lib/crater-agent-workspace/cargo-home:/opt/rustwide/cargo-home:ro,Z" "-v" "/var/lib/crater-agent-workspace/rustup-home:/opt/rustwide/rustup-home:ro,Z" "-e" "SOURCE_DIR=/opt/rustwide/workdir" "-e" "CARGO_TARGET_DIR=/opt/rustwide/target" "-e" "CARGO_INCREMENTAL=0" "-e" "RUST_BACKTRACE=full" "-e" "RUSTFLAGS=--cap-lints=warn" "-e" "RUSTDOCFLAGS=--cap-lints=warn" "-e" "CARGO_HOME=/opt/rustwide/cargo-home" "-e" "RUSTUP_HOME=/opt/rustwide/rustup-home" "-w" "/opt/rustwide/workdir" "-m" "1610612736" "--user" "0:0" "--network" "none" "ghcr.io/rust-lang/crates-build-env/linux@sha256:2788e3201cd34a07e3172128adcd8b3090168a8e3bcc40d7c032b9dda1df7d1c" "/opt/rustwide/cargo-home/bin/cargo" "+1.75.0" "build" "--frozen" "--message-format=json", kill_on_drop: false }`
[INFO] [stdout] e17a761dda0f41e3f8a2038d5bd9e2f9fca8864c28f8af25ff9bd88a57e2b1c7
[INFO] running `Command { std: "docker" "start" "-a" "e17a761dda0f41e3f8a2038d5bd9e2f9fca8864c28f8af25ff9bd88a57e2b1c7", kill_on_drop: false }`
[INFO] [stderr]    Compiling cc v1.0.79
[INFO] [stderr]    Compiling cfg-if v1.0.0
[INFO] [stderr]    Compiling proc-macro2 v1.0.64
[INFO] [stderr]    Compiling libc v0.2.151
[INFO] [stderr]    Compiling quote v1.0.29
[INFO] [stderr]    Compiling unicode-ident v1.0.10
[INFO] [stderr]    Compiling autocfg v1.1.0
[INFO] [stderr]    Compiling once_cell v1.18.0
[INFO] [stderr]    Compiling memchr v2.7.1
[INFO] [stderr]    Compiling crossbeam-utils v0.8.18
[INFO] [stderr]    Compiling tracing-core v0.1.32
[INFO] [stderr]    Compiling log v0.4.20
[INFO] [stderr]    Compiling memoffset v0.9.0
[INFO] [stderr]    Compiling cmake v0.1.50
[INFO] [stderr]    Compiling crossbeam-epoch v0.9.15
[INFO] [stderr]    Compiling crc32fast v1.3.2
[INFO] [stderr]    Compiling lazy_static v1.4.0
[INFO] [stderr]    Compiling pin-project-lite v0.2.10
[INFO] [stderr]    Compiling aho-corasick v1.1.2
[INFO] [stderr]    Compiling syn v2.0.25
[INFO] [stderr]    Compiling serde v1.0.170
[INFO] [stderr]    Compiling regex-syntax v0.8.2
[INFO] [stderr]    Compiling adler v1.0.2
[INFO] [stderr]    Compiling libz-ng-sys v1.1.9
[INFO] [stderr]    Compiling lzfse-sys v1.0.0
[INFO] [stderr]    Compiling rustix v0.38.28
[INFO] [stderr]    Compiling utf8parse v0.2.1
[INFO] [stderr]    Compiling regex-syntax v0.6.29
[INFO] [stderr]    Compiling scopeguard v1.2.0
[INFO] [stderr]    Compiling regex-syntax v0.7.3
[INFO] [stderr]    Compiling anstyle-parse v0.2.1
[INFO] [stderr]    Compiling tikv-jemalloc-sys v0.5.3+5.3.0-patched
[INFO] [stderr]    Compiling miniz_oxide v0.7.1
[INFO] [stderr]    Compiling regex-automata v0.4.3
[INFO] [stderr]    Compiling regex-automata v0.1.10
[INFO] [stderr]    Compiling regex-automata v0.3.2
[INFO] [stderr]    Compiling bstr v1.8.0
[INFO] [stderr]    Compiling anstyle-query v1.0.0
[INFO] [stderr]    Compiling colorchoice v1.0.0
[INFO] [stderr]    Compiling libm v0.2.7
[INFO] [stderr]    Compiling serde_json v1.0.100
[INFO] [stderr]    Compiling bitflags v2.4.0
[INFO] [stderr]    Compiling portable-atomic v1.3.3
[INFO] [stderr]    Compiling linux-raw-sys v0.4.12
[INFO] [stderr]    Compiling same-file v1.0.6
[INFO] [stderr]    Compiling overload v0.1.1
[INFO] [stderr]    Compiling anstyle v1.0.1
[INFO] [stderr]    Compiling nu-ansi-term v0.46.0
[INFO] [stderr]    Compiling anstream v0.6.4
[INFO] [stderr]    Compiling walkdir v2.4.0
[INFO] [stderr]    Compiling globset v0.4.14
[INFO] [stderr]    Compiling matchers v0.1.0
[INFO] [stderr]    Compiling regex v1.9.1
[INFO] [stderr]    Compiling crossbeam-deque v0.8.3
[INFO] [stderr]    Compiling sharded-slab v0.1.4
[INFO] [stderr]    Compiling tracing-attributes v0.1.27
[INFO] [stderr]    Compiling tracing-log v0.2.0
[INFO] [stderr]    Compiling thread_local v1.1.7
[INFO] [stderr]    Compiling strsim v0.10.0
[INFO] [stderr]    Compiling smallvec v1.11.0
[INFO] [stderr]    Compiling unicode-width v0.1.10
[INFO] [stderr]    Compiling fastrand v2.0.1
[INFO] [stderr]    Compiling ryu v1.0.14
[INFO] [stderr]    Compiling clap_lex v0.6.0
[INFO] [stderr]    Compiling itoa v1.0.8
[INFO] [stderr]    Compiling heck v0.4.1
[INFO] [stderr]    Compiling clap_builder v4.4.12
[INFO] [stderr]    Compiling tempfile v3.9.0
[INFO] [stderr]    Compiling console v0.15.7
[INFO] [stderr]    Compiling clap_derive v4.4.7
[INFO] [stderr]    Compiling ignore v0.4.21
[INFO] [stderr]    Compiling tracing v0.1.40
[INFO] [stderr]    Compiling tracing-subscriber v0.3.18
[INFO] [stderr]    Compiling resource-fork v0.2.0 (/opt/rustwide/workdir/crates/resource-fork)
[INFO] [stdout] error[E0432]: unresolved import `libc::XATTR_SHOWCOMPRESSION`
[INFO] [stdout]  --> crates/resource-fork/src/lib.rs:1:5
[INFO] [stdout]   |
[INFO] [stdout] 1 | use libc::XATTR_SHOWCOMPRESSION;
[INFO] [stdout]   |     ^^^^^^^^^^^^^^^^^^^^^^^^^^^ no `XATTR_SHOWCOMPRESSION` in the root
[INFO] [stdout] 
[INFO] [stdout] 
[INFO] [stdout] warning: use of deprecated constant `libc::ENOATTR`: ENOATTR is not available on Linux; use ENODATA instead
[INFO] [stdout]    --> crates/resource-fork/src/lib.rs:128:47
[INFO] [stdout]     |
[INFO] [stdout] 128 |             if e.raw_os_error() == Some(libc::ENOATTR) {
[INFO] [stdout]     |                                               ^^^^^^^
[INFO] [stdout]     |
[INFO] [stdout]     = note: `#[warn(deprecated)]` on by default
[INFO] [stdout] 
[INFO] [stdout] 
[INFO] [stdout] warning: use of deprecated constant `libc::ENOATTR`: ENOATTR is not available on Linux; use ENODATA instead
[INFO] [stdout]    --> crates/resource-fork/src/lib.rs:163:55
[INFO] [stdout]     |
[INFO] [stdout] 163 |                     if e.raw_os_error() == Some(libc::ENOATTR) {
[INFO] [stdout]     |                                                       ^^^^^^^
[INFO] [stdout] 
[INFO] [stdout] 
[INFO] [stdout] error[E0061]: this function takes 2 arguments but 3 arguments were supplied
[INFO] [stdout]     --> crates/resource-fork/src/lib.rs:56:13
[INFO] [stdout]      |
[INFO] [stdout] 56   |               libc::fremovexattr(
[INFO] [stdout]      |               ^^^^^^^^^^^^^^^^^^
[INFO] [stdout] 57   |                   self.file.as_raw_fd(),
[INFO] [stdout] 58   |                   XATTR_NAME.as_ptr(),
[INFO] [stdout]      |  ____________________________________-
[INFO] [stdout] 59   | |                 XATTR_SHOWCOMPRESSION,
[INFO] [stdout]      | |                 ---------------------
[INFO] [stdout]      | |_________________|___________________|
[INFO] [stdout]      |                   |                   help: remove the extra argument
[INFO] [stdout]      |                   unexpected argument
[INFO] [stdout]      |
[INFO] [stdout] note: function defined here
[INFO] [stdout]     --> /opt/rustwide/cargo-home/registry/src/index.crates.io-6f17d22bba15001f/libc-0.2.151/src/unix/linux_like/linux/mod.rs:4946:12
[INFO] [stdout]      |
[INFO] [stdout] 4946 |     pub fn fremovexattr(filedes: ::c_int, name: *const c_char) -> ::c_int;
[INFO] [stdout]      |            ^^^^^^^^^^^^
[INFO] [stdout] 
[INFO] [stdout] 
[INFO] [stdout] error[E0061]: this function takes 5 arguments but 6 arguments were supplied
[INFO] [stdout]     --> crates/resource-fork/src/lib.rs:85:13
[INFO] [stdout]      |
[INFO] [stdout] 85   |             libc::fsetxattr(
[INFO] [stdout]      |             ^^^^^^^^^^^^^^^
[INFO] [stdout] ...
[INFO] [stdout] 90   |                 self.position,
[INFO] [stdout]      |                 ------------- expected `i32`, found `u32`
[INFO] [stdout] 91   |                 XATTR_SHOWCOMPRESSION,
[INFO] [stdout]      |                 --------------------- unexpected argument
[INFO] [stdout]      |
[INFO] [stdout] note: function defined here
[INFO] [stdout]     --> /opt/rustwide/cargo-home/registry/src/index.crates.io-6f17d22bba15001f/libc-0.2.151/src/unix/linux_like/linux/mod.rs:4934:12
[INFO] [stdout]      |
[INFO] [stdout] 4934 |     pub fn fsetxattr(
[INFO] [stdout]      |            ^^^^^^^^^
[INFO] [stdout] help: you can convert a `u32` to an `i32` and panic if the converted value doesn't fit
[INFO] [stdout]      |
[INFO] [stdout] 90   |                 self.position.try_into().unwrap(),
[INFO] [stdout]      |                              ++++++++++++++++++++
[INFO] [stdout] help: remove the extra argument
[INFO] [stdout]      |
[INFO] [stdout] 90   -                 self.position,
[INFO] [stdout] 90   +                 /* i32 */,
[INFO] [stdout]      |
[INFO] [stdout] 
[INFO] [stdout] 
[INFO] [stdout] error[E0061]: this function takes 4 arguments but 6 arguments were supplied
[INFO] [stdout]     --> crates/resource-fork/src/lib.rs:117:13
[INFO] [stdout]      |
[INFO] [stdout] 117  |             libc::fgetxattr(
[INFO] [stdout]      |             ^^^^^^^^^^^^^^^
[INFO] [stdout] ...
[INFO] [stdout] 122  |                 self.position,
[INFO] [stdout]      |                 ------------- unexpected argument of type `u32`
[INFO] [stdout] 123  |                 XATTR_SHOWCOMPRESSION,
[INFO] [stdout]      |                 --------------------- unexpected argument
[INFO] [stdout]      |
[INFO] [stdout] note: function defined here
[INFO] [stdout]     --> /opt/rustwide/cargo-home/registry/src/index.crates.io-6f17d22bba15001f/libc-0.2.151/src/unix/linux_like/linux/mod.rs:4914:12
[INFO] [stdout]      |
[INFO] [stdout] 4914 |     pub fn fgetxattr(
[INFO] [stdout]      |            ^^^^^^^^^
[INFO] [stdout] help: remove the extra arguments
[INFO] [stdout]      |
[INFO] [stdout] 121  -                 buf.len(),
[INFO] [stdout] 122  -                 self.position,
[INFO] [stdout] 121  +                 buf.len(),
[INFO] [stdout]      |
[INFO] [stdout] 
[INFO] [stdout] 
[INFO] [stdout] error[E0061]: this function takes 4 arguments but 6 arguments were supplied
[INFO] [stdout]     --> crates/resource-fork/src/lib.rs:152:21
[INFO] [stdout]      |
[INFO] [stdout] 152  |                     libc::fgetxattr(
[INFO] [stdout]      |                     ^^^^^^^^^^^^^^^
[INFO] [stdout] ...
[INFO] [stdout] 157  |                         0,
[INFO] [stdout]      |                         - unexpected argument of type `{integer}`
[INFO] [stdout] 158  |                         XATTR_SHOWCOMPRESSION,
[INFO] [stdout]      |                         --------------------- unexpected argument
[INFO] [stdout]      |
[INFO] [stdout] note: function defined here
[INFO] [stdout]     --> /opt/rustwide/cargo-home/registry/src/index.crates.io-6f17d22bba15001f/libc-0.2.151/src/unix/linux_like/linux/mod.rs:4914:12
[INFO] [stdout]      |
[INFO] [stdout] 4914 |     pub fn fgetxattr(
[INFO] [stdout]      |            ^^^^^^^^^
[INFO] [stdout] help: remove the extra arguments
[INFO] [stdout]      |
[INFO] [stdout] 156  -                         0,
[INFO] [stdout]      |
[INFO] [stdout] 
[INFO] [stdout] 
[INFO] [stdout] error: aborting due to 5 previous errors; 2 warnings emitted
[INFO] [stdout] 
[INFO] [stdout] 
[INFO] [stdout] Some errors have detailed explanations: E0061, E0432.
[INFO] [stdout] 
[INFO] [stdout] For more information about an error, try `rustc --explain E0061`.
[INFO] [stdout] 
[INFO] [stderr] error: could not compile `resource-fork` (lib) due to 6 previous errors; 2 warnings emitted
[INFO] [stderr] warning: build failed, waiting for other jobs to finish...
[INFO] running `Command { std: "docker" "inspect" "e17a761dda0f41e3f8a2038d5bd9e2f9fca8864c28f8af25ff9bd88a57e2b1c7", kill_on_drop: false }`
[INFO] running `Command { std: "docker" "rm" "-f" "e17a761dda0f41e3f8a2038d5bd9e2f9fca8864c28f8af25ff9bd88a57e2b1c7", kill_on_drop: false }`
[INFO] [stdout] e17a761dda0f41e3f8a2038d5bd9e2f9fca8864c28f8af25ff9bd88a57e2b1c7
[INFO] testing Dr-Emann/applesauce against beta-2023-12-22 for beta-1.76-1
[INFO] running `Command { std: "git" "clone" "/workspace/cache/git-repos/https%3A%2F%2Fgithub.com%2FDr-Emann%2Fapplesauce" "/workspace/builds/worker-0-tc2/source", kill_on_drop: false }`
[INFO] [stderr] Cloning into '/workspace/builds/worker-0-tc2/source'...
[INFO] [stderr] done.
[INFO] validating manifest of git repo https://github.com/Dr-Emann/applesauce on toolchain beta-2023-12-22
[INFO] running `Command { std: CARGO_HOME="/workspace/cargo-home" RUSTUP_HOME="/workspace/rustup-home" "/workspace/cargo-home/bin/cargo" "+beta-2023-12-22" "metadata" "--manifest-path" "Cargo.toml" "--no-deps", kill_on_drop: false }`
[INFO] started tweaking git repo https://github.com/Dr-Emann/applesauce
[INFO] finished tweaking git repo https://github.com/Dr-Emann/applesauce
[INFO] tweaked toml for git repo https://github.com/Dr-Emann/applesauce written to /workspace/builds/worker-0-tc2/source/Cargo.toml
[INFO] crate git repo https://github.com/Dr-Emann/applesauce already has a lockfile, it will not be regenerated
[INFO] running `Command { std: CARGO_HOME="/workspace/cargo-home" RUSTUP_HOME="/workspace/rustup-home" "/workspace/cargo-home/bin/cargo" "+beta-2023-12-22" "fetch" "--manifest-path" "Cargo.toml", kill_on_drop: false }`
[INFO] running `Command { std: "docker" "create" "-v" "/var/lib/crater-agent-workspace/builds/worker-0-tc2/target:/opt/rustwide/target:rw,Z" "-v" "/var/lib/crater-agent-workspace/builds/worker-0-tc2/source:/opt/rustwide/workdir:ro,Z" "-v" "/var/lib/crater-agent-workspace/cargo-home:/opt/rustwide/cargo-home:ro,Z" "-v" "/var/lib/crater-agent-workspace/rustup-home:/opt/rustwide/rustup-home:ro,Z" "-e" "SOURCE_DIR=/opt/rustwide/workdir" "-e" "CARGO_TARGET_DIR=/opt/rustwide/target" "-e" "CARGO_HOME=/opt/rustwide/cargo-home" "-e" "RUSTUP_HOME=/opt/rustwide/rustup-home" "-w" "/opt/rustwide/workdir" "-m" "1610612736" "--user" "0:0" "--network" "none" "ghcr.io/rust-lang/crates-build-env/linux@sha256:2788e3201cd34a07e3172128adcd8b3090168a8e3bcc40d7c032b9dda1df7d1c" "/opt/rustwide/cargo-home/bin/cargo" "+beta-2023-12-22" "metadata" "--no-deps" "--format-version=1", kill_on_drop: false }`
[INFO] [stdout] ecb752754eb6b5b3b88748503fc892a954e0fe63ed3e23a66ce6b1f98bc98dfe
[INFO] running `Command { std: "docker" "start" "-a" "ecb752754eb6b5b3b88748503fc892a954e0fe63ed3e23a66ce6b1f98bc98dfe", kill_on_drop: false }`
[INFO] running `Command { std: "docker" "inspect" "ecb752754eb6b5b3b88748503fc892a954e0fe63ed3e23a66ce6b1f98bc98dfe", kill_on_drop: false }`
[INFO] running `Command { std: "docker" "rm" "-f" "ecb752754eb6b5b3b88748503fc892a954e0fe63ed3e23a66ce6b1f98bc98dfe", kill_on_drop: false }`
[INFO] [stdout] ecb752754eb6b5b3b88748503fc892a954e0fe63ed3e23a66ce6b1f98bc98dfe
[INFO] running `Command { std: "docker" "create" "-v" "/var/lib/crater-agent-workspace/builds/worker-0-tc2/target:/opt/rustwide/target:rw,Z" "-v" "/var/lib/crater-agent-workspace/builds/worker-0-tc2/source:/opt/rustwide/workdir:ro,Z" "-v" "/var/lib/crater-agent-workspace/cargo-home:/opt/rustwide/cargo-home:ro,Z" "-v" "/var/lib/crater-agent-workspace/rustup-home:/opt/rustwide/rustup-home:ro,Z" "-e" "SOURCE_DIR=/opt/rustwide/workdir" "-e" "CARGO_TARGET_DIR=/opt/rustwide/target" "-e" "CARGO_INCREMENTAL=0" "-e" "RUST_BACKTRACE=full" "-e" "RUSTFLAGS=--cap-lints=warn" "-e" "RUSTDOCFLAGS=--cap-lints=warn" "-e" "CARGO_HOME=/opt/rustwide/cargo-home" "-e" "RUSTUP_HOME=/opt/rustwide/rustup-home" "-w" "/opt/rustwide/workdir" "-m" "1610612736" "--user" "0:0" "--network" "none" "ghcr.io/rust-lang/crates-build-env/linux@sha256:2788e3201cd34a07e3172128adcd8b3090168a8e3bcc40d7c032b9dda1df7d1c" "/opt/rustwide/cargo-home/bin/cargo" "+beta-2023-12-22" "build" "--frozen" "--message-format=json", kill_on_drop: false }`
[INFO] [stdout] dcea8526b66b09764e90b7298d5a6da39ff3c36405cd224b17ba491e50d52a87
[INFO] running `Command { std: "docker" "start" "-a" "dcea8526b66b09764e90b7298d5a6da39ff3c36405cd224b17ba491e50d52a87", kill_on_drop: false }`
[INFO] [stderr]    Compiling cc v1.0.79
[INFO] [stderr]    Compiling cfg-if v1.0.0
[INFO] [stderr]    Compiling libc v0.2.151
[INFO] [stderr]    Compiling proc-macro2 v1.0.64
[INFO] [stderr]    Compiling unicode-ident v1.0.10
[INFO] [stderr]    Compiling quote v1.0.29
[INFO] [stderr]    Compiling autocfg v1.1.0
[INFO] [stderr]    Compiling once_cell v1.18.0
[INFO] [stderr]    Compiling memchr v2.7.1
[INFO] [stderr]    Compiling crossbeam-utils v0.8.18
[INFO] [stderr]    Compiling tracing-core v0.1.32
[INFO] [stderr]    Compiling log v0.4.20
[INFO] [stderr]    Compiling memoffset v0.9.0
[INFO] [stderr]    Compiling cmake v0.1.50
[INFO] [stderr]    Compiling crossbeam-epoch v0.9.15
[INFO] [stderr]    Compiling crc32fast v1.3.2
[INFO] [stderr]    Compiling lazy_static v1.4.0
[INFO] [stderr]    Compiling syn v2.0.25
[INFO] [stderr]    Compiling pin-project-lite v0.2.10
[INFO] [stderr]    Compiling aho-corasick v1.1.2
[INFO] [stderr]    Compiling regex-syntax v0.8.2
[INFO] [stderr]    Compiling adler v1.0.2
[INFO] [stderr]    Compiling scopeguard v1.2.0
[INFO] [stderr]    Compiling rustix v0.38.28
[INFO] [stderr]    Compiling serde v1.0.170
[INFO] [stderr]    Compiling libz-ng-sys v1.1.9
[INFO] [stderr]    Compiling lzfse-sys v1.0.0
[INFO] [stderr]    Compiling regex-syntax v0.7.3
[INFO] [stderr]    Compiling utf8parse v0.2.1
[INFO] [stderr]    Compiling regex-syntax v0.6.29
[INFO] [stderr]    Compiling anstyle-parse v0.2.1
[INFO] [stderr]    Compiling miniz_oxide v0.7.1
[INFO] [stderr]    Compiling regex-automata v0.4.3
[INFO] [stderr]    Compiling tikv-jemalloc-sys v0.5.3+5.3.0-patched
[INFO] [stderr]    Compiling regex-automata v0.3.2
[INFO] [stderr]    Compiling regex-automata v0.1.10
[INFO] [stderr]    Compiling bstr v1.8.0
[INFO] [stderr]    Compiling same-file v1.0.6
[INFO] [stderr]    Compiling anstyle v1.0.1
[INFO] [stderr]    Compiling colorchoice v1.0.0
[INFO] [stderr]    Compiling overload v0.1.1
[INFO] [stderr]    Compiling serde_json v1.0.100
[INFO] [stderr]    Compiling linux-raw-sys v0.4.12
[INFO] [stderr]    Compiling anstyle-query v1.0.0
[INFO] [stderr]    Compiling portable-atomic v1.3.3
[INFO] [stderr]    Compiling libm v0.2.7
[INFO] [stderr]    Compiling bitflags v2.4.0
[INFO] [stderr]    Compiling anstream v0.6.4
[INFO] [stderr]    Compiling globset v0.4.14
[INFO] [stderr]    Compiling nu-ansi-term v0.46.0
[INFO] [stderr]    Compiling matchers v0.1.0
[INFO] [stderr]    Compiling walkdir v2.4.0
[INFO] [stderr]    Compiling regex v1.9.1
[INFO] [stderr]    Compiling crossbeam-deque v0.8.3
[INFO] [stderr]    Compiling sharded-slab v0.1.4
[INFO] [stderr]    Compiling tracing-log v0.2.0
[INFO] [stderr]    Compiling tracing-attributes v0.1.27
[INFO] [stderr]    Compiling thread_local v1.1.7
[INFO] [stderr]    Compiling unicode-width v0.1.10
[INFO] [stderr]    Compiling fastrand v2.0.1
[INFO] [stderr]    Compiling clap_lex v0.6.0
[INFO] [stderr]    Compiling strsim v0.10.0
[INFO] [stderr]    Compiling heck v0.4.1
[INFO] [stderr]    Compiling itoa v1.0.8
[INFO] [stderr]    Compiling ryu v1.0.14
[INFO] [stderr]    Compiling smallvec v1.11.0
[INFO] [stderr]    Compiling clap_derive v4.4.7
[INFO] [stderr]    Compiling clap_builder v4.4.12
[INFO] [stderr]    Compiling tempfile v3.9.0
[INFO] [stderr]    Compiling console v0.15.7
[INFO] [stderr]    Compiling ignore v0.4.21
[INFO] [stderr]    Compiling tracing v0.1.40
[INFO] [stderr]    Compiling tracing-subscriber v0.3.18
[INFO] [stderr]    Compiling resource-fork v0.2.0 (/opt/rustwide/workdir/crates/resource-fork)
[INFO] [stdout] error[E0432]: unresolved import `libc::XATTR_SHOWCOMPRESSION`
[INFO] [stdout]  --> crates/resource-fork/src/lib.rs:1:5
[INFO] [stdout]   |
[INFO] [stdout] 1 | use libc::XATTR_SHOWCOMPRESSION;
[INFO] [stdout]   |     ^^^^^^^^^^^^^^^^^^^^^^^^^^^ no `XATTR_SHOWCOMPRESSION` in the root
[INFO] [stdout] 
[INFO] [stdout] 
[INFO] [stdout] warning: use of deprecated constant `libc::ENOATTR`: ENOATTR is not available on Linux; use ENODATA instead
[INFO] [stdout]    --> crates/resource-fork/src/lib.rs:128:47
[INFO] [stdout]     |
[INFO] [stdout] 128 |             if e.raw_os_error() == Some(libc::ENOATTR) {
[INFO] [stdout]     |                                               ^^^^^^^
[INFO] [stdout]     |
[INFO] [stdout]     = note: `#[warn(deprecated)]` on by default
[INFO] [stdout] 
[INFO] [stdout] 
[INFO] [stdout] warning: use of deprecated constant `libc::ENOATTR`: ENOATTR is not available on Linux; use ENODATA instead
[INFO] [stdout]    --> crates/resource-fork/src/lib.rs:163:55
[INFO] [stdout]     |
[INFO] [stdout] 163 |                     if e.raw_os_error() == Some(libc::ENOATTR) {
[INFO] [stdout]     |                                                       ^^^^^^^
[INFO] [stdout] 
[INFO] [stdout] 
[INFO] [stdout] error[E0061]: this function takes 2 arguments but 3 arguments were supplied
[INFO] [stdout]     --> crates/resource-fork/src/lib.rs:56:13
[INFO] [stdout]      |
[INFO] [stdout] 56   |               libc::fremovexattr(
[INFO] [stdout]      |               ^^^^^^^^^^^^^^^^^^
[INFO] [stdout] 57   |                   self.file.as_raw_fd(),
[INFO] [stdout] 58   |                   XATTR_NAME.as_ptr(),
[INFO] [stdout]      |  ____________________________________-
[INFO] [stdout] 59   | |                 XATTR_SHOWCOMPRESSION,
[INFO] [stdout]      | |                 ---------------------
[INFO] [stdout]      | |_________________|___________________|
[INFO] [stdout]      |                   |                   help: remove the extra argument
[INFO] [stdout]      |                   unexpected argument
[INFO] [stdout]      |
[INFO] [stdout] note: function defined here
[INFO] [stdout]     --> /opt/rustwide/cargo-home/registry/src/index.crates.io-6f17d22bba15001f/libc-0.2.151/src/unix/linux_like/linux/mod.rs:4946:12
[INFO] [stdout]      |
[INFO] [stdout] 4946 |     pub fn fremovexattr(filedes: ::c_int, name: *const c_char) -> ::c_int;
[INFO] [stdout]      |            ^^^^^^^^^^^^
[INFO] [stdout] 
[INFO] [stdout] 
[INFO] [stderr]    Compiling crossbeam-channel v0.5.10
[INFO] [stdout] error[E0061]: this function takes 5 arguments but 6 arguments were supplied
[INFO] [stdout]     --> crates/resource-fork/src/lib.rs:85:13
[INFO] [stdout]      |
[INFO] [stdout] 85   |             libc::fsetxattr(
[INFO] [stdout]      |             ^^^^^^^^^^^^^^^
[INFO] [stdout] ...
[INFO] [stdout] 90   |                 self.position,
[INFO] [stdout]      |                 ------------- expected `i32`, found `u32`
[INFO] [stdout] 91   |                 XATTR_SHOWCOMPRESSION,
[INFO] [stdout]      |                 --------------------- unexpected argument
[INFO] [stdout]      |
[INFO] [stdout] note: function defined here
[INFO] [stdout]     --> /opt/rustwide/cargo-home/registry/src/index.crates.io-6f17d22bba15001f/libc-0.2.151/src/unix/linux_like/linux/mod.rs:4934:12
[INFO] [stdout]      |
[INFO] [stdout] 4934 |     pub fn fsetxattr(
[INFO] [stdout]      |            ^^^^^^^^^
[INFO] [stdout] help: you can convert a `u32` to an `i32` and panic if the converted value doesn't fit
[INFO] [stdout]      |
[INFO] [stdout] 90   |                 self.position.try_into().unwrap(),
[INFO] [stdout]      |                              ++++++++++++++++++++
[INFO] [stdout] help: remove the extra argument
[INFO] [stdout]      |
[INFO] [stdout] 90   -                 self.position,
[INFO] [stdout] 90   +                 /* i32 */,
[INFO] [stdout]      |
[INFO] [stdout] 
[INFO] [stdout] 
[INFO] [stdout] error[E0061]: this function takes 4 arguments but 6 arguments were supplied
[INFO] [stdout]     --> crates/resource-fork/src/lib.rs:117:13
[INFO] [stdout]      |
[INFO] [stdout] 117  |             libc::fgetxattr(
[INFO] [stdout]      |             ^^^^^^^^^^^^^^^
[INFO] [stdout] ...
[INFO] [stdout] 122  |                 self.position,
[INFO] [stdout]      |                 ------------- unexpected argument of type `u32`
[INFO] [stdout] 123  |                 XATTR_SHOWCOMPRESSION,
[INFO] [stdout]      |                 --------------------- unexpected argument
[INFO] [stdout]      |
[INFO] [stdout] note: function defined here
[INFO] [stdout]     --> /opt/rustwide/cargo-home/registry/src/index.crates.io-6f17d22bba15001f/libc-0.2.151/src/unix/linux_like/linux/mod.rs:4914:12
[INFO] [stdout]      |
[INFO] [stdout] 4914 |     pub fn fgetxattr(
[INFO] [stdout]      |            ^^^^^^^^^
[INFO] [stdout] help: remove the extra arguments
[INFO] [stdout]      |
[INFO] [stdout] 121  -                 buf.len(),
[INFO] [stdout] 122  -                 self.position,
[INFO] [stdout] 121  +                 buf.len(),
[INFO] [stdout]      |
[INFO] [stdout] 
[INFO] [stdout] 
[INFO] [stdout] error[E0061]: this function takes 4 arguments but 6 arguments were supplied
[INFO] [stdout]     --> crates/resource-fork/src/lib.rs:152:21
[INFO] [stdout]      |
[INFO] [stdout] 152  |                     libc::fgetxattr(
[INFO] [stdout]      |                     ^^^^^^^^^^^^^^^
[INFO] [stdout] ...
[INFO] [stdout] 157  |                         0,
[INFO] [stdout]      |                         - unexpected argument of type `{integer}`
[INFO] [stdout] 158  |                         XATTR_SHOWCOMPRESSION,
[INFO] [stdout]      |                         --------------------- unexpected argument
[INFO] [stdout]      |
[INFO] [stdout] note: function defined here
[INFO] [stdout]     --> /opt/rustwide/cargo-home/registry/src/index.crates.io-6f17d22bba15001f/libc-0.2.151/src/unix/linux_like/linux/mod.rs:4914:12
[INFO] [stdout]      |
[INFO] [stdout] 4914 |     pub fn fgetxattr(
[INFO] [stdout]      |            ^^^^^^^^^
[INFO] [stdout] help: remove the extra arguments
[INFO] [stdout]      |
[INFO] [stdout] 156  -                         0,
[INFO] [stdout]      |
[INFO] [stdout] 
[INFO] [stdout] 
[INFO] [stdout] error: aborting due to 5 previous errors; 2 warnings emitted
[INFO] [stdout] 
[INFO] [stdout] 
[INFO] [stdout] Some errors have detailed explanations: E0061, E0432.
[INFO] [stdout] 
[INFO] [stdout] For more information about an error, try `rustc --explain E0061`.
[INFO] [stdout] 
[INFO] [stderr] error: could not compile `resource-fork` (lib) due to 6 previous errors; 2 warnings emitted
[INFO] [stderr] warning: build failed, waiting for other jobs to finish...
[INFO] running `Command { std: "docker" "inspect" "dcea8526b66b09764e90b7298d5a6da39ff3c36405cd224b17ba491e50d52a87", kill_on_drop: false }`
[INFO] running `Command { std: "docker" "rm" "-f" "dcea8526b66b09764e90b7298d5a6da39ff3c36405cd224b17ba491e50d52a87", kill_on_drop: false }`
[INFO] [stdout] dcea8526b66b09764e90b7298d5a6da39ff3c36405cd224b17ba491e50d52a87
