[INFO] cloning repository https://github.com/DomGada/rust_hangman
[INFO] running `Command { std: "git" "-c" "credential.helper=" "-c" "credential.helper=/workspace/cargo-home/bin/git-credential-null" "clone" "--bare" "https://github.com/DomGada/rust_hangman" "/workspace/cache/git-repos/https%3A%2F%2Fgithub.com%2FDomGada%2Frust_hangman", kill_on_drop: false }`
[INFO] [stderr] Cloning into bare repository '/workspace/cache/git-repos/https%3A%2F%2Fgithub.com%2FDomGada%2Frust_hangman'...
[INFO] running `Command { std: "git" "rev-parse" "HEAD", kill_on_drop: false }`
[INFO] [stdout] ce088af6a8034c04c4f6a73e48e3fdec410d49f9
[INFO] testing DomGada/rust_hangman against 1.75.0 for beta-1.76-1
[INFO] running `Command { std: "git" "clone" "/workspace/cache/git-repos/https%3A%2F%2Fgithub.com%2FDomGada%2Frust_hangman" "/workspace/builds/worker-1-tc1/source", kill_on_drop: false }`
[INFO] [stderr] Cloning into '/workspace/builds/worker-1-tc1/source'...
[INFO] [stderr] done.
[INFO] validating manifest of git repo https://github.com/DomGada/rust_hangman on toolchain 1.75.0
[INFO] running `Command { std: CARGO_HOME="/workspace/cargo-home" RUSTUP_HOME="/workspace/rustup-home" "/workspace/cargo-home/bin/cargo" "+1.75.0" "metadata" "--manifest-path" "Cargo.toml" "--no-deps", kill_on_drop: false }`
[INFO] started tweaking git repo https://github.com/DomGada/rust_hangman
[INFO] finished tweaking git repo https://github.com/DomGada/rust_hangman
[INFO] tweaked toml for git repo https://github.com/DomGada/rust_hangman written to /workspace/builds/worker-1-tc1/source/Cargo.toml
[INFO] crate git repo https://github.com/DomGada/rust_hangman already has a lockfile, it will not be regenerated
[INFO] running `Command { std: CARGO_HOME="/workspace/cargo-home" RUSTUP_HOME="/workspace/rustup-home" "/workspace/cargo-home/bin/cargo" "+1.75.0" "fetch" "--manifest-path" "Cargo.toml", kill_on_drop: false }`
[INFO] [stderr]     Updating crates.io index
[INFO] running `Command { std: "docker" "create" "-v" "/var/lib/crater-agent-workspace/builds/worker-1-tc1/target:/opt/rustwide/target:rw,Z" "-v" "/var/lib/crater-agent-workspace/builds/worker-1-tc1/source:/opt/rustwide/workdir:ro,Z" "-v" "/var/lib/crater-agent-workspace/cargo-home:/opt/rustwide/cargo-home:ro,Z" "-v" "/var/lib/crater-agent-workspace/rustup-home:/opt/rustwide/rustup-home:ro,Z" "-e" "SOURCE_DIR=/opt/rustwide/workdir" "-e" "CARGO_TARGET_DIR=/opt/rustwide/target" "-e" "CARGO_HOME=/opt/rustwide/cargo-home" "-e" "RUSTUP_HOME=/opt/rustwide/rustup-home" "-w" "/opt/rustwide/workdir" "-m" "1610612736" "--user" "0:0" "--network" "none" "ghcr.io/rust-lang/crates-build-env/linux@sha256:2788e3201cd34a07e3172128adcd8b3090168a8e3bcc40d7c032b9dda1df7d1c" "/opt/rustwide/cargo-home/bin/cargo" "+1.75.0" "metadata" "--no-deps" "--format-version=1", kill_on_drop: false }`
[INFO] [stdout] 00ea01709578a334325a70d4af3c2ad2f5aed0a49c2d991f8067596a080b79c4
[INFO] running `Command { std: "docker" "start" "-a" "00ea01709578a334325a70d4af3c2ad2f5aed0a49c2d991f8067596a080b79c4", kill_on_drop: false }`
[INFO] running `Command { std: "docker" "inspect" "00ea01709578a334325a70d4af3c2ad2f5aed0a49c2d991f8067596a080b79c4", kill_on_drop: false }`
[INFO] running `Command { std: "docker" "rm" "-f" "00ea01709578a334325a70d4af3c2ad2f5aed0a49c2d991f8067596a080b79c4", kill_on_drop: false }`
[INFO] [stdout] 00ea01709578a334325a70d4af3c2ad2f5aed0a49c2d991f8067596a080b79c4
[INFO] running `Command { std: "docker" "create" "-v" "/var/lib/crater-agent-workspace/builds/worker-1-tc1/target:/opt/rustwide/target:rw,Z" "-v" "/var/lib/crater-agent-workspace/builds/worker-1-tc1/source:/opt/rustwide/workdir:ro,Z" "-v" "/var/lib/crater-agent-workspace/cargo-home:/opt/rustwide/cargo-home:ro,Z" "-v" "/var/lib/crater-agent-workspace/rustup-home:/opt/rustwide/rustup-home:ro,Z" "-e" "SOURCE_DIR=/opt/rustwide/workdir" "-e" "CARGO_TARGET_DIR=/opt/rustwide/target" "-e" "CARGO_INCREMENTAL=0" "-e" "RUST_BACKTRACE=full" "-e" "RUSTFLAGS=--cap-lints=warn" "-e" "RUSTDOCFLAGS=--cap-lints=warn" "-e" "CARGO_HOME=/opt/rustwide/cargo-home" "-e" "RUSTUP_HOME=/opt/rustwide/rustup-home" "-w" "/opt/rustwide/workdir" "-m" "1610612736" "--user" "0:0" "--network" "none" "ghcr.io/rust-lang/crates-build-env/linux@sha256:2788e3201cd34a07e3172128adcd8b3090168a8e3bcc40d7c032b9dda1df7d1c" "/opt/rustwide/cargo-home/bin/cargo" "+1.75.0" "build" "--frozen" "--message-format=json", kill_on_drop: false }`
[INFO] [stdout] b99a04701a1cc71400582de2ec2d1c38d8c578f7f71dfdd72b1d7294d1d05ef6
[INFO] running `Command { std: "docker" "start" "-a" "b99a04701a1cc71400582de2ec2d1c38d8c578f7f71dfdd72b1d7294d1d05ef6", kill_on_drop: false }`
[INFO] [stderr]    Compiling libc v0.2.151
[INFO] [stderr]    Compiling getrandom v0.2.11
[INFO] [stderr]    Compiling rand_core v0.6.4
[INFO] [stderr]    Compiling rand_chacha v0.3.1
[INFO] [stderr]    Compiling rand v0.8.5
[INFO] [stderr]    Compiling hangman v0.1.0 (/opt/rustwide/workdir)
[INFO] [stdout] error: expected one of `!`, `(`, `...`, `..=`, `..`, `::`, `:`, `{`, or `|`, found `)`
[INFO] [stdout]   --> src/main.rs:25:26
[INFO] [stdout]    |
[INFO] [stdout] 25 | fn guessPass(word::String){
[INFO] [stdout]    |                          ^ expected one of 9 possible tokens
[INFO] [stdout]    |
[INFO] [stdout]    = note: anonymous parameters are removed in the 2018 edition (see RFC 1685)
[INFO] [stdout] help: explicitly ignore the parameter name
[INFO] [stdout]    |
[INFO] [stdout] 25 | fn guessPass(_: word::String){
[INFO] [stdout]    |              ~~~~~~~~~~~~~~~
[INFO] [stdout] 
[INFO] [stdout] 
[INFO] [stdout] error[E0425]: cannot find value `guestNum` in this scope
[INFO] [stdout]   --> src/main.rs:16:11
[INFO] [stdout]    |
[INFO] [stdout] 16 |     while guestNum <= 6{
[INFO] [stdout]    |           ^^^^^^^^ help: a local variable with a similar name exists: `guessNum`
[INFO] [stdout] 
[INFO] [stdout] 
[INFO] [stdout] warning: unused import: `rand::Rng`
[INFO] [stdout]  --> src/main.rs:2:5
[INFO] [stdout]   |
[INFO] [stdout] 2 | use rand::Rng;
[INFO] [stdout]   |     ^^^^^^^^^
[INFO] [stdout]   |
[INFO] [stdout]   = note: `#[warn(unused_imports)]` on by default
[INFO] [stdout] 
[INFO] [stdout] 
[INFO] [stdout] error[E0599]: no method named `gen_rang` found for struct `ThreadRng` in the current scope
[INFO] [stdout]   --> src/main.rs:10:40
[INFO] [stdout]    |
[INFO] [stdout] 10 |     let wordIndex = rand::thread_rng().gen_rang(0..words.len());
[INFO] [stdout]    |                                        ^^^^^^^^ method not found in `ThreadRng`
[INFO] [stdout] 
[INFO] [stdout] 
[INFO] [stdout] error[E0061]: this method takes 1 argument but 0 arguments were supplied
[INFO] [stdout]   --> src/main.rs:18:14
[INFO] [stdout]    |
[INFO] [stdout] 18 |             .read_line()
[INFO] [stdout]    |              ^^^^^^^^^-- an argument of type `&mut String` is missing
[INFO] [stdout]    |
[INFO] [stdout] note: method defined here
[INFO] [stdout]   --> /rustc/82e1608dfa6e0b5569232559e3d385fea5a93112/library/std/src/io/stdio.rs:387:12
[INFO] [stdout] help: provide the argument
[INFO] [stdout]    |
[INFO] [stdout] 18 |             .read_line(/* &mut String */)
[INFO] [stdout]    |                       ~~~~~~~~~~~~~~~~~~~
[INFO] [stdout] 
[INFO] [stdout] 
[INFO] [stdout] error[E0308]: mismatched types
[INFO] [stdout]   --> src/main.rs:17:9
[INFO] [stdout]    |
[INFO] [stdout] 16 | /      while guestNum <= 6{
[INFO] [stdout] 17 | |/         io::stdin()
[INFO] [stdout] 18 | ||             .read_line()
[INFO] [stdout]    | ||________________________^ expected `()`, found `Result<usize, Error>`
[INFO] [stdout] 19 | |      }
[INFO] [stdout]    | |______- expected this to be `()`
[INFO] [stdout]    |
[INFO] [stdout]    = note: expected unit type `()`
[INFO] [stdout]                    found enum `Result<usize, std::io::Error>`
[INFO] [stdout] help: consider using a semicolon here
[INFO] [stdout]    |
[INFO] [stdout] 18 |             .read_line();
[INFO] [stdout]    |                         +
[INFO] [stdout] help: consider using a semicolon here
[INFO] [stdout]    |
[INFO] [stdout] 19 |     };
[INFO] [stdout]    |      +
[INFO] [stdout] 
[INFO] [stdout] 
[INFO] [stdout] error: aborting due to 5 previous errors; 1 warning emitted
[INFO] [stdout] 
[INFO] [stdout] 
[INFO] [stdout] Some errors have detailed explanations: E0061, E0308, E0425, E0599.
[INFO] [stdout] 
[INFO] [stdout] For more information about an error, try `rustc --explain E0061`.
[INFO] [stdout] 
[INFO] [stderr] error: could not compile `hangman` (bin "hangman") due to 6 previous errors; 1 warning emitted
[INFO] running `Command { std: "docker" "inspect" "b99a04701a1cc71400582de2ec2d1c38d8c578f7f71dfdd72b1d7294d1d05ef6", kill_on_drop: false }`
[INFO] running `Command { std: "docker" "rm" "-f" "b99a04701a1cc71400582de2ec2d1c38d8c578f7f71dfdd72b1d7294d1d05ef6", kill_on_drop: false }`
[INFO] [stdout] b99a04701a1cc71400582de2ec2d1c38d8c578f7f71dfdd72b1d7294d1d05ef6
