[INFO] cloning repository https://github.com/DoHoonKim8/evm-verifier
[INFO] running `Command { std: "git" "-c" "credential.helper=" "-c" "credential.helper=/workspace/cargo-home/bin/git-credential-null" "clone" "--bare" "https://github.com/DoHoonKim8/evm-verifier" "/workspace/cache/git-repos/https%3A%2F%2Fgithub.com%2FDoHoonKim8%2Fevm-verifier", kill_on_drop: false }`
[INFO] [stderr] Cloning into bare repository '/workspace/cache/git-repos/https%3A%2F%2Fgithub.com%2FDoHoonKim8%2Fevm-verifier'...
[INFO] running `Command { std: "git" "rev-parse" "HEAD", kill_on_drop: false }`
[INFO] [stdout] 5126cb0c01463c60f60895851d9a7f07770e50ae
[INFO] testing DoHoonKim8/evm-verifier against 1.75.0 for beta-1.76-1
[INFO] running `Command { std: "git" "clone" "/workspace/cache/git-repos/https%3A%2F%2Fgithub.com%2FDoHoonKim8%2Fevm-verifier" "/workspace/builds/worker-1-tc1/source", kill_on_drop: false }`
[INFO] [stderr] Cloning into '/workspace/builds/worker-1-tc1/source'...
[INFO] [stderr] done.
[INFO] validating manifest of git repo https://github.com/DoHoonKim8/evm-verifier on toolchain 1.75.0
[INFO] running `Command { std: CARGO_HOME="/workspace/cargo-home" RUSTUP_HOME="/workspace/rustup-home" "/workspace/cargo-home/bin/cargo" "+1.75.0" "metadata" "--manifest-path" "Cargo.toml" "--no-deps", kill_on_drop: false }`
[INFO] removed /workspace/builds/worker-1-tc1/source/rust-toolchain
[INFO] started tweaking git repo https://github.com/DoHoonKim8/evm-verifier
[INFO] removed 0 missing examples
[INFO] finished tweaking git repo https://github.com/DoHoonKim8/evm-verifier
[INFO] tweaked toml for git repo https://github.com/DoHoonKim8/evm-verifier written to /workspace/builds/worker-1-tc1/source/Cargo.toml
[INFO] crate git repo https://github.com/DoHoonKim8/evm-verifier already has a lockfile, it will not be regenerated
[INFO] running `Command { std: CARGO_HOME="/workspace/cargo-home" RUSTUP_HOME="/workspace/rustup-home" "/workspace/cargo-home/bin/cargo" "+1.75.0" "fetch" "--manifest-path" "Cargo.toml", kill_on_drop: false }`
[INFO] [stderr]     Updating git repository `https://github.com/han0110/halo2`
[INFO] [stderr]     Updating git repository `https://github.com/privacy-scaling-explorations/halo2curves`
[INFO] [stderr]     Updating git repository `https://github.com/privacy-scaling-explorations/halo2wrong`
[INFO] [stderr]     Updating git repository `https://github.com/privacy-scaling-explorations/poseidon`
[INFO] [stderr]     Updating git repository `https://github.com/foundry-rs/foundry`
[INFO] [stderr]     Updating git submodule `https://github.com/foundry-rs/forge-std`
[INFO] [stderr]     Updating git submodule `https://github.com/dapphub/ds-test`
[INFO] [stderr]     Updating git repository `https://github.com/gakonst/ethers-rs`
[INFO] [stderr]     Updating crates.io index
[INFO] [stderr]  Downloading crates ...
[INFO] [stderr]   Downloaded fastrlp v0.1.3
[INFO] [stderr]   Downloaded jsonpath-rust v0.1.6
[INFO] [stderr]   Downloaded cargo_metadata v0.15.0
[INFO] [stderr]   Downloaded svm-rs-builds v0.1.10
[INFO] [stderr]   Downloaded coins-bip32 v0.7.0
[INFO] [stderr]   Downloaded futures-locks v0.7.0
[INFO] [stderr]   Downloaded coins-bip39 v0.7.0
[INFO] [stderr]   Downloaded serde-aux v4.0.0
[INFO] [stderr]   Downloaded coins-core v0.7.0
[INFO] [stderr]   Downloaded terminal_size v0.2.1
[INFO] [stderr]   Downloaded base64ct v1.5.2
[INFO] [stderr]   Downloaded tui v0.16.0
[INFO] [stderr]   Downloaded lalrpop v0.19.8
[INFO] [stderr]   Downloaded sha3 v0.10.5
[INFO] [stderr]   Downloaded comfy-table v6.1.0
[INFO] [stderr]   Downloaded substrate-bn v0.6.0
[INFO] [stderr]   Downloaded solang-parser v0.1.18
[INFO] [stderr]   Downloaded auto_impl v1.0.1
[INFO] [stderr]   Downloaded rfc6979 v0.3.0
[INFO] [stderr]   Downloaded ff v0.12.0
[INFO] [stderr]   Downloaded base58check v0.1.0
[INFO] [stderr]   Downloaded fastrlp-derive v0.1.3
[INFO] [stderr]   Downloaded revm_precompiles v1.1.1
[INFO] [stderr]   Downloaded revm v2.1.0
[INFO] running `Command { std: "docker" "create" "-v" "/var/lib/crater-agent-workspace/builds/worker-1-tc1/target:/opt/rustwide/target:rw,Z" "-v" "/var/lib/crater-agent-workspace/builds/worker-1-tc1/source:/opt/rustwide/workdir:ro,Z" "-v" "/var/lib/crater-agent-workspace/cargo-home:/opt/rustwide/cargo-home:ro,Z" "-v" "/var/lib/crater-agent-workspace/rustup-home:/opt/rustwide/rustup-home:ro,Z" "-e" "SOURCE_DIR=/opt/rustwide/workdir" "-e" "CARGO_TARGET_DIR=/opt/rustwide/target" "-e" "CARGO_HOME=/opt/rustwide/cargo-home" "-e" "RUSTUP_HOME=/opt/rustwide/rustup-home" "-w" "/opt/rustwide/workdir" "-m" "1610612736" "--user" "0:0" "--network" "none" "ghcr.io/rust-lang/crates-build-env/linux@sha256:2788e3201cd34a07e3172128adcd8b3090168a8e3bcc40d7c032b9dda1df7d1c" "/opt/rustwide/cargo-home/bin/cargo" "+1.75.0" "metadata" "--no-deps" "--format-version=1", kill_on_drop: false }`
[INFO] [stdout] 9cf1246df9f6742586031d0408d971f655d02e601d26e7e98942bd075e43235a
[INFO] running `Command { std: "docker" "start" "-a" "9cf1246df9f6742586031d0408d971f655d02e601d26e7e98942bd075e43235a", kill_on_drop: false }`
[INFO] running `Command { std: "docker" "inspect" "9cf1246df9f6742586031d0408d971f655d02e601d26e7e98942bd075e43235a", kill_on_drop: false }`
[INFO] running `Command { std: "docker" "rm" "-f" "9cf1246df9f6742586031d0408d971f655d02e601d26e7e98942bd075e43235a", kill_on_drop: false }`
[INFO] [stdout] 9cf1246df9f6742586031d0408d971f655d02e601d26e7e98942bd075e43235a
[INFO] running `Command { std: "docker" "create" "-v" "/var/lib/crater-agent-workspace/builds/worker-1-tc1/target:/opt/rustwide/target:rw,Z" "-v" "/var/lib/crater-agent-workspace/builds/worker-1-tc1/source:/opt/rustwide/workdir:ro,Z" "-v" "/var/lib/crater-agent-workspace/cargo-home:/opt/rustwide/cargo-home:ro,Z" "-v" "/var/lib/crater-agent-workspace/rustup-home:/opt/rustwide/rustup-home:ro,Z" "-e" "SOURCE_DIR=/opt/rustwide/workdir" "-e" "CARGO_TARGET_DIR=/opt/rustwide/target" "-e" "CARGO_INCREMENTAL=0" "-e" "RUST_BACKTRACE=full" "-e" "RUSTFLAGS=--cap-lints=warn" "-e" "RUSTDOCFLAGS=--cap-lints=warn" "-e" "CARGO_HOME=/opt/rustwide/cargo-home" "-e" "RUSTUP_HOME=/opt/rustwide/rustup-home" "-w" "/opt/rustwide/workdir" "-m" "1610612736" "--user" "0:0" "--network" "none" "ghcr.io/rust-lang/crates-build-env/linux@sha256:2788e3201cd34a07e3172128adcd8b3090168a8e3bcc40d7c032b9dda1df7d1c" "/opt/rustwide/cargo-home/bin/cargo" "+1.75.0" "build" "--frozen" "--message-format=json", kill_on_drop: false }`
[INFO] [stdout] e05f59e8b57a6bbc1fa4085f638b3ae5daacd270374dddd40f8c5fa135c0e32b
[INFO] running `Command { std: "docker" "start" "-a" "e05f59e8b57a6bbc1fa4085f638b3ae5daacd270374dddd40f8c5fa135c0e32b", kill_on_drop: false }`
[INFO] [stderr]    Compiling autocfg v1.1.0
[INFO] [stderr]    Compiling cfg-if v1.0.0
[INFO] [stderr]    Compiling libc v0.2.135
[INFO] [stderr]    Compiling proc-macro2 v1.0.47
[INFO] [stderr]    Compiling unicode-ident v1.0.5
[INFO] [stderr]    Compiling quote v1.0.21
[INFO] [stderr]    Compiling syn v1.0.102
[INFO] [stderr]    Compiling ppv-lite86 v0.2.16
[INFO] [stderr]    Compiling arrayvec v0.7.2
[INFO] [stderr]    Compiling radium v0.7.0
[INFO] [stderr]    Compiling static_assertions v1.1.0
[INFO] [stderr]    Compiling once_cell v1.15.0
[INFO] [stderr]    Compiling tap v1.0.1
[INFO] [stderr]    Compiling funty v2.0.0
[INFO] [stderr]    Compiling crossbeam-utils v0.8.12
[INFO] [stderr]    Compiling subtle v2.4.1
[INFO] [stderr]    Compiling constant_time_eq v0.1.5
[INFO] [stderr]    Compiling arrayref v0.3.6
[INFO] [stderr]    Compiling rayon-core v1.9.3
[INFO] [stderr]    Compiling wyz v0.5.0
[INFO] [stderr]    Compiling scopeguard v1.1.0
[INFO] [stderr]    Compiling serde v1.0.145
[INFO] [stderr]    Compiling thiserror v1.0.37
[INFO] [stderr]    Compiling either v1.8.0
[INFO] [stderr]    Compiling blake2b_simd v1.0.0
[INFO] [stderr]    Compiling tracing-core v0.1.30
[INFO] [stderr]    Compiling crunchy v0.2.2
[INFO] [stderr]    Compiling typenum v1.15.0
[INFO] [stderr]    Compiling pin-project-lite v0.2.9
[INFO] [stderr]    Compiling version_check v0.9.4
[INFO] [stderr]    Compiling num-traits v0.2.15
[INFO] [stderr]    Compiling memoffset v0.6.5
[INFO] [stderr]    Compiling num-integer v0.1.45
[INFO] [stderr]    Compiling num-bigint v0.4.3
[INFO] [stderr]    Compiling crossbeam-epoch v0.9.11
[INFO] [stderr]    Compiling rayon v1.5.3
[INFO] [stderr]    Compiling bitvec v1.0.1
[INFO] [stderr]    Compiling generic-array v0.14.6
[INFO] [stderr]    Compiling crossbeam-channel v0.5.6
[INFO] [stderr]    Compiling byteorder v1.4.3
[INFO] [stderr]    Compiling memchr v2.5.0
[INFO] [stderr]    Compiling rustc-hex v2.1.0
[INFO] [stderr]    Compiling getrandom v0.2.7
[INFO] [stderr]    Compiling crossbeam-deque v0.8.2
[INFO] [stderr]    Compiling num_cpus v1.13.1
[INFO] [stderr]    Compiling tiny-keccak v2.0.2
[INFO] [stderr]    Compiling rand_core v0.6.4
[INFO] [stderr]    Compiling byte-slice-cast v1.2.1
[INFO] [stderr]    Compiling hex v0.4.3
[INFO] [stderr]    Compiling keccak v0.1.2
[INFO] [stderr]    Compiling regex-syntax v0.6.27
[INFO] [stderr]    Compiling rand_chacha v0.3.1
[INFO] [stderr]    Compiling itertools v0.10.5
[INFO] [stderr]    Compiling uint v0.9.4
[INFO] [stderr]    Compiling rand v0.8.5
[INFO] [stderr]    Compiling aho-corasick v0.7.19
[INFO] [stderr]    Compiling fixed-hash v0.7.0
[INFO] [stderr]    Compiling ethbloom v0.12.1
[INFO] [stderr]    Compiling block-buffer v0.10.3
[INFO] [stderr]    Compiling crypto-common v0.1.6
[INFO] [stderr]    Compiling digest v0.10.5
[INFO] [stderr]    Compiling sha3 v0.10.5
[INFO] [stderr]    Compiling ff v0.12.0
[INFO] [stderr]    Compiling group v0.12.1
[INFO] [stderr]    Compiling pasta_curves v0.4.1
[INFO] [stderr]    Compiling regex v1.6.0
[INFO] [stderr]    Compiling halo2curves v0.2.1 (https://github.com/privacy-scaling-explorations/halo2curves?tag=0.2.1#f75ed26c)
[INFO] [stderr]    Compiling halo2curves v0.2.0 (https://github.com/privacy-scaling-explorations/halo2curves?tag=v0.2.0#bbd4cee1)
[INFO] [stdout] error[E0554]: `#![feature]` may not be used on the stable release channel
[INFO] [stdout]  --> /opt/rustwide/cargo-home/git/checkouts/halo2curves-8faaa2253bde9eba/bbd4cee/src/lib.rs:1:1
[INFO] [stdout]   |
[INFO] [stdout] 1 | #![feature(asm)]
[INFO] [stdout]   | ^^^^^^^^^^^^^^^^
[INFO] [stdout] 
[INFO] [stdout] 
[INFO] [stdout] error[E0554]: `#![feature]` may not be used on the stable release channel
[INFO] [stdout]  --> /opt/rustwide/cargo-home/git/checkouts/halo2curves-8faaa2253bde9eba/bbd4cee/src/lib.rs:2:1
[INFO] [stdout]   |
[INFO] [stdout] 2 | #![feature(asm_const)]
[INFO] [stdout]   | ^^^^^^^^^^^^^^^^^^^^^^
[INFO] [stdout] 
[INFO] [stdout] 
[INFO] [stdout] error[E0554]: `#![feature]` may not be used on the stable release channel
[INFO] [stdout]  --> /opt/rustwide/cargo-home/git/checkouts/halo2curves-8faaa2253bde9eba/f75ed26/src/lib.rs:1:1
[INFO] [stdout]   |
[INFO] [stdout] 1 | #![feature(asm)]
[INFO] [stdout]   | ^^^^^^^^^^^^^^^^
[INFO] [stdout] 
[INFO] [stdout] 
[INFO] [stdout] error[E0554]: `#![feature]` may not be used on the stable release channel
[INFO] [stdout]  --> /opt/rustwide/cargo-home/git/checkouts/halo2curves-8faaa2253bde9eba/f75ed26/src/lib.rs:2:1
[INFO] [stdout]   |
[INFO] [stdout] 2 | #![feature(asm_const)]
[INFO] [stdout]   | ^^^^^^^^^^^^^^^^^^^^^^
[INFO] [stdout] 
[INFO] [stdout] 
[INFO] [stdout] error[E0554]: `#![feature]` may not be used on the stable release channel
[INFO] [stdout]  --> /opt/rustwide/cargo-home/git/checkouts/halo2curves-8faaa2253bde9eba/bbd4cee/src/lib.rs:1:12
[INFO] [stdout]   |
[INFO] [stdout] 1 | #![feature(asm)]
[INFO] [stdout]   |            ^^^
[INFO] [stdout] 
[INFO] [stdout] 
[INFO] [stdout] error[E0554]: `#![feature]` may not be used on the stable release channel
[INFO] [stdout]  --> /opt/rustwide/cargo-home/git/checkouts/halo2curves-8faaa2253bde9eba/f75ed26/src/lib.rs:1:12
[INFO] [stdout]   |
[INFO] [stdout] 1 | #![feature(asm)]
[INFO] [stdout]   |            ^^^
[INFO] [stdout] 
[INFO] [stdout] 
[INFO] [stderr]    Compiling toml v0.5.9
[INFO] [stdout] error: aborting due to 3 previous errors
[INFO] [stdout] 
[INFO] [stdout] 
[INFO] [stdout] For more information about this error, try `rustc --explain E0554`.
[INFO] [stdout] 
[INFO] [stderr] error: could not compile `halo2curves` (lib) due to 4 previous errors
[INFO] [stderr] warning: build failed, waiting for other jobs to finish...
[INFO] [stdout] error: aborting due to 3 previous errors
[INFO] [stdout] 
[INFO] [stdout] 
[INFO] [stdout] For more information about this error, try `rustc --explain E0554`.
[INFO] [stdout] 
[INFO] [stderr] error: could not compile `halo2curves` (lib) due to 4 previous errors
[INFO] running `Command { std: "docker" "inspect" "e05f59e8b57a6bbc1fa4085f638b3ae5daacd270374dddd40f8c5fa135c0e32b", kill_on_drop: false }`
[INFO] running `Command { std: "docker" "rm" "-f" "e05f59e8b57a6bbc1fa4085f638b3ae5daacd270374dddd40f8c5fa135c0e32b", kill_on_drop: false }`
[INFO] [stdout] e05f59e8b57a6bbc1fa4085f638b3ae5daacd270374dddd40f8c5fa135c0e32b
