[INFO] cloning repository https://github.com/DjofPlusPlus/AoC2023
[INFO] running `Command { std: "git" "-c" "credential.helper=" "-c" "credential.helper=/workspace/cargo-home/bin/git-credential-null" "clone" "--bare" "https://github.com/DjofPlusPlus/AoC2023" "/workspace/cache/git-repos/https%3A%2F%2Fgithub.com%2FDjofPlusPlus%2FAoC2023", kill_on_drop: false }`
[INFO] [stderr] Cloning into bare repository '/workspace/cache/git-repos/https%3A%2F%2Fgithub.com%2FDjofPlusPlus%2FAoC2023'...
[INFO] running `Command { std: "git" "rev-parse" "HEAD", kill_on_drop: false }`
[INFO] [stdout] 6773f5ea6323e8f765a8450770f75431c6ea2baa
[INFO] testing DjofPlusPlus/AoC2023 against 1.75.0 for beta-1.76-1
[INFO] running `Command { std: "git" "clone" "/workspace/cache/git-repos/https%3A%2F%2Fgithub.com%2FDjofPlusPlus%2FAoC2023" "/workspace/builds/worker-5-tc1/source", kill_on_drop: false }`
[INFO] [stderr] Cloning into '/workspace/builds/worker-5-tc1/source'...
[INFO] [stderr] done.
[INFO] validating manifest of git repo https://github.com/DjofPlusPlus/AoC2023 on toolchain 1.75.0
[INFO] running `Command { std: CARGO_HOME="/workspace/cargo-home" RUSTUP_HOME="/workspace/rustup-home" "/workspace/cargo-home/bin/cargo" "+1.75.0" "metadata" "--manifest-path" "Cargo.toml" "--no-deps", kill_on_drop: false }`
[INFO] removed /workspace/builds/worker-5-tc1/source/rust-toolchain
[INFO] started tweaking git repo https://github.com/DjofPlusPlus/AoC2023
[INFO] finished tweaking git repo https://github.com/DjofPlusPlus/AoC2023
[INFO] tweaked toml for git repo https://github.com/DjofPlusPlus/AoC2023 written to /workspace/builds/worker-5-tc1/source/Cargo.toml
[INFO] crate git repo https://github.com/DjofPlusPlus/AoC2023 already has a lockfile, it will not be regenerated
[INFO] running `Command { std: CARGO_HOME="/workspace/cargo-home" RUSTUP_HOME="/workspace/rustup-home" "/workspace/cargo-home/bin/cargo" "+1.75.0" "fetch" "--manifest-path" "Cargo.toml", kill_on_drop: false }`
[INFO] [stderr]     Updating crates.io index
[INFO] [stderr]  Downloading crates ...
[INFO] [stderr]   Downloaded enumerate-split v0.0.1
[INFO] running `Command { std: "docker" "create" "-v" "/var/lib/crater-agent-workspace/builds/worker-5-tc1/target:/opt/rustwide/target:rw,Z" "-v" "/var/lib/crater-agent-workspace/builds/worker-5-tc1/source:/opt/rustwide/workdir:ro,Z" "-v" "/var/lib/crater-agent-workspace/cargo-home:/opt/rustwide/cargo-home:ro,Z" "-v" "/var/lib/crater-agent-workspace/rustup-home:/opt/rustwide/rustup-home:ro,Z" "-e" "SOURCE_DIR=/opt/rustwide/workdir" "-e" "CARGO_TARGET_DIR=/opt/rustwide/target" "-e" "CARGO_HOME=/opt/rustwide/cargo-home" "-e" "RUSTUP_HOME=/opt/rustwide/rustup-home" "-w" "/opt/rustwide/workdir" "-m" "1610612736" "--user" "0:0" "--network" "none" "ghcr.io/rust-lang/crates-build-env/linux@sha256:2788e3201cd34a07e3172128adcd8b3090168a8e3bcc40d7c032b9dda1df7d1c" "/opt/rustwide/cargo-home/bin/cargo" "+1.75.0" "metadata" "--no-deps" "--format-version=1", kill_on_drop: false }`
[INFO] [stdout] 20fe2665a221fc336f2edc10cd315a26206da9bb974e485843ff4682ed213aaf
[INFO] running `Command { std: "docker" "start" "-a" "20fe2665a221fc336f2edc10cd315a26206da9bb974e485843ff4682ed213aaf", kill_on_drop: false }`
[INFO] running `Command { std: "docker" "inspect" "20fe2665a221fc336f2edc10cd315a26206da9bb974e485843ff4682ed213aaf", kill_on_drop: false }`
[INFO] running `Command { std: "docker" "rm" "-f" "20fe2665a221fc336f2edc10cd315a26206da9bb974e485843ff4682ed213aaf", kill_on_drop: false }`
[INFO] [stdout] 20fe2665a221fc336f2edc10cd315a26206da9bb974e485843ff4682ed213aaf
[INFO] running `Command { std: "docker" "create" "-v" "/var/lib/crater-agent-workspace/builds/worker-5-tc1/target:/opt/rustwide/target:rw,Z" "-v" "/var/lib/crater-agent-workspace/builds/worker-5-tc1/source:/opt/rustwide/workdir:ro,Z" "-v" "/var/lib/crater-agent-workspace/cargo-home:/opt/rustwide/cargo-home:ro,Z" "-v" "/var/lib/crater-agent-workspace/rustup-home:/opt/rustwide/rustup-home:ro,Z" "-e" "SOURCE_DIR=/opt/rustwide/workdir" "-e" "CARGO_TARGET_DIR=/opt/rustwide/target" "-e" "CARGO_INCREMENTAL=0" "-e" "RUST_BACKTRACE=full" "-e" "RUSTFLAGS=--cap-lints=warn" "-e" "RUSTDOCFLAGS=--cap-lints=warn" "-e" "CARGO_HOME=/opt/rustwide/cargo-home" "-e" "RUSTUP_HOME=/opt/rustwide/rustup-home" "-w" "/opt/rustwide/workdir" "-m" "1610612736" "--user" "0:0" "--network" "none" "ghcr.io/rust-lang/crates-build-env/linux@sha256:2788e3201cd34a07e3172128adcd8b3090168a8e3bcc40d7c032b9dda1df7d1c" "/opt/rustwide/cargo-home/bin/cargo" "+1.75.0" "build" "--frozen" "--message-format=json", kill_on_drop: false }`
[INFO] [stdout] b5b71ee61bdb4f669570b2d948c5a45e972ff4f06b3eb9492e5ca772e638b9f8
[INFO] running `Command { std: "docker" "start" "-a" "b5b71ee61bdb4f669570b2d948c5a45e972ff4f06b3eb9492e5ca772e638b9f8", kill_on_drop: false }`
[INFO] [stderr]    Compiling num-traits v0.2.17
[INFO] [stderr]    Compiling num-integer v0.1.45
[INFO] [stderr]    Compiling proc-macro2 v1.0.70
[INFO] [stderr]    Compiling siphasher v0.3.11
[INFO] [stderr]    Compiling num-bigint v0.4.4
[INFO] [stderr]    Compiling rand_core v0.6.4
[INFO] [stderr]    Compiling num-iter v0.1.43
[INFO] [stderr]    Compiling num-rational v0.4.1
[INFO] [stderr]    Compiling phf_shared v0.11.2
[INFO] [stderr]    Compiling rand v0.8.5
[INFO] [stderr]    Compiling either v1.9.0
[INFO] [stderr]    Compiling enumerate-split v0.0.1
[INFO] [stderr]    Compiling aoc05 v0.1.0 (/opt/rustwide/workdir/aoc05)
[INFO] [stderr]    Compiling itertools v0.12.0
[INFO] [stderr]    Compiling aoc03 v0.1.0 (/opt/rustwide/workdir/aoc03)
[INFO] [stderr]    Compiling aoc01 v0.1.0 (/opt/rustwide/workdir/aoc01)
[INFO] [stderr]    Compiling aoc02 v0.1.0 (/opt/rustwide/workdir/aoc02)
[INFO] [stderr]    Compiling quote v1.0.33
[INFO] [stderr]    Compiling aoc06 v0.1.0 (/opt/rustwide/workdir/aoc06)
[INFO] [stderr]    Compiling phf_generator v0.11.2
[INFO] [stderr]    Compiling syn v2.0.39
[INFO] [stderr]    Compiling aoc09 v0.1.0 (/opt/rustwide/workdir/aoc09)
[INFO] [stderr]    Compiling aoc10 v0.1.0 (/opt/rustwide/workdir/aoc10)
[INFO] [stdout] error[E0554]: `#![feature]` may not be used on the stable release channel
[INFO] [stdout]  --> aoc09/src/main.rs:1:12
[INFO] [stdout]   |
[INFO] [stdout] 1 | #![feature(array_windows)]
[INFO] [stdout]   |            ^^^^^^^^^^^^^
[INFO] [stdout] 
[INFO] [stdout] 
[INFO] [stdout] error: aborting due to previous error
[INFO] [stdout] 
[INFO] [stdout] 
[INFO] [stderr] error: could not compile `aoc09` (bin "aoc09") due to 2 previous errors
[INFO] [stdout] For more information about this error, try `rustc --explain E0554`.
[INFO] [stdout] 
[INFO] [stderr] warning: build failed, waiting for other jobs to finish...
[INFO] running `Command { std: "docker" "inspect" "b5b71ee61bdb4f669570b2d948c5a45e972ff4f06b3eb9492e5ca772e638b9f8", kill_on_drop: false }`
[INFO] running `Command { std: "docker" "rm" "-f" "b5b71ee61bdb4f669570b2d948c5a45e972ff4f06b3eb9492e5ca772e638b9f8", kill_on_drop: false }`
[INFO] [stdout] b5b71ee61bdb4f669570b2d948c5a45e972ff4f06b3eb9492e5ca772e638b9f8
[INFO] testing DjofPlusPlus/AoC2023 against beta-2023-12-22 for beta-1.76-1
[INFO] running `Command { std: "git" "clone" "/workspace/cache/git-repos/https%3A%2F%2Fgithub.com%2FDjofPlusPlus%2FAoC2023" "/workspace/builds/worker-5-tc2/source", kill_on_drop: false }`
[INFO] [stderr] Cloning into '/workspace/builds/worker-5-tc2/source'...
[INFO] [stderr] done.
[INFO] validating manifest of git repo https://github.com/DjofPlusPlus/AoC2023 on toolchain beta-2023-12-22
[INFO] running `Command { std: CARGO_HOME="/workspace/cargo-home" RUSTUP_HOME="/workspace/rustup-home" "/workspace/cargo-home/bin/cargo" "+beta-2023-12-22" "metadata" "--manifest-path" "Cargo.toml" "--no-deps", kill_on_drop: false }`
[INFO] removed /workspace/builds/worker-5-tc2/source/rust-toolchain
[INFO] started tweaking git repo https://github.com/DjofPlusPlus/AoC2023
[INFO] finished tweaking git repo https://github.com/DjofPlusPlus/AoC2023
[INFO] tweaked toml for git repo https://github.com/DjofPlusPlus/AoC2023 written to /workspace/builds/worker-5-tc2/source/Cargo.toml
[INFO] crate git repo https://github.com/DjofPlusPlus/AoC2023 already has a lockfile, it will not be regenerated
[INFO] running `Command { std: CARGO_HOME="/workspace/cargo-home" RUSTUP_HOME="/workspace/rustup-home" "/workspace/cargo-home/bin/cargo" "+beta-2023-12-22" "fetch" "--manifest-path" "Cargo.toml", kill_on_drop: false }`
[INFO] running `Command { std: "docker" "create" "-v" "/var/lib/crater-agent-workspace/builds/worker-5-tc2/target:/opt/rustwide/target:rw,Z" "-v" "/var/lib/crater-agent-workspace/builds/worker-5-tc2/source:/opt/rustwide/workdir:ro,Z" "-v" "/var/lib/crater-agent-workspace/cargo-home:/opt/rustwide/cargo-home:ro,Z" "-v" "/var/lib/crater-agent-workspace/rustup-home:/opt/rustwide/rustup-home:ro,Z" "-e" "SOURCE_DIR=/opt/rustwide/workdir" "-e" "CARGO_TARGET_DIR=/opt/rustwide/target" "-e" "CARGO_HOME=/opt/rustwide/cargo-home" "-e" "RUSTUP_HOME=/opt/rustwide/rustup-home" "-w" "/opt/rustwide/workdir" "-m" "1610612736" "--user" "0:0" "--network" "none" "ghcr.io/rust-lang/crates-build-env/linux@sha256:2788e3201cd34a07e3172128adcd8b3090168a8e3bcc40d7c032b9dda1df7d1c" "/opt/rustwide/cargo-home/bin/cargo" "+beta-2023-12-22" "metadata" "--no-deps" "--format-version=1", kill_on_drop: false }`
[INFO] [stdout] c1eb7332e2bdcd04f7cdac28938cfebc5febe163e563d2a85b41976d797d54e4
[INFO] running `Command { std: "docker" "start" "-a" "c1eb7332e2bdcd04f7cdac28938cfebc5febe163e563d2a85b41976d797d54e4", kill_on_drop: false }`
[INFO] running `Command { std: "docker" "inspect" "c1eb7332e2bdcd04f7cdac28938cfebc5febe163e563d2a85b41976d797d54e4", kill_on_drop: false }`
[INFO] running `Command { std: "docker" "rm" "-f" "c1eb7332e2bdcd04f7cdac28938cfebc5febe163e563d2a85b41976d797d54e4", kill_on_drop: false }`
[INFO] [stdout] c1eb7332e2bdcd04f7cdac28938cfebc5febe163e563d2a85b41976d797d54e4
[INFO] running `Command { std: "docker" "create" "-v" "/var/lib/crater-agent-workspace/builds/worker-5-tc2/target:/opt/rustwide/target:rw,Z" "-v" "/var/lib/crater-agent-workspace/builds/worker-5-tc2/source:/opt/rustwide/workdir:ro,Z" "-v" "/var/lib/crater-agent-workspace/cargo-home:/opt/rustwide/cargo-home:ro,Z" "-v" "/var/lib/crater-agent-workspace/rustup-home:/opt/rustwide/rustup-home:ro,Z" "-e" "SOURCE_DIR=/opt/rustwide/workdir" "-e" "CARGO_TARGET_DIR=/opt/rustwide/target" "-e" "CARGO_INCREMENTAL=0" "-e" "RUST_BACKTRACE=full" "-e" "RUSTFLAGS=--cap-lints=warn" "-e" "RUSTDOCFLAGS=--cap-lints=warn" "-e" "CARGO_HOME=/opt/rustwide/cargo-home" "-e" "RUSTUP_HOME=/opt/rustwide/rustup-home" "-w" "/opt/rustwide/workdir" "-m" "1610612736" "--user" "0:0" "--network" "none" "ghcr.io/rust-lang/crates-build-env/linux@sha256:2788e3201cd34a07e3172128adcd8b3090168a8e3bcc40d7c032b9dda1df7d1c" "/opt/rustwide/cargo-home/bin/cargo" "+beta-2023-12-22" "build" "--frozen" "--message-format=json", kill_on_drop: false }`
[INFO] [stdout] a6eaab09515b1ded4011d3233b61ff7d1895adebf0726e7c33dee129e49c5a30
[INFO] running `Command { std: "docker" "start" "-a" "a6eaab09515b1ded4011d3233b61ff7d1895adebf0726e7c33dee129e49c5a30", kill_on_drop: false }`
[INFO] [stderr]    Compiling num-traits v0.2.17
[INFO] [stderr]    Compiling num-integer v0.1.45
[INFO] [stderr]    Compiling proc-macro2 v1.0.70
[INFO] [stderr]    Compiling siphasher v0.3.11
[INFO] [stderr]    Compiling num-bigint v0.4.4
[INFO] [stderr]    Compiling rand_core v0.6.4
[INFO] [stderr]    Compiling num-iter v0.1.43
[INFO] [stderr]    Compiling num-rational v0.4.1
[INFO] [stderr]    Compiling phf_shared v0.11.2
[INFO] [stderr]    Compiling rand v0.8.5
[INFO] [stderr]    Compiling either v1.9.0
[INFO] [stderr]    Compiling enumerate-split v0.0.1
[INFO] [stderr]    Compiling itertools v0.12.0
[INFO] [stderr]    Compiling aoc03 v0.1.0 (/opt/rustwide/workdir/aoc03)
[INFO] [stderr]    Compiling aoc04 v0.1.0 (/opt/rustwide/workdir/aoc04)
[INFO] [stderr]    Compiling aoc10 v0.1.0 (/opt/rustwide/workdir/aoc10)
[INFO] [stderr]    Compiling aoc05 v0.1.0 (/opt/rustwide/workdir/aoc05)
[INFO] [stdout] error[E0554]: `#![feature]` may not be used on the beta release channel
[INFO] [stdout]  --> aoc04/src/main.rs:1:1
[INFO] [stdout]   |
[INFO] [stdout] 1 | #![feature(slice_partition_dedup)]
[INFO] [stdout]   | ^^^^^^^^^^^^^^^^^^^^^^^^^^^^^^^^^^
[INFO] [stdout] 
[INFO] [stdout] 
[INFO] [stdout] error[E0554]: `#![feature]` may not be used on the beta release channel
[INFO] [stdout]  --> aoc04/src/main.rs:2:1
[INFO] [stdout]   |
[INFO] [stdout] 2 | #![feature(anonymous_lifetime_in_impl_trait)]
[INFO] [stdout]   | ^^^^^^^^^^^^^^^^^^^^^^^^^^^^^^^^^^^^^^^^^^^^^
[INFO] [stdout] 
[INFO] [stdout] 
[INFO] [stdout] error[E0554]: `#![feature]` may not be used on the beta release channel
[INFO] [stdout]  --> aoc04/src/main.rs:1:12
[INFO] [stdout]   |
[INFO] [stdout] 1 | #![feature(slice_partition_dedup)]
[INFO] [stdout]   |            ^^^^^^^^^^^^^^^^^^^^^
[INFO] [stdout] 
[INFO] [stdout] 
[INFO] [stdout] error: aborting due to 3 previous errors
[INFO] [stdout] 
[INFO] [stdout] 
[INFO] [stdout] For more information about this error, try `rustc --explain E0554`.
[INFO] [stdout] 
[INFO] [stderr] error: could not compile `aoc04` (bin "aoc04") due to 4 previous errors
[INFO] [stderr] warning: build failed, waiting for other jobs to finish...
[INFO] running `Command { std: "docker" "inspect" "a6eaab09515b1ded4011d3233b61ff7d1895adebf0726e7c33dee129e49c5a30", kill_on_drop: false }`
[INFO] running `Command { std: "docker" "rm" "-f" "a6eaab09515b1ded4011d3233b61ff7d1895adebf0726e7c33dee129e49c5a30", kill_on_drop: false }`
[INFO] [stdout] a6eaab09515b1ded4011d3233b61ff7d1895adebf0726e7c33dee129e49c5a30
