[INFO] cloning repository https://github.com/Diptorr/Todo
[INFO] running `Command { std: "git" "-c" "credential.helper=" "-c" "credential.helper=/workspace/cargo-home/bin/git-credential-null" "clone" "--bare" "https://github.com/Diptorr/Todo" "/workspace/cache/git-repos/https%3A%2F%2Fgithub.com%2FDiptorr%2FTodo", kill_on_drop: false }`
[INFO] [stderr] Cloning into bare repository '/workspace/cache/git-repos/https%3A%2F%2Fgithub.com%2FDiptorr%2FTodo'...
[INFO] running `Command { std: "git" "rev-parse" "HEAD", kill_on_drop: false }`
[INFO] [stdout] 93c96d7b124b12511dc6da9d4c99c1f45f089d56
[INFO] testing Diptorr/Todo against 1.75.0 for beta-1.76-1
[INFO] running `Command { std: "git" "clone" "/workspace/cache/git-repos/https%3A%2F%2Fgithub.com%2FDiptorr%2FTodo" "/workspace/builds/worker-0-tc1/source", kill_on_drop: false }`
[INFO] [stderr] Cloning into '/workspace/builds/worker-0-tc1/source'...
[INFO] [stderr] done.
[INFO] validating manifest of git repo https://github.com/Diptorr/Todo on toolchain 1.75.0
[INFO] running `Command { std: CARGO_HOME="/workspace/cargo-home" RUSTUP_HOME="/workspace/rustup-home" "/workspace/cargo-home/bin/cargo" "+1.75.0" "metadata" "--manifest-path" "Cargo.toml" "--no-deps", kill_on_drop: false }`
[INFO] started tweaking git repo https://github.com/Diptorr/Todo
[INFO] finished tweaking git repo https://github.com/Diptorr/Todo
[INFO] tweaked toml for git repo https://github.com/Diptorr/Todo written to /workspace/builds/worker-0-tc1/source/Cargo.toml
[INFO] crate git repo https://github.com/Diptorr/Todo already has a lockfile, it will not be regenerated
[INFO] running `Command { std: CARGO_HOME="/workspace/cargo-home" RUSTUP_HOME="/workspace/rustup-home" "/workspace/cargo-home/bin/cargo" "+1.75.0" "fetch" "--manifest-path" "Cargo.toml", kill_on_drop: false }`
[INFO] [stderr]     Updating crates.io index
[INFO] [stderr]  Downloading crates ...
[INFO] [stderr]   Downloaded bung v0.1.0
[INFO] [stderr]   Downloaded trice v0.3.1
[INFO] [stderr]   Downloaded storekey v0.4.1
[INFO] [stderr]   Downloaded surrealdb-derive v0.7.0
[INFO] [stderr]   Downloaded pbkdf2 v0.12.1
[INFO] [stderr]   Downloaded geographiclib-rs v0.2.3
[INFO] [stderr]   Downloaded lexicmp v0.1.0
[INFO] [stderr]   Downloaded argon2 v0.5.0
[INFO] [stderr]   Downloaded addr v0.15.6
[INFO] [stderr]   Downloaded geo v0.24.1
[INFO] [stderr]   Downloaded any_ascii v0.3.2
[INFO] [stderr]   Downloaded surrealdb v1.0.0-beta.9+20230402
[INFO] [stderr]   Downloaded dmp v0.1.3
[INFO] [stderr]   Downloaded geo-types v0.7.9
[INFO] [stderr]   Downloaded bcrypt v0.14.0
[INFO] [stderr]   Downloaded futures-concurrency v7.2.0
[INFO] [stderr]   Downloaded sqlb-macros v0.0.5
[INFO] [stderr]   Downloaded sqlb v0.2.0
[INFO] running `Command { std: "docker" "create" "-v" "/var/lib/crater-agent-workspace/builds/worker-0-tc1/target:/opt/rustwide/target:rw,Z" "-v" "/var/lib/crater-agent-workspace/builds/worker-0-tc1/source:/opt/rustwide/workdir:ro,Z" "-v" "/var/lib/crater-agent-workspace/cargo-home:/opt/rustwide/cargo-home:ro,Z" "-v" "/var/lib/crater-agent-workspace/rustup-home:/opt/rustwide/rustup-home:ro,Z" "-e" "SOURCE_DIR=/opt/rustwide/workdir" "-e" "CARGO_TARGET_DIR=/opt/rustwide/target" "-e" "CARGO_HOME=/opt/rustwide/cargo-home" "-e" "RUSTUP_HOME=/opt/rustwide/rustup-home" "-w" "/opt/rustwide/workdir" "-m" "1610612736" "--user" "0:0" "--network" "none" "ghcr.io/rust-lang/crates-build-env/linux@sha256:2788e3201cd34a07e3172128adcd8b3090168a8e3bcc40d7c032b9dda1df7d1c" "/opt/rustwide/cargo-home/bin/cargo" "+1.75.0" "metadata" "--no-deps" "--format-version=1", kill_on_drop: false }`
[INFO] [stdout] 080b44ed7d67615ba4d48e6a52fe97993372d12a868442c042786d3451d463e3
[INFO] running `Command { std: "docker" "start" "-a" "080b44ed7d67615ba4d48e6a52fe97993372d12a868442c042786d3451d463e3", kill_on_drop: false }`
[INFO] running `Command { std: "docker" "inspect" "080b44ed7d67615ba4d48e6a52fe97993372d12a868442c042786d3451d463e3", kill_on_drop: false }`
[INFO] running `Command { std: "docker" "rm" "-f" "080b44ed7d67615ba4d48e6a52fe97993372d12a868442c042786d3451d463e3", kill_on_drop: false }`
[INFO] [stdout] 080b44ed7d67615ba4d48e6a52fe97993372d12a868442c042786d3451d463e3
[INFO] running `Command { std: "docker" "create" "-v" "/var/lib/crater-agent-workspace/builds/worker-0-tc1/target:/opt/rustwide/target:rw,Z" "-v" "/var/lib/crater-agent-workspace/builds/worker-0-tc1/source:/opt/rustwide/workdir:ro,Z" "-v" "/var/lib/crater-agent-workspace/cargo-home:/opt/rustwide/cargo-home:ro,Z" "-v" "/var/lib/crater-agent-workspace/rustup-home:/opt/rustwide/rustup-home:ro,Z" "-e" "SOURCE_DIR=/opt/rustwide/workdir" "-e" "CARGO_TARGET_DIR=/opt/rustwide/target" "-e" "CARGO_INCREMENTAL=0" "-e" "RUST_BACKTRACE=full" "-e" "RUSTFLAGS=--cap-lints=warn" "-e" "RUSTDOCFLAGS=--cap-lints=warn" "-e" "CARGO_HOME=/opt/rustwide/cargo-home" "-e" "RUSTUP_HOME=/opt/rustwide/rustup-home" "-w" "/opt/rustwide/workdir" "-m" "1610612736" "--user" "0:0" "--network" "none" "ghcr.io/rust-lang/crates-build-env/linux@sha256:2788e3201cd34a07e3172128adcd8b3090168a8e3bcc40d7c032b9dda1df7d1c" "/opt/rustwide/cargo-home/bin/cargo" "+1.75.0" "build" "--frozen" "--message-format=json", kill_on_drop: false }`
[INFO] [stdout] bc1fd083aa17ea4ea58f03356e4ee469ee1a77e737e6659dab2987be2f0ab5a7
[INFO] running `Command { std: "docker" "start" "-a" "bc1fd083aa17ea4ea58f03356e4ee469ee1a77e737e6659dab2987be2f0ab5a7", kill_on_drop: false }`
[INFO] [stderr]    Compiling libc v0.2.144
[INFO] [stderr]    Compiling quote v1.0.27
[INFO] [stderr]    Compiling typenum v1.16.0
[INFO] [stderr]    Compiling futures-core v0.3.28
[INFO] [stderr]    Compiling lock_api v0.4.9
[INFO] [stderr]    Compiling smallvec v1.10.0
[INFO] [stderr]    Compiling generic-array v0.14.7
[INFO] [stderr]    Compiling serde v1.0.163
[INFO] [stderr]    Compiling libm v0.2.6
[INFO] [stderr]    Compiling num-traits v0.2.15
[INFO] [stderr]    Compiling ring v0.16.20
[INFO] [stderr]    Compiling untrusted v0.7.1
[INFO] [stderr]    Compiling byteorder v1.4.3
[INFO] [stderr]    Compiling ahash v0.7.6
[INFO] [stderr]    Compiling cpufeatures v0.2.7
[INFO] [stderr]    Compiling parking_lot_core v0.9.7
[INFO] [stderr]    Compiling futures-task v0.3.28
[INFO] [stderr]    Compiling futures-channel v0.3.28
[INFO] [stderr]    Compiling futures-io v0.3.28
[INFO] [stderr]    Compiling rustls v0.20.8
[INFO] [stderr]    Compiling futures-sink v0.3.28
[INFO] [stderr]    Compiling syn v1.0.109
[INFO] [stderr]    Compiling tokio v1.28.1
[INFO] [stderr]    Compiling futures-util v0.3.28
[INFO] [stderr]    Compiling thiserror v1.0.40
[INFO] [stderr]    Compiling idna v0.3.0
[INFO] [stderr]    Compiling semver v1.0.17
[INFO] [stderr]    Compiling paste v1.0.12
[INFO] [stderr]    Compiling syn v2.0.15
[INFO] [stderr]    Compiling minimal-lexical v0.2.1
[INFO] [stderr]    Compiling subtle v2.4.1
[INFO] [stderr]    Compiling serde_json v1.0.96
[INFO] [stderr]    Compiling event-listener v2.5.3
[INFO] [stderr]    Compiling rustversion v1.0.12
[INFO] [stderr]    Compiling memchr v2.5.0
[INFO] [stderr]    Compiling itertools v0.10.5
[INFO] [stderr]    Compiling rustc_version v0.4.0
[INFO] [stderr]    Compiling atomic v0.5.1
[INFO] [stderr]    Compiling getrandom v0.2.9
[INFO] [stderr]    Compiling mio v0.8.6
[INFO] [stderr]    Compiling num_cpus v1.15.0
[INFO] [stderr]    Compiling socket2 v0.4.9
[INFO] [stderr]    Compiling signal-hook-registry v1.4.1
[INFO] [stderr]    Compiling rand_core v0.6.4
[INFO] [stderr]    Compiling parking_lot v0.12.1
[INFO] [stderr]    Compiling rand_chacha v0.3.1
[INFO] [stderr]    Compiling parking_lot_core v0.8.6
[INFO] [stderr]    Compiling time-core v0.1.1
[INFO] [stderr]    Compiling rand v0.8.5
[INFO] [stderr]    Compiling unicode_categories v0.1.1
[INFO] [stderr]    Compiling crossbeam-queue v0.3.8
[INFO] [stderr]    Compiling parking_lot v0.11.2
[INFO] [stderr]    Compiling time-macros v0.2.9
[INFO] [stderr]    Compiling hashbrown v0.12.3
[INFO] [stderr]    Compiling crypto-common v0.1.6
[INFO] [stderr]    Compiling block-buffer v0.10.4
[INFO] [stderr]    Compiling inout v0.1.3
[INFO] [stderr]    Compiling digest v0.10.6
[INFO] [stderr]    Compiling heapless v0.7.16
[INFO] [stderr]    Compiling dirs-sys v0.3.7
[INFO] [stderr]    Compiling hmac v0.12.1
[INFO] [stderr]    Compiling sha1 v0.10.5
[INFO] [stderr]    Compiling sha2 v0.10.6
[INFO] [stderr]    Compiling url v2.3.1
[INFO] [stderr]    Compiling spin v0.9.8
[INFO] [stderr]    Compiling indexmap v1.9.3
[INFO] [stderr]    Compiling base64 v0.13.1
[INFO] [stderr]    Compiling crc-catalog v2.2.0
[INFO] [stderr]    Compiling crc v3.0.1
[INFO] [stderr]    Compiling dirs v4.0.0
[INFO] [stderr]    Compiling nom v7.1.3
[INFO] [stderr]    Compiling cipher v0.4.4
[INFO] [stderr]    Compiling futures-intrusive v0.4.2
[INFO] [stderr]    Compiling rustls-pemfile v1.0.2
[INFO] [stderr]    Compiling stringprep v0.1.2
[INFO] [stderr]    Compiling hash32 v0.2.1
[INFO] [stderr]    Compiling stable_deref_trait v1.2.0
[INFO] [stderr]    Compiling whoami v1.4.0
[INFO] [stderr]    Compiling dotenvy v0.15.7
[INFO] [stderr]    Compiling async-trait v0.1.68
[INFO] [stderr]    Compiling base64ct v1.6.0
[INFO] [stderr]    Compiling atoi v1.0.0
[INFO] [stderr]    Compiling hkdf v0.12.3
[INFO] [stderr]    Compiling password-hash v0.5.0
[INFO] [stderr]    Compiling time v0.3.21
[INFO] [stderr]    Compiling num-integer v0.1.45
[INFO] [stderr]    Compiling hashlink v0.8.1
[INFO] [stderr]    Compiling md-5 v0.10.5
[INFO] [stderr]    Compiling webpki v0.22.0
[INFO] [stderr]    Compiling sct v0.7.0
[INFO] [stderr]    Compiling num-bigint v0.4.3
[INFO] [stderr]    Compiling bitflags v1.3.2
[INFO] [stderr]    Compiling uuid v1.3.2
[INFO] [stderr]    Compiling unicode-segmentation v1.10.1
[INFO] [stderr]    Compiling webpki-roots v0.22.6
[INFO] [stderr]    Compiling sqlformat v0.2.1
[INFO] [stderr]    Compiling rstar v0.10.0
[INFO] [stderr]    Compiling axum-core v0.3.4
[INFO] [stderr]    Compiling heck v0.4.1
[INFO] [stderr]    Compiling approx v0.5.1
[INFO] [stderr]    Compiling concurrent-queue v2.2.0
[INFO] [stderr]    Compiling aho-corasick v1.0.1
[INFO] [stderr]    Compiling waker-fn v1.1.0
[INFO] [stderr]    Compiling fastrand v1.9.0
[INFO] [stderr]    Compiling parking v2.1.0
[INFO] [stderr]    Compiling utf-8 v0.7.6
[INFO] [stderr]    Compiling tokio-stream v0.1.14
[INFO] [stderr]    Compiling tower-layer v0.3.2
[INFO] [stderr]    Compiling regex-syntax v0.7.1
[INFO] [stderr]    Compiling futures-lite v1.13.0
[INFO] [stderr]    Compiling geographiclib-rs v0.2.3
[INFO] [stderr]    Compiling bitvec v1.0.1
[INFO] [stderr]    Compiling pbkdf2 v0.12.1
[INFO] [stderr]    Compiling salsa20 v0.10.2
[INFO] [stderr]    Compiling blowfish v0.9.1
[INFO] [stderr]    Compiling pin-project-internal v1.0.12
[INFO] [stderr]    Compiling axum v0.6.18
[INFO] [stderr]    Compiling blake2 v0.10.6
[INFO] [stderr]    Compiling rmp v0.8.11
[INFO] [stderr]    Compiling nanorand v0.7.0
[INFO] [stderr]    Compiling time v0.1.45
[INFO] [stderr]    Compiling async-lock v2.7.0
[INFO] [stderr]    Compiling thread_local v1.1.7
[INFO] [stderr]    Compiling urlencoding v2.1.2
[INFO] [stderr]    Compiling tokio-rustls v0.23.4
[INFO] [stderr]    Compiling mime v0.3.17
[INFO] [stderr]    Compiling robust v0.2.3
[INFO] [stderr]    Compiling any_ascii v0.3.2
[INFO] [stderr]    Compiling float_next_after v1.0.0
[INFO] [stderr]    Compiling serde_derive v1.0.163
[INFO] [stderr]    Compiling futures-macro v0.3.28
[INFO] [stderr]    Compiling tokio-macros v2.1.0
[INFO] [stderr]    Compiling thiserror-impl v1.0.40
[INFO] [stderr]    Compiling tracing-attributes v0.1.24
[INFO] [stderr]    Compiling sqlx-rt v0.6.3
[INFO] [stderr]    Compiling iana-time-zone v0.1.56
[INFO] [stderr]    Compiling regex v1.8.1
[INFO] [stderr]    Compiling zeroize v1.6.0
[INFO] [stderr]    Compiling psl-types v2.0.11
[INFO] [stderr]    Compiling async-task v4.4.0
[INFO] [stderr]    Compiling addr v0.15.6
[INFO] [stderr]    Compiling async-executor v1.5.1
[INFO] [stderr]    Compiling bcrypt v0.14.0
[INFO] [stderr]    Compiling lexicmp v0.1.0
[INFO] [stderr]    Compiling async-recursion v1.0.4
[INFO] [stderr]    Compiling pin-project v1.0.12
[INFO] [stderr]    Compiling futures-concurrency v7.2.0
[INFO] [stderr]    Compiling flume v0.10.14
[INFO] [stderr]    Compiling fuzzy-matcher v0.3.7
[INFO] [stderr]    Compiling argon2 v0.5.0
[INFO] [stderr]    Compiling scrypt v0.11.0
[INFO] [stderr]    Compiling sqlb-macros v0.0.5
[INFO] [stderr]    Compiling surrealdb-derive v0.7.0
[INFO] [stderr]    Compiling dmp v0.1.3
[INFO] [stderr]    Compiling async-channel v1.8.0
[INFO] [stderr]    Compiling nanoid v0.4.0
[INFO] [stderr]    Compiling sha-1 v0.10.1
[INFO] [stderr]    Compiling matchit v0.7.0
[INFO] [stderr]    Compiling trice v0.3.1
[INFO] [stderr]    Compiling sync_wrapper v0.1.2
[INFO] [stderr]    Compiling tungstenite v0.18.0
[INFO] [stderr]    Compiling tracing v0.1.37
[INFO] [stderr]    Compiling futures-executor v0.3.28
[INFO] [stderr]    Compiling futures v0.3.28
[INFO] [stderr]    Compiling hyper v0.14.26
[INFO] [stderr]    Compiling tower v0.4.13
[INFO] [stderr]    Compiling tokio-tungstenite v0.18.0
[INFO] [stderr]    Compiling geo-types v0.7.9
[INFO] [stderr]    Compiling serde_urlencoded v0.7.1
[INFO] [stderr]    Compiling ulid v1.0.0
[INFO] [stderr]    Compiling bigdecimal v0.3.1
[INFO] [stderr]    Compiling storekey v0.4.1
[INFO] [stderr]    Compiling bung v0.1.0
[INFO] [stderr]    Compiling chrono v0.4.24
[INFO] [stderr]    Compiling serde_path_to_error v0.1.11
[INFO] [stderr]    Compiling geo v0.24.1
[INFO] [stderr]    Compiling sqlx-core v0.6.3
[INFO] [stderr]    Compiling surrealdb v1.0.0-beta.9+20230402
[INFO] [stderr]    Compiling sqlx-macros v0.6.3
[INFO] [stderr]    Compiling sqlx v0.6.3
[INFO] [stderr]    Compiling sqlb v0.2.0
[INFO] [stderr]    Compiling lodo_lsit v0.1.0 (/opt/rustwide/workdir)
[INFO] [stdout] error: cannot find macro `peintln` in this scope
[INFO] [stdout]   --> src/model/db.rs:55:9
[INFO] [stdout]    |
[INFO] [stdout] 55 |         peintln!("ERROR reading {} (cause:{:?}", file, ex);
[INFO] [stdout]    |         ^^^^^^^ help: a macro with a similar name exists: `println`
[INFO] [stdout]   --> /rustc/82e1608dfa6e0b5569232559e3d385fea5a93112/library/std/src/macros.rs:138:1
[INFO] [stdout]    |
[INFO] [stdout]    = note: similarly named macro `println` defined here
[INFO] [stdout] 
[INFO] [stdout] 
[INFO] [stdout] error[E0531]: cannot find tuple struct or tuple variant `OK` in this scope
[INFO] [stdout]   --> src/model/db.rs:63:13
[INFO] [stdout]    |
[INFO] [stdout] 63 |             OK(_) => (),
[INFO] [stdout]    |             ^^ help: a tuple variant with a similar name exists (notice the capitalization): `Ok`
[INFO] [stdout]   --> /rustc/82e1608dfa6e0b5569232559e3d385fea5a93112/library/core/src/result.rs:506:5
[INFO] [stdout]    |
[INFO] [stdout]    = note: similarly named tuple variant `Ok` defined here
[INFO] [stdout] 
[INFO] [stdout] 
[INFO] [stdout] error[E0603]: enum import `Db` is private
[INFO] [stdout]    --> src/model/todo.rs:4:16
[INFO] [stdout]     |
[INFO] [stdout] 4   | use super::db::Db;
[INFO] [stdout]     |                ^^ private enum import
[INFO] [stdout]     |
[INFO] [stdout] note: the enum import `Db` is defined here...
[INFO] [stdout]    --> src/model/db.rs:3:5
[INFO] [stdout]     |
[INFO] [stdout] 3   | use surrealdb::error::Db;
[INFO] [stdout]     |     ^^^^^^^^^^^^^^^^^^^^
[INFO] [stdout] note: ...and refers to the enum `Db` which is defined here
[INFO] [stdout]    --> /opt/rustwide/cargo-home/registry/src/index.crates.io-6f17d22bba15001f/surrealdb-1.0.0-beta.9+20230402/src/lib.rs:156:10
[INFO] [stdout]     |
[INFO] [stdout] 156 |     pub use crate::err::Error as Db;
[INFO] [stdout]     |             ^^^^^^^^^^^^^^^^^ consider importing it directly
[INFO] [stdout]     |
[INFO] [stdout]    ::: /opt/rustwide/cargo-home/registry/src/index.crates.io-6f17d22bba15001f/surrealdb-1.0.0-beta.9+20230402/src/err/mod.rs:10:1
[INFO] [stdout]     |
[INFO] [stdout] 10  | #[non_exhaustive]
[INFO] [stdout]     | ----------------- cannot be constructed because it is `#[non_exhaustive]`
[INFO] [stdout] 
[INFO] [stdout] 
[INFO] [stdout] warning: unused import: `tokio::runtime::Runtime`
[INFO] [stdout]  --> src/main.rs:2:5
[INFO] [stdout]   |
[INFO] [stdout] 2 | use tokio::runtime::Runtime;
[INFO] [stdout]   |     ^^^^^^^^^^^^^^^^^^^^^^^
[INFO] [stdout]   |
[INFO] [stdout]   = note: `#[warn(unused_imports)]` on by default
[INFO] [stdout] 
[INFO] [stdout] 
[INFO] [stdout] warning: unused import: `std::result`
[INFO] [stdout]  --> src/model/todo.rs:1:5
[INFO] [stdout]   |
[INFO] [stdout] 1 | use std::result;
[INFO] [stdout]   |     ^^^^^^^^^^^
[INFO] [stdout] 
[INFO] [stdout] 
[INFO] [stdout] error[E0599]: no method named `ok` found for struct `std::fs::ReadDir` in the current scope
[INFO] [stdout]   --> src/model/db.rs:34:35
[INFO] [stdout]    |
[INFO] [stdout] 34 |     .into_iter().filter_map(|e| e.ok().amp(|e| e.path())).collect();
[INFO] [stdout]    |                                   ^^ method not found in `ReadDir`
[INFO] [stdout] 
[INFO] [stdout] 
[INFO] [stdout] error[E0308]: mismatched types
[INFO] [stdout]   --> src/model/db.rs:42:23
[INFO] [stdout]    |
[INFO] [stdout] 42 |                 pexec(&app_db, &path)
[INFO] [stdout]    |                 ----- ^^^^^^^ expected `&Db`, found `&Result<Db, Error>`
[INFO] [stdout]    |                 |
[INFO] [stdout]    |                 arguments to this function are incorrect
[INFO] [stdout]    |
[INFO] [stdout]    = note: expected reference `&surrealdb::error::Db`
[INFO] [stdout]               found reference `&Result<surrealdb::error::Db, sqlx::Error>`
[INFO] [stdout] note: function defined here
[INFO] [stdout]   --> src/model/db.rs:53:10
[INFO] [stdout]    |
[INFO] [stdout] 53 | async fn pexec(db: &Db, file: &str) -> Result<(), sqlx::Error> {
[INFO] [stdout]    |          ^^^^^ -------
[INFO] [stdout] 
[INFO] [stdout] 
[INFO] [stdout] error[E0308]: mismatched types
[INFO] [stdout]   --> src/model/db.rs:49:5
[INFO] [stdout]    |
[INFO] [stdout] 49 | /     new_db_pool(PG_HOST, PG_APP_DB, PG_APP_USR, PG_APP_PASSW, PG_APP_MAX_CON)
[INFO] [stdout] 50 | |     .await
[INFO] [stdout]    | |__________^ expected `Result<(), Error>`, found `Result<Db, Error>`
[INFO] [stdout]    |
[INFO] [stdout]    = note: expected enum `Result<(), surrealdb::Error>`
[INFO] [stdout]               found enum `Result<surrealdb::error::Db, sqlx::Error>`
[INFO] [stdout] 
[INFO] [stdout] 
[INFO] [stdout] error[E0277]: the trait bound `(): DatabaseError` is not satisfied
[INFO] [stdout]   --> src/model/db.rs:56:7
[INFO] [stdout]    |
[INFO] [stdout] 56 |     })?;
[INFO] [stdout]    |       ^ the trait `DatabaseError` is not implemented for `()`
[INFO] [stdout]    |
[INFO] [stdout]    = help: the trait `DatabaseError` is implemented for `PgDatabaseError`
[INFO] [stdout]    = note: required for `sqlx::Error` to implement `From<()>`
[INFO] [stdout]    = note: required for `Result<(), sqlx::Error>` to implement `FromResidual<Result<Infallible, ()>>`
[INFO] [stdout] 
[INFO] [stdout] 
[INFO] [stdout] error[E0277]: the trait bound `&surrealdb::error::Db: Executor<'_>` is not satisfied
[INFO] [stdout]    --> src/model/db.rs:61:41
[INFO] [stdout]     |
[INFO] [stdout] 61  |         match sqlx::query(&sql).execute(db)
[INFO] [stdout]     |                                 ------- ^^ the trait `Executor<'_>` is not implemented for `&surrealdb::error::Db`
[INFO] [stdout]     |                                 |
[INFO] [stdout]     |                                 required by a bound introduced by this call
[INFO] [stdout]     |
[INFO] [stdout]     = help: the following other types implement trait `Executor<'c>`:
[INFO] [stdout]               <&'c mut PgConnection as Executor<'c>>
[INFO] [stdout]               <&'c mut PgListener as Executor<'c>>
[INFO] [stdout]               <&'c mut PoolConnection<Postgres> as Executor<'c>>
[INFO] [stdout]               <&'t mut sqlx::Transaction<'c, Postgres> as Executor<'t>>
[INFO] [stdout]               <&Pool<DB> as Executor<'p>>
[INFO] [stdout] note: required by a bound in `sqlx::query::Query::<'q, DB, A>::execute`
[INFO] [stdout]    --> /opt/rustwide/cargo-home/registry/src/index.crates.io-6f17d22bba15001f/sqlx-core-0.6.3/src/query.rs:151:12
[INFO] [stdout]     |
[INFO] [stdout] 147 |     pub async fn execute<'e, 'c: 'e, E>(self, executor: E) -> Result<DB::QueryResult, Error>
[INFO] [stdout]     |                  ------- required by a bound in this associated function
[INFO] [stdout] ...
[INFO] [stdout] 151 |         E: Executor<'c, Database = DB>,
[INFO] [stdout]     |            ^^^^^^^^^^^^^^^^^^^^^^^^^^^ required by this bound in `Query::<'q, DB, A>::execute`
[INFO] [stdout] 
[INFO] [stdout] 
[INFO] [stdout] error[E0425]: cannot find function, tuple struct or tuple variant `PgPoolOptions` in this scope
[INFO] [stdout]   --> src/model/db.rs:73:5
[INFO] [stdout]    |
[INFO] [stdout] 73 |     PgPoolOptions(host, db, user, pwd, max_con).max_connection(max_con).connect_timeout(Duration::from_millis(600)).connect(&const_string)
[INFO] [stdout]    |     ^^^^^^^^^^^^^ not found in this scope
[INFO] [stdout] 
[INFO] [stdout] 
[INFO] [stdout] error[E0308]: mismatched types
[INFO] [stdout]   --> src/model/todo.rs:64:50
[INFO] [stdout]    |
[INFO] [stdout] 64 |     handle_fetch_one_result(result, Self::TABLE, Self::COLUMS)
[INFO] [stdout]    |     -----------------------                      ^^^^^^^^^^^^ expected `i64`, found `&[&str]`
[INFO] [stdout]    |     |
[INFO] [stdout]    |     arguments to this function are incorrect
[INFO] [stdout]    |
[INFO] [stdout] note: function defined here
[INFO] [stdout]   --> src/model/todo.rs:89:4
[INFO] [stdout]    |
[INFO] [stdout] 89 | fn handle_fetch_one_result(result: Result<Todo, sqlx::Error>, typ: &'static str, id: i64) -> Result<Todo, model::Error> {
[INFO] [stdout]    |    ^^^^^^^^^^^^^^^^^^^^^^^                                                       -------
[INFO] [stdout] 
[INFO] [stdout] 
[INFO] [stdout] error[E0433]: failed to resolve: `Self` is only available in impls, traits, and type definitions
[INFO] [stdout]   --> src/model/todo.rs:92:70
[INFO] [stdout]    |
[INFO] [stdout] 92 |             sqlx::Error::RowNotFound => model::Error::EntityNotFound(Self::TABLE, id.to_string()),
[INFO] [stdout]    |                                                                      ^^^^ `Self` is only available in impls, traits, and type definitions
[INFO] [stdout] 
[INFO] [stdout] 
[INFO] [stdout] error: aborting due to 11 previous errors; 2 warnings emitted
[INFO] [stdout] 
[INFO] [stdout] 
[INFO] [stdout] Some errors have detailed explanations: E0277, E0308, E0425, E0433, E0531, E0599, E0603.
[INFO] [stdout] 
[INFO] [stdout] For more information about an error, try `rustc --explain E0277`.
[INFO] [stdout] 
[INFO] [stderr] error: could not compile `lodo_lsit` (bin "lodo_lsit") due to 12 previous errors; 2 warnings emitted
[INFO] running `Command { std: "docker" "inspect" "bc1fd083aa17ea4ea58f03356e4ee469ee1a77e737e6659dab2987be2f0ab5a7", kill_on_drop: false }`
[INFO] running `Command { std: "docker" "rm" "-f" "bc1fd083aa17ea4ea58f03356e4ee469ee1a77e737e6659dab2987be2f0ab5a7", kill_on_drop: false }`
[INFO] [stdout] bc1fd083aa17ea4ea58f03356e4ee469ee1a77e737e6659dab2987be2f0ab5a7
