[INFO] cloning repository https://github.com/Dilijan-Computer-Club/dili_very_bot
[INFO] running `Command { std: "git" "-c" "credential.helper=" "-c" "credential.helper=/workspace/cargo-home/bin/git-credential-null" "clone" "--bare" "https://github.com/Dilijan-Computer-Club/dili_very_bot" "/workspace/cache/git-repos/https%3A%2F%2Fgithub.com%2FDilijan-Computer-Club%2Fdili_very_bot", kill_on_drop: false }`
[INFO] [stderr] Cloning into bare repository '/workspace/cache/git-repos/https%3A%2F%2Fgithub.com%2FDilijan-Computer-Club%2Fdili_very_bot'...
[INFO] running `Command { std: "git" "rev-parse" "HEAD", kill_on_drop: false }`
[INFO] [stdout] 81b125fe2e2f1f90d460a15ec71cb187781e9a9a
[INFO] testing Dilijan-Computer-Club/dili_very_bot against 1.75.0 for beta-1.76-1
[INFO] running `Command { std: "git" "clone" "/workspace/cache/git-repos/https%3A%2F%2Fgithub.com%2FDilijan-Computer-Club%2Fdili_very_bot" "/workspace/builds/worker-5-tc1/source", kill_on_drop: false }`
[INFO] [stderr] Cloning into '/workspace/builds/worker-5-tc1/source'...
[INFO] [stderr] done.
[INFO] validating manifest of git repo https://github.com/Dilijan-Computer-Club/dili_very_bot on toolchain 1.75.0
[INFO] running `Command { std: CARGO_HOME="/workspace/cargo-home" RUSTUP_HOME="/workspace/rustup-home" "/workspace/cargo-home/bin/cargo" "+1.75.0" "metadata" "--manifest-path" "Cargo.toml" "--no-deps", kill_on_drop: false }`
[INFO] started tweaking git repo https://github.com/Dilijan-Computer-Club/dili_very_bot
[INFO] finished tweaking git repo https://github.com/Dilijan-Computer-Club/dili_very_bot
[INFO] tweaked toml for git repo https://github.com/Dilijan-Computer-Club/dili_very_bot written to /workspace/builds/worker-5-tc1/source/Cargo.toml
[INFO] crate git repo https://github.com/Dilijan-Computer-Club/dili_very_bot already has a lockfile, it will not be regenerated
[INFO] running `Command { std: CARGO_HOME="/workspace/cargo-home" RUSTUP_HOME="/workspace/rustup-home" "/workspace/cargo-home/bin/cargo" "+1.75.0" "fetch" "--manifest-path" "Cargo.toml", kill_on_drop: false }`
[INFO] [stderr]     Updating git repository `https://github.com/unmanbearpig/redis_schema`
[INFO] [stderr]     Updating crates.io index
[INFO] [stderr]  Downloading crates ...
[INFO] [stderr]   Downloaded rosetta-i18n v0.1.2
[INFO] [stderr]   Downloaded enum-iterator v1.1.3
[INFO] [stderr]   Downloaded tinyjson v2.3.0
[INFO] [stderr]   Downloaded teloxide-macros v0.6.3
[INFO] [stderr]   Downloaded rosetta-build v0.1.2
[INFO] [stderr]   Downloaded enum-iterator-derive v1.0.2
[INFO] [stderr]   Downloaded redis v0.21.5
[INFO] [stderr]   Downloaded aquamarine v0.1.11
[INFO] [stderr]   Downloaded teloxide-core v0.7.0
[INFO] [stderr]   Downloaded teloxide v0.10.1
[INFO] running `Command { std: "docker" "create" "-v" "/var/lib/crater-agent-workspace/builds/worker-5-tc1/target:/opt/rustwide/target:rw,Z" "-v" "/var/lib/crater-agent-workspace/builds/worker-5-tc1/source:/opt/rustwide/workdir:ro,Z" "-v" "/var/lib/crater-agent-workspace/cargo-home:/opt/rustwide/cargo-home:ro,Z" "-v" "/var/lib/crater-agent-workspace/rustup-home:/opt/rustwide/rustup-home:ro,Z" "-e" "SOURCE_DIR=/opt/rustwide/workdir" "-e" "CARGO_TARGET_DIR=/opt/rustwide/target" "-e" "CARGO_HOME=/opt/rustwide/cargo-home" "-e" "RUSTUP_HOME=/opt/rustwide/rustup-home" "-w" "/opt/rustwide/workdir" "-m" "1610612736" "--user" "0:0" "--network" "none" "ghcr.io/rust-lang/crates-build-env/linux@sha256:2788e3201cd34a07e3172128adcd8b3090168a8e3bcc40d7c032b9dda1df7d1c" "/opt/rustwide/cargo-home/bin/cargo" "+1.75.0" "metadata" "--no-deps" "--format-version=1", kill_on_drop: false }`
[INFO] [stdout] e03a3101b5046b4eaee9ae115d73f5f70f45963c4f36933f4c14f59bd1c1b7b0
[INFO] running `Command { std: "docker" "start" "-a" "e03a3101b5046b4eaee9ae115d73f5f70f45963c4f36933f4c14f59bd1c1b7b0", kill_on_drop: false }`
[INFO] running `Command { std: "docker" "inspect" "e03a3101b5046b4eaee9ae115d73f5f70f45963c4f36933f4c14f59bd1c1b7b0", kill_on_drop: false }`
[INFO] running `Command { std: "docker" "rm" "-f" "e03a3101b5046b4eaee9ae115d73f5f70f45963c4f36933f4c14f59bd1c1b7b0", kill_on_drop: false }`
[INFO] [stdout] e03a3101b5046b4eaee9ae115d73f5f70f45963c4f36933f4c14f59bd1c1b7b0
[INFO] running `Command { std: "docker" "create" "-v" "/var/lib/crater-agent-workspace/builds/worker-5-tc1/target:/opt/rustwide/target:rw,Z" "-v" "/var/lib/crater-agent-workspace/builds/worker-5-tc1/source:/opt/rustwide/workdir:ro,Z" "-v" "/var/lib/crater-agent-workspace/cargo-home:/opt/rustwide/cargo-home:ro,Z" "-v" "/var/lib/crater-agent-workspace/rustup-home:/opt/rustwide/rustup-home:ro,Z" "-e" "SOURCE_DIR=/opt/rustwide/workdir" "-e" "CARGO_TARGET_DIR=/opt/rustwide/target" "-e" "CARGO_INCREMENTAL=0" "-e" "RUST_BACKTRACE=full" "-e" "RUSTFLAGS=--cap-lints=warn" "-e" "RUSTDOCFLAGS=--cap-lints=warn" "-e" "CARGO_HOME=/opt/rustwide/cargo-home" "-e" "RUSTUP_HOME=/opt/rustwide/rustup-home" "-w" "/opt/rustwide/workdir" "-m" "1610612736" "--user" "0:0" "--network" "none" "ghcr.io/rust-lang/crates-build-env/linux@sha256:2788e3201cd34a07e3172128adcd8b3090168a8e3bcc40d7c032b9dda1df7d1c" "/opt/rustwide/cargo-home/bin/cargo" "+1.75.0" "build" "--frozen" "--message-format=json", kill_on_drop: false }`
[INFO] [stdout] a898e7b2ca13633059c89cfdd785296bd324f56595d3415d5968c995ce815e6c
[INFO] running `Command { std: "docker" "start" "-a" "a898e7b2ca13633059c89cfdd785296bd324f56595d3415d5968c995ce815e6c", kill_on_drop: false }`
[INFO] [stderr]    Compiling proc-macro2 v1.0.42
[INFO] [stderr]    Compiling quote v1.0.20
[INFO] [stderr]    Compiling unicode-ident v1.0.2
[INFO] [stderr]    Compiling syn v1.0.98
[INFO] [stderr]    Compiling log v0.4.17
[INFO] [stderr]    Compiling pin-project-lite v0.2.9
[INFO] [stderr]    Compiling memchr v2.5.0
[INFO] [stderr]    Compiling futures-core v0.3.21
[INFO] [stderr]    Compiling once_cell v1.13.0
[INFO] [stderr]    Compiling bytes v1.2.1
[INFO] [stderr]    Compiling futures-sink v0.3.21
[INFO] [stderr]    Compiling futures-task v0.3.21
[INFO] [stderr]    Compiling tokio v1.20.1
[INFO] [stderr]    Compiling slab v0.4.7
[INFO] [stderr]    Compiling futures-channel v0.3.21
[INFO] [stderr]    Compiling num_cpus v1.13.1
[INFO] [stderr]    Compiling signal-hook-registry v1.4.0
[INFO] [stderr]    Compiling socket2 v0.4.4
[INFO] [stderr]    Compiling futures-util v0.3.21
[INFO] [stderr]    Compiling cc v1.0.73
[INFO] [stderr]    Compiling futures-io v0.3.21
[INFO] [stderr]    Compiling pkg-config v0.3.25
[INFO] [stderr]    Compiling serde_derive v1.0.140
[INFO] [stderr]    Compiling tracing-core v0.1.29
[INFO] [stderr]    Compiling serde v1.0.140
[INFO] [stderr]    Compiling mio v0.8.4
[INFO] [stderr]    Compiling itoa v1.0.2
[INFO] [stderr]    Compiling matches v0.1.9
[INFO] [stderr]    Compiling tinyvec_macros v0.1.0
[INFO] [stderr]    Compiling indexmap v1.9.1
[INFO] [stderr]    Compiling tinyvec v1.6.0
[INFO] [stderr]    Compiling unicase v2.6.0
[INFO] [stderr]    Compiling openssl v0.10.41
[INFO] [stderr]    Compiling foreign-types-shared v0.1.1
[INFO] [stderr]    Compiling foreign-types v0.3.2
[INFO] [stderr]    Compiling form_urlencoded v1.0.1
[INFO] [stderr]    Compiling http v0.2.8
[INFO] [stderr]    Compiling hashbrown v0.12.3
[INFO] [stderr]    Compiling httparse v1.7.1
[INFO] [stderr]    Compiling native-tls v0.2.10
[INFO] [stderr]    Compiling tracing v0.1.36
[INFO] [stderr]    Compiling unicode-bidi v0.3.8
[INFO] [stderr]    Compiling num-traits v0.2.15
[INFO] [stderr]    Compiling strsim v0.10.0
[INFO] [stderr]    Compiling try-lock v0.2.3
[INFO] [stderr]    Compiling openssl-probe v0.1.5
[INFO] [stderr]    Compiling ident_case v1.0.1
[INFO] [stderr]    Compiling want v0.3.0
[INFO] [stderr]    Compiling mime_guess v2.0.4
[INFO] [stderr]    Compiling proc-macro-error-attr v1.0.4
[INFO] [stderr]    Compiling erasable v1.2.1
[INFO] [stderr]    Compiling num-integer v0.1.45
[INFO] [stderr]    Compiling async-trait v0.1.56
[INFO] [stderr]    Compiling encoding_rs v0.8.31
[INFO] [stderr]    Compiling ryu v1.0.10
[INFO] [stderr]    Compiling tower-service v0.3.2
[INFO] [stderr]    Compiling serde_json v1.0.82
[INFO] [stderr]    Compiling httpdate v1.0.2
[INFO] [stderr]    Compiling openssl-sys v0.9.75
[INFO] [stderr]    Compiling unicode-normalization v0.1.21
[INFO] [stderr]    Compiling http-body v0.4.5
[INFO] [stderr]    Compiling proc-macro-error v1.0.4
[INFO] [stderr]    Compiling sha1_smol v1.0.0
[INFO] [stderr]    Compiling regex-syntax v0.6.27
[INFO] [stderr]    Compiling aho-corasick v0.7.18
[INFO] [stderr]    Compiling sha1 v0.6.1
[INFO] [stderr]    Compiling arc-swap v1.5.1
[INFO] [stderr]    Compiling either v1.7.0
[INFO] [stderr]    Compiling itoa v0.4.8
[INFO] [stderr]    Compiling dtoa v0.4.8
[INFO] [stderr]    Compiling ipnet v2.5.0
[INFO] [stderr]    Compiling tinyjson v2.3.0
[INFO] [stderr]    Compiling itertools v0.9.0
[INFO] [stderr]    Compiling rc-box v1.2.0
[INFO] [stderr]    Compiling uuid v1.1.2
[INFO] [stderr]    Compiling heck v0.4.0
[INFO] [stderr]    Compiling idna v0.2.3
[INFO] [stderr]    Compiling never v0.1.0
[INFO] [stderr]    Compiling takecell v0.1.1
[INFO] [stderr]    Compiling take_mut v0.2.2
[INFO] [stderr]    Compiling atty v0.2.14
[INFO] [stderr]    Compiling termcolor v1.1.3
[INFO] [stderr]    Compiling rosetta-i18n v0.1.2
[INFO] [stderr]    Compiling askama_escape v0.10.3
[INFO] [stderr]    Compiling env_logger v0.9.0
[INFO] [stderr]    Compiling regex v1.6.0
[INFO] [stderr]    Compiling rosetta-build v0.1.2
[INFO] [stderr]    Compiling darling_core v0.13.4
[INFO] [stderr]    Compiling dili_very_bot_rust v0.1.0 (/opt/rustwide/workdir)
[INFO] [stderr]    Compiling tokio-macros v1.8.0
[INFO] [stderr]    Compiling futures-macro v0.3.21
[INFO] [stderr]    Compiling openssl-macros v0.1.0
[INFO] [stderr]    Compiling thiserror-impl v1.0.31
[INFO] [stderr]    Compiling pin-project-internal v1.0.11
[INFO] [stderr]    Compiling derive_more v0.99.17
[INFO] [stderr]    Compiling teloxide-macros v0.6.3
[INFO] [stderr]    Compiling aquamarine v0.1.11
[INFO] [stderr]    Compiling enum-iterator-derive v1.0.2
[INFO] [stderr]    Compiling darling_macro v0.13.4
[INFO] [stderr]    Compiling enum-iterator v1.1.3
[INFO] [stderr]    Compiling thiserror v1.0.31
[INFO] [stderr]    Compiling pin-project v1.0.11
[INFO] [stderr]    Compiling darling v0.13.4
[INFO] [stderr]    Compiling serde_with_macros v1.5.2
[INFO] [stderr]    Compiling futures-executor v0.3.21
[INFO] [stderr]    Compiling futures v0.3.21
[INFO] [stderr]    Compiling dptree v0.3.0
[INFO] [stderr]    Compiling tokio-util v0.7.3
[INFO] [stderr]    Compiling tokio-native-tls v0.3.0
[INFO] [stderr]    Compiling tokio-util v0.6.10
[INFO] [stderr]    Compiling tokio-stream v0.1.9
[INFO] [stderr]    Compiling h2 v0.3.13
[INFO] [stderr]    Compiling combine v4.6.4
[INFO] [stderr]    Compiling url v2.2.2
[INFO] [stderr]    Compiling serde_urlencoded v0.7.1
[INFO] [stderr]    Compiling chrono v0.4.19
[INFO] [stderr]    Compiling hyper v0.14.20
[INFO] [stderr]    Compiling hyper-tls v0.5.0
[INFO] [stderr]    Compiling reqwest v0.11.11
[INFO] [stderr]    Compiling redis v0.21.5
[INFO] [stderr]    Compiling teloxide-core v0.7.0
[INFO] [stderr]    Compiling redis_schema v0.1.0 (https://github.com/unmanbearpig/redis_schema#528e2c18)
[INFO] [stderr]    Compiling teloxide v0.10.1
[INFO] [stdout] error[E0554]: `#![feature]` may not be used on the stable release channel
[INFO] [stdout]  --> src/main.rs:1:12
[INFO] [stdout]   |
[INFO] [stdout] 1 | #![feature(result_flattening)]
[INFO] [stdout]   |            ^^^^^^^^^^^^^^^^^
[INFO] [stdout] 
[INFO] [stdout] 
[INFO] [stdout] error[E0554]: `#![feature]` may not be used on the stable release channel
[INFO] [stdout]  --> src/main.rs:2:12
[INFO] [stdout]   |
[INFO] [stdout] 2 | #![feature(slice_as_chunks)]
[INFO] [stdout]   |            ^^^^^^^^^^^^^^^
[INFO] [stdout] 
[INFO] [stdout] 
[INFO] [stdout] error[E0554]: `#![feature]` may not be used on the stable release channel
[INFO] [stdout]  --> src/main.rs:3:12
[INFO] [stdout]   |
[INFO] [stdout] 3 | #![feature(exact_size_is_empty)]
[INFO] [stdout]   |            ^^^^^^^^^^^^^^^^^^^
[INFO] [stdout] 
[INFO] [stdout] 
[INFO] [stdout] warning: unused variable: `q`
[INFO] [stdout]   --> src/ui/lang.rs:33:5
[INFO] [stdout]    |
[INFO] [stdout] 33 |     q: &CallbackQuery,
[INFO] [stdout]    |     ^ help: if this is intentional, prefix it with an underscore: `_q`
[INFO] [stdout]    |
[INFO] [stdout]    = note: `#[warn(unused_variables)]` on by default
[INFO] [stdout] 
[INFO] [stdout] 
[INFO] [stdout] warning: unused variable: `uid`
[INFO] [stdout]    --> src/db/redis_db.rs:672:9
[INFO] [stdout]     |
[INFO] [stdout] 672 |         uid: UserId,
[INFO] [stdout]     |         ^^^ help: if this is intentional, prefix it with an underscore: `_uid`
[INFO] [stdout] 
[INFO] [stdout] 
[INFO] [stdout] error: aborting due to 3 previous errors; 2 warnings emitted
[INFO] [stdout] 
[INFO] [stdout] 
[INFO] [stdout] For more information about this error, try `rustc --explain E0554`.
[INFO] [stdout] 
[INFO] [stderr] error: could not compile `dili_very_bot_rust` (bin "dili_very_bot_rust") due to 4 previous errors; 2 warnings emitted
[INFO] running `Command { std: "docker" "inspect" "a898e7b2ca13633059c89cfdd785296bd324f56595d3415d5968c995ce815e6c", kill_on_drop: false }`
[INFO] running `Command { std: "docker" "rm" "-f" "a898e7b2ca13633059c89cfdd785296bd324f56595d3415d5968c995ce815e6c", kill_on_drop: false }`
[INFO] [stdout] a898e7b2ca13633059c89cfdd785296bd324f56595d3415d5968c995ce815e6c
[INFO] testing Dilijan-Computer-Club/dili_very_bot against beta-2023-12-22 for beta-1.76-1
[INFO] running `Command { std: "git" "clone" "/workspace/cache/git-repos/https%3A%2F%2Fgithub.com%2FDilijan-Computer-Club%2Fdili_very_bot" "/workspace/builds/worker-5-tc2/source", kill_on_drop: false }`
[INFO] [stderr] Cloning into '/workspace/builds/worker-5-tc2/source'...
[INFO] [stderr] done.
[INFO] validating manifest of git repo https://github.com/Dilijan-Computer-Club/dili_very_bot on toolchain beta-2023-12-22
[INFO] running `Command { std: CARGO_HOME="/workspace/cargo-home" RUSTUP_HOME="/workspace/rustup-home" "/workspace/cargo-home/bin/cargo" "+beta-2023-12-22" "metadata" "--manifest-path" "Cargo.toml" "--no-deps", kill_on_drop: false }`
[INFO] started tweaking git repo https://github.com/Dilijan-Computer-Club/dili_very_bot
[INFO] finished tweaking git repo https://github.com/Dilijan-Computer-Club/dili_very_bot
[INFO] tweaked toml for git repo https://github.com/Dilijan-Computer-Club/dili_very_bot written to /workspace/builds/worker-5-tc2/source/Cargo.toml
[INFO] crate git repo https://github.com/Dilijan-Computer-Club/dili_very_bot already has a lockfile, it will not be regenerated
[INFO] running `Command { std: CARGO_HOME="/workspace/cargo-home" RUSTUP_HOME="/workspace/rustup-home" "/workspace/cargo-home/bin/cargo" "+beta-2023-12-22" "fetch" "--manifest-path" "Cargo.toml", kill_on_drop: false }`
[INFO] running `Command { std: "docker" "create" "-v" "/var/lib/crater-agent-workspace/builds/worker-5-tc2/target:/opt/rustwide/target:rw,Z" "-v" "/var/lib/crater-agent-workspace/builds/worker-5-tc2/source:/opt/rustwide/workdir:ro,Z" "-v" "/var/lib/crater-agent-workspace/cargo-home:/opt/rustwide/cargo-home:ro,Z" "-v" "/var/lib/crater-agent-workspace/rustup-home:/opt/rustwide/rustup-home:ro,Z" "-e" "SOURCE_DIR=/opt/rustwide/workdir" "-e" "CARGO_TARGET_DIR=/opt/rustwide/target" "-e" "CARGO_HOME=/opt/rustwide/cargo-home" "-e" "RUSTUP_HOME=/opt/rustwide/rustup-home" "-w" "/opt/rustwide/workdir" "-m" "1610612736" "--user" "0:0" "--network" "none" "ghcr.io/rust-lang/crates-build-env/linux@sha256:2788e3201cd34a07e3172128adcd8b3090168a8e3bcc40d7c032b9dda1df7d1c" "/opt/rustwide/cargo-home/bin/cargo" "+beta-2023-12-22" "metadata" "--no-deps" "--format-version=1", kill_on_drop: false }`
[INFO] [stdout] 8fb2ed28e081ccffc6be3a5fa2288be21a402acbd55348b41057de56e9f9c1dd
[INFO] running `Command { std: "docker" "start" "-a" "8fb2ed28e081ccffc6be3a5fa2288be21a402acbd55348b41057de56e9f9c1dd", kill_on_drop: false }`
[INFO] running `Command { std: "docker" "inspect" "8fb2ed28e081ccffc6be3a5fa2288be21a402acbd55348b41057de56e9f9c1dd", kill_on_drop: false }`
[INFO] running `Command { std: "docker" "rm" "-f" "8fb2ed28e081ccffc6be3a5fa2288be21a402acbd55348b41057de56e9f9c1dd", kill_on_drop: false }`
[INFO] [stdout] 8fb2ed28e081ccffc6be3a5fa2288be21a402acbd55348b41057de56e9f9c1dd
[INFO] running `Command { std: "docker" "create" "-v" "/var/lib/crater-agent-workspace/builds/worker-5-tc2/target:/opt/rustwide/target:rw,Z" "-v" "/var/lib/crater-agent-workspace/builds/worker-5-tc2/source:/opt/rustwide/workdir:ro,Z" "-v" "/var/lib/crater-agent-workspace/cargo-home:/opt/rustwide/cargo-home:ro,Z" "-v" "/var/lib/crater-agent-workspace/rustup-home:/opt/rustwide/rustup-home:ro,Z" "-e" "SOURCE_DIR=/opt/rustwide/workdir" "-e" "CARGO_TARGET_DIR=/opt/rustwide/target" "-e" "CARGO_INCREMENTAL=0" "-e" "RUST_BACKTRACE=full" "-e" "RUSTFLAGS=--cap-lints=warn" "-e" "RUSTDOCFLAGS=--cap-lints=warn" "-e" "CARGO_HOME=/opt/rustwide/cargo-home" "-e" "RUSTUP_HOME=/opt/rustwide/rustup-home" "-w" "/opt/rustwide/workdir" "-m" "1610612736" "--user" "0:0" "--network" "none" "ghcr.io/rust-lang/crates-build-env/linux@sha256:2788e3201cd34a07e3172128adcd8b3090168a8e3bcc40d7c032b9dda1df7d1c" "/opt/rustwide/cargo-home/bin/cargo" "+beta-2023-12-22" "build" "--frozen" "--message-format=json", kill_on_drop: false }`
[INFO] [stdout] c035f5fe43ca6c934ca00939693173ac66175b2fc936308ac4e855bb0df9aa5e
[INFO] running `Command { std: "docker" "start" "-a" "c035f5fe43ca6c934ca00939693173ac66175b2fc936308ac4e855bb0df9aa5e", kill_on_drop: false }`
[INFO] [stderr]    Compiling proc-macro2 v1.0.42
[INFO] [stderr]    Compiling quote v1.0.20
[INFO] [stderr]    Compiling unicode-ident v1.0.2
[INFO] [stderr]    Compiling syn v1.0.98
[INFO] [stderr]    Compiling pin-project-lite v0.2.9
[INFO] [stderr]    Compiling log v0.4.17
[INFO] [stderr]    Compiling memchr v2.5.0
[INFO] [stderr]    Compiling futures-core v0.3.21
[INFO] [stderr]    Compiling once_cell v1.13.0
[INFO] [stderr]    Compiling futures-sink v0.3.21
[INFO] [stderr]    Compiling bytes v1.2.1
[INFO] [stderr]    Compiling futures-task v0.3.21
[INFO] [stderr]    Compiling tokio v1.20.1
[INFO] [stderr]    Compiling slab v0.4.7
[INFO] [stderr]    Compiling futures-channel v0.3.21
[INFO] [stderr]    Compiling socket2 v0.4.4
[INFO] [stderr]    Compiling signal-hook-registry v1.4.0
[INFO] [stderr]    Compiling num_cpus v1.13.1
[INFO] [stderr]    Compiling futures-util v0.3.21
[INFO] [stderr]    Compiling cc v1.0.73
[INFO] [stderr]    Compiling futures-io v0.3.21
[INFO] [stderr]    Compiling serde_derive v1.0.140
[INFO] [stderr]    Compiling pkg-config v0.3.25
[INFO] [stderr]    Compiling tracing-core v0.1.29
[INFO] [stderr]    Compiling serde v1.0.140
[INFO] [stderr]    Compiling itoa v1.0.2
[INFO] [stderr]    Compiling mio v0.8.4
[INFO] [stderr]    Compiling matches v0.1.9
[INFO] [stderr]    Compiling tinyvec_macros v0.1.0
[INFO] [stderr]    Compiling tinyvec v1.6.0
[INFO] [stderr]    Compiling unicase v2.6.0
[INFO] [stderr]    Compiling indexmap v1.9.1
[INFO] [stderr]    Compiling foreign-types-shared v0.1.1
[INFO] [stderr]    Compiling openssl v0.10.41
[INFO] [stderr]    Compiling http v0.2.8
[INFO] [stderr]    Compiling form_urlencoded v1.0.1
[INFO] [stderr]    Compiling httparse v1.7.1
[INFO] [stderr]    Compiling foreign-types v0.3.2
[INFO] [stderr]    Compiling unicode-bidi v0.3.8
[INFO] [stderr]    Compiling hashbrown v0.12.3
[INFO] [stderr]    Compiling tracing v0.1.36
[INFO] [stderr]    Compiling native-tls v0.2.10
[INFO] [stderr]    Compiling num-traits v0.2.15
[INFO] [stderr]    Compiling try-lock v0.2.3
[INFO] [stderr]    Compiling openssl-probe v0.1.5
[INFO] [stderr]    Compiling strsim v0.10.0
[INFO] [stderr]    Compiling ident_case v1.0.1
[INFO] [stderr]    Compiling want v0.3.0
[INFO] [stderr]    Compiling erasable v1.2.1
[INFO] [stderr]    Compiling num-integer v0.1.45
[INFO] [stderr]    Compiling mime_guess v2.0.4
[INFO] [stderr]    Compiling proc-macro-error-attr v1.0.4
[INFO] [stderr]    Compiling encoding_rs v0.8.31
[INFO] [stderr]    Compiling unicode-normalization v0.1.21
[INFO] [stderr]    Compiling async-trait v0.1.56
[INFO] [stderr]    Compiling ryu v1.0.10
[INFO] [stderr]    Compiling httpdate v1.0.2
[INFO] [stderr]    Compiling openssl-sys v0.9.75
[INFO] [stderr]    Compiling tower-service v0.3.2
[INFO] [stderr]    Compiling http-body v0.4.5
[INFO] [stderr]    Compiling serde_json v1.0.82
[INFO] [stderr]    Compiling proc-macro-error v1.0.4
[INFO] [stderr]    Compiling sha1_smol v1.0.0
[INFO] [stderr]    Compiling aho-corasick v0.7.18
[INFO] [stderr]    Compiling regex-syntax v0.6.27
[INFO] [stderr]    Compiling idna v0.2.3
[INFO] [stderr]    Compiling ipnet v2.5.0
[INFO] [stderr]    Compiling sha1 v0.6.1
[INFO] [stderr]    Compiling dtoa v0.4.8
[INFO] [stderr]    Compiling arc-swap v1.5.1
[INFO] [stderr]    Compiling tinyjson v2.3.0
[INFO] [stderr]    Compiling itoa v0.4.8
[INFO] [stderr]    Compiling either v1.7.0
[INFO] [stderr]    Compiling rc-box v1.2.0
[INFO] [stderr]    Compiling uuid v1.1.2
[INFO] [stderr]    Compiling take_mut v0.2.2
[INFO] [stderr]    Compiling itertools v0.9.0
[INFO] [stderr]    Compiling never v0.1.0
[INFO] [stderr]    Compiling takecell v0.1.1
[INFO] [stderr]    Compiling heck v0.4.0
[INFO] [stderr]    Compiling atty v0.2.14
[INFO] [stderr]    Compiling termcolor v1.1.3
[INFO] [stderr]    Compiling rosetta-i18n v0.1.2
[INFO] [stderr]    Compiling askama_escape v0.10.3
[INFO] [stderr]    Compiling env_logger v0.9.0
[INFO] [stderr]    Compiling regex v1.6.0
[INFO] [stderr]    Compiling rosetta-build v0.1.2
[INFO] [stderr]    Compiling darling_core v0.13.4
[INFO] [stderr]    Compiling dili_very_bot_rust v0.1.0 (/opt/rustwide/workdir)
[INFO] [stderr]    Compiling tokio-macros v1.8.0
[INFO] [stderr]    Compiling futures-macro v0.3.21
[INFO] [stderr]    Compiling openssl-macros v0.1.0
[INFO] [stderr]    Compiling thiserror-impl v1.0.31
[INFO] [stderr]    Compiling pin-project-internal v1.0.11
[INFO] [stderr]    Compiling derive_more v0.99.17
[INFO] [stderr]    Compiling enum-iterator-derive v1.0.2
[INFO] [stderr]    Compiling aquamarine v0.1.11
[INFO] [stderr]    Compiling teloxide-macros v0.6.3
[INFO] [stderr]    Compiling darling_macro v0.13.4
[INFO] [stderr]    Compiling enum-iterator v1.1.3
[INFO] [stderr]    Compiling pin-project v1.0.11
[INFO] [stderr]    Compiling thiserror v1.0.31
[INFO] [stderr]    Compiling darling v0.13.4
[INFO] [stderr]    Compiling serde_with_macros v1.5.2
[INFO] [stderr]    Compiling futures-executor v0.3.21
[INFO] [stderr]    Compiling futures v0.3.21
[INFO] [stderr]    Compiling dptree v0.3.0
[INFO] [stderr]    Compiling tokio-util v0.7.3
[INFO] [stderr]    Compiling tokio-native-tls v0.3.0
[INFO] [stderr]    Compiling tokio-util v0.6.10
[INFO] [stderr]    Compiling tokio-stream v0.1.9
[INFO] [stderr]    Compiling h2 v0.3.13
[INFO] [stderr]    Compiling combine v4.6.4
[INFO] [stderr]    Compiling url v2.2.2
[INFO] [stderr]    Compiling serde_urlencoded v0.7.1
[INFO] [stderr]    Compiling chrono v0.4.19
[INFO] [stderr]    Compiling hyper v0.14.20
[INFO] [stderr]    Compiling hyper-tls v0.5.0
[INFO] [stderr]    Compiling reqwest v0.11.11
[INFO] [stderr]    Compiling redis v0.21.5
[INFO] [stderr]    Compiling teloxide-core v0.7.0
[INFO] [stderr]    Compiling redis_schema v0.1.0 (https://github.com/unmanbearpig/redis_schema#528e2c18)
[INFO] [stderr]    Compiling teloxide v0.10.1
[INFO] [stdout] error[E0554]: `#![feature]` may not be used on the beta release channel
[INFO] [stdout]  --> src/main.rs:1:12
[INFO] [stdout]   |
[INFO] [stdout] 1 | #![feature(result_flattening)]
[INFO] [stdout]   |            ^^^^^^^^^^^^^^^^^
[INFO] [stdout] 
[INFO] [stdout] 
[INFO] [stdout] error[E0554]: `#![feature]` may not be used on the beta release channel
[INFO] [stdout]  --> src/main.rs:2:12
[INFO] [stdout]   |
[INFO] [stdout] 2 | #![feature(slice_as_chunks)]
[INFO] [stdout]   |            ^^^^^^^^^^^^^^^
[INFO] [stdout] 
[INFO] [stdout] 
[INFO] [stdout] error[E0554]: `#![feature]` may not be used on the beta release channel
[INFO] [stdout]  --> src/main.rs:3:12
[INFO] [stdout]   |
[INFO] [stdout] 3 | #![feature(exact_size_is_empty)]
[INFO] [stdout]   |            ^^^^^^^^^^^^^^^^^^^
[INFO] [stdout] 
[INFO] [stdout] 
[INFO] [stdout] warning: unused variable: `q`
[INFO] [stdout]   --> src/ui/lang.rs:33:5
[INFO] [stdout]    |
[INFO] [stdout] 33 |     q: &CallbackQuery,
[INFO] [stdout]    |     ^ help: if this is intentional, prefix it with an underscore: `_q`
[INFO] [stdout]    |
[INFO] [stdout]    = note: `#[warn(unused_variables)]` on by default
[INFO] [stdout] 
[INFO] [stdout] 
[INFO] [stdout] warning: unused variable: `uid`
[INFO] [stdout]    --> src/db/redis_db.rs:672:9
[INFO] [stdout]     |
[INFO] [stdout] 672 |         uid: UserId,
[INFO] [stdout]     |         ^^^ help: if this is intentional, prefix it with an underscore: `_uid`
[INFO] [stdout] 
[INFO] [stdout] 
[INFO] [stdout] error: aborting due to 3 previous errors; 2 warnings emitted
[INFO] [stdout] 
[INFO] [stdout] 
[INFO] [stdout] For more information about this error, try `rustc --explain E0554`.
[INFO] [stdout] 
[INFO] [stderr] error: could not compile `dili_very_bot_rust` (bin "dili_very_bot_rust") due to 4 previous errors; 2 warnings emitted
[INFO] running `Command { std: "docker" "inspect" "c035f5fe43ca6c934ca00939693173ac66175b2fc936308ac4e855bb0df9aa5e", kill_on_drop: false }`
[INFO] running `Command { std: "docker" "rm" "-f" "c035f5fe43ca6c934ca00939693173ac66175b2fc936308ac4e855bb0df9aa5e", kill_on_drop: false }`
[INFO] [stdout] c035f5fe43ca6c934ca00939693173ac66175b2fc936308ac4e855bb0df9aa5e
