[INFO] cloning repository https://github.com/Diegovsky/wlr-desktop
[INFO] running `Command { std: "git" "-c" "credential.helper=" "-c" "credential.helper=/workspace/cargo-home/bin/git-credential-null" "clone" "--bare" "https://github.com/Diegovsky/wlr-desktop" "/workspace/cache/git-repos/https%3A%2F%2Fgithub.com%2FDiegovsky%2Fwlr-desktop", kill_on_drop: false }`
[INFO] [stderr] Cloning into bare repository '/workspace/cache/git-repos/https%3A%2F%2Fgithub.com%2FDiegovsky%2Fwlr-desktop'...
[INFO] running `Command { std: "git" "rev-parse" "HEAD", kill_on_drop: false }`
[INFO] [stdout] dbb7816cf205c3cdb120005e022dddc49572f591
[INFO] testing Diegovsky/wlr-desktop against 1.75.0 for beta-1.76-1
[INFO] running `Command { std: "git" "clone" "/workspace/cache/git-repos/https%3A%2F%2Fgithub.com%2FDiegovsky%2Fwlr-desktop" "/workspace/builds/worker-7-tc1/source", kill_on_drop: false }`
[INFO] [stderr] Cloning into '/workspace/builds/worker-7-tc1/source'...
[INFO] [stderr] done.
[INFO] validating manifest of git repo https://github.com/Diegovsky/wlr-desktop on toolchain 1.75.0
[INFO] running `Command { std: CARGO_HOME="/workspace/cargo-home" RUSTUP_HOME="/workspace/rustup-home" "/workspace/cargo-home/bin/cargo" "+1.75.0" "metadata" "--manifest-path" "Cargo.toml" "--no-deps", kill_on_drop: false }`
[INFO] started tweaking git repo https://github.com/Diegovsky/wlr-desktop
[INFO] finished tweaking git repo https://github.com/Diegovsky/wlr-desktop
[INFO] tweaked toml for git repo https://github.com/Diegovsky/wlr-desktop written to /workspace/builds/worker-7-tc1/source/Cargo.toml
[INFO] crate git repo https://github.com/Diegovsky/wlr-desktop already has a lockfile, it will not be regenerated
[INFO] running `Command { std: CARGO_HOME="/workspace/cargo-home" RUSTUP_HOME="/workspace/rustup-home" "/workspace/cargo-home/bin/cargo" "+1.75.0" "fetch" "--manifest-path" "Cargo.toml", kill_on_drop: false }`
[INFO] [stderr]  Downloading crates ...
[INFO] [stderr]   Downloaded yazi v0.1.4
[INFO] [stderr]   Downloaded sys-locale v0.2.3
[INFO] [stderr]   Downloaded swash v0.1.6
[INFO] [stderr]   Downloaded rangemap v1.1.0
[INFO] [stderr]   Downloaded cosmic-text v0.5.2
[INFO] running `Command { std: "docker" "create" "-v" "/var/lib/crater-agent-workspace/builds/worker-7-tc1/target:/opt/rustwide/target:rw,Z" "-v" "/var/lib/crater-agent-workspace/builds/worker-7-tc1/source:/opt/rustwide/workdir:ro,Z" "-v" "/var/lib/crater-agent-workspace/cargo-home:/opt/rustwide/cargo-home:ro,Z" "-v" "/var/lib/crater-agent-workspace/rustup-home:/opt/rustwide/rustup-home:ro,Z" "-e" "SOURCE_DIR=/opt/rustwide/workdir" "-e" "CARGO_TARGET_DIR=/opt/rustwide/target" "-e" "CARGO_HOME=/opt/rustwide/cargo-home" "-e" "RUSTUP_HOME=/opt/rustwide/rustup-home" "-w" "/opt/rustwide/workdir" "-m" "1610612736" "--user" "0:0" "--network" "none" "ghcr.io/rust-lang/crates-build-env/linux@sha256:2788e3201cd34a07e3172128adcd8b3090168a8e3bcc40d7c032b9dda1df7d1c" "/opt/rustwide/cargo-home/bin/cargo" "+1.75.0" "metadata" "--no-deps" "--format-version=1", kill_on_drop: false }`
[INFO] [stdout] 3ae4cde9cca345ac66f94c109d4cdabe61dea09c5e6c0d99a088e188fda2a8c5
[INFO] running `Command { std: "docker" "start" "-a" "3ae4cde9cca345ac66f94c109d4cdabe61dea09c5e6c0d99a088e188fda2a8c5", kill_on_drop: false }`
[INFO] running `Command { std: "docker" "inspect" "3ae4cde9cca345ac66f94c109d4cdabe61dea09c5e6c0d99a088e188fda2a8c5", kill_on_drop: false }`
[INFO] running `Command { std: "docker" "rm" "-f" "3ae4cde9cca345ac66f94c109d4cdabe61dea09c5e6c0d99a088e188fda2a8c5", kill_on_drop: false }`
[INFO] [stdout] 3ae4cde9cca345ac66f94c109d4cdabe61dea09c5e6c0d99a088e188fda2a8c5
[INFO] running `Command { std: "docker" "create" "-v" "/var/lib/crater-agent-workspace/builds/worker-7-tc1/target:/opt/rustwide/target:rw,Z" "-v" "/var/lib/crater-agent-workspace/builds/worker-7-tc1/source:/opt/rustwide/workdir:ro,Z" "-v" "/var/lib/crater-agent-workspace/cargo-home:/opt/rustwide/cargo-home:ro,Z" "-v" "/var/lib/crater-agent-workspace/rustup-home:/opt/rustwide/rustup-home:ro,Z" "-e" "SOURCE_DIR=/opt/rustwide/workdir" "-e" "CARGO_TARGET_DIR=/opt/rustwide/target" "-e" "CARGO_INCREMENTAL=0" "-e" "RUST_BACKTRACE=full" "-e" "RUSTFLAGS=--cap-lints=warn" "-e" "RUSTDOCFLAGS=--cap-lints=warn" "-e" "CARGO_HOME=/opt/rustwide/cargo-home" "-e" "RUSTUP_HOME=/opt/rustwide/rustup-home" "-w" "/opt/rustwide/workdir" "-m" "1610612736" "--user" "0:0" "--network" "none" "ghcr.io/rust-lang/crates-build-env/linux@sha256:2788e3201cd34a07e3172128adcd8b3090168a8e3bcc40d7c032b9dda1df7d1c" "/opt/rustwide/cargo-home/bin/cargo" "+1.75.0" "build" "--frozen" "--message-format=json", kill_on_drop: false }`
[INFO] [stdout] 88dd3383188383c000cdd93da75f67912364e4fa69c0dcbb133b8e25a6518108
[INFO] running `Command { std: "docker" "start" "-a" "88dd3383188383c000cdd93da75f67912364e4fa69c0dcbb133b8e25a6518108", kill_on_drop: false }`
[INFO] [stderr]    Compiling proc-macro2 v1.0.47
[INFO] [stderr]    Compiling quote v1.0.21
[INFO] [stderr]    Compiling unicode-ident v1.0.5
[INFO] [stderr]    Compiling libc v0.2.138
[INFO] [stderr]    Compiling pkg-config v0.3.26
[INFO] [stderr]    Compiling syn v1.0.105
[INFO] [stderr]    Compiling xml-rs v0.8.4
[INFO] [stderr]    Compiling memchr v2.5.0
[INFO] [stderr]    Compiling ahash v0.7.6
[INFO] [stderr]    Compiling smallvec v1.10.0
[INFO] [stderr]    Compiling proc-macro-error-attr v1.0.4
[INFO] [stderr]    Compiling log v0.4.17
[INFO] [stderr]    Compiling libloading v0.7.4
[INFO] [stderr]    Compiling once_cell v1.16.0
[INFO] [stderr]    Compiling proc-macro-error v1.0.4
[INFO] [stderr]    Compiling dlib v0.5.0
[INFO] [stderr]    Compiling regex-syntax v0.6.28
[INFO] [stderr]    Compiling slotmap v1.0.6
[INFO] [stderr]    Compiling unicode-general-category v0.6.0
[INFO] [stderr]    Compiling minimal-lexical v0.2.1
[INFO] [stderr]    Compiling libm v0.2.6
[INFO] [stderr]    Compiling thiserror v1.0.37
[INFO] [stderr]    Compiling scoped-tls v1.0.1
[INFO] [stderr]    Compiling Inflector v0.11.4
[INFO] [stderr]    Compiling ttf-parser v0.17.1
[INFO] [stderr]    Compiling bytemuck v1.12.3
[INFO] [stderr]    Compiling aliasable v0.1.3
[INFO] [stderr]    Compiling wayland-sys v0.29.5
[INFO] [stderr]    Compiling smithay-client-toolkit v0.16.0
[INFO] [stderr]    Compiling unicode-script v0.5.5
[INFO] [stderr]    Compiling nom v7.1.1
[INFO] [stderr]    Compiling wayland-scanner v0.29.5
[INFO] [stderr]    Compiling getrandom v0.2.8
[INFO] [stderr]    Compiling aho-corasick v0.7.20
[INFO] [stderr]    Compiling unicode-bidi-mirroring v0.1.0
[INFO] [stderr]    Compiling yazi v0.1.4
[INFO] [stderr]    Compiling anyhow v1.0.66
[INFO] [stderr]    Compiling unicode-ccc v0.1.2
[INFO] [stderr]    Compiling zeno v0.2.2
[INFO] [stderr]    Compiling hashbrown v0.12.3
[INFO] [stderr]    Compiling rangemap v1.1.0
[INFO] [stderr]    Compiling nix v0.24.3
[INFO] [stderr]    Compiling memmap2 v0.5.8
[INFO] [stderr]    Compiling nix v0.25.1
[INFO] [stderr]    Compiling unicode-segmentation v1.10.0
[INFO] [stderr]    Compiling unicode-bidi v0.3.8
[INFO] [stderr]    Compiling sys-locale v0.2.3
[INFO] [stderr]    Compiling swash v0.1.6
[INFO] [stderr]    Compiling rgb v0.8.34
[INFO] [stderr]    Compiling regex v1.7.0
[INFO] [stderr]    Compiling wayland-client v0.29.5
[INFO] [stderr]    Compiling wayland-protocols v0.29.5
[INFO] [stderr]    Compiling fontdb v0.10.0
[INFO] [stderr]    Compiling rustybuzz v0.6.0
[INFO] [stderr]    Compiling xcursor v0.3.4
[INFO] [stderr]    Compiling wayland-commons v0.29.5
[INFO] [stderr]    Compiling unicode-linebreak v0.1.4
[INFO] [stderr]    Compiling thiserror-impl v1.0.37
[INFO] [stderr]    Compiling ouroboros_macro v0.15.5
[INFO] [stderr]    Compiling wayland-cursor v0.29.5
[INFO] [stderr]    Compiling calloop v0.10.4
[INFO] [stderr]    Compiling ouroboros v0.15.5
[INFO] [stderr]    Compiling cosmic-text v0.5.2
[INFO] [stderr]    Compiling wlr-desktop v0.1.0 (/opt/rustwide/workdir)
[INFO] [stdout] error[E0425]: cannot find value `id` in this scope
[INFO] [stdout]   --> src/window/xdg_shell/frame.rs:55:45
[INFO] [stdout]    |
[INFO] [stdout] 55 |             let corner = corner.dir.get_pos(id, c);
[INFO] [stdout]    |                                             ^^
[INFO] [stdout]    |
[INFO] [stdout] help: a local variable with a similar name exists
[INFO] [stdout]    |
[INFO] [stdout] 55 |             let corner = corner.dir.get_pos(i, c);
[INFO] [stdout]    |                                             ~
[INFO] [stdout] help: consider importing this function
[INFO] [stdout]    |
[INFO] [stdout] 1  + use std::process::id;
[INFO] [stdout]    |
[INFO] [stdout] 
[INFO] [stdout] 
[INFO] [stdout] error[E0425]: cannot find value `c` in this scope
[INFO] [stdout]   --> src/window/xdg_shell/frame.rs:55:49
[INFO] [stdout]    |
[INFO] [stdout] 55 |             let corner = corner.dir.get_pos(id, c);
[INFO] [stdout]    |                                                 ^ help: a local variable with a similar name exists: `i`
[INFO] [stdout] 
[INFO] [stdout] 
[INFO] [stdout] error[E0425]: cannot find value `corners_pos` in this scope
[INFO] [stdout]   --> src/window/xdg_shell/frame.rs:56:21
[INFO] [stdout]    |
[INFO] [stdout] 56 |             let x = corners_pos[i][0] * parent_size[0] - (self.padding / 2);
[INFO] [stdout]    |                     ^^^^^^^^^^^ not found in this scope
[INFO] [stdout] 
[INFO] [stdout] 
[INFO] [stdout] error[E0425]: cannot find value `corners_pos` in this scope
[INFO] [stdout]   --> src/window/xdg_shell/frame.rs:57:21
[INFO] [stdout]    |
[INFO] [stdout] 57 |             let y = corners_pos[i][1] * parent_size[1] - (self.padding / 2);
[INFO] [stdout]    |                     ^^^^^^^^^^^ not found in this scope
[INFO] [stdout] 
[INFO] [stdout] 
[INFO] [stdout] error[E0425]: cannot find value `id` in this scope
[INFO] [stdout]    --> src/window/xdg_shell/frame.rs:112:50
[INFO] [stdout]     |
[INFO] [stdout] 112 |            Dir::Cardinal(card) => (card.vector()[id] * c as f32) as i32
[INFO] [stdout]     |                                                  ^^ not found in this scope
[INFO] [stdout]     |
[INFO] [stdout] help: consider importing this function
[INFO] [stdout]     |
[INFO] [stdout] 1   + use std::process::id;
[INFO] [stdout]     |
[INFO] [stdout] 
[INFO] [stdout] 
[INFO] [stdout] error[E0425]: cannot find value `c` in this scope
[INFO] [stdout]    --> src/window/xdg_shell/frame.rs:112:56
[INFO] [stdout]     |
[INFO] [stdout] 112 |            Dir::Cardinal(card) => (card.vector()[id] * c as f32) as i32
[INFO] [stdout]     |                                                        ^ not found in this scope
[INFO] [stdout] 
[INFO] [stdout] 
[INFO] [stdout] error[E0554]: `#![feature]` may not be used on the stable release channel
[INFO] [stdout]  --> src/main.rs:1:1
[INFO] [stdout]   |
[INFO] [stdout] 1 | #![feature(trait_alias)]
[INFO] [stdout]   | ^^^^^^^^^^^^^^^^^^^^^^^^
[INFO] [stdout] 
[INFO] [stdout] 
[INFO] [stdout] warning: unused import: `wayland_client::protocol::wl_surface::WlSurface`
[INFO] [stdout]  --> src/window/xdg_shell/globals.rs:6:5
[INFO] [stdout]   |
[INFO] [stdout] 6 | use wayland_client::protocol::wl_surface::WlSurface;
[INFO] [stdout]   |     ^^^^^^^^^^^^^^^^^^^^^^^^^^^^^^^^^^^^^^^^^^^^^^^
[INFO] [stdout]   |
[INFO] [stdout]   = note: `#[warn(unused_imports)]` on by default
[INFO] [stdout] 
[INFO] [stdout] 
[INFO] [stdout] warning: unused import: `super::GlobalsHandle`
[INFO] [stdout]   --> src/window/xdg_shell/globals.rs:13:5
[INFO] [stdout]    |
[INFO] [stdout] 13 | use super::GlobalsHandle;
[INFO] [stdout]    |     ^^^^^^^^^^^^^^^^^^^^
[INFO] [stdout] 
[INFO] [stdout] 
[INFO] [stdout] warning: unused import: `globals`
[INFO] [stdout]  --> src/window/xdg_shell/cursor.rs:1:28
[INFO] [stdout]   |
[INFO] [stdout] 1 | use super::{GlobalsHandle, globals};
[INFO] [stdout]   |                            ^^^^^^^
[INFO] [stdout] 
[INFO] [stdout] 
[INFO] [stdout] warning: unused import: `window::XdgWindow`
[INFO] [stdout]  --> src/window/xdg_shell.rs:7:9
[INFO] [stdout]   |
[INFO] [stdout] 7 | pub use window::XdgWindow;
[INFO] [stdout]   |         ^^^^^^^^^^^^^^^^^
[INFO] [stdout] 
[INFO] [stdout] 
[INFO] [stdout] warning: unused import: `wl_pointer::WlPointer`
[INFO] [stdout]  --> src/globals.rs:6:105
[INFO] [stdout]   |
[INFO] [stdout] 6 |         wl_compositor::WlCompositor, wl_shm::WlShm, wl_seat::WlSeat, wl_subcompositor::WlSubcompositor, wl_pointer::WlPointer,
[INFO] [stdout]   |                                                                                                         ^^^^^^^^^^^^^^^^^^^^^
[INFO] [stdout] 
[INFO] [stdout] 
[INFO] [stdout] error[E0308]: mismatched types
[INFO] [stdout]   --> src/window/xdg_shell/frame.rs:40:70
[INFO] [stdout]    |
[INFO] [stdout] 40 |         let corners = names_dirs.map(|(name, dir)| make_border(name, dir));
[INFO] [stdout]    |                                                    -----------       ^^^ expected `Dir`, found `DiagOrientation`
[INFO] [stdout]    |                                                    |
[INFO] [stdout]    |                                                    arguments to this function are incorrect
[INFO] [stdout]    |
[INFO] [stdout] note: closure parameter defined here
[INFO] [stdout]   --> src/window/xdg_shell/frame.rs:22:41
[INFO] [stdout]    |
[INFO] [stdout] 22 |         let make_border = |cursor_name, dir| {
[INFO] [stdout]    |                                         ^^^
[INFO] [stdout] help: try wrapping the expression in `window::xdg_shell::frame::Dir::Diagonal`
[INFO] [stdout]    |
[INFO] [stdout] 40 |         let corners = names_dirs.map(|(name, dir)| make_border(name, window::xdg_shell::frame::Dir::Diagonal(dir)));
[INFO] [stdout]    |                                                                      ++++++++++++++++++++++++++++++++++++++++   +
[INFO] [stdout] 
[INFO] [stdout] 
[INFO] [stdout] error[E0599]: no method named `get_pos` found for enum `Dir` in the current scope
[INFO] [stdout]    --> src/window/xdg_shell/frame.rs:55:37
[INFO] [stdout]     |
[INFO] [stdout] 55  |             let corner = corner.dir.get_pos(id, c);
[INFO] [stdout]     |                                     ^^^^^^^ method not found in `Dir`
[INFO] [stdout] ...
[INFO] [stdout] 103 | enum Dir {
[INFO] [stdout]     | -------- method `get_pos` not found for this enum
[INFO] [stdout] 
[INFO] [stdout] 
[INFO] [stdout] error[E0599]: no method named `zip_map` found for array `[i32; 2]` in the current scope
[INFO] [stdout]    --> src/window/xdg_shell/frame.rs:111:49
[INFO] [stdout]     |
[INFO] [stdout] 111 |            Dir::Diagonal(diag) => diag.vector().zip_map(coords, |(displacement, c)| displacement*c),
[INFO] [stdout]     |                                                 ^^^^^^^ method not found in `[i32; 2]`
[INFO] [stdout]     |
[INFO] [stdout]     = help: items from traits can only be used if the trait is implemented and in scope
[INFO] [stdout] help: the following trait is implemented but not in scope; perhaps add a `use` for it:
[INFO] [stdout]     |
[INFO] [stdout] 1   + use crate::prelude::AdvancedOps;
[INFO] [stdout]     |
[INFO] [stdout] 
[INFO] [stdout] 
[INFO] [stdout] error: aborting due to 10 previous errors; 5 warnings emitted
[INFO] [stdout] 
[INFO] [stdout] 
[INFO] [stdout] Some errors have detailed explanations: E0308, E0425, E0554, E0599.
[INFO] [stdout] 
[INFO] [stdout] For more information about an error, try `rustc --explain E0308`.
[INFO] [stdout] 
[INFO] [stderr] error: could not compile `wlr-desktop` (bin "wlr-desktop") due to 11 previous errors; 5 warnings emitted
[INFO] running `Command { std: "docker" "inspect" "88dd3383188383c000cdd93da75f67912364e4fa69c0dcbb133b8e25a6518108", kill_on_drop: false }`
[INFO] running `Command { std: "docker" "rm" "-f" "88dd3383188383c000cdd93da75f67912364e4fa69c0dcbb133b8e25a6518108", kill_on_drop: false }`
[INFO] [stdout] 88dd3383188383c000cdd93da75f67912364e4fa69c0dcbb133b8e25a6518108
