[INFO] cloning repository https://github.com/DidgeridooMH/rnes
[INFO] running `Command { std: "git" "-c" "credential.helper=" "-c" "credential.helper=/workspace/cargo-home/bin/git-credential-null" "clone" "--bare" "https://github.com/DidgeridooMH/rnes" "/workspace/cache/git-repos/https%3A%2F%2Fgithub.com%2FDidgeridooMH%2Frnes", kill_on_drop: false }`
[INFO] [stderr] Cloning into bare repository '/workspace/cache/git-repos/https%3A%2F%2Fgithub.com%2FDidgeridooMH%2Frnes'...
[INFO] running `Command { std: "git" "rev-parse" "HEAD", kill_on_drop: false }`
[INFO] [stdout] cbb78294667c9ac0327aac7751d8e23b8cb11875
[INFO] testing DidgeridooMH/rnes against 1.75.0 for beta-1.76-1
[INFO] running `Command { std: "git" "clone" "/workspace/cache/git-repos/https%3A%2F%2Fgithub.com%2FDidgeridooMH%2Frnes" "/workspace/builds/worker-4-tc1/source", kill_on_drop: false }`
[INFO] [stderr] Cloning into '/workspace/builds/worker-4-tc1/source'...
[INFO] [stderr] done.
[INFO] validating manifest of git repo https://github.com/DidgeridooMH/rnes on toolchain 1.75.0
[INFO] running `Command { std: CARGO_HOME="/workspace/cargo-home" RUSTUP_HOME="/workspace/rustup-home" "/workspace/cargo-home/bin/cargo" "+1.75.0" "metadata" "--manifest-path" "Cargo.toml" "--no-deps", kill_on_drop: false }`
[INFO] started tweaking git repo https://github.com/DidgeridooMH/rnes
[INFO] finished tweaking git repo https://github.com/DidgeridooMH/rnes
[INFO] tweaked toml for git repo https://github.com/DidgeridooMH/rnes written to /workspace/builds/worker-4-tc1/source/Cargo.toml
[INFO] crate git repo https://github.com/DidgeridooMH/rnes already has a lockfile, it will not be regenerated
[INFO] running `Command { std: CARGO_HOME="/workspace/cargo-home" RUSTUP_HOME="/workspace/rustup-home" "/workspace/cargo-home/bin/cargo" "+1.75.0" "fetch" "--manifest-path" "Cargo.toml", kill_on_drop: false }`
[INFO] [stderr]  Downloading crates ...
[INFO] [stderr]   Downloaded wgpu v0.16.0
[INFO] [stderr]   Downloaded bitflags v2.3.1
[INFO] [stderr]   Downloaded wgpu-types v0.16.0
[INFO] [stderr]   Downloaded wgpu-core v0.16.0
[INFO] [stderr]   Downloaded wgpu-hal v0.16.0
[INFO] [stderr]   Downloaded naga v0.12.1
[INFO] [stderr]   Downloaded xml-rs v0.8.11
[INFO] running `Command { std: "docker" "create" "-v" "/var/lib/crater-agent-workspace/builds/worker-4-tc1/target:/opt/rustwide/target:rw,Z" "-v" "/var/lib/crater-agent-workspace/builds/worker-4-tc1/source:/opt/rustwide/workdir:ro,Z" "-v" "/var/lib/crater-agent-workspace/cargo-home:/opt/rustwide/cargo-home:ro,Z" "-v" "/var/lib/crater-agent-workspace/rustup-home:/opt/rustwide/rustup-home:ro,Z" "-e" "SOURCE_DIR=/opt/rustwide/workdir" "-e" "CARGO_TARGET_DIR=/opt/rustwide/target" "-e" "CARGO_HOME=/opt/rustwide/cargo-home" "-e" "RUSTUP_HOME=/opt/rustwide/rustup-home" "-w" "/opt/rustwide/workdir" "-m" "1610612736" "--user" "0:0" "--network" "none" "ghcr.io/rust-lang/crates-build-env/linux@sha256:2788e3201cd34a07e3172128adcd8b3090168a8e3bcc40d7c032b9dda1df7d1c" "/opt/rustwide/cargo-home/bin/cargo" "+1.75.0" "metadata" "--no-deps" "--format-version=1", kill_on_drop: false }`
[INFO] [stdout] e901b2c412d0f7711fd421895e39ff9f59dddecc38b83e3ff5a958250864f427
[INFO] running `Command { std: "docker" "start" "-a" "e901b2c412d0f7711fd421895e39ff9f59dddecc38b83e3ff5a958250864f427", kill_on_drop: false }`
[INFO] running `Command { std: "docker" "inspect" "e901b2c412d0f7711fd421895e39ff9f59dddecc38b83e3ff5a958250864f427", kill_on_drop: false }`
[INFO] running `Command { std: "docker" "rm" "-f" "e901b2c412d0f7711fd421895e39ff9f59dddecc38b83e3ff5a958250864f427", kill_on_drop: false }`
[INFO] [stdout] e901b2c412d0f7711fd421895e39ff9f59dddecc38b83e3ff5a958250864f427
[INFO] running `Command { std: "docker" "create" "-v" "/var/lib/crater-agent-workspace/builds/worker-4-tc1/target:/opt/rustwide/target:rw,Z" "-v" "/var/lib/crater-agent-workspace/builds/worker-4-tc1/source:/opt/rustwide/workdir:ro,Z" "-v" "/var/lib/crater-agent-workspace/cargo-home:/opt/rustwide/cargo-home:ro,Z" "-v" "/var/lib/crater-agent-workspace/rustup-home:/opt/rustwide/rustup-home:ro,Z" "-e" "SOURCE_DIR=/opt/rustwide/workdir" "-e" "CARGO_TARGET_DIR=/opt/rustwide/target" "-e" "CARGO_INCREMENTAL=0" "-e" "RUST_BACKTRACE=full" "-e" "RUSTFLAGS=--cap-lints=warn" "-e" "RUSTDOCFLAGS=--cap-lints=warn" "-e" "CARGO_HOME=/opt/rustwide/cargo-home" "-e" "RUSTUP_HOME=/opt/rustwide/rustup-home" "-w" "/opt/rustwide/workdir" "-m" "1610612736" "--user" "0:0" "--network" "none" "ghcr.io/rust-lang/crates-build-env/linux@sha256:2788e3201cd34a07e3172128adcd8b3090168a8e3bcc40d7c032b9dda1df7d1c" "/opt/rustwide/cargo-home/bin/cargo" "+1.75.0" "build" "--frozen" "--message-format=json", kill_on_drop: false }`
[INFO] [stdout] eee0109adbe698a09ba85108ffe220244ba9fc2c2e8f2e261b37388f1fce9b16
[INFO] running `Command { std: "docker" "start" "-a" "eee0109adbe698a09ba85108ffe220244ba9fc2c2e8f2e261b37388f1fce9b16", kill_on_drop: false }`
[INFO] [stderr]    Compiling libc v0.2.144
[INFO] [stderr]    Compiling proc-macro2 v1.0.58
[INFO] [stderr]    Compiling quote v1.0.27
[INFO] [stderr]    Compiling unicode-ident v1.0.8
[INFO] [stderr]    Compiling pkg-config v0.3.27
[INFO] [stderr]    Compiling libloading v0.7.4
[INFO] [stderr]    Compiling xml-rs v0.8.11
[INFO] [stderr]    Compiling memoffset v0.6.5
[INFO] [stderr]    Compiling smallvec v1.10.0
[INFO] [stderr]    Compiling thiserror v1.0.40
[INFO] [stderr]    Compiling ahash v0.7.6
[INFO] [stderr]    Compiling dlib v0.5.0
[INFO] [stderr]    Compiling memchr v2.5.0
[INFO] [stderr]    Compiling num-traits v0.2.15
[INFO] [stderr]    Compiling simd-adler32 v0.3.5
[INFO] [stderr]    Compiling wayland-sys v0.29.5
[INFO] [stderr]    Compiling io-lifetimes v1.0.10
[INFO] [stderr]    Compiling crc32fast v1.3.2
[INFO] [stderr]    Compiling syn v2.0.16
[INFO] [stderr]    Compiling wayland-scanner v0.29.5
[INFO] [stderr]    Compiling slotmap v1.0.6
[INFO] [stderr]    Compiling indexmap v1.9.3
[INFO] [stderr]    Compiling rustix v0.37.19
[INFO] [stderr]    Compiling arrayvec v0.7.2
[INFO] [stderr]    Compiling scoped-tls v1.0.1
[INFO] [stderr]    Compiling vec_map v0.8.2
[INFO] [stderr]    Compiling nom v7.1.3
[INFO] [stderr]    Compiling miniz_oxide v0.7.1
[INFO] [stderr]    Compiling version-compare v0.1.1
[INFO] [stderr]    Compiling getrandom v0.2.9
[INFO] [stderr]    Compiling nix v0.24.3
[INFO] [stderr]    Compiling ash v0.37.2+1.3.238
[INFO] [stderr]    Compiling hashbrown v0.12.3
[INFO] [stderr]    Compiling linux-raw-sys v0.3.8
[INFO] [stderr]    Compiling wayland-client v0.29.5
[INFO] [stderr]    Compiling wayland-protocols v0.29.5
[INFO] [stderr]    Compiling bit-vec v0.6.3
[INFO] [stderr]    Compiling khronos-egl v4.1.0
[INFO] [stderr]    Compiling termcolor v1.2.0
[INFO] [stderr]    Compiling bit-set v0.5.3
[INFO] [stderr]    Compiling codespan-reporting v0.11.1
[INFO] [stderr]    Compiling wayland-commons v0.29.5
[INFO] [stderr]    Compiling xcursor v0.3.4
[INFO] [stderr]    Compiling spirv v0.2.0+1.5.4
[INFO] [stderr]    Compiling flate2 v1.0.26
[INFO] [stderr]    Compiling sdl2-sys v0.35.2
[INFO] [stderr]    Compiling parking_lot_core v0.9.7
[INFO] [stderr]    Compiling nix v0.25.1
[INFO] [stderr]    Compiling fdeflate v0.3.0
[INFO] [stderr]    Compiling libudev-sys v0.1.4
[INFO] [stderr]    Compiling smithay-client-toolkit v0.16.0
[INFO] [stderr]    Compiling gpu-alloc-types v0.2.0
[INFO] [stderr]    Compiling gpu-descriptor-types v0.1.1
[INFO] [stderr]    Compiling arrayref v0.3.7
[INFO] [stderr]    Compiling rustc-hash v1.1.0
[INFO] [stderr]    Compiling ttf-parser v0.19.0
[INFO] [stderr]    Compiling unicode-xid v0.2.4
[INFO] [stderr]    Compiling raw-window-handle v0.5.2
[INFO] [stderr]    Compiling bitflags v2.3.1
[INFO] [stderr]    Compiling strict-num v0.1.0
[INFO] [stderr]    Compiling hexf-parse v0.2.1
[INFO] [stderr]    Compiling wgpu-types v0.16.0
[INFO] [stderr]    Compiling gpu-descriptor v0.2.3
[INFO] [stderr]    Compiling anstyle-parse v0.2.0
[INFO] [stderr]    Compiling gpu-alloc v0.5.4
[INFO] [stderr]    Compiling png v0.17.8
[INFO] [stderr]    Compiling thiserror-impl v1.0.40
[INFO] [stderr]    Compiling bytemuck_derive v1.4.1
[INFO] [stderr]    Compiling wayland-cursor v0.29.5
[INFO] [stderr]    Compiling parking_lot v0.12.1
[INFO] [stderr]    Compiling is-terminal v0.4.7
[INFO] [stderr]    Compiling owned_ttf_parser v0.19.0
[INFO] [stderr]    Compiling bytemuck v1.13.1
[INFO] [stderr]    Compiling tiny-skia-path v0.8.4
[INFO] [stderr]    Compiling memmap2 v0.5.10
[INFO] [stderr]    Compiling x11-dl v2.21.0
[INFO] [stderr]    Compiling libloading v0.8.0
[INFO] [stderr]    Compiling naga v0.12.1
[INFO] [stderr]    Compiling calloop v0.10.5
[INFO] [stderr]    Compiling anstyle-query v1.0.0
[INFO] [stderr]    Compiling colorchoice v1.0.0
[INFO] [stderr]    Compiling profiling v1.0.8
[INFO] [stderr]    Compiling renderdoc-sys v1.0.0
[INFO] [stderr]    Compiling anstyle v1.0.0
[INFO] [stderr]    Compiling ab_glyph_rasterizer v0.1.8
[INFO] [stderr]    Compiling glow v0.12.1
[INFO] [stderr]    Compiling anstream v0.3.2
[INFO] [stderr]    Compiling ab_glyph v0.2.21
[INFO] [stderr]    Compiling winit v0.28.6
[INFO] [stderr]    Compiling tiny-skia v0.8.4
[INFO] [stderr]    Compiling nix v0.26.2
[INFO] [stderr]    Compiling tokio v1.28.1
[INFO] [stderr]    Compiling strsim v0.10.0
[INFO] [stderr]    Compiling heck v0.4.1
[INFO] [stderr]    Compiling clap_lex v0.5.0
[INFO] [stderr]    Compiling gilrs v0.10.2
[INFO] [stderr]    Compiling sdl2 v0.35.2
[INFO] [stderr]    Compiling uuid v1.3.3
[INFO] [stderr]    Compiling clap_builder v4.3.0
[INFO] [stderr]    Compiling clap_derive v4.3.0
[INFO] [stderr]    Compiling gilrs-core v0.5.5
[INFO] [stderr]    Compiling tokio-macros v2.1.0
[INFO] [stderr]    Compiling mio v0.8.6
[INFO] [stderr]    Compiling num_cpus v1.15.0
[INFO] [stderr]    Compiling instant v0.1.12
[INFO] [stderr]    Compiling clap v4.3.0
[INFO] [stderr]    Compiling bitfield v0.13.2
[INFO] [stderr]    Compiling wgpu-hal v0.16.0
[INFO] [stderr]    Compiling wgpu-core v0.16.0
[INFO] [stderr]    Compiling wgpu v0.16.0
[INFO] [stderr]    Compiling sctk-adwaita v0.5.4
[INFO] [stderr]    Compiling rnes v0.1.0 (/opt/rustwide/workdir)
[INFO] [stdout] warning: variable does not need to be mutable
[INFO] [stdout]    --> src/core/apu/mod.rs:178:21
[INFO] [stdout]     |
[INFO] [stdout] 178 |                 let mut pulse = if address == 0x4000 {
[INFO] [stdout]     |                     ----^^^^^
[INFO] [stdout]     |                     |
[INFO] [stdout]     |                     help: remove this `mut`
[INFO] [stdout]     |
[INFO] [stdout]     = note: `#[warn(unused_mut)]` on by default
[INFO] [stdout] 
[INFO] [stdout] 
[INFO] [stdout] warning: variable does not need to be mutable
[INFO] [stdout]    --> src/core/apu/mod.rs:202:21
[INFO] [stdout]     |
[INFO] [stdout] 202 |                 let mut pulse = if address == 0x4002 {
[INFO] [stdout]     |                     ----^^^^^
[INFO] [stdout]     |                     |
[INFO] [stdout]     |                     help: remove this `mut`
[INFO] [stdout] 
[INFO] [stdout] 
[INFO] [stdout] warning: variable does not need to be mutable
[INFO] [stdout]    --> src/core/apu/mod.rs:213:21
[INFO] [stdout]     |
[INFO] [stdout] 213 |                 let mut pulse = if address == 0x4003 {
[INFO] [stdout]     |                     ----^^^^^
[INFO] [stdout]     |                     |
[INFO] [stdout]     |                     help: remove this `mut`
[INFO] [stdout] 
[INFO] [stdout] 
[INFO] [stdout] warning: 3 warnings emitted
[INFO] [stdout] 
[INFO] [stdout] 
[INFO] [stderr]     Finished dev [unoptimized + debuginfo] target(s) in 46.69s
[INFO] running `Command { std: "docker" "inspect" "eee0109adbe698a09ba85108ffe220244ba9fc2c2e8f2e261b37388f1fce9b16", kill_on_drop: false }`
[INFO] running `Command { std: "docker" "rm" "-f" "eee0109adbe698a09ba85108ffe220244ba9fc2c2e8f2e261b37388f1fce9b16", kill_on_drop: false }`
[INFO] [stdout] eee0109adbe698a09ba85108ffe220244ba9fc2c2e8f2e261b37388f1fce9b16
[INFO] running `Command { std: "docker" "create" "-v" "/var/lib/crater-agent-workspace/builds/worker-4-tc1/target:/opt/rustwide/target:rw,Z" "-v" "/var/lib/crater-agent-workspace/builds/worker-4-tc1/source:/opt/rustwide/workdir:ro,Z" "-v" "/var/lib/crater-agent-workspace/cargo-home:/opt/rustwide/cargo-home:ro,Z" "-v" "/var/lib/crater-agent-workspace/rustup-home:/opt/rustwide/rustup-home:ro,Z" "-e" "SOURCE_DIR=/opt/rustwide/workdir" "-e" "CARGO_TARGET_DIR=/opt/rustwide/target" "-e" "CARGO_INCREMENTAL=0" "-e" "RUST_BACKTRACE=full" "-e" "RUSTFLAGS=--cap-lints=warn" "-e" "RUSTDOCFLAGS=--cap-lints=warn" "-e" "CARGO_HOME=/opt/rustwide/cargo-home" "-e" "RUSTUP_HOME=/opt/rustwide/rustup-home" "-w" "/opt/rustwide/workdir" "-m" "1610612736" "--user" "0:0" "--network" "none" "ghcr.io/rust-lang/crates-build-env/linux@sha256:2788e3201cd34a07e3172128adcd8b3090168a8e3bcc40d7c032b9dda1df7d1c" "/opt/rustwide/cargo-home/bin/cargo" "+1.75.0" "test" "--frozen" "--no-run" "--message-format=json", kill_on_drop: false }`
[INFO] [stdout] 18a8d99758544d7bbfb9c4ad5fae77b30086e410835802de70a1819f7e07b222
[INFO] running `Command { std: "docker" "start" "-a" "18a8d99758544d7bbfb9c4ad5fae77b30086e410835802de70a1819f7e07b222", kill_on_drop: false }`
[INFO] [stdout] warning: variable does not need to be mutable
[INFO] [stdout]    --> src/core/apu/mod.rs:178:21
[INFO] [stdout]     |
[INFO] [stdout] 178 |                 let mut pulse = if address == 0x4000 {
[INFO] [stdout]     |                     ----^^^^^
[INFO] [stdout]     |                     |
[INFO] [stdout]     |                     help: remove this `mut`
[INFO] [stdout]     |
[INFO] [stdout]     = note: `#[warn(unused_mut)]` on by default
[INFO] [stdout] 
[INFO] [stdout] 
[INFO] [stdout] warning: variable does not need to be mutable
[INFO] [stdout]    --> src/core/apu/mod.rs:202:21
[INFO] [stdout]     |
[INFO] [stdout] 202 |                 let mut pulse = if address == 0x4002 {
[INFO] [stdout]     |                     ----^^^^^
[INFO] [stdout]     |                     |
[INFO] [stdout]     |                     help: remove this `mut`
[INFO] [stdout] 
[INFO] [stdout] 
[INFO] [stderr]    Compiling rnes v0.1.0 (/opt/rustwide/workdir)
[INFO] [stdout] warning: variable does not need to be mutable
[INFO] [stdout]    --> src/core/apu/mod.rs:213:21
[INFO] [stdout]     |
[INFO] [stdout] 213 |                 let mut pulse = if address == 0x4003 {
[INFO] [stdout]     |                     ----^^^^^
[INFO] [stdout]     |                     |
[INFO] [stdout]     |                     help: remove this `mut`
[INFO] [stdout] 
[INFO] [stdout] 
[INFO] [stdout] warning: 3 warnings emitted
[INFO] [stdout] 
[INFO] [stdout] 
[INFO] [stdout] error[E0603]: module `cpu` is private
[INFO] [stdout]  --> tests/integation_test.rs:1:18
[INFO] [stdout]   |
[INFO] [stdout] 1 | use rnes::core::{cpu::CPU, Addressable, Bus};
[INFO] [stdout]   |                  ^^^ private module
[INFO] [stdout]   |
[INFO] [stdout] note: the module `cpu` is defined here
[INFO] [stdout]  --> /opt/rustwide/workdir/src/core/mod.rs:4:1
[INFO] [stdout]   |
[INFO] [stdout] 4 | mod cpu;
[INFO] [stdout]   | ^^^^^^^
[INFO] [stdout] 
[INFO] [stdout] 
[INFO] [stdout] error: aborting due to previous error
[INFO] [stdout] 
[INFO] [stdout] 
[INFO] [stdout] For more information about this error, try `rustc --explain E0603`.
[INFO] [stdout] 
[INFO] [stderr] error: could not compile `rnes` (test "integation_test") due to 2 previous errors
[INFO] [stderr] warning: build failed, waiting for other jobs to finish...
[INFO] [stdout] error[E0053]: method `read_byte` has an incompatible type for trait
[INFO] [stdout]   --> src/core/bus/tests.rs:8:18
[INFO] [stdout]    |
[INFO] [stdout] 8  |     fn read_byte(&self, _address: u16) -> u8 {
[INFO] [stdout]    |                  ^^^^^
[INFO] [stdout]    |                  |
[INFO] [stdout]    |                  types differ in mutability
[INFO] [stdout]    |                  help: change the self-receiver type to match the trait: `&mut self`
[INFO] [stdout]    |
[INFO] [stdout] note: type in trait
[INFO] [stdout]   --> src/core/bus.rs:11:18
[INFO] [stdout]    |
[INFO] [stdout] 11 |     fn read_byte(&mut self, address: u16) -> u8;
[INFO] [stdout]    |                  ^^^^^^^^^
[INFO] [stdout]    = note: expected signature `fn(&mut AddressableMock, _) -> _`
[INFO] [stdout]               found signature `fn(&AddressableMock, _) -> _`
[INFO] [stdout] 
[INFO] [stdout] 
[INFO] [stdout] error[E0053]: method `read_byte` has an incompatible type for trait
[INFO] [stdout]   --> src/core/bus/tests.rs:22:18
[INFO] [stdout]    |
[INFO] [stdout] 22 |     fn read_byte(&self, address: u16) -> u8 {
[INFO] [stdout]    |                  ^^^^^
[INFO] [stdout]    |                  |
[INFO] [stdout]    |                  types differ in mutability
[INFO] [stdout]    |                  help: change the self-receiver type to match the trait: `&mut self`
[INFO] [stdout]    |
[INFO] [stdout] note: type in trait
[INFO] [stdout]   --> src/core/bus.rs:11:18
[INFO] [stdout]    |
[INFO] [stdout] 11 |     fn read_byte(&mut self, address: u16) -> u8;
[INFO] [stdout]    |                  ^^^^^^^^^
[INFO] [stdout]    = note: expected signature `fn(&mut MultiAddressableMock, _) -> _`
[INFO] [stdout]               found signature `fn(&MultiAddressableMock, _) -> _`
[INFO] [stdout] 
[INFO] [stdout] 
[INFO] [stdout] error[E0053]: method `read_byte` has an incompatible type for trait
[INFO] [stdout]   --> src/core/cpu/control/tests.rs:8:18
[INFO] [stdout]    |
[INFO] [stdout] 8  |     fn read_byte(&self, address: u16) -> u8 {
[INFO] [stdout]    |                  ^^^^^
[INFO] [stdout]    |                  |
[INFO] [stdout]    |                  types differ in mutability
[INFO] [stdout]    |                  help: change the self-receiver type to match the trait: `&mut self`
[INFO] [stdout]    |
[INFO] [stdout] note: type in trait
[INFO] [stdout]   --> src/core/bus.rs:11:18
[INFO] [stdout]    |
[INFO] [stdout] 11 |     fn read_byte(&mut self, address: u16) -> u8;
[INFO] [stdout]    |                  ^^^^^^^^^
[INFO] [stdout]    = note: expected signature `fn(&mut VectorMock, _) -> _`
[INFO] [stdout]               found signature `fn(&VectorMock, _) -> _`
[INFO] [stdout] 
[INFO] [stdout] 
[INFO] [stdout] error: aborting due to 3 previous errors
[INFO] [stdout] 
[INFO] [stdout] 
[INFO] [stdout] For more information about this error, try `rustc --explain E0053`.
[INFO] [stdout] 
[INFO] [stderr] error: could not compile `rnes` (lib test) due to 4 previous errors
[INFO] running `Command { std: "docker" "inspect" "18a8d99758544d7bbfb9c4ad5fae77b30086e410835802de70a1819f7e07b222", kill_on_drop: false }`
[INFO] running `Command { std: "docker" "rm" "-f" "18a8d99758544d7bbfb9c4ad5fae77b30086e410835802de70a1819f7e07b222", kill_on_drop: false }`
[INFO] [stdout] 18a8d99758544d7bbfb9c4ad5fae77b30086e410835802de70a1819f7e07b222
