[INFO] cloning repository https://github.com/DexterHill0/easytab-rs
[INFO] running `Command { std: "git" "-c" "credential.helper=" "-c" "credential.helper=/workspace/cargo-home/bin/git-credential-null" "clone" "--bare" "https://github.com/DexterHill0/easytab-rs" "/workspace/cache/git-repos/https%3A%2F%2Fgithub.com%2FDexterHill0%2Feasytab-rs", kill_on_drop: false }`
[INFO] [stderr] Cloning into bare repository '/workspace/cache/git-repos/https%3A%2F%2Fgithub.com%2FDexterHill0%2Feasytab-rs'...
[INFO] running `Command { std: "git" "rev-parse" "HEAD", kill_on_drop: false }`
[INFO] [stdout] 0a773780606a565b27dfc841074fc8154327ec88
[INFO] testing DexterHill0/easytab-rs against 1.75.0 for beta-1.76-1
[INFO] running `Command { std: "git" "clone" "/workspace/cache/git-repos/https%3A%2F%2Fgithub.com%2FDexterHill0%2Feasytab-rs" "/workspace/builds/worker-6-tc1/source", kill_on_drop: false }`
[INFO] [stderr] Cloning into '/workspace/builds/worker-6-tc1/source'...
[INFO] [stderr] done.
[INFO] validating manifest of git repo https://github.com/DexterHill0/easytab-rs on toolchain 1.75.0
[INFO] running `Command { std: CARGO_HOME="/workspace/cargo-home" RUSTUP_HOME="/workspace/rustup-home" "/workspace/cargo-home/bin/cargo" "+1.75.0" "metadata" "--manifest-path" "Cargo.toml" "--no-deps", kill_on_drop: false }`
[INFO] started tweaking git repo https://github.com/DexterHill0/easytab-rs
[INFO] finished tweaking git repo https://github.com/DexterHill0/easytab-rs
[INFO] tweaked toml for git repo https://github.com/DexterHill0/easytab-rs written to /workspace/builds/worker-6-tc1/source/Cargo.toml
[INFO] crate git repo https://github.com/DexterHill0/easytab-rs already has a lockfile, it will not be regenerated
[INFO] running `Command { std: CARGO_HOME="/workspace/cargo-home" RUSTUP_HOME="/workspace/rustup-home" "/workspace/cargo-home/bin/cargo" "+1.75.0" "fetch" "--manifest-path" "Cargo.toml", kill_on_drop: false }`
[INFO] [stderr]  Downloading crates ...
[INFO] [stderr]   Downloaded windows-interface v0.39.0
[INFO] running `Command { std: "docker" "create" "-v" "/var/lib/crater-agent-workspace/builds/worker-6-tc1/target:/opt/rustwide/target:rw,Z" "-v" "/var/lib/crater-agent-workspace/builds/worker-6-tc1/source:/opt/rustwide/workdir:ro,Z" "-v" "/var/lib/crater-agent-workspace/cargo-home:/opt/rustwide/cargo-home:ro,Z" "-v" "/var/lib/crater-agent-workspace/rustup-home:/opt/rustwide/rustup-home:ro,Z" "-e" "SOURCE_DIR=/opt/rustwide/workdir" "-e" "CARGO_TARGET_DIR=/opt/rustwide/target" "-e" "CARGO_HOME=/opt/rustwide/cargo-home" "-e" "RUSTUP_HOME=/opt/rustwide/rustup-home" "-w" "/opt/rustwide/workdir" "-m" "1610612736" "--user" "0:0" "--network" "none" "ghcr.io/rust-lang/crates-build-env/linux@sha256:2788e3201cd34a07e3172128adcd8b3090168a8e3bcc40d7c032b9dda1df7d1c" "/opt/rustwide/cargo-home/bin/cargo" "+1.75.0" "metadata" "--no-deps" "--format-version=1", kill_on_drop: false }`
[INFO] [stdout] 1fbba194ba7e3934c47f16a15b92d63324a90d7b89f17379f01181a3092248be
[INFO] running `Command { std: "docker" "start" "-a" "1fbba194ba7e3934c47f16a15b92d63324a90d7b89f17379f01181a3092248be", kill_on_drop: false }`
[INFO] running `Command { std: "docker" "inspect" "1fbba194ba7e3934c47f16a15b92d63324a90d7b89f17379f01181a3092248be", kill_on_drop: false }`
[INFO] running `Command { std: "docker" "rm" "-f" "1fbba194ba7e3934c47f16a15b92d63324a90d7b89f17379f01181a3092248be", kill_on_drop: false }`
[INFO] [stdout] 1fbba194ba7e3934c47f16a15b92d63324a90d7b89f17379f01181a3092248be
[INFO] running `Command { std: "docker" "create" "-v" "/var/lib/crater-agent-workspace/builds/worker-6-tc1/target:/opt/rustwide/target:rw,Z" "-v" "/var/lib/crater-agent-workspace/builds/worker-6-tc1/source:/opt/rustwide/workdir:ro,Z" "-v" "/var/lib/crater-agent-workspace/cargo-home:/opt/rustwide/cargo-home:ro,Z" "-v" "/var/lib/crater-agent-workspace/rustup-home:/opt/rustwide/rustup-home:ro,Z" "-e" "SOURCE_DIR=/opt/rustwide/workdir" "-e" "CARGO_TARGET_DIR=/opt/rustwide/target" "-e" "CARGO_INCREMENTAL=0" "-e" "RUST_BACKTRACE=full" "-e" "RUSTFLAGS=--cap-lints=warn" "-e" "RUSTDOCFLAGS=--cap-lints=warn" "-e" "CARGO_HOME=/opt/rustwide/cargo-home" "-e" "RUSTUP_HOME=/opt/rustwide/rustup-home" "-w" "/opt/rustwide/workdir" "-m" "1610612736" "--user" "0:0" "--network" "none" "ghcr.io/rust-lang/crates-build-env/linux@sha256:2788e3201cd34a07e3172128adcd8b3090168a8e3bcc40d7c032b9dda1df7d1c" "/opt/rustwide/cargo-home/bin/cargo" "+1.75.0" "build" "--frozen" "--message-format=json", kill_on_drop: false }`
[INFO] [stdout] f39158e196ffbc221810ed7f9a9978b243c851b4702ec04356fa9f0e14c29bbc
[INFO] running `Command { std: "docker" "start" "-a" "f39158e196ffbc221810ed7f9a9978b243c851b4702ec04356fa9f0e14c29bbc", kill_on_drop: false }`
[INFO] [stderr]    Compiling pkg-config v0.3.25
[INFO] [stderr]    Compiling proc-macro2 v1.0.43
[INFO] [stderr]    Compiling unicode-ident v1.0.3
[INFO] [stderr]    Compiling quote v1.0.21
[INFO] [stderr]    Compiling libc v0.2.132
[INFO] [stderr]    Compiling cc v1.0.73
[INFO] [stderr]    Compiling syn v1.0.99
[INFO] [stderr]    Compiling libloading v0.7.3
[INFO] [stderr]    Compiling smallvec v1.9.0
[INFO] [stderr]    Compiling dlib v0.5.0
[INFO] [stderr]    Compiling memchr v2.5.0
[INFO] [stderr]    Compiling log v0.4.17
[INFO] [stderr]    Compiling once_cell v1.14.0
[INFO] [stderr]    Compiling cmake v0.1.48
[INFO] [stderr]    Compiling wayland-sys v0.29.5
[INFO] [stderr]    Compiling servo-fontconfig-sys v5.1.0
[INFO] [stderr]    Compiling scoped-tls v1.0.0
[INFO] [stderr]    Compiling minimal-lexical v0.2.1
[INFO] [stderr]    Compiling slotmap v1.0.6
[INFO] [stderr]    Compiling adler32 v1.2.0
[INFO] [stderr]    Compiling wayland-scanner v0.29.5
[INFO] [stderr]    Compiling freetype-sys v0.13.1
[INFO] [stderr]    Compiling expat-sys v2.1.6
[INFO] [stderr]    Compiling nom v7.1.1
[INFO] [stderr]    Compiling bytemuck v1.12.1
[INFO] [stderr]    Compiling miniz_oxide v0.5.3
[INFO] [stderr]    Compiling nix v0.24.2
[INFO] [stderr]    Compiling deflate v1.0.0
[INFO] [stderr]    Compiling smithay-client-toolkit v0.16.0
[INFO] [stderr]    Compiling crossfont v0.5.0
[INFO] [stderr]    Compiling lock_api v0.4.8
[INFO] [stderr]    Compiling foreign-types-shared v0.3.1
[INFO] [stderr]    Compiling vec_map v0.8.2
[INFO] [stderr]    Compiling parking_lot_core v0.9.3
[INFO] [stderr]    Compiling tiny-skia-path v0.7.0
[INFO] [stderr]    Compiling wayland-client v0.29.5
[INFO] [stderr]    Compiling wayland-protocols v0.29.5
[INFO] [stderr]    Compiling xcursor v0.3.4
[INFO] [stderr]    Compiling png v0.17.5
[INFO] [stderr]    Compiling servo-fontconfig v0.5.1
[INFO] [stderr]    Compiling freetype-rs v0.26.0
[INFO] [stderr]    Compiling safe_arch v0.5.2
[INFO] [stderr]    Compiling memmap2 v0.5.7
[INFO] [stderr]    Compiling wayland-commons v0.29.5
[INFO] [stderr]    Compiling x11-dl v2.20.0
[INFO] [stderr]    Compiling arrayvec v0.5.2
[INFO] [stderr]    Compiling cty v0.2.2
[INFO] [stderr]    Compiling tiny-skia v0.7.0
[INFO] [stderr]    Compiling windows-tokens v0.39.0
[INFO] [stderr]    Compiling parking_lot v0.12.1
[INFO] [stderr]    Compiling raw-window-handle v0.5.0
[INFO] [stderr]    Compiling raw-window-handle v0.4.3
[INFO] [stderr]    Compiling mio v0.8.4
[INFO] [stderr]    Compiling percent-encoding v2.1.0
[INFO] [stderr]    Compiling thiserror-impl v1.0.32
[INFO] [stderr]    Compiling foreign-types-macros v0.2.2
[INFO] [stderr]    Compiling windows-interface v0.39.0
[INFO] [stderr]    Compiling windows-implement v0.39.0
[INFO] [stderr]    Compiling wayland-cursor v0.29.5
[INFO] [stderr]    Compiling foreign-types v0.5.0
[INFO] [stderr]    Compiling windows v0.39.0
[INFO] [stderr]    Compiling thiserror v1.0.32
[INFO] [stderr]    Compiling calloop v0.10.1
[INFO] [stderr]    Compiling sctk-adwaita v0.4.2
[INFO] [stderr]    Compiling winit v0.27.2
[INFO] [stderr]    Compiling easytab-rs v0.1.0 (/opt/rustwide/workdir)
[INFO] [stdout] error[E0432]: unresolved import `win32`
[INFO] [stdout]  --> src/main.rs:7:5
[INFO] [stdout]   |
[INFO] [stdout] 7 | use win32::WinTabEvent;
[INFO] [stdout]   |     ^^^^^ use of undeclared crate or module `win32`
[INFO] [stdout] 
[INFO] [stdout] 
[INFO] [stdout] warning: unused import: `pin::Pin`
[INFO] [stdout]  --> src/main.rs:1:23
[INFO] [stdout]   |
[INFO] [stdout] 1 | use std::{cell::Cell, pin::Pin, rc::Rc};
[INFO] [stdout]   |                       ^^^^^^^^
[INFO] [stdout]   |
[INFO] [stdout]   = note: `#[warn(unused_imports)]` on by default
[INFO] [stdout] 
[INFO] [stdout] 
[INFO] [stdout] warning: unused import: `windows::Win32::Foundation::HANDLE_PTR`
[INFO] [stdout]   --> src/main.rs:10:5
[INFO] [stdout]    |
[INFO] [stdout] 10 | use windows::Win32::Foundation::HANDLE_PTR;
[INFO] [stdout]    |     ^^^^^^^^^^^^^^^^^^^^^^^^^^^^^^^^^^^^^^
[INFO] [stdout] 
[INFO] [stdout] 
[INFO] [stdout] error[E0599]: no function or associated item named `init` found for struct `EasyTablet` in the current scope
[INFO] [stdout]   --> src/main.rs:89:30
[INFO] [stdout]    |
[INFO] [stdout] 56 | pub struct EasyTablet(Rc<__InnerTablet>);
[INFO] [stdout]    | --------------------- function or associated item `init` not found for this struct
[INFO] [stdout] ...
[INFO] [stdout] 89 |     let tablet = EasyTablet::init(hwnd.hwnd as usize).expect("tablet failed to initialize");
[INFO] [stdout]    |                              ^^^^ function or associated item not found in `EasyTablet`
[INFO] [stdout]    |
[INFO] [stdout]    = help: items from traits can only be used if the trait is implemented and in scope
[INFO] [stdout]    = note: the following trait defines an item `init`, perhaps you need to implement it:
[INFO] [stdout]            candidate #1: `smithay_client_toolkit::window::Frame`
[INFO] [stdout] 
[INFO] [stdout] 
[INFO] [stdout] error: aborting due to 2 previous errors; 2 warnings emitted
[INFO] [stdout] 
[INFO] [stdout] 
[INFO] [stdout] Some errors have detailed explanations: E0432, E0599.
[INFO] [stdout] 
[INFO] [stdout] For more information about an error, try `rustc --explain E0432`.
[INFO] [stdout] 
[INFO] [stderr] error: could not compile `easytab-rs` (bin "easytab-rs") due to 3 previous errors; 2 warnings emitted
[INFO] running `Command { std: "docker" "inspect" "f39158e196ffbc221810ed7f9a9978b243c851b4702ec04356fa9f0e14c29bbc", kill_on_drop: false }`
[INFO] running `Command { std: "docker" "rm" "-f" "f39158e196ffbc221810ed7f9a9978b243c851b4702ec04356fa9f0e14c29bbc", kill_on_drop: false }`
[INFO] [stdout] f39158e196ffbc221810ed7f9a9978b243c851b4702ec04356fa9f0e14c29bbc
[INFO] testing DexterHill0/easytab-rs against beta-2023-12-22 for beta-1.76-1
[INFO] running `Command { std: "git" "clone" "/workspace/cache/git-repos/https%3A%2F%2Fgithub.com%2FDexterHill0%2Feasytab-rs" "/workspace/builds/worker-6-tc2/source", kill_on_drop: false }`
[INFO] [stderr] Cloning into '/workspace/builds/worker-6-tc2/source'...
[INFO] [stderr] done.
[INFO] validating manifest of git repo https://github.com/DexterHill0/easytab-rs on toolchain beta-2023-12-22
[INFO] running `Command { std: CARGO_HOME="/workspace/cargo-home" RUSTUP_HOME="/workspace/rustup-home" "/workspace/cargo-home/bin/cargo" "+beta-2023-12-22" "metadata" "--manifest-path" "Cargo.toml" "--no-deps", kill_on_drop: false }`
[INFO] started tweaking git repo https://github.com/DexterHill0/easytab-rs
[INFO] finished tweaking git repo https://github.com/DexterHill0/easytab-rs
[INFO] tweaked toml for git repo https://github.com/DexterHill0/easytab-rs written to /workspace/builds/worker-6-tc2/source/Cargo.toml
[INFO] crate git repo https://github.com/DexterHill0/easytab-rs already has a lockfile, it will not be regenerated
[INFO] running `Command { std: CARGO_HOME="/workspace/cargo-home" RUSTUP_HOME="/workspace/rustup-home" "/workspace/cargo-home/bin/cargo" "+beta-2023-12-22" "fetch" "--manifest-path" "Cargo.toml", kill_on_drop: false }`
[INFO] running `Command { std: "docker" "create" "-v" "/var/lib/crater-agent-workspace/builds/worker-6-tc2/target:/opt/rustwide/target:rw,Z" "-v" "/var/lib/crater-agent-workspace/builds/worker-6-tc2/source:/opt/rustwide/workdir:ro,Z" "-v" "/var/lib/crater-agent-workspace/cargo-home:/opt/rustwide/cargo-home:ro,Z" "-v" "/var/lib/crater-agent-workspace/rustup-home:/opt/rustwide/rustup-home:ro,Z" "-e" "SOURCE_DIR=/opt/rustwide/workdir" "-e" "CARGO_TARGET_DIR=/opt/rustwide/target" "-e" "CARGO_HOME=/opt/rustwide/cargo-home" "-e" "RUSTUP_HOME=/opt/rustwide/rustup-home" "-w" "/opt/rustwide/workdir" "-m" "1610612736" "--user" "0:0" "--network" "none" "ghcr.io/rust-lang/crates-build-env/linux@sha256:2788e3201cd34a07e3172128adcd8b3090168a8e3bcc40d7c032b9dda1df7d1c" "/opt/rustwide/cargo-home/bin/cargo" "+beta-2023-12-22" "metadata" "--no-deps" "--format-version=1", kill_on_drop: false }`
[INFO] [stdout] 558a65cdafbc74374a958867394cb2910a7a814065085a28ddd23181249acf63
[INFO] running `Command { std: "docker" "start" "-a" "558a65cdafbc74374a958867394cb2910a7a814065085a28ddd23181249acf63", kill_on_drop: false }`
[INFO] running `Command { std: "docker" "inspect" "558a65cdafbc74374a958867394cb2910a7a814065085a28ddd23181249acf63", kill_on_drop: false }`
[INFO] running `Command { std: "docker" "rm" "-f" "558a65cdafbc74374a958867394cb2910a7a814065085a28ddd23181249acf63", kill_on_drop: false }`
[INFO] [stdout] 558a65cdafbc74374a958867394cb2910a7a814065085a28ddd23181249acf63
[INFO] running `Command { std: "docker" "create" "-v" "/var/lib/crater-agent-workspace/builds/worker-6-tc2/target:/opt/rustwide/target:rw,Z" "-v" "/var/lib/crater-agent-workspace/builds/worker-6-tc2/source:/opt/rustwide/workdir:ro,Z" "-v" "/var/lib/crater-agent-workspace/cargo-home:/opt/rustwide/cargo-home:ro,Z" "-v" "/var/lib/crater-agent-workspace/rustup-home:/opt/rustwide/rustup-home:ro,Z" "-e" "SOURCE_DIR=/opt/rustwide/workdir" "-e" "CARGO_TARGET_DIR=/opt/rustwide/target" "-e" "CARGO_INCREMENTAL=0" "-e" "RUST_BACKTRACE=full" "-e" "RUSTFLAGS=--cap-lints=warn" "-e" "RUSTDOCFLAGS=--cap-lints=warn" "-e" "CARGO_HOME=/opt/rustwide/cargo-home" "-e" "RUSTUP_HOME=/opt/rustwide/rustup-home" "-w" "/opt/rustwide/workdir" "-m" "1610612736" "--user" "0:0" "--network" "none" "ghcr.io/rust-lang/crates-build-env/linux@sha256:2788e3201cd34a07e3172128adcd8b3090168a8e3bcc40d7c032b9dda1df7d1c" "/opt/rustwide/cargo-home/bin/cargo" "+beta-2023-12-22" "build" "--frozen" "--message-format=json", kill_on_drop: false }`
[INFO] [stdout] 7e9f3b31d4d087e24267d00fa921d767b7eee7fa12eabd493e7efc1f3acf5179
[INFO] running `Command { std: "docker" "start" "-a" "7e9f3b31d4d087e24267d00fa921d767b7eee7fa12eabd493e7efc1f3acf5179", kill_on_drop: false }`
[INFO] [stderr]    Compiling pkg-config v0.3.25
[INFO] [stderr]    Compiling proc-macro2 v1.0.43
[INFO] [stderr]    Compiling quote v1.0.21
[INFO] [stderr]    Compiling unicode-ident v1.0.3
[INFO] [stderr]    Compiling libc v0.2.132
[INFO] [stderr]    Compiling syn v1.0.99
[INFO] [stderr]    Compiling cc v1.0.73
[INFO] [stderr]    Compiling libloading v0.7.3
[INFO] [stderr]    Compiling smallvec v1.9.0
[INFO] [stderr]    Compiling dlib v0.5.0
[INFO] [stderr]    Compiling log v0.4.17
[INFO] [stderr]    Compiling memchr v2.5.0
[INFO] [stderr]    Compiling cmake v0.1.48
[INFO] [stderr]    Compiling once_cell v1.14.0
[INFO] [stderr]    Compiling scoped-tls v1.0.0
[INFO] [stderr]    Compiling minimal-lexical v0.2.1
[INFO] [stderr]    Compiling wayland-sys v0.29.5
[INFO] [stderr]    Compiling servo-fontconfig-sys v5.1.0
[INFO] [stderr]    Compiling bytemuck v1.12.1
[INFO] [stderr]    Compiling adler32 v1.2.0
[INFO] [stderr]    Compiling deflate v1.0.0
[INFO] [stderr]    Compiling miniz_oxide v0.5.3
[INFO] [stderr]    Compiling freetype-sys v0.13.1
[INFO] [stderr]    Compiling expat-sys v2.1.6
[INFO] [stderr]    Compiling wayland-scanner v0.29.5
[INFO] [stderr]    Compiling nix v0.24.2
[INFO] [stderr]    Compiling nom v7.1.1
[INFO] [stderr]    Compiling slotmap v1.0.6
[INFO] [stderr]    Compiling crossfont v0.5.0
[INFO] [stderr]    Compiling smithay-client-toolkit v0.16.0
[INFO] [stderr]    Compiling lock_api v0.4.8
[INFO] [stderr]    Compiling parking_lot_core v0.9.3
[INFO] [stderr]    Compiling foreign-types-shared v0.3.1
[INFO] [stderr]    Compiling tiny-skia-path v0.7.0
[INFO] [stderr]    Compiling servo-fontconfig v0.5.1
[INFO] [stderr]    Compiling png v0.17.5
[INFO] [stderr]    Compiling freetype-rs v0.26.0
[INFO] [stderr]    Compiling memmap2 v0.5.7
[INFO] [stderr]    Compiling safe_arch v0.5.2
[INFO] [stderr]    Compiling x11-dl v2.20.0
[INFO] [stderr]    Compiling wayland-client v0.29.5
[INFO] [stderr]    Compiling wayland-protocols v0.29.5
[INFO] [stderr]    Compiling cty v0.2.2
[INFO] [stderr]    Compiling arrayvec v0.5.2
[INFO] [stderr]    Compiling tiny-skia v0.7.0
[INFO] [stderr]    Compiling windows-tokens v0.39.0
[INFO] [stderr]    Compiling wayland-commons v0.29.5
[INFO] [stderr]    Compiling xcursor v0.3.4
[INFO] [stderr]    Compiling parking_lot v0.12.1
[INFO] [stderr]    Compiling raw-window-handle v0.4.3
[INFO] [stderr]    Compiling raw-window-handle v0.5.0
[INFO] [stderr]    Compiling mio v0.8.4
[INFO] [stderr]    Compiling percent-encoding v2.1.0
[INFO] [stderr]    Compiling thiserror-impl v1.0.32
[INFO] [stderr]    Compiling foreign-types-macros v0.2.2
[INFO] [stderr]    Compiling windows-implement v0.39.0
[INFO] [stderr]    Compiling windows-interface v0.39.0
[INFO] [stderr]    Compiling foreign-types v0.5.0
[INFO] [stderr]    Compiling windows v0.39.0
[INFO] [stderr]    Compiling wayland-cursor v0.29.5
[INFO] [stderr]    Compiling thiserror v1.0.32
[INFO] [stderr]    Compiling calloop v0.10.1
[INFO] [stderr]    Compiling sctk-adwaita v0.4.2
[INFO] [stderr]    Compiling winit v0.27.2
[INFO] [stderr]    Compiling easytab-rs v0.1.0 (/opt/rustwide/workdir)
[INFO] [stdout] error[E0432]: unresolved import `win32`
[INFO] [stdout]  --> src/main.rs:7:5
[INFO] [stdout]   |
[INFO] [stdout] 7 | use win32::WinTabEvent;
[INFO] [stdout]   |     ^^^^^ use of undeclared crate or module `win32`
[INFO] [stdout] 
[INFO] [stdout] 
[INFO] [stdout] warning: unused import: `pin::Pin`
[INFO] [stdout]  --> src/main.rs:1:23
[INFO] [stdout]   |
[INFO] [stdout] 1 | use std::{cell::Cell, pin::Pin, rc::Rc};
[INFO] [stdout]   |                       ^^^^^^^^
[INFO] [stdout]   |
[INFO] [stdout]   = note: `#[warn(unused_imports)]` on by default
[INFO] [stdout] 
[INFO] [stdout] 
[INFO] [stdout] warning: unused import: `windows::Win32::Foundation::HANDLE_PTR`
[INFO] [stdout]   --> src/main.rs:10:5
[INFO] [stdout]    |
[INFO] [stdout] 10 | use windows::Win32::Foundation::HANDLE_PTR;
[INFO] [stdout]    |     ^^^^^^^^^^^^^^^^^^^^^^^^^^^^^^^^^^^^^^
[INFO] [stdout] 
[INFO] [stdout] 
[INFO] [stdout] error[E0599]: no function or associated item named `init` found for struct `EasyTablet` in the current scope
[INFO] [stdout]   --> src/main.rs:89:30
[INFO] [stdout]    |
[INFO] [stdout] 56 | pub struct EasyTablet(Rc<__InnerTablet>);
[INFO] [stdout]    | --------------------- function or associated item `init` not found for this struct
[INFO] [stdout] ...
[INFO] [stdout] 89 |     let tablet = EasyTablet::init(hwnd.hwnd as usize).expect("tablet failed to initialize");
[INFO] [stdout]    |                              ^^^^ function or associated item not found in `EasyTablet`
[INFO] [stdout]    |
[INFO] [stdout]    = help: items from traits can only be used if the trait is implemented and in scope
[INFO] [stdout]    = note: the following trait defines an item `init`, perhaps you need to implement it:
[INFO] [stdout]            candidate #1: `smithay_client_toolkit::window::Frame`
[INFO] [stdout] 
[INFO] [stdout] 
[INFO] [stdout] error: aborting due to 2 previous errors; 2 warnings emitted
[INFO] [stdout] 
[INFO] [stdout] 
[INFO] [stdout] Some errors have detailed explanations: E0432, E0599.
[INFO] [stdout] 
[INFO] [stdout] For more information about an error, try `rustc --explain E0432`.
[INFO] [stdout] 
[INFO] [stderr] error: could not compile `easytab-rs` (bin "easytab-rs") due to 3 previous errors; 2 warnings emitted
[INFO] running `Command { std: "docker" "inspect" "7e9f3b31d4d087e24267d00fa921d767b7eee7fa12eabd493e7efc1f3acf5179", kill_on_drop: false }`
[INFO] running `Command { std: "docker" "rm" "-f" "7e9f3b31d4d087e24267d00fa921d767b7eee7fa12eabd493e7efc1f3acf5179", kill_on_drop: false }`
[INFO] [stdout] 7e9f3b31d4d087e24267d00fa921d767b7eee7fa12eabd493e7efc1f3acf5179
