[INFO] cloning repository https://github.com/Dennis-Zhang-SH/eam-backend-rust
[INFO] running `Command { std: "git" "-c" "credential.helper=" "-c" "credential.helper=/workspace/cargo-home/bin/git-credential-null" "clone" "--bare" "https://github.com/Dennis-Zhang-SH/eam-backend-rust" "/workspace/cache/git-repos/https%3A%2F%2Fgithub.com%2FDennis-Zhang-SH%2Feam-backend-rust", kill_on_drop: false }`
[INFO] [stderr] Cloning into bare repository '/workspace/cache/git-repos/https%3A%2F%2Fgithub.com%2FDennis-Zhang-SH%2Feam-backend-rust'...
[INFO] running `Command { std: "git" "rev-parse" "HEAD", kill_on_drop: false }`
[INFO] [stdout] bf71474f674c71a17a8e4f35658418957bbc93b6
[INFO] testing Dennis-Zhang-SH/eam-backend-rust against 1.75.0 for beta-1.76-1
[INFO] running `Command { std: "git" "clone" "/workspace/cache/git-repos/https%3A%2F%2Fgithub.com%2FDennis-Zhang-SH%2Feam-backend-rust" "/workspace/builds/worker-5-tc1/source", kill_on_drop: false }`
[INFO] [stderr] Cloning into '/workspace/builds/worker-5-tc1/source'...
[INFO] [stderr] done.
[INFO] validating manifest of git repo https://github.com/Dennis-Zhang-SH/eam-backend-rust on toolchain 1.75.0
[INFO] running `Command { std: CARGO_HOME="/workspace/cargo-home" RUSTUP_HOME="/workspace/rustup-home" "/workspace/cargo-home/bin/cargo" "+1.75.0" "metadata" "--manifest-path" "Cargo.toml" "--no-deps", kill_on_drop: false }`
[INFO] removed /workspace/builds/worker-5-tc1/source/.cargo/config.toml
[INFO] started tweaking git repo https://github.com/Dennis-Zhang-SH/eam-backend-rust
[INFO] finished tweaking git repo https://github.com/Dennis-Zhang-SH/eam-backend-rust
[INFO] tweaked toml for git repo https://github.com/Dennis-Zhang-SH/eam-backend-rust written to /workspace/builds/worker-5-tc1/source/Cargo.toml
[INFO] crate git repo https://github.com/Dennis-Zhang-SH/eam-backend-rust already has a lockfile, it will not be regenerated
[INFO] running `Command { std: CARGO_HOME="/workspace/cargo-home" RUSTUP_HOME="/workspace/rustup-home" "/workspace/cargo-home/bin/cargo" "+1.75.0" "fetch" "--manifest-path" "Cargo.toml", kill_on_drop: false }`
[INFO] [stderr]     Updating git repository `https://github.com/Brendonovich/prisma-client-rust`
[INFO] [stderr]     Updating git repository `https://github.com/Brendonovich/prisma-engines`
[INFO] [stderr]     Updating crates.io index
[INFO] [stderr]     Updating git repository `https://github.com/prisma/graphql-parser`
[INFO] [stderr]     Updating git repository `https://github.com/Brendonovich/quaint`
[INFO] [stderr]     Updating git repository `https://github.com/prisma/mobc`
[INFO] [stderr]     Updating git repository `https://github.com/pimeys/rust-postgres`
[INFO] [stderr]  Downloading crates ...
[INFO] [stderr]   Downloaded jsonrpc-core v17.1.0
[INFO] [stderr]   Downloaded metrics-util v0.12.1
[INFO] [stderr]   Downloaded atomic-shim v0.2.0
[INFO] [stderr]   Downloaded metrics v0.18.1
[INFO] [stderr]   Downloaded pest_generator v2.5.5
[INFO] [stderr]   Downloaded base36 v0.0.1
[INFO] [stderr]   Downloaded metrics-macros v0.5.1
[INFO] [stderr]   Downloaded metrics-util v0.13.0
[INFO] [stderr]   Downloaded metrics v0.19.0
[INFO] [stderr]   Downloaded axum-macros v0.3.6
[INFO] [stderr]   Downloaded serde_derive v1.0.156
[INFO] [stderr]   Downloaded axum v0.6.11
[INFO] [stderr]   Downloaded pest_meta v2.5.5
[INFO] [stderr]   Downloaded bigint v4.4.3
[INFO] [stderr]   Downloaded metrics-exporter-prometheus v0.10.0
[INFO] [stderr]   Downloaded cuid2 v0.1.0
[INFO] [stderr]   Downloaded connection-string v0.1.14
[INFO] [stderr]   Downloaded cuid v1.3.1
[INFO] [stderr]   Downloaded pest_derive v2.5.5
[INFO] [stderr]   Downloaded serde_path_to_error v0.1.9
[INFO] running `Command { std: "docker" "create" "-v" "/var/lib/crater-agent-workspace/builds/worker-5-tc1/target:/opt/rustwide/target:rw,Z" "-v" "/var/lib/crater-agent-workspace/builds/worker-5-tc1/source:/opt/rustwide/workdir:ro,Z" "-v" "/var/lib/crater-agent-workspace/cargo-home:/opt/rustwide/cargo-home:ro,Z" "-v" "/var/lib/crater-agent-workspace/rustup-home:/opt/rustwide/rustup-home:ro,Z" "-e" "SOURCE_DIR=/opt/rustwide/workdir" "-e" "CARGO_TARGET_DIR=/opt/rustwide/target" "-e" "CARGO_HOME=/opt/rustwide/cargo-home" "-e" "RUSTUP_HOME=/opt/rustwide/rustup-home" "-w" "/opt/rustwide/workdir" "-m" "1610612736" "--user" "0:0" "--network" "none" "ghcr.io/rust-lang/crates-build-env/linux@sha256:2788e3201cd34a07e3172128adcd8b3090168a8e3bcc40d7c032b9dda1df7d1c" "/opt/rustwide/cargo-home/bin/cargo" "+1.75.0" "metadata" "--no-deps" "--format-version=1", kill_on_drop: false }`
[INFO] [stdout] a3203de00d79585e0d513ad1ef1aca393045375a3d503e4a258d0062ff4ff876
[INFO] running `Command { std: "docker" "start" "-a" "a3203de00d79585e0d513ad1ef1aca393045375a3d503e4a258d0062ff4ff876", kill_on_drop: false }`
[INFO] running `Command { std: "docker" "inspect" "a3203de00d79585e0d513ad1ef1aca393045375a3d503e4a258d0062ff4ff876", kill_on_drop: false }`
[INFO] running `Command { std: "docker" "rm" "-f" "a3203de00d79585e0d513ad1ef1aca393045375a3d503e4a258d0062ff4ff876", kill_on_drop: false }`
[INFO] [stdout] a3203de00d79585e0d513ad1ef1aca393045375a3d503e4a258d0062ff4ff876
[INFO] running `Command { std: "docker" "create" "-v" "/var/lib/crater-agent-workspace/builds/worker-5-tc1/target:/opt/rustwide/target:rw,Z" "-v" "/var/lib/crater-agent-workspace/builds/worker-5-tc1/source:/opt/rustwide/workdir:ro,Z" "-v" "/var/lib/crater-agent-workspace/cargo-home:/opt/rustwide/cargo-home:ro,Z" "-v" "/var/lib/crater-agent-workspace/rustup-home:/opt/rustwide/rustup-home:ro,Z" "-e" "SOURCE_DIR=/opt/rustwide/workdir" "-e" "CARGO_TARGET_DIR=/opt/rustwide/target" "-e" "CARGO_INCREMENTAL=0" "-e" "RUST_BACKTRACE=full" "-e" "RUSTFLAGS=--cap-lints=warn" "-e" "RUSTDOCFLAGS=--cap-lints=warn" "-e" "CARGO_HOME=/opt/rustwide/cargo-home" "-e" "RUSTUP_HOME=/opt/rustwide/rustup-home" "-w" "/opt/rustwide/workdir" "-m" "1610612736" "--user" "0:0" "--network" "none" "ghcr.io/rust-lang/crates-build-env/linux@sha256:2788e3201cd34a07e3172128adcd8b3090168a8e3bcc40d7c032b9dda1df7d1c" "/opt/rustwide/cargo-home/bin/cargo" "+1.75.0" "build" "--frozen" "--message-format=json", kill_on_drop: false }`
[INFO] [stdout] 2147422f987a272b3472879a1d08308a44f736b2c01de890e88f28f4ee99e91a
[INFO] running `Command { std: "docker" "start" "-a" "2147422f987a272b3472879a1d08308a44f736b2c01de890e88f28f4ee99e91a", kill_on_drop: false }`
[INFO] [stderr]    Compiling proc-macro2 v1.0.52
[INFO] [stderr]    Compiling unicode-ident v1.0.6
[INFO] [stderr]    Compiling autocfg v1.1.0
[INFO] [stderr]    Compiling quote v1.0.26
[INFO] [stderr]    Compiling cfg-if v1.0.0
[INFO] [stderr]    Compiling syn v1.0.109
[INFO] [stderr]    Compiling libc v0.2.139
[INFO] [stderr]    Compiling once_cell v1.17.1
[INFO] [stderr]    Compiling version_check v0.9.4
[INFO] [stderr]    Compiling memchr v2.5.0
[INFO] [stderr]    Compiling serde_derive v1.0.156
[INFO] [stderr]    Compiling serde v1.0.156
[INFO] [stderr]    Compiling libm v0.2.6
[INFO] [stderr]    Compiling cc v1.0.79
[INFO] [stderr]    Compiling itoa v1.0.5
[INFO] [stderr]    Compiling typenum v1.16.0
[INFO] [stderr]    Compiling bitflags v1.3.2
[INFO] [stderr]    Compiling thiserror v1.0.39
[INFO] [stderr]    Compiling log v0.4.17
[INFO] [stderr]    Compiling lazy_static v1.4.0
[INFO] [stderr]    Compiling pin-project-lite v0.2.9
[INFO] [stderr]    Compiling smallvec v1.10.0
[INFO] [stderr]    Compiling bytes v1.4.0
[INFO] [stderr]    Compiling num-traits v0.2.15
[INFO] [stderr]    Compiling num-integer v0.1.45
[INFO] [stderr]    Compiling indexmap v1.9.2
[INFO] [stderr]    Compiling subtle v2.4.1
[INFO] [stderr]    Compiling ahash v0.7.6
[INFO] [stderr]    Compiling generic-array v0.14.6
[INFO] [stderr]    Compiling ryu v1.0.12
[INFO] [stderr]    Compiling ppv-lite86 v0.2.17
[INFO] [stderr]    Compiling serde_json v1.0.93
[INFO] [stderr]    Compiling futures-core v0.3.26
[INFO] [stderr]    Compiling num-bigint v0.4.3
[INFO] [stderr]    Compiling lock_api v0.4.9
[INFO] [stderr]    Compiling scopeguard v1.1.0
[INFO] [stderr]    Compiling tinyvec_macros v0.1.1
[INFO] [stderr]    Compiling fnv v1.0.7
[INFO] [stderr]    Compiling tinyvec v1.6.0
[INFO] [stderr]    Compiling slab v0.4.8
[INFO] [stderr]    Compiling percent-encoding v2.2.0
[INFO] [stderr]    Compiling futures-channel v0.3.26
[INFO] [stderr]    Compiling futures-task v0.3.26
[INFO] [stderr]    Compiling futures-sink v0.3.26
[INFO] [stderr]    Compiling unicode-bidi v0.3.10
[INFO] [stderr]    Compiling futures-util v0.3.26
[INFO] [stderr]    Compiling pin-utils v0.1.0
[INFO] [stderr]    Compiling parking_lot_core v0.9.7
[INFO] [stderr]    Compiling futures-io v0.3.26
[INFO] [stderr]    Compiling tracing-core v0.1.30
[INFO] [stderr]    Compiling adler v1.0.2
[INFO] [stderr]    Compiling gimli v0.27.2
[INFO] [stderr]    Compiling byteorder v1.4.3
[INFO] [stderr]    Compiling miniz_oxide v0.6.2
[INFO] [stderr]    Compiling tokio v1.26.0
[INFO] [stderr]    Compiling rustc-demangle v0.1.21
[INFO] [stderr]    Compiling iana-time-zone v0.1.53
[INFO] [stderr]    Compiling bit-vec v0.6.3
[INFO] [stderr]    Compiling backtrace v0.3.67
[INFO] [stderr]    Compiling ucd-trie v0.1.5
[INFO] [stderr]    Compiling form_urlencoded v1.1.0
[INFO] [stderr]    Compiling io-lifetimes v1.0.5
[INFO] [stderr]    Compiling rustix v0.36.8
[INFO] [stderr]    Compiling getrandom v0.2.8
[INFO] [stderr]    Compiling num_cpus v1.15.0
[INFO] [stderr]    Compiling time v0.1.43
[INFO] [stderr]    Compiling rand_core v0.6.4
[INFO] [stderr]    Compiling unicode-normalization v0.1.22
[INFO] [stderr]    Compiling mio v0.8.6
[INFO] [stderr]    Compiling socket2 v0.4.7
[INFO] [stderr]    Compiling hashbrown v0.12.3
[INFO] [stderr]    Compiling block-buffer v0.10.3
[INFO] [stderr]    Compiling crypto-common v0.1.6
[INFO] [stderr]    Compiling rand_chacha v0.3.1
[INFO] [stderr]    Compiling parking_lot v0.12.1
[INFO] [stderr]    Compiling either v1.8.1
[INFO] [stderr]    Compiling digest v0.10.6
[INFO] [stderr]    Compiling regex-syntax v0.6.28
[INFO] [stderr]    Compiling atty v0.2.14
[INFO] [stderr]    Compiling aho-corasick v0.7.20
[INFO] [stderr]    Compiling indoc v1.0.9
[INFO] [stderr]    Compiling rand v0.8.5
[INFO] [stderr]    Compiling linux-raw-sys v0.1.4
[INFO] [stderr]    Compiling colored v2.0.0
[INFO] [stderr]    Compiling itertools v0.10.5
[INFO] [stderr]    Compiling object v0.30.3
[INFO] [stderr]    Compiling idna v0.3.0
[INFO] [stderr]    Compiling num-iter v0.1.43
[INFO] [stderr]    Compiling num-rational v0.4.1
[INFO] [stderr]    Compiling base64 v0.12.3
[INFO] [stderr]    Compiling failure_derive v0.1.8
[INFO] [stderr]    Compiling fastrand v1.9.0
[INFO] [stderr]    Compiling unicode-xid v0.2.4
[INFO] [stderr]    Compiling wait-timeout v0.2.0
[INFO] [stderr]    Compiling quick-error v1.2.3
[INFO] [stderr]    Compiling cpufeatures v0.2.5
[INFO] [stderr]    Compiling async-trait v0.1.66
[INFO] [stderr]    Compiling base64 v0.13.1
[INFO] [stderr]    Compiling crunchy v0.1.6
[INFO] [stderr]    Compiling pkg-config v0.3.26
[INFO] [stderr]    Compiling rand_xorshift v0.3.0
[INFO] [stderr]    Compiling num-complex v0.4.3
[INFO] [stderr]    Compiling bit-set v0.5.3
[INFO] [stderr]    Compiling keccak v0.1.3
[INFO] [stderr]    Compiling quick-error v2.0.1
[INFO] [stderr]    Compiling unarray v0.1.4
[INFO] [stderr]    Compiling base-x v0.2.11
[INFO] [stderr]    Compiling connection-string v0.1.14
[INFO] [stderr]    Compiling match_cfg v0.1.0
[INFO] [stderr]    Compiling addr2line v0.19.0
[INFO] [stderr]    Compiling sha3 v0.10.6
[INFO] [stderr]    Compiling hostname v0.3.1
[INFO] [stderr]    Compiling openssl-sys v0.9.80
[INFO] [stderr]    Compiling bigint v4.4.3
[INFO] [stderr]    Compiling overload v0.1.1
[INFO] [stderr]    Compiling tracing-log v0.1.3
[INFO] [stderr]    Compiling num v0.4.0
[INFO] [stderr]    Compiling nu-ansi-term v0.46.0
[INFO] [stderr]    Compiling sharded-slab v0.1.4
[INFO] [stderr]    Compiling thread_local v1.1.7
[INFO] [stderr]    Compiling regex v1.7.1
[INFO] [stderr]    Compiling foreign-types-shared v0.1.1
[INFO] [stderr]    Compiling metrics v0.18.1
[INFO] [stderr]    Compiling psl v0.1.0 (https://github.com/Brendonovich/prisma-engines?tag=pcr-0.6.5#7cc20cc5)
[INFO] [stderr]    Compiling openssl v0.10.45
[INFO] [stderr]    Compiling foreign-types v0.3.2
[INFO] [stderr]    Compiling sha2 v0.10.6
[INFO] [stderr]    Compiling stringprep v0.1.2
[INFO] [stderr]    Compiling md-5 v0.10.5
[INFO] [stderr]    Compiling hmac v0.12.1
[INFO] [stderr]    Compiling native-tls v0.2.11
[INFO] [stderr]    Compiling fallible-iterator v0.2.0
[INFO] [stderr]    Compiling siphasher v0.3.10
[INFO] [stderr]    Compiling openssl-probe v0.1.5
[INFO] [stderr]    Compiling crossbeam-utils v0.8.15
[INFO] [stderr]    Compiling tracing-subscriber v0.3.16
[INFO] [stderr]    Compiling minimal-lexical v0.2.1
[INFO] [stderr]    Compiling phf_shared v0.11.1
[INFO] [stderr]    Compiling unicode_categories v0.1.1
[INFO] [stderr]    Compiling linked-hash-map v0.5.6
[INFO] [stderr]    Compiling postgres-protocol v0.6.4 (https://github.com/pimeys/rust-postgres?branch=pgbouncer-mode#74f0847e)
[INFO] [stderr]    Compiling futures-timer v3.0.2
[INFO] [stderr]    Compiling phf v0.11.1
[INFO] [stderr]    Compiling nom v7.1.3
[INFO] [stderr]    Compiling synstructure v0.12.6
[INFO] [stderr]    Compiling tempfile v3.4.0
[INFO] [stderr]    Compiling lru-cache v0.1.2
[INFO] [stderr]    Compiling hex v0.4.3
[INFO] [stderr]    Compiling http v0.2.9
[INFO] [stderr]    Compiling rusty-fork v0.3.0
[INFO] [stderr]    Compiling anyhow v1.0.69
[INFO] [stderr]    Compiling memoffset v0.8.0
[INFO] [stderr]    Compiling proptest v1.1.0
[INFO] [stderr]    Compiling tower-service v0.3.2
[INFO] [stderr]    Compiling parking_lot_core v0.8.6
[INFO] [stderr]    Compiling crossbeam-epoch v0.9.14
[INFO] [stderr]    Compiling instant v0.1.12
[INFO] [stderr]    Compiling httparse v1.8.0
[INFO] [stderr]    Compiling rustversion v1.0.12
[INFO] [stderr]    Compiling getrandom v0.1.16
[INFO] [stderr]    Compiling http-body v0.4.5
[INFO] [stderr]    Compiling raw-cpuid v10.7.0
[INFO] [stderr]    Compiling unicode-segmentation v1.10.1
[INFO] [stderr]    Compiling try-lock v0.2.4
[INFO] [stderr]    Compiling metrics v0.19.0
[INFO] [stderr]    Compiling httpdate v1.0.2
[INFO] [stderr]    Compiling want v0.3.0
[INFO] [stderr]    Compiling parking_lot v0.11.2
[INFO] [stderr]    Compiling hashbrown v0.11.2
[INFO] [stderr]    Compiling sqlformat v0.2.1
[INFO] [stderr]    Compiling sketches-ddsketch v0.1.3
[INFO] [stderr]    Compiling atomic-shim v0.2.0
[INFO] [stderr]    Compiling heck v0.3.3
[INFO] [stderr]    Compiling rand_core v0.5.1
[INFO] [stderr]    Compiling crossbeam-channel v0.5.7
[INFO] [stderr]    Compiling block-buffer v0.9.0
[INFO] [stderr]    Compiling digest v0.9.0
[INFO] [stderr]    Compiling ordered-float v2.10.0
[INFO] [stderr]    Compiling nibble_vec v0.1.0
[INFO] [stderr]    Compiling opaque-debug v0.3.0
[INFO] [stderr]    Compiling endian-type v0.1.2
[INFO] [stderr]    Compiling sha2 v0.9.9
[INFO] [stderr]    Compiling quanta v0.9.3
[INFO] [stderr]    Compiling radix_trie v0.2.1
[INFO] [stderr]    Compiling rand_chacha v0.2.2
[INFO] [stderr]    Compiling tower-layer v0.3.2
[INFO] [stderr]    Compiling ipnet v2.7.1
[INFO] [stderr]    Compiling crossbeam-queue v0.3.8
[INFO] [stderr]    Compiling time-core v0.1.0
[INFO] [stderr]    Compiling axum-core v0.3.3
[INFO] [stderr]    Compiling time-macros v0.2.8
[INFO] [stderr]    Compiling rand v0.7.3
[INFO] [stderr]    Compiling ring v0.16.20
[INFO] [stderr]    Compiling ordermap v0.3.5
[INFO] [stderr]    Compiling sql-ddl v0.1.0 (https://github.com/Brendonovich/prisma-engines?tag=pcr-0.6.5#7cc20cc5)
[INFO] [stderr]    Compiling fixedbitset v0.1.9
[INFO] [stderr]    Compiling mime v0.3.16
[INFO] [stderr]    Compiling paste v1.0.11
[INFO] [stderr]    Compiling petgraph v0.4.13
[INFO] [stderr]    Compiling axum v0.6.11
[INFO] [stderr]    Compiling thiserror-impl v1.0.39
[INFO] [stderr]    Compiling futures-macro v0.3.26
[INFO] [stderr]    Compiling tokio-macros v1.8.2
[INFO] [stderr]    Compiling tracing-attributes v0.1.23
[INFO] [stderr]    Compiling enumflags2_derive v0.7.4
[INFO] [stderr]    Compiling serde_repr v0.1.10
[INFO] [stderr]    Compiling metrics-macros v0.5.1
[INFO] [stderr]    Compiling cuid2 v0.1.0
[INFO] [stderr]    Compiling openssl-macros v0.1.0
[INFO] [stderr]    Compiling pin-project-internal v1.0.12
[INFO] [stderr]    Compiling failure v0.1.8
[INFO] [stderr]    Compiling enumflags2 v0.7.5
[INFO] [stderr]    Compiling user-facing-error-macros v0.1.0 (https://github.com/Brendonovich/prisma-engines?tag=pcr-0.6.5#7cc20cc5)
[INFO] [stderr]    Compiling base36 v0.0.1
[INFO] [stderr]    Compiling cuid v1.3.1
[INFO] [stderr]    Compiling time v0.3.20
[INFO] [stderr]    Compiling headers-core v0.2.0
[INFO] [stderr]    Compiling sha1 v0.10.5
[INFO] [stderr]    Compiling metrics-util v0.13.0
[INFO] [stderr]    Compiling lru v0.7.8
[INFO] [stderr]    Compiling heck v0.4.1
[INFO] [stderr]    Compiling spin v0.5.2
[INFO] [stderr]    Compiling untrusted v0.7.1
[INFO] [stderr]    Compiling headers v0.3.8
[INFO] [stderr]    Compiling pest v2.5.5
[INFO] [stderr]    Compiling convert_case v0.6.0
[INFO] [stderr]    Compiling axum-macros v0.3.6
[INFO] [stderr]    Compiling tracing v0.1.37
[INFO] [stderr]    Compiling tracing-error v0.2.0
[INFO] [stderr]    Compiling pem v1.1.1
[INFO] [stderr]    Compiling http-range-header v0.3.0
[INFO] [stderr]    Compiling pin-project v1.0.12
[INFO] [stderr]    Compiling dotenv v0.15.0
[INFO] [stderr]    Compiling tracing-futures v0.2.5
[INFO] [stderr]    Compiling simple_asn1 v0.6.2
[INFO] [stderr]    Compiling base64 v0.21.0
[INFO] [stderr]    Compiling sync_wrapper v0.1.2
[INFO] [stderr]    Compiling matchit v0.7.0
[INFO] [stderr]    Compiling pest_meta v2.5.5
[INFO] [stderr]    Compiling diagnostics v0.1.0 (https://github.com/Brendonovich/prisma-engines?tag=pcr-0.6.5#7cc20cc5)
[INFO] [stderr]    Compiling pest_generator v2.5.5
[INFO] [stderr]    Compiling futures-executor v0.3.26
[INFO] [stderr]    Compiling tower-http v0.4.0
[INFO] [stderr]    Compiling futures v0.3.26
[INFO] [stderr]    Compiling tokio-util v0.7.7
[INFO] [stderr]    Compiling mobc v0.7.3 (https://github.com/prisma/mobc?tag=1.0.6#80462c48)
[INFO] [stderr]    Compiling hyper v0.14.24
[INFO] [stderr]    Compiling opentelemetry v0.17.0
[INFO] [stderr]    Compiling tower v0.4.13
[INFO] [stderr]    Compiling pest_derive v2.5.5
[INFO] [stderr]    Compiling tokio-native-tls v0.3.1
[INFO] [stderr]    Compiling schema-ast v0.1.0 (https://github.com/Brendonovich/prisma-engines?tag=pcr-0.6.5#7cc20cc5)
[INFO] [stderr]    Compiling tracing-opentelemetry v0.17.4
[INFO] [stderr]    Compiling uuid v1.3.0
[INFO] [stderr]    Compiling chrono v0.4.24
[INFO] [stderr]    Compiling bigdecimal v0.3.0
[INFO] [stderr]    Compiling url v2.3.1
[INFO] [stderr]    Compiling toml v0.5.11
[INFO] [stderr]    Compiling serde_urlencoded v0.7.1
[INFO] [stderr]    Compiling serde_path_to_error v0.1.9
[INFO] [stderr]    Compiling serde-value v0.7.0
[INFO] [stderr]    Compiling parser-database v0.1.0 (https://github.com/Brendonovich/prisma-engines?tag=pcr-0.6.5#7cc20cc5)
[INFO] [stderr]    Compiling metrics-util v0.12.1
[INFO] [stderr]    Compiling metrics-exporter-prometheus v0.10.0
[INFO] [stderr]    Compiling json-rpc-api-build v0.1.0 (https://github.com/Brendonovich/prisma-engines?tag=pcr-0.6.5#7cc20cc5)
[INFO] [stderr]    Compiling prisma-value v0.1.0 (https://github.com/Brendonovich/prisma-engines?tag=pcr-0.6.5#7cc20cc5)
[INFO] [stderr]    Compiling lsp-types v0.91.1
[INFO] [stderr]    Compiling postgres-types v0.2.4 (https://github.com/pimeys/rust-postgres?branch=pgbouncer-mode#74f0847e)
[INFO] [stderr]    Compiling query-engine-metrics v0.1.0 (https://github.com/Brendonovich/prisma-engines?tag=pcr-0.6.5#7cc20cc5)
[INFO] [stderr]    Compiling jsonrpc-core v17.1.0
[INFO] [stderr]    Compiling jsonwebtoken v8.3.0
[INFO] [stderr]    Compiling migration-core v0.1.0 (https://github.com/Brendonovich/prisma-engines?tag=pcr-0.6.5#7cc20cc5)
[INFO] [stderr]    Compiling tokio-postgres v0.7.7 (https://github.com/pimeys/rust-postgres?branch=pgbouncer-mode#74f0847e)
[INFO] [stderr]    Compiling postgres-native-tls v0.5.0 (https://github.com/pimeys/rust-postgres?branch=pgbouncer-mode#74f0847e)
[INFO] [stderr]    Compiling quaint v0.2.0-alpha.13 (https://github.com/Brendonovich/quaint?tag=0.6.5#2bf0c362)
[INFO] [stderr]    Compiling user-facing-errors v0.1.0 (https://github.com/Brendonovich/prisma-engines?tag=pcr-0.6.5#7cc20cc5)
[INFO] [stderr]    Compiling psl-core v0.1.0 (https://github.com/Brendonovich/prisma-engines?tag=pcr-0.6.5#7cc20cc5)
[INFO] [stderr]    Compiling dml v0.1.0 (https://github.com/Brendonovich/prisma-engines?tag=pcr-0.6.5#7cc20cc5)
[INFO] [stderr]    Compiling builtin-psl-connectors v0.1.0 (https://github.com/Brendonovich/prisma-engines?tag=pcr-0.6.5#7cc20cc5)
[INFO] [stderr]    Compiling prisma-models v0.0.0 (https://github.com/Brendonovich/prisma-engines?tag=pcr-0.6.5#7cc20cc5)
[INFO] [stderr]    Compiling introspection-connector v0.1.0 (https://github.com/Brendonovich/prisma-engines?tag=pcr-0.6.5#7cc20cc5)
[INFO] [stderr]    Compiling sql-schema-describer v0.1.0 (https://github.com/Brendonovich/prisma-engines?tag=pcr-0.6.5#7cc20cc5)
[INFO] [stderr]    Compiling datamodel-renderer v0.1.0 (https://github.com/Brendonovich/prisma-engines?tag=pcr-0.6.5#7cc20cc5)
[INFO] [stderr]    Compiling migration-connector v0.1.0 (https://github.com/Brendonovich/prisma-engines?tag=pcr-0.6.5#7cc20cc5)
[INFO] [stderr]    Compiling schema v0.1.0 (https://github.com/Brendonovich/prisma-engines?tag=pcr-0.6.5#7cc20cc5)
[INFO] [stderr]    Compiling query-connector v0.1.0 (https://github.com/Brendonovich/prisma-engines?tag=pcr-0.6.5#7cc20cc5)
[INFO] [stderr]    Compiling schema-builder v0.1.0 (https://github.com/Brendonovich/prisma-engines?tag=pcr-0.6.5#7cc20cc5)
[INFO] [stderr]    Compiling sql-introspection-connector v0.1.0 (https://github.com/Brendonovich/prisma-engines?tag=pcr-0.6.5#7cc20cc5)
[INFO] [stderr]    Compiling sql-query-connector v0.1.0 (https://github.com/Brendonovich/prisma-engines?tag=pcr-0.6.5#7cc20cc5)
[INFO] [stderr]    Compiling dmmf v0.1.0 (https://github.com/Brendonovich/prisma-engines?tag=pcr-0.6.5#7cc20cc5)
[INFO] [stderr]    Compiling sql-migration-connector v0.1.0 (https://github.com/Brendonovich/prisma-engines?tag=pcr-0.6.5#7cc20cc5)
[INFO] [stderr]    Compiling query-core v0.1.0 (https://github.com/Brendonovich/prisma-engines?tag=pcr-0.6.5#7cc20cc5)
[INFO] [stderr]    Compiling prisma-client-rust v0.6.6 (https://github.com/Brendonovich/prisma-client-rust?rev=49157998fcdcbe6aa45088bb4f2dd08011393209#49157998)
[INFO] [stderr]    Compiling backend v0.1.0 (/opt/rustwide/workdir)
[INFO] [stdout] error[E0583]: file not found for module `db`
[INFO] [stdout]  --> src/main.rs:1:1
[INFO] [stdout]   |
[INFO] [stdout] 1 | mod db;
[INFO] [stdout]   | ^^^^^^^
[INFO] [stdout]   |
[INFO] [stdout]   = help: to create the module `db`, create file "src/db.rs" or "src/db/mod.rs"
[INFO] [stdout]   = note: if there is a `mod db` elsewhere in the crate already, import it with `use crate::...` instead
[INFO] [stdout] 
[INFO] [stdout] 
[INFO] [stdout] error[E0432]: unresolved import `db::PrismaClient`
[INFO] [stdout]  --> src/main.rs:4:5
[INFO] [stdout]   |
[INFO] [stdout] 4 | use db::PrismaClient;
[INFO] [stdout]   |     ^^^^^^^^^^^^^^^^ no `PrismaClient` in `db`
[INFO] [stdout]   |
[INFO] [stdout] help: consider importing this trait instead
[INFO] [stdout]   |
[INFO] [stdout] 4 | use prisma_client_rust::PrismaClient;
[INFO] [stdout]   |     ~~~~~~~~~~~~~~~~~~~~~~~~~~~~~~~~
[INFO] [stdout] 
[INFO] [stdout] 
[INFO] [stdout] error[E0432]: unresolved import `crate::db::company`
[INFO] [stdout]   --> src/user/mod.rs:10:16
[INFO] [stdout]    |
[INFO] [stdout] 10 |     db::{self, company},
[INFO] [stdout]    |                ^^^^^^^ no `company` in `db`
[INFO] [stdout] 
[INFO] [stdout] 
[INFO] [stdout] error[E0432]: unresolved import `crate::db::PrivilegeType`
[INFO] [stdout]   --> src/utils/mod.rs:17:16
[INFO] [stdout]    |
[INFO] [stdout] 17 |     db::{self, PrivilegeType},
[INFO] [stdout]    |                ^^^^^^^^^^^^^ no `PrivilegeType` in `db`
[INFO] [stdout] 
[INFO] [stdout] 
[INFO] [stdout] error[E0433]: failed to resolve: could not find `user` in `db`
[INFO] [stdout]    --> src/user/mod.rs:154:5
[INFO] [stdout]     |
[INFO] [stdout] 154 | db::user::select! { user_out {
[INFO] [stdout]     |     ^^^^ could not find `user` in `db`
[INFO] [stdout] 
[INFO] [stdout] 
[INFO] [stdout] error[E0433]: failed to resolve: could not find `user` in `db`
[INFO] [stdout]    --> src/user/mod.rs:209:5
[INFO] [stdout]     |
[INFO] [stdout] 209 | db::user::partial!(
[INFO] [stdout]     |     ^^^^ could not find `user` in `db`
[INFO] [stdout] 
[INFO] [stdout] 
[INFO] [stdout] error[E0433]: failed to resolve: could not find `company` in `db`
[INFO] [stdout]    --> src/user/mod.rs:302:5
[INFO] [stdout]     |
[INFO] [stdout] 302 | db::company::partial!(
[INFO] [stdout]     |     ^^^^^^^ could not find `company` in `db`
[INFO] [stdout] 
[INFO] [stdout] 
[INFO] [stdout] error[E0433]: failed to resolve: could not find `asset` in `db`
[INFO] [stdout]   --> src/assets/mod.rs:60:5
[INFO] [stdout]    |
[INFO] [stdout] 60 | db::asset::select! {
[INFO] [stdout]    |     ^^^^^ could not find `asset` in `db`
[INFO] [stdout] 
[INFO] [stdout] 
[INFO] [stdout] error[E0433]: failed to resolve: could not find `asset` in `db`
[INFO] [stdout]    --> src/assets/mod.rs:108:5
[INFO] [stdout]     |
[INFO] [stdout] 108 | db::asset::partial!(
[INFO] [stdout]     |     ^^^^^ could not find `asset` in `db`
[INFO] [stdout] 
[INFO] [stdout] 
[INFO] [stdout] error[E0433]: failed to resolve: could not find `asset_location` in `db`
[INFO] [stdout]    --> src/assets/mod.rs:191:5
[INFO] [stdout]     |
[INFO] [stdout] 191 | db::asset_location::select! {
[INFO] [stdout]     |     ^^^^^^^^^^^^^^ could not find `asset_location` in `db`
[INFO] [stdout] 
[INFO] [stdout] 
[INFO] [stdout] error[E0433]: failed to resolve: could not find `asset_location` in `db`
[INFO] [stdout]    --> src/assets/mod.rs:224:5
[INFO] [stdout]     |
[INFO] [stdout] 224 | db::asset_location::select! {
[INFO] [stdout]     |     ^^^^^^^^^^^^^^ could not find `asset_location` in `db`
[INFO] [stdout] 
[INFO] [stdout] 
[INFO] [stdout] error[E0433]: failed to resolve: could not find `asset_location` in `db`
[INFO] [stdout]    --> src/assets/mod.rs:252:5
[INFO] [stdout]     |
[INFO] [stdout] 252 | db::asset_location::partial!(
[INFO] [stdout]     |     ^^^^^^^^^^^^^^ could not find `asset_location` in `db`
[INFO] [stdout] 
[INFO] [stdout] 
[INFO] [stdout] error[E0433]: failed to resolve: could not find `asset_status` in `db`
[INFO] [stdout]    --> src/assets/mod.rs:346:5
[INFO] [stdout]     |
[INFO] [stdout] 346 | db::asset_status::partial!(
[INFO] [stdout]     |     ^^^^^^^^^^^^ could not find `asset_status` in `db`
[INFO] [stdout] 
[INFO] [stdout] 
[INFO] [stdout] error[E0433]: failed to resolve: could not find `maintainance_request` in `db`
[INFO] [stdout]   --> src/maintainance_request/mod.rs:76:5
[INFO] [stdout]    |
[INFO] [stdout] 76 | db::maintainance_request::partial!(
[INFO] [stdout]    |     ^^^^^^^^^^^^^^^^^^^^ could not find `maintainance_request` in `db`
[INFO] [stdout] 
[INFO] [stdout] 
[INFO] [stdout] error[E0433]: failed to resolve: could not find `role` in `db`
[INFO] [stdout]   --> src/user/mod.rs:45:38
[INFO] [stdout]    |
[INFO] [stdout] 45 |                 .find_first(vec![db::role::company_id::equals(c.id)])
[INFO] [stdout]    |                                      ^^^^ could not find `role` in `db`
[INFO] [stdout] 
[INFO] [stdout] 
[INFO] [stdout] error[E0433]: failed to resolve: could not find `IsActive` in `db`
[INFO] [stdout]   --> src/user/mod.rs:62:32
[INFO] [stdout]    |
[INFO] [stdout] 62 |                     crate::db::IsActive::Yes,
[INFO] [stdout]    |                                ^^^^^^^^ could not find `IsActive` in `db`
[INFO] [stdout] 
[INFO] [stdout] 
[INFO] [stdout] error[E0433]: failed to resolve: could not find `role` in `db`
[INFO] [stdout]   --> src/user/mod.rs:68:25
[INFO] [stdout]    |
[INFO] [stdout] 68 |                     db::role::id::equals(role.id),
[INFO] [stdout]    |                         ^^^^ could not find `role` in `db`
[INFO] [stdout] 
[INFO] [stdout] 
[INFO] [stdout] error[E0433]: failed to resolve: could not find `user` in `db`
[INFO] [stdout]   --> src/user/mod.rs:70:29
[INFO] [stdout]    |
[INFO] [stdout] 70 |                         db::user::customize_fileds_1::set(ur.customize_fileds_1),
[INFO] [stdout]    |                             ^^^^ could not find `user` in `db`
[INFO] [stdout] 
[INFO] [stdout] 
[INFO] [stdout] error[E0433]: failed to resolve: could not find `user` in `db`
[INFO] [stdout]   --> src/user/mod.rs:71:29
[INFO] [stdout]    |
[INFO] [stdout] 71 |                         db::user::customize_fileds_2::set(ur.customize_fileds_2),
[INFO] [stdout]    |                             ^^^^ could not find `user` in `db`
[INFO] [stdout] 
[INFO] [stdout] 
[INFO] [stdout] error[E0433]: failed to resolve: could not find `user` in `db`
[INFO] [stdout]   --> src/user/mod.rs:72:29
[INFO] [stdout]    |
[INFO] [stdout] 72 |                         db::user::customize_fileds_3::set(ur.customize_fileds_3),
[INFO] [stdout]    |                             ^^^^ could not find `user` in `db`
[INFO] [stdout] 
[INFO] [stdout] 
[INFO] [stdout] error[E0433]: failed to resolve: could not find `user` in `db`
[INFO] [stdout]   --> src/user/mod.rs:73:29
[INFO] [stdout]    |
[INFO] [stdout] 73 |                         db::user::customize_fileds_4::set(ur.customize_fileds_4),
[INFO] [stdout]    |                             ^^^^ could not find `user` in `db`
[INFO] [stdout] 
[INFO] [stdout] 
[INFO] [stdout] error[E0433]: failed to resolve: could not find `user` in `db`
[INFO] [stdout]   --> src/user/mod.rs:74:29
[INFO] [stdout]    |
[INFO] [stdout] 74 |                         db::user::customize_fileds_5::set(ur.customize_fileds_5),
[INFO] [stdout]    |                             ^^^^ could not find `user` in `db`
[INFO] [stdout] 
[INFO] [stdout] 
[INFO] [stdout] error[E0433]: failed to resolve: could not find `user` in `db`
[INFO] [stdout]    --> src/user/mod.rs:110:30
[INFO] [stdout]     |
[INFO] [stdout] 110 |         .find_first(vec![db::user::username::equals(ul.username)])
[INFO] [stdout]     |                              ^^^^ could not find `user` in `db`
[INFO] [stdout] 
[INFO] [stdout] 
[INFO] [stdout] error[E0433]: failed to resolve: could not find `IsActive` in `db`
[INFO] [stdout]    --> src/user/mod.rs:115:17
[INFO] [stdout]     |
[INFO] [stdout] 115 |             db::IsActive::Yes => {
[INFO] [stdout]     |                 ^^^^^^^^ could not find `IsActive` in `db`
[INFO] [stdout] 
[INFO] [stdout] 
[INFO] [stdout] error[E0433]: failed to resolve: could not find `Module` in `db`
[INFO] [stdout]    --> src/user/mod.rs:187:38
[INFO] [stdout]     |
[INFO] [stdout] 187 |         c.check_module_privilige(db::Module::Admin, db::PrivilegeType::View)
[INFO] [stdout]     |                                      ^^^^^^ could not find `Module` in `db`
[INFO] [stdout] 
[INFO] [stdout] 
[INFO] [stdout] error[E0433]: failed to resolve: could not find `PrivilegeType` in `db`
[INFO] [stdout]    --> src/user/mod.rs:187:57
[INFO] [stdout]     |
[INFO] [stdout] 187 |         c.check_module_privilige(db::Module::Admin, db::PrivilegeType::View)
[INFO] [stdout]     |                                                         ^^^^^^^^^^^^^ could not find `PrivilegeType` in `db`
[INFO] [stdout] 
[INFO] [stdout] 
[INFO] [stdout] error[E0433]: failed to resolve: could not find `user` in `db`
[INFO] [stdout]    --> src/user/mod.rs:194:17
[INFO] [stdout]     |
[INFO] [stdout] 194 |             db::user::id::equals(id),
[INFO] [stdout]     |                 ^^^^ could not find `user` in `db`
[INFO] [stdout] 
[INFO] [stdout] 
[INFO] [stdout] error[E0433]: failed to resolve: could not find `user` in `db`
[INFO] [stdout]    --> src/user/mod.rs:195:17
[INFO] [stdout]     |
[INFO] [stdout] 195 |             db::user::company_id::equals(c.company_id),
[INFO] [stdout]     |                 ^^^^ could not find `user` in `db`
[INFO] [stdout] 
[INFO] [stdout] 
[INFO] [stdout] error[E0433]: failed to resolve: could not find `user` in `db`
[INFO] [stdout]    --> src/user/mod.rs:235:29
[INFO] [stdout]     |
[INFO] [stdout] 235 |                 .update(db::user::id::equals(id), payload.to_params())
[INFO] [stdout]     |                             ^^^^ could not find `user` in `db`
[INFO] [stdout] 
[INFO] [stdout] 
[INFO] [stdout] error[E0433]: failed to resolve: could not find `Module` in `db`
[INFO] [stdout]    --> src/user/mod.rs:241:38
[INFO] [stdout]     |
[INFO] [stdout] 241 |         c.check_module_privilige(db::Module::Admin, db::PrivilegeType::Edit)
[INFO] [stdout]     |                                      ^^^^^^ could not find `Module` in `db`
[INFO] [stdout] 
[INFO] [stdout] 
[INFO] [stdout] error[E0433]: failed to resolve: could not find `PrivilegeType` in `db`
[INFO] [stdout]    --> src/user/mod.rs:241:57
[INFO] [stdout]     |
[INFO] [stdout] 241 |         c.check_module_privilige(db::Module::Admin, db::PrivilegeType::Edit)
[INFO] [stdout]     |                                                         ^^^^^^^^^^^^^ could not find `PrivilegeType` in `db`
[INFO] [stdout] 
[INFO] [stdout] 
[INFO] [stdout] error[E0433]: failed to resolve: could not find `user` in `db`
[INFO] [stdout]    --> src/user/mod.rs:246:29
[INFO] [stdout]     |
[INFO] [stdout] 246 |                 .update(db::user::id::equals(id), payload.to_params())
[INFO] [stdout]     |                             ^^^^ could not find `user` in `db`
[INFO] [stdout] 
[INFO] [stdout] 
[INFO] [stdout] error[E0433]: failed to resolve: could not find `company` in `db`
[INFO] [stdout]    --> src/user/mod.rs:274:26
[INFO] [stdout]     |
[INFO] [stdout] 274 |         .find_unique(db::company::company_code::equals(cr.company_code.clone()))
[INFO] [stdout]     |                          ^^^^^^^ could not find `company` in `db`
[INFO] [stdout] 
[INFO] [stdout] 
[INFO] [stdout] error[E0433]: failed to resolve: could not find `company` in `db`
[INFO] [stdout]    --> src/user/mod.rs:314:40
[INFO] [stdout]     |
[INFO] [stdout] 314 | ) -> AppResult<Json<CommonResponse<db::company::Data>>> {
[INFO] [stdout]     |                                        ^^^^^^^ could not find `company` in `db`
[INFO] [stdout] 
[INFO] [stdout] 
[INFO] [stdout] error[E0433]: failed to resolve: could not find `Module` in `db`
[INFO] [stdout]    --> src/user/mod.rs:315:34
[INFO] [stdout]     |
[INFO] [stdout] 315 |     c.check_module_privilige(db::Module::Admin, db::PrivilegeType::Edit)
[INFO] [stdout]     |                                  ^^^^^^ could not find `Module` in `db`
[INFO] [stdout] 
[INFO] [stdout] 
[INFO] [stdout] error[E0433]: failed to resolve: could not find `PrivilegeType` in `db`
[INFO] [stdout]    --> src/user/mod.rs:315:53
[INFO] [stdout]     |
[INFO] [stdout] 315 |     c.check_module_privilige(db::Module::Admin, db::PrivilegeType::Edit)
[INFO] [stdout]     |                                                     ^^^^^^^^^^^^^ could not find `PrivilegeType` in `db`
[INFO] [stdout] 
[INFO] [stdout] 
[INFO] [stdout] error[E0433]: failed to resolve: could not find `company` in `db`
[INFO] [stdout]    --> src/user/mod.rs:321:25
[INFO] [stdout]     |
[INFO] [stdout] 321 |             .update(db::company::id::equals(id), payload.to_params())
[INFO] [stdout]     |                         ^^^^^^^ could not find `company` in `db`
[INFO] [stdout] 
[INFO] [stdout] 
[INFO] [stdout] error[E0433]: failed to resolve: could not find `asset` in `db`
[INFO] [stdout]   --> src/assets/mod.rs:29:40
[INFO] [stdout]    |
[INFO] [stdout] 29 | ) -> AppResult<Json<CommonResponse<db::asset::Data>>> {
[INFO] [stdout]    |                                        ^^^^^ could not find `asset` in `db`
[INFO] [stdout] 
[INFO] [stdout] 
[INFO] [stdout] error[E0433]: failed to resolve: could not find `Module` in `db`
[INFO] [stdout]   --> src/assets/mod.rs:30:34
[INFO] [stdout]    |
[INFO] [stdout] 30 |     c.check_module_privilige(db::Module::Asset, db::PrivilegeType::Edit)
[INFO] [stdout]    |                                  ^^^^^^ could not find `Module` in `db`
[INFO] [stdout] 
[INFO] [stdout] 
[INFO] [stdout] error[E0433]: failed to resolve: could not find `PrivilegeType` in `db`
[INFO] [stdout]   --> src/assets/mod.rs:30:53
[INFO] [stdout]    |
[INFO] [stdout] 30 |     c.check_module_privilige(db::Module::Asset, db::PrivilegeType::Edit)
[INFO] [stdout]    |                                                     ^^^^^^^^^^^^^ could not find `PrivilegeType` in `db`
[INFO] [stdout] 
[INFO] [stdout] 
[INFO] [stdout] error[E0433]: failed to resolve: could not find `company` in `db`
[INFO] [stdout]   --> src/assets/mod.rs:39:25
[INFO] [stdout]    |
[INFO] [stdout] 39 |                     db::company::id::equals(c.company_id),
[INFO] [stdout]    |                         ^^^^^^^ could not find `company` in `db`
[INFO] [stdout] 
[INFO] [stdout] 
[INFO] [stdout] error[E0433]: failed to resolve: could not find `asset_location` in `db`
[INFO] [stdout]   --> src/assets/mod.rs:43:25
[INFO] [stdout]    |
[INFO] [stdout] 43 |                     db::asset_location::id::equals(payload.asset_location_id),
[INFO] [stdout]    |                         ^^^^^^^^^^^^^^ could not find `asset_location` in `db`
[INFO] [stdout] 
[INFO] [stdout] 
[INFO] [stdout] error[E0433]: failed to resolve: could not find `asset_status` in `db`
[INFO] [stdout]   --> src/assets/mod.rs:44:25
[INFO] [stdout]    |
[INFO] [stdout] 44 |                     db::asset_status::id::equals(payload.asset_status_id),
[INFO] [stdout]    |                         ^^^^^^^^^^^^ could not find `asset_status` in `db`
[INFO] [stdout] 
[INFO] [stdout] 
[INFO] [stdout] error[E0433]: failed to resolve: could not find `asset` in `db`
[INFO] [stdout]   --> src/assets/mod.rs:46:29
[INFO] [stdout]    |
[INFO] [stdout] 46 |                         db::asset::customize_fileds_1::set(payload.customize_fileds_1),
[INFO] [stdout]    |                             ^^^^^ could not find `asset` in `db`
[INFO] [stdout] 
[INFO] [stdout] 
[INFO] [stdout] error[E0433]: failed to resolve: could not find `asset` in `db`
[INFO] [stdout]   --> src/assets/mod.rs:47:29
[INFO] [stdout]    |
[INFO] [stdout] 47 |                         db::asset::customize_fileds_2::set(payload.customize_fileds_2),
[INFO] [stdout]    |                             ^^^^^ could not find `asset` in `db`
[INFO] [stdout] 
[INFO] [stdout] 
[INFO] [stdout] error[E0433]: failed to resolve: could not find `asset` in `db`
[INFO] [stdout]   --> src/assets/mod.rs:48:29
[INFO] [stdout]    |
[INFO] [stdout] 48 |                         db::asset::customize_fileds_3::set(payload.customize_fileds_3),
[INFO] [stdout]    |                             ^^^^^ could not find `asset` in `db`
[INFO] [stdout] 
[INFO] [stdout] 
[INFO] [stdout] error[E0433]: failed to resolve: could not find `asset` in `db`
[INFO] [stdout]   --> src/assets/mod.rs:49:29
[INFO] [stdout]    |
[INFO] [stdout] 49 |                         db::asset::customize_fileds_4::set(payload.customize_fileds_4),
[INFO] [stdout]    |                             ^^^^^ could not find `asset` in `db`
[INFO] [stdout] 
[INFO] [stdout] 
[INFO] [stdout] error[E0433]: failed to resolve: could not find `asset` in `db`
[INFO] [stdout]   --> src/assets/mod.rs:50:29
[INFO] [stdout]    |
[INFO] [stdout] 50 |                         db::asset::customize_fileds_5::set(payload.customize_fileds_5),
[INFO] [stdout]    |                             ^^^^^ could not find `asset` in `db`
[INFO] [stdout] 
[INFO] [stdout] 
[INFO] [stdout] error[E0433]: failed to resolve: could not find `Module` in `db`
[INFO] [stdout]   --> src/assets/mod.rs:88:34
[INFO] [stdout]    |
[INFO] [stdout] 88 |     c.check_module_privilige(db::Module::Asset, db::PrivilegeType::View)
[INFO] [stdout]    |                                  ^^^^^^ could not find `Module` in `db`
[INFO] [stdout] 
[INFO] [stdout] 
[INFO] [stdout] error[E0433]: failed to resolve: could not find `PrivilegeType` in `db`
[INFO] [stdout]   --> src/assets/mod.rs:88:53
[INFO] [stdout]    |
[INFO] [stdout] 88 |     c.check_module_privilige(db::Module::Asset, db::PrivilegeType::View)
[INFO] [stdout]    |                                                     ^^^^^^^^^^^^^ could not find `PrivilegeType` in `db`
[INFO] [stdout] 
[INFO] [stdout] 
[INFO] [stdout] error[E0433]: failed to resolve: could not find `asset` in `db`
[INFO] [stdout]   --> src/assets/mod.rs:93:26
[INFO] [stdout]    |
[INFO] [stdout] 93 |         .find_unique(db::asset::id::equals(id))
[INFO] [stdout]    |                          ^^^^^ could not find `asset` in `db`
[INFO] [stdout] 
[INFO] [stdout] 
[INFO] [stdout] error[E0433]: failed to resolve: could not find `Module` in `db`
[INFO] [stdout]    --> src/assets/mod.rs:129:34
[INFO] [stdout]     |
[INFO] [stdout] 129 |     c.check_module_privilige(db::Module::Asset, db::PrivilegeType::Edit)
[INFO] [stdout]     |                                  ^^^^^^ could not find `Module` in `db`
[INFO] [stdout] 
[INFO] [stdout] 
[INFO] [stdout] error[E0433]: failed to resolve: could not find `PrivilegeType` in `db`
[INFO] [stdout]    --> src/assets/mod.rs:129:53
[INFO] [stdout]     |
[INFO] [stdout] 129 |     c.check_module_privilige(db::Module::Asset, db::PrivilegeType::Edit)
[INFO] [stdout]     |                                                     ^^^^^^^^^^^^^ could not find `PrivilegeType` in `db`
[INFO] [stdout] 
[INFO] [stdout] 
[INFO] [stdout] error[E0433]: failed to resolve: could not find `asset` in `db`
[INFO] [stdout]    --> src/assets/mod.rs:135:25
[INFO] [stdout]     |
[INFO] [stdout] 135 |             .update(db::asset::id::equals(id), payload.to_params())
[INFO] [stdout]     |                         ^^^^^ could not find `asset` in `db`
[INFO] [stdout] 
[INFO] [stdout] 
[INFO] [stdout] error[E0433]: failed to resolve: could not find `Module` in `db`
[INFO] [stdout]    --> src/assets/mod.rs:147:34
[INFO] [stdout]     |
[INFO] [stdout] 147 |     c.check_module_privilige(db::Module::Asset, db::PrivilegeType::Edit)
[INFO] [stdout]     |                                  ^^^^^^ could not find `Module` in `db`
[INFO] [stdout] 
[INFO] [stdout] 
[INFO] [stdout] error[E0433]: failed to resolve: could not find `PrivilegeType` in `db`
[INFO] [stdout]    --> src/assets/mod.rs:147:53
[INFO] [stdout]     |
[INFO] [stdout] 147 |     c.check_module_privilige(db::Module::Asset, db::PrivilegeType::Edit)
[INFO] [stdout]     |                                                     ^^^^^^^^^^^^^ could not find `PrivilegeType` in `db`
[INFO] [stdout] 
[INFO] [stdout] 
[INFO] [stdout] error[E0433]: failed to resolve: could not find `asset` in `db`
[INFO] [stdout]    --> src/assets/mod.rs:153:25
[INFO] [stdout]     |
[INFO] [stdout] 153 |             .delete(db::asset::id::equals(id))
[INFO] [stdout]     |                         ^^^^^ could not find `asset` in `db`
[INFO] [stdout] 
[INFO] [stdout] 
[INFO] [stdout] error[E0433]: failed to resolve: could not find `asset_location` in `db`
[INFO] [stdout]    --> src/assets/mod.rs:172:40
[INFO] [stdout]     |
[INFO] [stdout] 172 | ) -> AppResult<Json<CommonResponse<db::asset_location::Data>>> {
[INFO] [stdout]     |                                        ^^^^^^^^^^^^^^ could not find `asset_location` in `db`
[INFO] [stdout] 
[INFO] [stdout] 
[INFO] [stdout] error[E0433]: failed to resolve: could not find `Module` in `db`
[INFO] [stdout]    --> src/assets/mod.rs:173:34
[INFO] [stdout]     |
[INFO] [stdout] 173 |     c.check_module_privilige(db::Module::Location, db::PrivilegeType::Edit)
[INFO] [stdout]     |                                  ^^^^^^ could not find `Module` in `db`
[INFO] [stdout] 
[INFO] [stdout] 
[INFO] [stdout] error[E0433]: failed to resolve: could not find `PrivilegeType` in `db`
[INFO] [stdout]    --> src/assets/mod.rs:173:56
[INFO] [stdout]     |
[INFO] [stdout] 173 |     c.check_module_privilige(db::Module::Location, db::PrivilegeType::Edit)
[INFO] [stdout]     |                                                        ^^^^^^^^^^^^^ could not find `PrivilegeType` in `db`
[INFO] [stdout] 
[INFO] [stdout] 
[INFO] [stdout] error[E0433]: failed to resolve: could not find `company` in `db`
[INFO] [stdout]    --> src/assets/mod.rs:179:17
[INFO] [stdout]     |
[INFO] [stdout] 179 |             db::company::id::equals(c.company_id),
[INFO] [stdout]     |                 ^^^^^^^ could not find `company` in `db`
[INFO] [stdout] 
[INFO] [stdout] 
[INFO] [stdout] error[E0433]: failed to resolve: could not find `asset_location` in `db`
[INFO] [stdout]    --> src/assets/mod.rs:184:22
[INFO] [stdout]     |
[INFO] [stdout] 184 |             vec![db::asset_location::parent_id::set(payload.parent_id)],
[INFO] [stdout]     |                      ^^^^^^^^^^^^^^ could not find `asset_location` in `db`
[INFO] [stdout] 
[INFO] [stdout] 
[INFO] [stdout] error[E0433]: failed to resolve: could not find `Module` in `db`
[INFO] [stdout]    --> src/assets/mod.rs:206:34
[INFO] [stdout]     |
[INFO] [stdout] 206 |     c.check_module_privilige(db::Module::Location, db::PrivilegeType::View)
[INFO] [stdout]     |                                  ^^^^^^ could not find `Module` in `db`
[INFO] [stdout] 
[INFO] [stdout] 
[INFO] [stdout] error[E0433]: failed to resolve: could not find `PrivilegeType` in `db`
[INFO] [stdout]    --> src/assets/mod.rs:206:56
[INFO] [stdout]     |
[INFO] [stdout] 206 |     c.check_module_privilige(db::Module::Location, db::PrivilegeType::View)
[INFO] [stdout]     |                                                        ^^^^^^^^^^^^^ could not find `PrivilegeType` in `db`
[INFO] [stdout] 
[INFO] [stdout] 
[INFO] [stdout] error[E0433]: failed to resolve: could not find `asset_location` in `db`
[INFO] [stdout]    --> src/assets/mod.rs:211:26
[INFO] [stdout]     |
[INFO] [stdout] 211 |         .find_unique(db::asset_location::id::equals(id))
[INFO] [stdout]     |                          ^^^^^^^^^^^^^^ could not find `asset_location` in `db`
[INFO] [stdout] 
[INFO] [stdout] 
[INFO] [stdout] error[E0433]: failed to resolve: could not find `Module` in `db`
[INFO] [stdout]    --> src/assets/mod.rs:239:34
[INFO] [stdout]     |
[INFO] [stdout] 239 |     c.check_module_privilige(db::Module::Location, db::PrivilegeType::View)
[INFO] [stdout]     |                                  ^^^^^^ could not find `Module` in `db`
[INFO] [stdout] 
[INFO] [stdout] 
[INFO] [stdout] error[E0433]: failed to resolve: could not find `PrivilegeType` in `db`
[INFO] [stdout]    --> src/assets/mod.rs:239:56
[INFO] [stdout]     |
[INFO] [stdout] 239 |     c.check_module_privilige(db::Module::Location, db::PrivilegeType::View)
[INFO] [stdout]     |                                                        ^^^^^^^^^^^^^ could not find `PrivilegeType` in `db`
[INFO] [stdout] 
[INFO] [stdout] 
[INFO] [stdout] error[E0433]: failed to resolve: could not find `asset_location` in `db`
[INFO] [stdout]    --> src/assets/mod.rs:245:33
[INFO] [stdout]     |
[INFO] [stdout] 245 |             .find_many(vec![db::asset_location::company_id::equals(c.company_id)])
[INFO] [stdout]     |                                 ^^^^^^^^^^^^^^ could not find `asset_location` in `db`
[INFO] [stdout] 
[INFO] [stdout] 
[INFO] [stdout] error[E0433]: failed to resolve: could not find `Module` in `db`
[INFO] [stdout]    --> src/assets/mod.rs:266:34
[INFO] [stdout]     |
[INFO] [stdout] 266 |     c.check_module_privilige(db::Module::Location, db::PrivilegeType::Edit)
[INFO] [stdout]     |                                  ^^^^^^ could not find `Module` in `db`
[INFO] [stdout] 
[INFO] [stdout] 
[INFO] [stdout] error[E0433]: failed to resolve: could not find `PrivilegeType` in `db`
[INFO] [stdout]    --> src/assets/mod.rs:266:56
[INFO] [stdout]     |
[INFO] [stdout] 266 |     c.check_module_privilige(db::Module::Location, db::PrivilegeType::Edit)
[INFO] [stdout]     |                                                        ^^^^^^^^^^^^^ could not find `PrivilegeType` in `db`
[INFO] [stdout] 
[INFO] [stdout] 
[INFO] [stdout] error[E0433]: failed to resolve: could not find `asset_location` in `db`
[INFO] [stdout]    --> src/assets/mod.rs:272:25
[INFO] [stdout]     |
[INFO] [stdout] 272 |             .update(db::asset_location::id::equals(id), payload.to_params())
[INFO] [stdout]     |                         ^^^^^^^^^^^^^^ could not find `asset_location` in `db`
[INFO] [stdout] 
[INFO] [stdout] 
[INFO] [stdout] error[E0433]: failed to resolve: could not find `Module` in `db`
[INFO] [stdout]    --> src/assets/mod.rs:284:34
[INFO] [stdout]     |
[INFO] [stdout] 284 |     c.check_module_privilige(db::Module::Location, db::PrivilegeType::Edit)
[INFO] [stdout]     |                                  ^^^^^^ could not find `Module` in `db`
[INFO] [stdout] 
[INFO] [stdout] 
[INFO] [stdout] error[E0433]: failed to resolve: could not find `PrivilegeType` in `db`
[INFO] [stdout]    --> src/assets/mod.rs:284:56
[INFO] [stdout]     |
[INFO] [stdout] 284 |     c.check_module_privilige(db::Module::Location, db::PrivilegeType::Edit)
[INFO] [stdout]     |                                                        ^^^^^^^^^^^^^ could not find `PrivilegeType` in `db`
[INFO] [stdout] 
[INFO] [stdout] 
[INFO] [stdout] error[E0433]: failed to resolve: could not find `asset_location` in `db`
[INFO] [stdout]    --> src/assets/mod.rs:290:25
[INFO] [stdout]     |
[INFO] [stdout] 290 |             .delete(db::asset_location::id::equals(id))
[INFO] [stdout]     |                         ^^^^^^^^^^^^^^ could not find `asset_location` in `db`
[INFO] [stdout] 
[INFO] [stdout] 
[INFO] [stdout] error[E0433]: failed to resolve: could not find `asset_status` in `db`
[INFO] [stdout]    --> src/assets/mod.rs:307:40
[INFO] [stdout]     |
[INFO] [stdout] 307 | ) -> AppResult<Json<CommonResponse<db::asset_status::Data>>> {
[INFO] [stdout]     |                                        ^^^^^^^^^^^^ could not find `asset_status` in `db`
[INFO] [stdout] 
[INFO] [stdout] 
[INFO] [stdout] error[E0433]: failed to resolve: could not find `Module` in `db`
[INFO] [stdout]    --> src/assets/mod.rs:308:34
[INFO] [stdout]     |
[INFO] [stdout] 308 |     c.check_module_privilige(db::Module::Asset, db::PrivilegeType::Edit)
[INFO] [stdout]     |                                  ^^^^^^ could not find `Module` in `db`
[INFO] [stdout] 
[INFO] [stdout] 
[INFO] [stdout] error[E0433]: failed to resolve: could not find `PrivilegeType` in `db`
[INFO] [stdout]    --> src/assets/mod.rs:308:53
[INFO] [stdout]     |
[INFO] [stdout] 308 |     c.check_module_privilige(db::Module::Asset, db::PrivilegeType::Edit)
[INFO] [stdout]     |                                                     ^^^^^^^^^^^^^ could not find `PrivilegeType` in `db`
[INFO] [stdout] 
[INFO] [stdout] 
[INFO] [stdout] error[E0433]: failed to resolve: could not find `company` in `db`
[INFO] [stdout]    --> src/assets/mod.rs:314:17
[INFO] [stdout]     |
[INFO] [stdout] 314 |             db::company::id::equals(c.company_id),
[INFO] [stdout]     |                 ^^^^^^^ could not find `company` in `db`
[INFO] [stdout] 
[INFO] [stdout] 
[INFO] [stdout] error[E0433]: failed to resolve: could not find `asset_status` in `db`
[INFO] [stdout]    --> src/assets/mod.rs:328:40
[INFO] [stdout]     |
[INFO] [stdout] 328 | ) -> AppResult<Json<CommonResponse<db::asset_status::Data>>> {
[INFO] [stdout]     |                                        ^^^^^^^^^^^^ could not find `asset_status` in `db`
[INFO] [stdout] 
[INFO] [stdout] 
[INFO] [stdout] error[E0433]: failed to resolve: could not find `Module` in `db`
[INFO] [stdout]    --> src/assets/mod.rs:329:34
[INFO] [stdout]     |
[INFO] [stdout] 329 |     c.check_module_privilige(db::Module::Asset, db::PrivilegeType::View)
[INFO] [stdout]     |                                  ^^^^^^ could not find `Module` in `db`
[INFO] [stdout] 
[INFO] [stdout] 
[INFO] [stdout] error[E0433]: failed to resolve: could not find `PrivilegeType` in `db`
[INFO] [stdout]    --> src/assets/mod.rs:329:53
[INFO] [stdout]     |
[INFO] [stdout] 329 |     c.check_module_privilige(db::Module::Asset, db::PrivilegeType::View)
[INFO] [stdout]     |                                                     ^^^^^^^^^^^^^ could not find `PrivilegeType` in `db`
[INFO] [stdout] 
[INFO] [stdout] 
[INFO] [stdout] error[E0433]: failed to resolve: could not find `asset_status` in `db`
[INFO] [stdout]    --> src/assets/mod.rs:334:26
[INFO] [stdout]     |
[INFO] [stdout] 334 |         .find_unique(db::asset_status::id::equals(id))
[INFO] [stdout]     |                          ^^^^^^^^^^^^ could not find `asset_status` in `db`
[INFO] [stdout] 
[INFO] [stdout] 
[INFO] [stdout] error[E0433]: failed to resolve: could not find `asset_status` in `db`
[INFO] [stdout]    --> src/assets/mod.rs:358:40
[INFO] [stdout]     |
[INFO] [stdout] 358 | ) -> AppResult<Json<CommonResponse<db::asset_status::Data>>> {
[INFO] [stdout]     |                                        ^^^^^^^^^^^^ could not find `asset_status` in `db`
[INFO] [stdout] 
[INFO] [stdout] 
[INFO] [stdout] error[E0433]: failed to resolve: could not find `Module` in `db`
[INFO] [stdout]    --> src/assets/mod.rs:359:34
[INFO] [stdout]     |
[INFO] [stdout] 359 |     c.check_module_privilige(db::Module::Asset, db::PrivilegeType::Edit)
[INFO] [stdout]     |                                  ^^^^^^ could not find `Module` in `db`
[INFO] [stdout] 
[INFO] [stdout] 
[INFO] [stdout] error[E0433]: failed to resolve: could not find `PrivilegeType` in `db`
[INFO] [stdout]    --> src/assets/mod.rs:359:53
[INFO] [stdout]     |
[INFO] [stdout] 359 |     c.check_module_privilige(db::Module::Asset, db::PrivilegeType::Edit)
[INFO] [stdout]     |                                                     ^^^^^^^^^^^^^ could not find `PrivilegeType` in `db`
[INFO] [stdout] 
[INFO] [stdout] 
[INFO] [stdout] error[E0433]: failed to resolve: could not find `asset_status` in `db`
[INFO] [stdout]    --> src/assets/mod.rs:365:25
[INFO] [stdout]     |
[INFO] [stdout] 365 |             .update(db::asset_status::id::equals(id), payload.to_params())
[INFO] [stdout]     |                         ^^^^^^^^^^^^ could not find `asset_status` in `db`
[INFO] [stdout] 
[INFO] [stdout] 
[INFO] [stdout] error[E0433]: failed to resolve: could not find `asset_status` in `db`
[INFO] [stdout]    --> src/assets/mod.rs:375:40
[INFO] [stdout]     |
[INFO] [stdout] 375 | ) -> AppResult<Json<CommonResponse<db::asset_status::Data>>> {
[INFO] [stdout]     |                                        ^^^^^^^^^^^^ could not find `asset_status` in `db`
[INFO] [stdout] 
[INFO] [stdout] 
[INFO] [stdout] error[E0433]: failed to resolve: could not find `Module` in `db`
[INFO] [stdout]    --> src/assets/mod.rs:376:34
[INFO] [stdout]     |
[INFO] [stdout] 376 |     c.check_module_privilige(db::Module::Asset, db::PrivilegeType::Edit)
[INFO] [stdout]     |                                  ^^^^^^ could not find `Module` in `db`
[INFO] [stdout] 
[INFO] [stdout] 
[INFO] [stdout] error[E0433]: failed to resolve: could not find `PrivilegeType` in `db`
[INFO] [stdout]    --> src/assets/mod.rs:376:53
[INFO] [stdout]     |
[INFO] [stdout] 376 |     c.check_module_privilige(db::Module::Asset, db::PrivilegeType::Edit)
[INFO] [stdout]     |                                                     ^^^^^^^^^^^^^ could not find `PrivilegeType` in `db`
[INFO] [stdout] 
[INFO] [stdout] 
[INFO] [stdout] error[E0433]: failed to resolve: could not find `asset_status` in `db`
[INFO] [stdout]    --> src/assets/mod.rs:382:25
[INFO] [stdout]     |
[INFO] [stdout] 382 |             .delete(db::asset_status::id::equals(id))
[INFO] [stdout]     |                         ^^^^^^^^^^^^ could not find `asset_status` in `db`
[INFO] [stdout] 
[INFO] [stdout] 
[INFO] [stdout] error[E0433]: failed to resolve: could not find `maintainance_request` in `db`
[INFO] [stdout]   --> src/maintainance_request/mod.rs:28:40
[INFO] [stdout]    |
[INFO] [stdout] 28 | ) -> AppResult<Json<CommonResponse<db::maintainance_request::Data>>> {
[INFO] [stdout]    |                                        ^^^^^^^^^^^^^^^^^^^^ could not find `maintainance_request` in `db`
[INFO] [stdout] 
[INFO] [stdout] 
[INFO] [stdout] error[E0433]: failed to resolve: could not find `Module` in `db`
[INFO] [stdout]   --> src/maintainance_request/mod.rs:29:34
[INFO] [stdout]    |
[INFO] [stdout] 29 |     c.check_module_privilige(db::Module::MaintainanceRequest, db::PrivilegeType::Edit)
[INFO] [stdout]    |                                  ^^^^^^ could not find `Module` in `db`
[INFO] [stdout] 
[INFO] [stdout] 
[INFO] [stdout] error[E0433]: failed to resolve: could not find `PrivilegeType` in `db`
[INFO] [stdout]   --> src/maintainance_request/mod.rs:29:67
[INFO] [stdout]    |
[INFO] [stdout] 29 |     c.check_module_privilige(db::Module::MaintainanceRequest, db::PrivilegeType::Edit)
[INFO] [stdout]    |                                                                   ^^^^^^^^^^^^^ could not find `PrivilegeType` in `db`
[INFO] [stdout] 
[INFO] [stdout] 
[INFO] [stdout] error[E0433]: failed to resolve: could not find `company` in `db`
[INFO] [stdout]   --> src/maintainance_request/mod.rs:36:21
[INFO] [stdout]    |
[INFO] [stdout] 36 |                 db::company::id::equals(c.company_id),
[INFO] [stdout]    |                     ^^^^^^^ could not find `company` in `db`
[INFO] [stdout] 
[INFO] [stdout] 
[INFO] [stdout] error[E0433]: failed to resolve: could not find `asset` in `db`
[INFO] [stdout]   --> src/maintainance_request/mod.rs:37:21
[INFO] [stdout]    |
[INFO] [stdout] 37 |                 db::asset::id::equals(payload.asset_id),
[INFO] [stdout]    |                     ^^^^^ could not find `asset` in `db`
[INFO] [stdout] 
[INFO] [stdout] 
[INFO] [stdout] error[E0433]: failed to resolve: could not find `user` in `db`
[INFO] [stdout]   --> src/maintainance_request/mod.rs:39:21
[INFO] [stdout]    |
[INFO] [stdout] 39 |                 db::user::id::equals(c.user_id),
[INFO] [stdout]    |                     ^^^^ could not find `user` in `db`
[INFO] [stdout] 
[INFO] [stdout] 
[INFO] [stdout] error[E0433]: failed to resolve: could not find `mr_status` in `db`
[INFO] [stdout]   --> src/maintainance_request/mod.rs:40:21
[INFO] [stdout]    |
[INFO] [stdout] 40 |                 db::mr_status::id::equals(payload.mr_status_id),
[INFO] [stdout]    |                     ^^^^^^^^^ could not find `mr_status` in `db`
[INFO] [stdout] 
[INFO] [stdout] 
[INFO] [stdout] error[E0433]: failed to resolve: could not find `mr_category` in `db`
[INFO] [stdout]   --> src/maintainance_request/mod.rs:41:21
[INFO] [stdout]    |
[INFO] [stdout] 41 |                 db::mr_category::id::equals(payload.mr_category_id),
[INFO] [stdout]    |                     ^^^^^^^^^^^ could not find `mr_category` in `db`
[INFO] [stdout] 
[INFO] [stdout] 
[INFO] [stdout] error[E0433]: failed to resolve: could not find `mr_priority` in `db`
[INFO] [stdout]   --> src/maintainance_request/mod.rs:42:21
[INFO] [stdout]    |
[INFO] [stdout] 42 |                 db::mr_priority::id::equals(payload.mr_priority_id),
[INFO] [stdout]    |                     ^^^^^^^^^^^ could not find `mr_priority` in `db`
[INFO] [stdout] 
[INFO] [stdout] 
[INFO] [stdout] error[E0433]: failed to resolve: could not find `mr_failure_impact` in `db`
[INFO] [stdout]   --> src/maintainance_request/mod.rs:43:21
[INFO] [stdout]    |
[INFO] [stdout] 43 |                 db::mr_failure_impact::id::equals(payload.mr_failure_impact_id),
[INFO] [stdout]    |                     ^^^^^^^^^^^^^^^^^ could not find `mr_failure_impact` in `db`
[INFO] [stdout] 
[INFO] [stdout] 
[INFO] [stdout] error[E0433]: failed to resolve: could not find `mr_failure_mode` in `db`
[INFO] [stdout]   --> src/maintainance_request/mod.rs:44:21
[INFO] [stdout]    |
[INFO] [stdout] 44 |                 db::mr_failure_mode::id::equals(payload.mr_failure_mode_id),
[INFO] [stdout]    |                     ^^^^^^^^^^^^^^^ could not find `mr_failure_mode` in `db`
[INFO] [stdout] 
[INFO] [stdout] 
[INFO] [stdout] error[E0433]: failed to resolve: could not find `maintainance_request` in `db`
[INFO] [stdout]   --> src/maintainance_request/mod.rs:58:40
[INFO] [stdout]    |
[INFO] [stdout] 58 | ) -> AppResult<Json<CommonResponse<db::maintainance_request::Data>>> {
[INFO] [stdout]    |                                        ^^^^^^^^^^^^^^^^^^^^ could not find `maintainance_request` in `db`
[INFO] [stdout] 
[INFO] [stdout] 
[INFO] [stdout] error[E0433]: failed to resolve: could not find `Module` in `db`
[INFO] [stdout]   --> src/maintainance_request/mod.rs:59:34
[INFO] [stdout]    |
[INFO] [stdout] 59 |     c.check_module_privilige(db::Module::MaintainanceRequest, db::PrivilegeType::View)
[INFO] [stdout]    |                                  ^^^^^^ could not find `Module` in `db`
[INFO] [stdout] 
[INFO] [stdout] 
[INFO] [stdout] error[E0433]: failed to resolve: could not find `PrivilegeType` in `db`
[INFO] [stdout]   --> src/maintainance_request/mod.rs:59:67
[INFO] [stdout]    |
[INFO] [stdout] 59 |     c.check_module_privilige(db::Module::MaintainanceRequest, db::PrivilegeType::View)
[INFO] [stdout]    |                                                                   ^^^^^^^^^^^^^ could not find `PrivilegeType` in `db`
[INFO] [stdout] 
[INFO] [stdout] 
[INFO] [stdout] error[E0433]: failed to resolve: could not find `maintainance_request` in `db`
[INFO] [stdout]   --> src/maintainance_request/mod.rs:64:26
[INFO] [stdout]    |
[INFO] [stdout] 64 |         .find_unique(db::maintainance_request::id::equals(id))
[INFO] [stdout]    |                          ^^^^^^^^^^^^^^^^^^^^ could not find `maintainance_request` in `db`
[INFO] [stdout] 
[INFO] [stdout] 
[INFO] [stdout] error[E0433]: failed to resolve: could not find `mr_status` in `db`
[INFO] [stdout]    --> src/maintainance_request/mod.rs:101:40
[INFO] [stdout]     |
[INFO] [stdout] 101 | ) -> AppResult<Json<CommonResponse<db::mr_status::Data>>> {
[INFO] [stdout]     |                                        ^^^^^^^^^ could not find `mr_status` in `db`
[INFO] [stdout] 
[INFO] [stdout] 
[INFO] [stdout] error[E0433]: failed to resolve: could not find `company` in `db`
[INFO] [stdout]    --> src/maintainance_request/mod.rs:107:21
[INFO] [stdout]     |
[INFO] [stdout] 107 |                 db::company::id::equals(c.company_id),
[INFO] [stdout]     |                     ^^^^^^^ could not find `company` in `db`
[INFO] [stdout] 
[INFO] [stdout] 
[INFO] [stdout] error[E0433]: failed to resolve: could not find `mr_status` in `db`
[INFO] [stdout]    --> src/maintainance_request/mod.rs:121:40
[INFO] [stdout]     |
[INFO] [stdout] 121 | ) -> AppResult<Json<CommonResponse<db::mr_status::Data>>> {
[INFO] [stdout]     |                                        ^^^^^^^^^ could not find `mr_status` in `db`
[INFO] [stdout] 
[INFO] [stdout] 
[INFO] [stdout] error[E0433]: failed to resolve: could not find `mr_status` in `db`
[INFO] [stdout]    --> src/maintainance_request/mod.rs:125:26
[INFO] [stdout]     |
[INFO] [stdout] 125 |         .find_unique(db::mr_status::id::equals(id))
[INFO] [stdout]     |                          ^^^^^^^^^ could not find `mr_status` in `db`
[INFO] [stdout] 
[INFO] [stdout] 
[INFO] [stdout] error[E0433]: failed to resolve: could not find `mr_category` in `db`
[INFO] [stdout]    --> src/maintainance_request/mod.rs:147:40
[INFO] [stdout]     |
[INFO] [stdout] 147 | ) -> AppResult<Json<CommonResponse<db::mr_category::Data>>> {
[INFO] [stdout]     |                                        ^^^^^^^^^^^ could not find `mr_category` in `db`
[INFO] [stdout] 
[INFO] [stdout] 
[INFO] [stdout] error[E0433]: failed to resolve: could not find `company` in `db`
[INFO] [stdout]    --> src/maintainance_request/mod.rs:153:21
[INFO] [stdout]     |
[INFO] [stdout] 153 |                 db::company::id::equals(c.company_id),
[INFO] [stdout]     |                     ^^^^^^^ could not find `company` in `db`
[INFO] [stdout] 
[INFO] [stdout] 
[INFO] [stdout] error[E0433]: failed to resolve: could not find `mr_category` in `db`
[INFO] [stdout]    --> src/maintainance_request/mod.rs:167:40
[INFO] [stdout]     |
[INFO] [stdout] 167 | ) -> AppResult<Json<CommonResponse<db::mr_category::Data>>> {
[INFO] [stdout]     |                                        ^^^^^^^^^^^ could not find `mr_category` in `db`
[INFO] [stdout] 
[INFO] [stdout] 
[INFO] [stdout] error[E0433]: failed to resolve: could not find `mr_category` in `db`
[INFO] [stdout]    --> src/maintainance_request/mod.rs:171:26
[INFO] [stdout]     |
[INFO] [stdout] 171 |         .find_unique(db::mr_category::id::equals(id))
[INFO] [stdout]     |                          ^^^^^^^^^^^ could not find `mr_category` in `db`
[INFO] [stdout] 
[INFO] [stdout] 
[INFO] [stdout] error[E0433]: failed to resolve: could not find `mr_priority` in `db`
[INFO] [stdout]    --> src/maintainance_request/mod.rs:193:40
[INFO] [stdout]     |
[INFO] [stdout] 193 | ) -> AppResult<Json<CommonResponse<db::mr_priority::Data>>> {
[INFO] [stdout]     |                                        ^^^^^^^^^^^ could not find `mr_priority` in `db`
[INFO] [stdout] 
[INFO] [stdout] 
[INFO] [stdout] error[E0433]: failed to resolve: could not find `company` in `db`
[INFO] [stdout]    --> src/maintainance_request/mod.rs:199:21
[INFO] [stdout]     |
[INFO] [stdout] 199 |                 db::company::id::equals(c.company_id),
[INFO] [stdout]     |                     ^^^^^^^ could not find `company` in `db`
[INFO] [stdout] 
[INFO] [stdout] 
[INFO] [stdout] error[E0433]: failed to resolve: could not find `mr_priority` in `db`
[INFO] [stdout]    --> src/maintainance_request/mod.rs:213:40
[INFO] [stdout]     |
[INFO] [stdout] 213 | ) -> AppResult<Json<CommonResponse<db::mr_priority::Data>>> {
[INFO] [stdout]     |                                        ^^^^^^^^^^^ could not find `mr_priority` in `db`
[INFO] [stdout] 
[INFO] [stdout] 
[INFO] [stdout] error[E0433]: failed to resolve: could not find `mr_priority` in `db`
[INFO] [stdout]    --> src/maintainance_request/mod.rs:217:26
[INFO] [stdout]     |
[INFO] [stdout] 217 |         .find_unique(db::mr_priority::id::equals(id))
[INFO] [stdout]     |                          ^^^^^^^^^^^ could not find `mr_priority` in `db`
[INFO] [stdout] 
[INFO] [stdout] 
[INFO] [stdout] error[E0433]: failed to resolve: could not find `mr_failure_impact` in `db`
[INFO] [stdout]    --> src/maintainance_request/mod.rs:239:40
[INFO] [stdout]     |
[INFO] [stdout] 239 | ) -> AppResult<Json<CommonResponse<db::mr_failure_impact::Data>>> {
[INFO] [stdout]     |                                        ^^^^^^^^^^^^^^^^^ could not find `mr_failure_impact` in `db`
[INFO] [stdout] 
[INFO] [stdout] 
[INFO] [stdout] error[E0433]: failed to resolve: could not find `company` in `db`
[INFO] [stdout]    --> src/maintainance_request/mod.rs:245:21
[INFO] [stdout]     |
[INFO] [stdout] 245 |                 db::company::id::equals(c.company_id),
[INFO] [stdout]     |                     ^^^^^^^ could not find `company` in `db`
[INFO] [stdout] 
[INFO] [stdout] 
[INFO] [stdout] error[E0433]: failed to resolve: could not find `mr_failure_impact` in `db`
[INFO] [stdout]    --> src/maintainance_request/mod.rs:259:40
[INFO] [stdout]     |
[INFO] [stdout] 259 | ) -> AppResult<Json<CommonResponse<db::mr_failure_impact::Data>>> {
[INFO] [stdout]     |                                        ^^^^^^^^^^^^^^^^^ could not find `mr_failure_impact` in `db`
[INFO] [stdout] 
[INFO] [stdout] 
[INFO] [stdout] error[E0433]: failed to resolve: could not find `mr_failure_impact` in `db`
[INFO] [stdout]    --> src/maintainance_request/mod.rs:263:26
[INFO] [stdout]     |
[INFO] [stdout] 263 |         .find_unique(db::mr_failure_impact::id::equals(id))
[INFO] [stdout]     |                          ^^^^^^^^^^^^^^^^^ could not find `mr_failure_impact` in `db`
[INFO] [stdout] 
[INFO] [stdout] 
[INFO] [stdout] error[E0433]: failed to resolve: could not find `mr_failure_mode` in `db`
[INFO] [stdout]    --> src/maintainance_request/mod.rs:285:40
[INFO] [stdout]     |
[INFO] [stdout] 285 | ) -> AppResult<Json<CommonResponse<db::mr_failure_mode::Data>>> {
[INFO] [stdout]     |                                        ^^^^^^^^^^^^^^^ could not find `mr_failure_mode` in `db`
[INFO] [stdout] 
[INFO] [stdout] 
[INFO] [stdout] error[E0433]: failed to resolve: could not find `company` in `db`
[INFO] [stdout]    --> src/maintainance_request/mod.rs:291:21
[INFO] [stdout]     |
[INFO] [stdout] 291 |                 db::company::id::equals(c.company_id),
[INFO] [stdout]     |                     ^^^^^^^ could not find `company` in `db`
[INFO] [stdout] 
[INFO] [stdout] 
[INFO] [stdout] error[E0433]: failed to resolve: could not find `mr_failure_mode` in `db`
[INFO] [stdout]    --> src/maintainance_request/mod.rs:305:40
[INFO] [stdout]     |
[INFO] [stdout] 305 | ) -> AppResult<Json<CommonResponse<db::mr_failure_mode::Data>>> {
[INFO] [stdout]     |                                        ^^^^^^^^^^^^^^^ could not find `mr_failure_mode` in `db`
[INFO] [stdout] 
[INFO] [stdout] 
[INFO] [stdout] error[E0433]: failed to resolve: could not find `mr_failure_mode` in `db`
[INFO] [stdout]    --> src/maintainance_request/mod.rs:309:26
[INFO] [stdout]     |
[INFO] [stdout] 309 |         .find_unique(db::mr_failure_mode::id::equals(id))
[INFO] [stdout]     |                          ^^^^^^^^^^^^^^^ could not find `mr_failure_mode` in `db`
[INFO] [stdout] 
[INFO] [stdout] 
[INFO] [stdout] error[E0433]: failed to resolve: could not find `role` in `db`
[INFO] [stdout]   --> src/utils/mod.rs:58:30
[INFO] [stdout]    |
[INFO] [stdout] 58 |             .find_unique(db::role::id::equals(self.role_id))
[INFO] [stdout]    |                              ^^^^ could not find `role` in `db`
[INFO] [stdout] 
[INFO] [stdout] 
[INFO] [stdout] error[E0412]: cannot find type `UpdateUserInfo` in this scope
[INFO] [stdout]    --> src/user/mod.rs:228:25
[INFO] [stdout]     |
[INFO] [stdout] 228 |     Json(payload): Json<UpdateUserInfo>,
[INFO] [stdout]     |                         ^^^^^^^^^^^^^^ not found in this scope
[INFO] [stdout]     |
[INFO] [stdout] help: you might be missing a type parameter
[INFO] [stdout]     |
[INFO] [stdout] 225 | pub async fn update_user<UpdateUserInfo>(
[INFO] [stdout]     |                         ++++++++++++++++
[INFO] [stdout] 
[INFO] [stdout] 
[INFO] [stdout] error[E0412]: cannot find type `UpdateUserInfo` in this scope
[INFO] [stdout]    --> src/user/mod.rs:228:25
[INFO] [stdout]     |
[INFO] [stdout] 228 |     Json(payload): Json<UpdateUserInfo>,
[INFO] [stdout]     |                         ^^^^^^^^^^^^^^ not found in this scope
[INFO] [stdout]     |
[INFO] [stdout] help: you might be missing a type parameter
[INFO] [stdout]     |
[INFO] [stdout] 228 |     Json(payload): Json<UpdateUserInfo><UpdateUserInfo>,
[INFO] [stdout]     |                        ++++++++++++++++
[INFO] [stdout] 
[INFO] [stdout] 
[INFO] [stdout] error[E0412]: cannot find type `UpdateCompanyInfo` in this scope
[INFO] [stdout]    --> src/user/mod.rs:313:25
[INFO] [stdout]     |
[INFO] [stdout] 313 |     Json(payload): Json<UpdateCompanyInfo>,
[INFO] [stdout]     |                         ^^^^^^^^^^^^^^^^^ not found in this scope
[INFO] [stdout]     |
[INFO] [stdout] help: you might be missing a type parameter
[INFO] [stdout]     |
[INFO] [stdout] 310 | pub async fn update_company<UpdateCompanyInfo>(
[INFO] [stdout]     |                            +++++++++++++++++++
[INFO] [stdout] 
[INFO] [stdout] 
[INFO] [stdout] error[E0412]: cannot find type `UpdateAssetInfo` in this scope
[INFO] [stdout]    --> src/assets/mod.rs:127:25
[INFO] [stdout]     |
[INFO] [stdout] 127 |     Json(payload): Json<UpdateAssetInfo>,
[INFO] [stdout]     |                         ^^^^^^^^^^^^^^^ not found in this scope
[INFO] [stdout]     |
[INFO] [stdout] help: you might be missing a type parameter
[INFO] [stdout]     |
[INFO] [stdout] 124 | pub async fn update_asset<UpdateAssetInfo>(
[INFO] [stdout]     |                          +++++++++++++++++
[INFO] [stdout] 
[INFO] [stdout] 
[INFO] [stdout] error[E0412]: cannot find type `UpdateAssetInfo` in this scope
[INFO] [stdout]    --> src/assets/mod.rs:127:25
[INFO] [stdout]     |
[INFO] [stdout] 127 |     Json(payload): Json<UpdateAssetInfo>,
[INFO] [stdout]     |                         ^^^^^^^^^^^^^^^ not found in this scope
[INFO] [stdout]     |
[INFO] [stdout] help: you might be missing a type parameter
[INFO] [stdout]     |
[INFO] [stdout] 127 |     Json(payload): Json<UpdateAssetInfo><UpdateAssetInfo>,
[INFO] [stdout]     |                        +++++++++++++++++
[INFO] [stdout] 
[INFO] [stdout] 
[INFO] [stdout] error[E0412]: cannot find type `UpdateLocationInfo` in this scope
[INFO] [stdout]    --> src/assets/mod.rs:264:25
[INFO] [stdout]     |
[INFO] [stdout] 264 |     Json(payload): Json<UpdateLocationInfo>,
[INFO] [stdout]     |                         ^^^^^^^^^^^^^^^^^^ not found in this scope
[INFO] [stdout]     |
[INFO] [stdout] help: you might be missing a type parameter
[INFO] [stdout]     |
[INFO] [stdout] 261 | pub async fn update_location<UpdateLocationInfo>(
[INFO] [stdout]     |                             ++++++++++++++++++++
[INFO] [stdout] 
[INFO] [stdout] 
[INFO] [stdout] error[E0412]: cannot find type `UpdateLocationInfo` in this scope
[INFO] [stdout]    --> src/assets/mod.rs:264:25
[INFO] [stdout]     |
[INFO] [stdout] 264 |     Json(payload): Json<UpdateLocationInfo>,
[INFO] [stdout]     |                         ^^^^^^^^^^^^^^^^^^ not found in this scope
[INFO] [stdout]     |
[INFO] [stdout] help: you might be missing a type parameter
[INFO] [stdout]     |
[INFO] [stdout] 264 |     Json(payload): Json<UpdateLocationInfo><UpdateLocationInfo>,
[INFO] [stdout]     |                        ++++++++++++++++++++
[INFO] [stdout] 
[INFO] [stdout] 
[INFO] [stdout] error[E0412]: cannot find type `UpdateAssetStatusInfo` in this scope
[INFO] [stdout]    --> src/assets/mod.rs:357:25
[INFO] [stdout]     |
[INFO] [stdout] 357 |     Json(payload): Json<UpdateAssetStatusInfo>,
[INFO] [stdout]     |                         ^^^^^^^^^^^^^^^^^^^^^ not found in this scope
[INFO] [stdout]     |
[INFO] [stdout] help: you might be missing a type parameter
[INFO] [stdout]     |
[INFO] [stdout] 354 | pub async fn update_asset_status<UpdateAssetStatusInfo>(
[INFO] [stdout]     |                                 +++++++++++++++++++++++
[INFO] [stdout] 
[INFO] [stdout] 
[INFO] [stdout] error[E0412]: cannot find type `UpdateAssetStatusInfo` in this scope
[INFO] [stdout]    --> src/assets/mod.rs:357:25
[INFO] [stdout]     |
[INFO] [stdout] 357 |     Json(payload): Json<UpdateAssetStatusInfo>,
[INFO] [stdout]     |                         ^^^^^^^^^^^^^^^^^^^^^ not found in this scope
[INFO] [stdout]     |
[INFO] [stdout] help: you might be missing a type parameter
[INFO] [stdout]     |
[INFO] [stdout] 357 |     Json(payload): Json<UpdateAssetStatusInfo><UpdateAssetStatusInfo>,
[INFO] [stdout]     |                        +++++++++++++++++++++++
[INFO] [stdout] 
[INFO] [stdout] 
[INFO] [stdout] error[E0412]: cannot find type `Module` in module `db`
[INFO] [stdout]   --> src/utils/mod.rs:52:21
[INFO] [stdout]    |
[INFO] [stdout] 52 |         module: db::Module,
[INFO] [stdout]    |                     ^^^^^^ not found in `db`
[INFO] [stdout] 
[INFO] [stdout] 
[INFO] [stdout] error[E0412]: cannot find type `PrivilegeType` in module `db`
[INFO] [stdout]   --> src/utils/mod.rs:53:24
[INFO] [stdout]    |
[INFO] [stdout] 53 |         privilege: db::PrivilegeType,
[INFO] [stdout]    |                        ^^^^^^^^^^^^^ not found in `db`
[INFO] [stdout] 
[INFO] [stdout] 
[INFO] [stdout] error[E0425]: cannot find function `new_client` in module `db`
[INFO] [stdout]   --> src/main.rs:36:22
[INFO] [stdout]    |
[INFO] [stdout] 36 |     let client = db::new_client().await?;
[INFO] [stdout]    |                      ^^^^^^^^^^ not found in `db`
[INFO] [stdout] 
[INFO] [stdout] 
[INFO] [stdout] warning: unused import: `anyhow::Result`
[INFO] [stdout]  --> src/user/mod.rs:1:5
[INFO] [stdout]   |
[INFO] [stdout] 1 | use anyhow::Result;
[INFO] [stdout]   |     ^^^^^^^^^^^^^^
[INFO] [stdout]   |
[INFO] [stdout]   = note: `#[warn(unused_imports)]` on by default
[INFO] [stdout] 
[INFO] [stdout] 
[INFO] [stdout] error[E0433]: failed to resolve: use of undeclared crate or module `user_out`
[INFO] [stdout]    --> src/user/mod.rs:197:17
[INFO] [stdout]     |
[INFO] [stdout] 197 |         .select(user_out::select())
[INFO] [stdout]     |                 ^^^^^^^^ use of undeclared crate or module `user_out`
[INFO] [stdout] 
[INFO] [stdout] 
[INFO] [stdout] error[E0433]: failed to resolve: use of undeclared crate or module `user_out`
[INFO] [stdout]    --> src/user/mod.rs:236:25
[INFO] [stdout]     |
[INFO] [stdout] 236 |                 .select(user_out::select())
[INFO] [stdout]     |                         ^^^^^^^^ use of undeclared crate or module `user_out`
[INFO] [stdout] 
[INFO] [stdout] 
[INFO] [stdout] error[E0433]: failed to resolve: use of undeclared crate or module `user_out`
[INFO] [stdout]    --> src/user/mod.rs:247:25
[INFO] [stdout]     |
[INFO] [stdout] 247 |                 .select(user_out::select())
[INFO] [stdout]     |                         ^^^^^^^^ use of undeclared crate or module `user_out`
[INFO] [stdout] 
[INFO] [stdout] 
[INFO] [stdout] error[E0433]: failed to resolve: use of undeclared crate or module `asset_out`
[INFO] [stdout]   --> src/assets/mod.rs:94:17
[INFO] [stdout]    |
[INFO] [stdout] 94 |         .select(asset_out::select())
[INFO] [stdout]    |                 ^^^^^^^^^ use of undeclared crate or module `asset_out`
[INFO] [stdout] 
[INFO] [stdout] 
[INFO] [stdout] error[E0433]: failed to resolve: use of undeclared crate or module `asset_out`
[INFO] [stdout]    --> src/assets/mod.rs:136:21
[INFO] [stdout]     |
[INFO] [stdout] 136 |             .select(asset_out::select())
[INFO] [stdout]     |                     ^^^^^^^^^ use of undeclared crate or module `asset_out`
[INFO] [stdout] 
[INFO] [stdout] 
[INFO] [stdout] error[E0433]: failed to resolve: use of undeclared crate or module `asset_out`
[INFO] [stdout]    --> src/assets/mod.rs:154:21
[INFO] [stdout]     |
[INFO] [stdout] 154 |             .select(asset_out::select())
[INFO] [stdout]     |                     ^^^^^^^^^ use of undeclared crate or module `asset_out`
[INFO] [stdout] 
[INFO] [stdout] 
[INFO] [stdout] error[E0433]: failed to resolve: use of undeclared crate or module `location_out`
[INFO] [stdout]    --> src/assets/mod.rs:212:17
[INFO] [stdout]     |
[INFO] [stdout] 212 |         .select(location_out::select())
[INFO] [stdout]     |                 ^^^^^^^^^^^^ use of undeclared crate or module `location_out`
[INFO] [stdout] 
[INFO] [stdout] 
[INFO] [stdout] error[E0433]: failed to resolve: use of undeclared crate or module `location_nested_out`
[INFO] [stdout]    --> src/assets/mod.rs:246:21
[INFO] [stdout]     |
[INFO] [stdout] 246 |             .select(location_nested_out::select())
[INFO] [stdout]     |                     ^^^^^^^^^^^^^^^^^^^ use of undeclared crate or module `location_nested_out`
[INFO] [stdout] 
[INFO] [stdout] 
[INFO] [stdout] error[E0433]: failed to resolve: use of undeclared crate or module `location_out`
[INFO] [stdout]    --> src/assets/mod.rs:273:21
[INFO] [stdout]     |
[INFO] [stdout] 273 |             .select(location_out::select())
[INFO] [stdout]     |                     ^^^^^^^^^^^^ use of undeclared crate or module `location_out`
[INFO] [stdout] 
[INFO] [stdout] 
[INFO] [stdout] error[E0433]: failed to resolve: use of undeclared crate or module `location_out`
[INFO] [stdout]    --> src/assets/mod.rs:291:21
[INFO] [stdout]     |
[INFO] [stdout] 291 |             .select(location_out::select())
[INFO] [stdout]     |                     ^^^^^^^^^^^^ use of undeclared crate or module `location_out`
[INFO] [stdout] 
[INFO] [stdout] 
[INFO] [stdout] error[E0433]: failed to resolve: use of undeclared crate or module `user_out`
[INFO] [stdout]    --> src/user/mod.rs:185:36
[INFO] [stdout]     |
[INFO] [stdout] 185 | ) -> AppResult<Json<CommonResponse<user_out::Data>>> {
[INFO] [stdout]     |                                    ^^^^^^^^ use of undeclared crate or module `user_out`
[INFO] [stdout] 
[INFO] [stdout] 
[INFO] [stdout] error[E0433]: failed to resolve: use of undeclared crate or module `asset_out`
[INFO] [stdout]    --> src/assets/mod.rs:146:36
[INFO] [stdout]     |
[INFO] [stdout] 146 | ) -> AppResult<Json<CommonResponse<asset_out::Data>>> {
[INFO] [stdout]     |                                    ^^^^^^^^^ use of undeclared crate or module `asset_out`
[INFO] [stdout] 
[INFO] [stdout] 
[INFO] [stdout] error[E0433]: failed to resolve: use of undeclared crate or module `user_out`
[INFO] [stdout]    --> src/user/mod.rs:229:36
[INFO] [stdout]     |
[INFO] [stdout] 229 | ) -> AppResult<Json<CommonResponse<user_out::Data>>> {
[INFO] [stdout]     |                                    ^^^^^^^^ use of undeclared crate or module `user_out`
[INFO] [stdout] 
[INFO] [stdout] 
[INFO] [stdout] error[E0433]: failed to resolve: use of undeclared crate or module `location_out`
[INFO] [stdout]    --> src/assets/mod.rs:283:36
[INFO] [stdout]     |
[INFO] [stdout] 283 | ) -> AppResult<Json<CommonResponse<location_out::Data>>> {
[INFO] [stdout]     |                                    ^^^^^^^^^^^^ use of undeclared crate or module `location_out`
[INFO] [stdout] 
[INFO] [stdout] 
[INFO] [stdout] error[E0433]: failed to resolve: use of undeclared crate or module `location_nested_out`
[INFO] [stdout]    --> src/assets/mod.rs:238:40
[INFO] [stdout]     |
[INFO] [stdout] 238 | ) -> AppResult<Json<CommonResponse<Vec<location_nested_out::Data>>>> {
[INFO] [stdout]     |                                        ^^^^^^^^^^^^^^^^^^^ use of undeclared crate or module `location_nested_out`
[INFO] [stdout] 
[INFO] [stdout] 
[INFO] [stdout] error[E0433]: failed to resolve: use of undeclared crate or module `asset_out`
[INFO] [stdout]   --> src/assets/mod.rs:87:36
[INFO] [stdout]    |
[INFO] [stdout] 87 | ) -> AppResult<Json<CommonResponse<asset_out::Data>>> {
[INFO] [stdout]    |                                    ^^^^^^^^^ use of undeclared crate or module `asset_out`
[INFO] [stdout] 
[INFO] [stdout] 
[INFO] [stdout] error[E0433]: failed to resolve: use of undeclared crate or module `location_out`
[INFO] [stdout]    --> src/assets/mod.rs:265:36
[INFO] [stdout]     |
[INFO] [stdout] 265 | ) -> AppResult<Json<CommonResponse<location_out::Data>>> {
[INFO] [stdout]     |                                    ^^^^^^^^^^^^ use of undeclared crate or module `location_out`
[INFO] [stdout] 
[INFO] [stdout] 
[INFO] [stdout] error[E0433]: failed to resolve: use of undeclared crate or module `asset_out`
[INFO] [stdout]    --> src/assets/mod.rs:128:36
[INFO] [stdout]     |
[INFO] [stdout] 128 | ) -> AppResult<Json<CommonResponse<asset_out::Data>>> {
[INFO] [stdout]     |                                    ^^^^^^^^^ use of undeclared crate or module `asset_out`
[INFO] [stdout] 
[INFO] [stdout] 
[INFO] [stdout] error[E0433]: failed to resolve: use of undeclared crate or module `location_out`
[INFO] [stdout]    --> src/assets/mod.rs:205:36
[INFO] [stdout]     |
[INFO] [stdout] 205 | ) -> AppResult<Json<CommonResponse<location_out::Data>>> {
[INFO] [stdout]     |                                    ^^^^^^^^^^^^ use of undeclared crate or module `location_out`
[INFO] [stdout] 
[INFO] [stdout] 
[INFO] [stdout] error: aborting due to 157 previous errors; 1 warning emitted
[INFO] [stdout] 
[INFO] [stdout] 
[INFO] [stdout] Some errors have detailed explanations: E0412, E0425, E0432, E0433, E0583.
[INFO] [stdout] 
[INFO] [stdout] For more information about an error, try `rustc --explain E0412`.
[INFO] [stdout] 
[INFO] [stderr] error: could not compile `backend` (bin "backend") due to 158 previous errors; 1 warning emitted
[INFO] running `Command { std: "docker" "inspect" "2147422f987a272b3472879a1d08308a44f736b2c01de890e88f28f4ee99e91a", kill_on_drop: false }`
[INFO] running `Command { std: "docker" "rm" "-f" "2147422f987a272b3472879a1d08308a44f736b2c01de890e88f28f4ee99e91a", kill_on_drop: false }`
[INFO] [stdout] 2147422f987a272b3472879a1d08308a44f736b2c01de890e88f28f4ee99e91a
