[INFO] cloning repository https://github.com/DenialAdams/walnut
[INFO] running `Command { std: "git" "-c" "credential.helper=" "-c" "credential.helper=/workspace/cargo-home/bin/git-credential-null" "clone" "--bare" "https://github.com/DenialAdams/walnut" "/workspace/cache/git-repos/https%3A%2F%2Fgithub.com%2FDenialAdams%2Fwalnut", kill_on_drop: false }`
[INFO] [stderr] Cloning into bare repository '/workspace/cache/git-repos/https%3A%2F%2Fgithub.com%2FDenialAdams%2Fwalnut'...
[INFO] running `Command { std: "git" "rev-parse" "HEAD", kill_on_drop: false }`
[INFO] [stdout] 87a292739cdfde0402053fa6d512a57e42f43121
[INFO] testing DenialAdams/walnut against 1.75.0 for beta-1.76-1
[INFO] running `Command { std: "git" "clone" "/workspace/cache/git-repos/https%3A%2F%2Fgithub.com%2FDenialAdams%2Fwalnut" "/workspace/builds/worker-1-tc1/source", kill_on_drop: false }`
[INFO] [stderr] Cloning into '/workspace/builds/worker-1-tc1/source'...
[INFO] [stderr] done.
[INFO] validating manifest of git repo https://github.com/DenialAdams/walnut on toolchain 1.75.0
[INFO] running `Command { std: CARGO_HOME="/workspace/cargo-home" RUSTUP_HOME="/workspace/rustup-home" "/workspace/cargo-home/bin/cargo" "+1.75.0" "metadata" "--manifest-path" "Cargo.toml" "--no-deps", kill_on_drop: false }`
[INFO] started tweaking git repo https://github.com/DenialAdams/walnut
[INFO] finished tweaking git repo https://github.com/DenialAdams/walnut
[INFO] tweaked toml for git repo https://github.com/DenialAdams/walnut written to /workspace/builds/worker-1-tc1/source/Cargo.toml
[INFO] crate git repo https://github.com/DenialAdams/walnut already has a lockfile, it will not be regenerated
[INFO] running `Command { std: CARGO_HOME="/workspace/cargo-home" RUSTUP_HOME="/workspace/rustup-home" "/workspace/cargo-home/bin/cargo" "+1.75.0" "fetch" "--manifest-path" "Cargo.toml", kill_on_drop: false }`
[INFO] [stderr]  Downloading crates ...
[INFO] [stderr]   Downloaded redox_syscall v0.1.50
[INFO] [stderr]   Downloaded memchr v2.1.2
[INFO] [stderr]   Downloaded walkdir v2.2.7
[INFO] [stderr]   Downloaded pretty_env_logger v0.2.5
[INFO] [stderr]   Downloaded utf8-ranges v1.0.2
[INFO] [stderr]   Downloaded winapi-util v0.1.1
[INFO] [stderr]   Downloaded termcolor v1.0.4
[INFO] [stderr]   Downloaded aho-corasick v0.6.9
[INFO] [stderr]   Downloaded regex v1.1.0
[INFO] running `Command { std: "docker" "create" "-v" "/var/lib/crater-agent-workspace/builds/worker-1-tc1/target:/opt/rustwide/target:rw,Z" "-v" "/var/lib/crater-agent-workspace/builds/worker-1-tc1/source:/opt/rustwide/workdir:ro,Z" "-v" "/var/lib/crater-agent-workspace/cargo-home:/opt/rustwide/cargo-home:ro,Z" "-v" "/var/lib/crater-agent-workspace/rustup-home:/opt/rustwide/rustup-home:ro,Z" "-e" "SOURCE_DIR=/opt/rustwide/workdir" "-e" "CARGO_TARGET_DIR=/opt/rustwide/target" "-e" "CARGO_HOME=/opt/rustwide/cargo-home" "-e" "RUSTUP_HOME=/opt/rustwide/rustup-home" "-w" "/opt/rustwide/workdir" "-m" "1610612736" "--user" "0:0" "--network" "none" "ghcr.io/rust-lang/crates-build-env/linux@sha256:2788e3201cd34a07e3172128adcd8b3090168a8e3bcc40d7c032b9dda1df7d1c" "/opt/rustwide/cargo-home/bin/cargo" "+1.75.0" "metadata" "--no-deps" "--format-version=1", kill_on_drop: false }`
[INFO] [stdout] 2affbba4fd2b17fc47ce471781bcf5948addefb3777833b453e1b3095088b140
[INFO] running `Command { std: "docker" "start" "-a" "2affbba4fd2b17fc47ce471781bcf5948addefb3777833b453e1b3095088b140", kill_on_drop: false }`
[INFO] running `Command { std: "docker" "inspect" "2affbba4fd2b17fc47ce471781bcf5948addefb3777833b453e1b3095088b140", kill_on_drop: false }`
[INFO] running `Command { std: "docker" "rm" "-f" "2affbba4fd2b17fc47ce471781bcf5948addefb3777833b453e1b3095088b140", kill_on_drop: false }`
[INFO] [stdout] 2affbba4fd2b17fc47ce471781bcf5948addefb3777833b453e1b3095088b140
[INFO] running `Command { std: "docker" "create" "-v" "/var/lib/crater-agent-workspace/builds/worker-1-tc1/target:/opt/rustwide/target:rw,Z" "-v" "/var/lib/crater-agent-workspace/builds/worker-1-tc1/source:/opt/rustwide/workdir:ro,Z" "-v" "/var/lib/crater-agent-workspace/cargo-home:/opt/rustwide/cargo-home:ro,Z" "-v" "/var/lib/crater-agent-workspace/rustup-home:/opt/rustwide/rustup-home:ro,Z" "-e" "SOURCE_DIR=/opt/rustwide/workdir" "-e" "CARGO_TARGET_DIR=/opt/rustwide/target" "-e" "CARGO_INCREMENTAL=0" "-e" "RUST_BACKTRACE=full" "-e" "RUSTFLAGS=--cap-lints=warn" "-e" "RUSTDOCFLAGS=--cap-lints=warn" "-e" "CARGO_HOME=/opt/rustwide/cargo-home" "-e" "RUSTUP_HOME=/opt/rustwide/rustup-home" "-w" "/opt/rustwide/workdir" "-m" "1610612736" "--user" "0:0" "--network" "none" "ghcr.io/rust-lang/crates-build-env/linux@sha256:2788e3201cd34a07e3172128adcd8b3090168a8e3bcc40d7c032b9dda1df7d1c" "/opt/rustwide/cargo-home/bin/cargo" "+1.75.0" "build" "--frozen" "--message-format=json", kill_on_drop: false }`
[INFO] [stdout] f885d86e28f8748e64fb66eb6c3c7e0da1976bed640266d480af51cc1b984f5d
[INFO] running `Command { std: "docker" "start" "-a" "f885d86e28f8748e64fb66eb6c3c7e0da1976bed640266d480af51cc1b984f5d", kill_on_drop: false }`
[INFO] [stderr]    Compiling libc v0.2.47
[INFO] [stderr]    Compiling version_check v0.1.5
[INFO] [stderr]    Compiling cfg-if v0.1.6
[INFO] [stderr]    Compiling num-traits v0.2.6
[INFO] [stderr]    Compiling lazy_static v1.2.0
[INFO] [stderr]    Compiling ucd-util v0.1.3
[INFO] [stderr]    Compiling num-integer v0.1.39
[INFO] [stderr]    Compiling regex v1.1.0
[INFO] [stderr]    Compiling thread_local v0.3.6
[INFO] [stderr]    Compiling utf8-ranges v1.0.2
[INFO] [stderr]    Compiling regex-syntax v0.6.4
[INFO] [stderr]    Compiling memchr v2.1.2
[INFO] [stderr]    Compiling quick-error v1.2.2
[INFO] [stderr]    Compiling humantime v1.2.0
[INFO] [stderr]    Compiling log v0.4.6
[INFO] [stderr]    Compiling termcolor v1.0.4
[INFO] [stderr]    Compiling same-file v1.0.4
[INFO] [stderr]    Compiling ansi_term v0.11.0
[INFO] [stderr]    Compiling bitflags v1.0.4
[INFO] [stderr]    Compiling walkdir v2.2.7
[INFO] [stderr]    Compiling byteorder v1.2.7
[INFO] [stderr]    Compiling atty v0.2.11
[INFO] [stderr]    Compiling time v0.1.42
[INFO] [stderr]    Compiling aho-corasick v0.6.9
[INFO] [stderr]    Compiling chrono v0.4.6
[INFO] [stderr]    Compiling env_logger v0.5.13
[INFO] [stderr]    Compiling pretty_env_logger v0.2.5
[INFO] [stderr]    Compiling walnut v0.1.0 (/opt/rustwide/workdir)
[INFO] [stdout] error[E0554]: `#![feature]` may not be used on the stable release channel
[INFO] [stdout]  --> src/main.rs:1:1
[INFO] [stdout]   |
[INFO] [stdout] 1 | #![feature(try_blocks, try_from)]
[INFO] [stdout]   | ^^^^^^^^^^^^^^^^^^^^^^^^^^^^^^^^^
[INFO] [stdout] 
[INFO] [stdout] 
[INFO] [stdout] error[E0554]: `#![feature]` may not be used on the stable release channel
[INFO] [stdout]  --> src/main.rs:1:24
[INFO] [stdout]   |
[INFO] [stdout] 1 | #![feature(try_blocks, try_from)]
[INFO] [stdout]   |                        ^^^^^^^^
[INFO] [stdout] 
[INFO] [stdout] 
[INFO] [stdout] warning: the feature `try_from` has been stable since 1.34.0 and no longer requires an attribute to enable
[INFO] [stdout]  --> src/main.rs:1:24
[INFO] [stdout]   |
[INFO] [stdout] 1 | #![feature(try_blocks, try_from)]
[INFO] [stdout]   |                        ^^^^^^^^
[INFO] [stdout]   |
[INFO] [stdout]   = note: `#[warn(stable_features)]` on by default
[INFO] [stdout] 
[INFO] [stdout] 
[INFO] [stdout] error: aborting due to 2 previous errors; 1 warning emitted
[INFO] [stdout] 
[INFO] [stdout] 
[INFO] [stdout] For more information about this error, try `rustc --explain E0554`.
[INFO] [stdout] 
[INFO] [stderr] error: could not compile `walnut` (bin "walnut") due to 3 previous errors; 1 warning emitted
[INFO] running `Command { std: "docker" "inspect" "f885d86e28f8748e64fb66eb6c3c7e0da1976bed640266d480af51cc1b984f5d", kill_on_drop: false }`
[INFO] running `Command { std: "docker" "rm" "-f" "f885d86e28f8748e64fb66eb6c3c7e0da1976bed640266d480af51cc1b984f5d", kill_on_drop: false }`
[INFO] [stdout] f885d86e28f8748e64fb66eb6c3c7e0da1976bed640266d480af51cc1b984f5d
[INFO] testing DenialAdams/walnut against beta-2023-12-22 for beta-1.76-1
[INFO] running `Command { std: "git" "clone" "/workspace/cache/git-repos/https%3A%2F%2Fgithub.com%2FDenialAdams%2Fwalnut" "/workspace/builds/worker-1-tc2/source", kill_on_drop: false }`
[INFO] [stderr] Cloning into '/workspace/builds/worker-1-tc2/source'...
[INFO] [stderr] done.
[INFO] validating manifest of git repo https://github.com/DenialAdams/walnut on toolchain beta-2023-12-22
[INFO] running `Command { std: CARGO_HOME="/workspace/cargo-home" RUSTUP_HOME="/workspace/rustup-home" "/workspace/cargo-home/bin/cargo" "+beta-2023-12-22" "metadata" "--manifest-path" "Cargo.toml" "--no-deps", kill_on_drop: false }`
[INFO] started tweaking git repo https://github.com/DenialAdams/walnut
[INFO] finished tweaking git repo https://github.com/DenialAdams/walnut
[INFO] tweaked toml for git repo https://github.com/DenialAdams/walnut written to /workspace/builds/worker-1-tc2/source/Cargo.toml
[INFO] crate git repo https://github.com/DenialAdams/walnut already has a lockfile, it will not be regenerated
[INFO] running `Command { std: CARGO_HOME="/workspace/cargo-home" RUSTUP_HOME="/workspace/rustup-home" "/workspace/cargo-home/bin/cargo" "+beta-2023-12-22" "fetch" "--manifest-path" "Cargo.toml", kill_on_drop: false }`
[INFO] running `Command { std: "docker" "create" "-v" "/var/lib/crater-agent-workspace/builds/worker-1-tc2/target:/opt/rustwide/target:rw,Z" "-v" "/var/lib/crater-agent-workspace/builds/worker-1-tc2/source:/opt/rustwide/workdir:ro,Z" "-v" "/var/lib/crater-agent-workspace/cargo-home:/opt/rustwide/cargo-home:ro,Z" "-v" "/var/lib/crater-agent-workspace/rustup-home:/opt/rustwide/rustup-home:ro,Z" "-e" "SOURCE_DIR=/opt/rustwide/workdir" "-e" "CARGO_TARGET_DIR=/opt/rustwide/target" "-e" "CARGO_HOME=/opt/rustwide/cargo-home" "-e" "RUSTUP_HOME=/opt/rustwide/rustup-home" "-w" "/opt/rustwide/workdir" "-m" "1610612736" "--user" "0:0" "--network" "none" "ghcr.io/rust-lang/crates-build-env/linux@sha256:2788e3201cd34a07e3172128adcd8b3090168a8e3bcc40d7c032b9dda1df7d1c" "/opt/rustwide/cargo-home/bin/cargo" "+beta-2023-12-22" "metadata" "--no-deps" "--format-version=1", kill_on_drop: false }`
[INFO] [stdout] ce79fa22dae9e8a35b6b61c17ba20413421c495d8be94fc81e3eb3bcd01a6719
[INFO] running `Command { std: "docker" "start" "-a" "ce79fa22dae9e8a35b6b61c17ba20413421c495d8be94fc81e3eb3bcd01a6719", kill_on_drop: false }`
[INFO] running `Command { std: "docker" "inspect" "ce79fa22dae9e8a35b6b61c17ba20413421c495d8be94fc81e3eb3bcd01a6719", kill_on_drop: false }`
[INFO] running `Command { std: "docker" "rm" "-f" "ce79fa22dae9e8a35b6b61c17ba20413421c495d8be94fc81e3eb3bcd01a6719", kill_on_drop: false }`
[INFO] [stdout] ce79fa22dae9e8a35b6b61c17ba20413421c495d8be94fc81e3eb3bcd01a6719
[INFO] running `Command { std: "docker" "create" "-v" "/var/lib/crater-agent-workspace/builds/worker-1-tc2/target:/opt/rustwide/target:rw,Z" "-v" "/var/lib/crater-agent-workspace/builds/worker-1-tc2/source:/opt/rustwide/workdir:ro,Z" "-v" "/var/lib/crater-agent-workspace/cargo-home:/opt/rustwide/cargo-home:ro,Z" "-v" "/var/lib/crater-agent-workspace/rustup-home:/opt/rustwide/rustup-home:ro,Z" "-e" "SOURCE_DIR=/opt/rustwide/workdir" "-e" "CARGO_TARGET_DIR=/opt/rustwide/target" "-e" "CARGO_INCREMENTAL=0" "-e" "RUST_BACKTRACE=full" "-e" "RUSTFLAGS=--cap-lints=warn" "-e" "RUSTDOCFLAGS=--cap-lints=warn" "-e" "CARGO_HOME=/opt/rustwide/cargo-home" "-e" "RUSTUP_HOME=/opt/rustwide/rustup-home" "-w" "/opt/rustwide/workdir" "-m" "1610612736" "--user" "0:0" "--network" "none" "ghcr.io/rust-lang/crates-build-env/linux@sha256:2788e3201cd34a07e3172128adcd8b3090168a8e3bcc40d7c032b9dda1df7d1c" "/opt/rustwide/cargo-home/bin/cargo" "+beta-2023-12-22" "build" "--frozen" "--message-format=json", kill_on_drop: false }`
[INFO] [stdout] a43fb89774999b10d94072f3a06f164e1551c41745150c43ef30a99de8876860
[INFO] running `Command { std: "docker" "start" "-a" "a43fb89774999b10d94072f3a06f164e1551c41745150c43ef30a99de8876860", kill_on_drop: false }`
[INFO] [stderr]    Compiling libc v0.2.47
[INFO] [stderr]    Compiling version_check v0.1.5
[INFO] [stderr]    Compiling cfg-if v0.1.6
[INFO] [stderr]    Compiling num-traits v0.2.6
[INFO] [stderr]    Compiling num-integer v0.1.39
[INFO] [stderr]    Compiling regex v1.1.0
[INFO] [stderr]    Compiling lazy_static v1.2.0
[INFO] [stderr]    Compiling ucd-util v0.1.3
[INFO] [stderr]    Compiling thread_local v0.3.6
[INFO] [stderr]    Compiling utf8-ranges v1.0.2
[INFO] [stderr]    Compiling regex-syntax v0.6.4
[INFO] [stderr]    Compiling memchr v2.1.2
[INFO] [stderr]    Compiling quick-error v1.2.2
[INFO] [stderr]    Compiling log v0.4.6
[INFO] [stderr]    Compiling humantime v1.2.0
[INFO] [stderr]    Compiling termcolor v1.0.4
[INFO] [stderr]    Compiling same-file v1.0.4
[INFO] [stderr]    Compiling ansi_term v0.11.0
[INFO] [stderr]    Compiling walkdir v2.2.7
[INFO] [stderr]    Compiling byteorder v1.2.7
[INFO] [stderr]    Compiling bitflags v1.0.4
[INFO] [stderr]    Compiling time v0.1.42
[INFO] [stderr]    Compiling atty v0.2.11
[INFO] [stderr]    Compiling aho-corasick v0.6.9
[INFO] [stderr]    Compiling chrono v0.4.6
[INFO] [stderr]    Compiling env_logger v0.5.13
[INFO] [stderr]    Compiling pretty_env_logger v0.2.5
[INFO] [stderr]    Compiling walnut v0.1.0 (/opt/rustwide/workdir)
[INFO] [stdout] error[E0554]: `#![feature]` may not be used on the beta release channel
[INFO] [stdout]  --> src/main.rs:1:1
[INFO] [stdout]   |
[INFO] [stdout] 1 | #![feature(try_blocks, try_from)]
[INFO] [stdout]   | ^^^^^^^^^^^^^^^^^^^^^^^^^^^^^^^^^
[INFO] [stdout] 
[INFO] [stdout] 
[INFO] [stdout] error[E0554]: `#![feature]` may not be used on the beta release channel
[INFO] [stdout]  --> src/main.rs:1:24
[INFO] [stdout]   |
[INFO] [stdout] 1 | #![feature(try_blocks, try_from)]
[INFO] [stdout]   |                        ^^^^^^^^
[INFO] [stdout] 
[INFO] [stdout] 
[INFO] [stdout] warning: the feature `try_from` has been stable since 1.34.0 and no longer requires an attribute to enable
[INFO] [stdout]  --> src/main.rs:1:24
[INFO] [stdout]   |
[INFO] [stdout] 1 | #![feature(try_blocks, try_from)]
[INFO] [stdout]   |                        ^^^^^^^^
[INFO] [stdout]   |
[INFO] [stdout]   = note: `#[warn(stable_features)]` on by default
[INFO] [stdout] 
[INFO] [stdout] 
[INFO] [stdout] error: aborting due to 2 previous errors; 1 warning emitted
[INFO] [stdout] 
[INFO] [stdout] 
[INFO] [stdout] For more information about this error, try `rustc --explain E0554`.
[INFO] [stdout] 
[INFO] [stderr] error: could not compile `walnut` (bin "walnut") due to 3 previous errors; 1 warning emitted
[INFO] running `Command { std: "docker" "inspect" "a43fb89774999b10d94072f3a06f164e1551c41745150c43ef30a99de8876860", kill_on_drop: false }`
[INFO] running `Command { std: "docker" "rm" "-f" "a43fb89774999b10d94072f3a06f164e1551c41745150c43ef30a99de8876860", kill_on_drop: false }`
[INFO] [stdout] a43fb89774999b10d94072f3a06f164e1551c41745150c43ef30a99de8876860
