[INFO] cloning repository https://github.com/DenialAdams/dcss-score-stash
[INFO] running `Command { std: "git" "-c" "credential.helper=" "-c" "credential.helper=/workspace/cargo-home/bin/git-credential-null" "clone" "--bare" "https://github.com/DenialAdams/dcss-score-stash" "/workspace/cache/git-repos/https%3A%2F%2Fgithub.com%2FDenialAdams%2Fdcss-score-stash", kill_on_drop: false }`
[INFO] [stderr] Cloning into bare repository '/workspace/cache/git-repos/https%3A%2F%2Fgithub.com%2FDenialAdams%2Fdcss-score-stash'...
[INFO] running `Command { std: "git" "rev-parse" "HEAD", kill_on_drop: false }`
[INFO] [stdout] f46ee12b0df0cb69ebea1c79d7a5956340fedd45
[INFO] testing DenialAdams/dcss-score-stash against 1.75.0 for beta-1.76-1
[INFO] running `Command { std: "git" "clone" "/workspace/cache/git-repos/https%3A%2F%2Fgithub.com%2FDenialAdams%2Fdcss-score-stash" "/workspace/builds/worker-1-tc1/source", kill_on_drop: false }`
[INFO] [stderr] Cloning into '/workspace/builds/worker-1-tc1/source'...
[INFO] [stderr] done.
[INFO] validating manifest of git repo https://github.com/DenialAdams/dcss-score-stash on toolchain 1.75.0
[INFO] running `Command { std: CARGO_HOME="/workspace/cargo-home" RUSTUP_HOME="/workspace/rustup-home" "/workspace/cargo-home/bin/cargo" "+1.75.0" "metadata" "--manifest-path" "Cargo.toml" "--no-deps", kill_on_drop: false }`
[INFO] started tweaking git repo https://github.com/DenialAdams/dcss-score-stash
[INFO] finished tweaking git repo https://github.com/DenialAdams/dcss-score-stash
[INFO] tweaked toml for git repo https://github.com/DenialAdams/dcss-score-stash written to /workspace/builds/worker-1-tc1/source/Cargo.toml
[INFO] crate git repo https://github.com/DenialAdams/dcss-score-stash already has a lockfile, it will not be regenerated
[INFO] running `Command { std: CARGO_HOME="/workspace/cargo-home" RUSTUP_HOME="/workspace/rustup-home" "/workspace/cargo-home/bin/cargo" "+1.75.0" "fetch" "--manifest-path" "Cargo.toml", kill_on_drop: false }`
[INFO] [stderr]     Updating git repository `https://github.com/DenialAdams/crawl_model`
[INFO] [stderr]     Updating crates.io index
[INFO] [stderr]  Downloading crates ...
[INFO] [stderr]   Downloaded diesel_derives v0.99.0
[INFO] [stderr]   Downloaded matches v0.1.6
[INFO] [stderr]   Downloaded secur32-sys v0.2.0
[INFO] [stderr]   Downloaded lazycell v0.5.1
[INFO] [stderr]   Downloaded regex-syntax v0.4.1
[INFO] [stderr]   Downloaded phf_generator v0.7.21
[INFO] [stderr]   Downloaded core-foundation v0.2.3
[INFO] [stderr]   Downloaded phf v0.7.21
[INFO] [stderr]   Downloaded hyper-tls v0.1.2
[INFO] [stderr]   Downloaded security-framework-sys v0.1.16
[INFO] [stderr]   Downloaded phf_codegen v0.7.21
[INFO] [stderr]   Downloaded version_check v0.1.3
[INFO] [stderr]   Downloaded httparse v1.2.3
[INFO] [stderr]   Downloaded thread_local v0.3.5
[INFO] [stderr]   Downloaded backtrace v0.3.4
[INFO] [stderr]   Downloaded security-framework v0.1.16
[INFO] [stderr]   Downloaded idna v0.1.4
[INFO] [stderr]   Downloaded libsqlite3-sys v0.8.1
[INFO] [stderr]   Downloaded libc v0.2.34
[INFO] [stderr]   Downloaded cc v1.0.3
[INFO] [stderr]   Downloaded serde_urlencoded v0.5.1
[INFO] [stderr]   Downloaded aho-corasick v0.6.4
[INFO] [stderr]   Downloaded mime v0.3.5
[INFO] [stderr]   Downloaded bytes v0.4.5
[INFO] [stderr]   Downloaded unicase v2.1.0
[INFO] [stderr]   Downloaded time v0.1.38
[INFO] [stderr]   Downloaded dtoa v0.4.2
[INFO] [stderr]   Downloaded slab v0.4.0
[INFO] [stderr]   Downloaded siphasher v0.2.2
[INFO] [stderr]   Downloaded scoped-tls v0.1.0
[INFO] [stderr]   Downloaded core-foundation-sys v0.2.3
[INFO] [stderr]   Downloaded advapi32-sys v0.2.0
[INFO] [stderr]   Downloaded phf_shared v0.7.21
[INFO] [stderr]   Downloaded lazy_static v1.0.0
[INFO] [stderr]   Downloaded net2 v0.2.31
[INFO] [stderr]   Downloaded crypt32-sys v0.2.0
[INFO] [stderr]   Downloaded byteorder v1.2.1
[INFO] [stderr]   Downloaded mime_guess v2.0.0-alpha.3
[INFO] [stderr]   Downloaded thread-id v3.2.0
[INFO] [stderr]   Downloaded relay v0.1.0
[INFO] [stderr]   Downloaded crc v1.6.0
[INFO] [stderr]   Downloaded redox_syscall v0.1.32
[INFO] [stderr]   Downloaded utf8-ranges v1.0.0
[INFO] [stderr]   Downloaded iovec v0.1.1
[INFO] [stderr]   Downloaded serde_derive_internals v0.18.0
[INFO] [stderr]   Downloaded futures-cpupool v0.1.7
[INFO] [stderr]   Downloaded build_const v0.2.0
[INFO] [stderr]   Downloaded vcpkg v0.2.2
[INFO] [stderr]   Downloaded schannel v0.1.9
[INFO] [stderr]   Downloaded tokio-tls v0.1.3
[INFO] [stderr]   Downloaded openssl-sys v0.9.23
[INFO] [stderr]   Downloaded tokio-io v0.1.4
[INFO] [stderr]   Downloaded num-traits v0.1.41
[INFO] [stderr]   Downloaded libflate v0.1.12
[INFO] [stderr]   Downloaded serde_derive v1.0.24
[INFO] [stderr]   Downloaded native-tls v0.1.4
[INFO] [stderr]   Downloaded url v1.6.0
[INFO] [stderr]   Downloaded mio v0.6.11
[INFO] [stderr]   Downloaded hyper v0.11.8
[INFO] [stderr]   Downloaded serde_json v1.0.8
[INFO] [stderr]   Downloaded reqwest v0.8.1
[INFO] [stderr]   Downloaded serde v1.0.24
[INFO] [stderr]   Downloaded tokio-core v0.1.10
[INFO] [stderr]   Downloaded flame v0.2.0
[INFO] [stderr]   Downloaded futures v0.1.17
[INFO] [stderr]   Downloaded diesel v0.99.0
[INFO] [stderr]   Downloaded openssl v0.9.23
[INFO] [stderr]   Downloaded regex v0.2.3
[INFO] running `Command { std: "docker" "create" "-v" "/var/lib/crater-agent-workspace/builds/worker-1-tc1/target:/opt/rustwide/target:rw,Z" "-v" "/var/lib/crater-agent-workspace/builds/worker-1-tc1/source:/opt/rustwide/workdir:ro,Z" "-v" "/var/lib/crater-agent-workspace/cargo-home:/opt/rustwide/cargo-home:ro,Z" "-v" "/var/lib/crater-agent-workspace/rustup-home:/opt/rustwide/rustup-home:ro,Z" "-e" "SOURCE_DIR=/opt/rustwide/workdir" "-e" "CARGO_TARGET_DIR=/opt/rustwide/target" "-e" "CARGO_HOME=/opt/rustwide/cargo-home" "-e" "RUSTUP_HOME=/opt/rustwide/rustup-home" "-w" "/opt/rustwide/workdir" "-m" "1610612736" "--user" "0:0" "--network" "none" "ghcr.io/rust-lang/crates-build-env/linux@sha256:2788e3201cd34a07e3172128adcd8b3090168a8e3bcc40d7c032b9dda1df7d1c" "/opt/rustwide/cargo-home/bin/cargo" "+1.75.0" "metadata" "--no-deps" "--format-version=1", kill_on_drop: false }`
[INFO] [stdout] 7f736767f4c97fb162a46aa7aaeb6cdacf92f89984ffb5d4a16a77eccfd57531
[INFO] running `Command { std: "docker" "start" "-a" "7f736767f4c97fb162a46aa7aaeb6cdacf92f89984ffb5d4a16a77eccfd57531", kill_on_drop: false }`
[INFO] running `Command { std: "docker" "inspect" "7f736767f4c97fb162a46aa7aaeb6cdacf92f89984ffb5d4a16a77eccfd57531", kill_on_drop: false }`
[INFO] running `Command { std: "docker" "rm" "-f" "7f736767f4c97fb162a46aa7aaeb6cdacf92f89984ffb5d4a16a77eccfd57531", kill_on_drop: false }`
[INFO] [stdout] 7f736767f4c97fb162a46aa7aaeb6cdacf92f89984ffb5d4a16a77eccfd57531
[INFO] running `Command { std: "docker" "create" "-v" "/var/lib/crater-agent-workspace/builds/worker-1-tc1/target:/opt/rustwide/target:rw,Z" "-v" "/var/lib/crater-agent-workspace/builds/worker-1-tc1/source:/opt/rustwide/workdir:ro,Z" "-v" "/var/lib/crater-agent-workspace/cargo-home:/opt/rustwide/cargo-home:ro,Z" "-v" "/var/lib/crater-agent-workspace/rustup-home:/opt/rustwide/rustup-home:ro,Z" "-e" "SOURCE_DIR=/opt/rustwide/workdir" "-e" "CARGO_TARGET_DIR=/opt/rustwide/target" "-e" "CARGO_INCREMENTAL=0" "-e" "RUST_BACKTRACE=full" "-e" "RUSTFLAGS=--cap-lints=warn" "-e" "RUSTDOCFLAGS=--cap-lints=warn" "-e" "CARGO_HOME=/opt/rustwide/cargo-home" "-e" "RUSTUP_HOME=/opt/rustwide/rustup-home" "-w" "/opt/rustwide/workdir" "-m" "1610612736" "--user" "0:0" "--network" "none" "ghcr.io/rust-lang/crates-build-env/linux@sha256:2788e3201cd34a07e3172128adcd8b3090168a8e3bcc40d7c032b9dda1df7d1c" "/opt/rustwide/cargo-home/bin/cargo" "+1.75.0" "build" "--frozen" "--message-format=json", kill_on_drop: false }`
[INFO] [stdout] 14e1ffe8c2bbea1790fc9e5c87922e259c45eaf2e82921b2fe37d1cb4763fb11
[INFO] running `Command { std: "docker" "start" "-a" "14e1ffe8c2bbea1790fc9e5c87922e259c45eaf2e82921b2fe37d1cb4763fb11", kill_on_drop: false }`
[INFO] [stderr]    Compiling libc v0.2.34
[INFO] [stderr]    Compiling version_check v0.1.3
[INFO] [stderr]    Compiling cc v1.0.3
[INFO] [stderr]    Compiling pkg-config v0.3.9
[INFO] [stderr]    Compiling cfg-if v0.1.2
[INFO] [stderr]    Compiling byteorder v1.2.1
[INFO] [stderr]    Compiling unicode-xid v0.0.4
[INFO] [stderr]    Compiling futures v0.1.17
[INFO] [stderr]    Compiling quote v0.3.15
[INFO] [stderr]    Compiling lazy_static v1.0.0
[INFO] [stderr]    Compiling log v0.3.8
[INFO] [stderr]    Compiling siphasher v0.2.2
[INFO] [stderr]    Compiling slab v0.3.0
[INFO] [stderr]    Compiling lazycell v0.5.1
[INFO] [stderr]    Compiling scoped-tls v0.1.0
[INFO] [stderr]    Compiling slab v0.4.0
[INFO] [stderr]    Compiling openssl v0.9.23
[INFO] [stderr]    Compiling matches v0.1.6
[INFO] [stderr]    Compiling synom v0.11.3
[INFO] [stderr]    Compiling build_const v0.2.0
[INFO] [stderr]    Compiling bitflags v0.9.1
[INFO] [stderr]    Compiling percent-encoding v1.0.1
[INFO] [stderr]    Compiling unicode-bidi v0.3.4
[INFO] [stderr]    Compiling itoa v0.3.4
[INFO] [stderr]    Compiling smallvec v0.2.1
[INFO] [stderr]    Compiling syn v0.11.11
[INFO] [stderr]    Compiling rustc-demangle v0.1.5
[INFO] [stderr]    Compiling dtoa v0.4.2
[INFO] [stderr]    Compiling take v0.1.0
[INFO] [stderr]    Compiling safemem v0.2.0
[INFO] [stderr]    Compiling unicase v1.4.2
[INFO] [stderr]    Compiling unicase v2.1.0
[INFO] [stderr]    Compiling crc v1.6.0
[INFO] [stderr]    Compiling serde v1.0.24
[INFO] [stderr]    Compiling unicode-normalization v0.1.5
[INFO] [stderr]    Compiling base64 v0.8.0
[INFO] [stderr]    Compiling rand v0.3.18
[INFO] [stderr]    Compiling iovec v0.1.1
[INFO] [stderr]    Compiling net2 v0.2.31
[INFO] [stderr]    Compiling libsqlite3-sys v0.8.1
[INFO] [stderr]    Compiling num_cpus v1.7.0
[INFO] [stderr]    Compiling memchr v2.0.1
[INFO] [stderr]    Compiling bytes v0.4.5
[INFO] [stderr]    Compiling aho-corasick v0.6.4
[INFO] [stderr]    Compiling time v0.1.38
[INFO] [stderr]    Compiling mio v0.6.11
[INFO] [stderr]    Compiling phf_shared v0.7.21
[INFO] [stderr]    Compiling mime v0.3.5
[INFO] [stderr]    Compiling idna v0.1.4
[INFO] [stderr]    Compiling thread_local v0.3.5
[INFO] [stderr]    Compiling language-tags v0.2.2
[INFO] [stderr]    Compiling openssl-sys v0.9.23
[INFO] [stderr]    Compiling backtrace-sys v0.1.16
[INFO] [stderr]    Compiling num-traits v0.1.41
[INFO] [stderr]    Compiling httparse v1.2.3
[INFO] [stderr]    Compiling regex-syntax v0.4.1
[INFO] [stderr]    Compiling utf8-ranges v1.0.0
[INFO] [stderr]    Compiling phf_generator v0.7.21
[INFO] [stderr]    Compiling phf v0.7.21
[INFO] [stderr]    Compiling adler32 v1.0.2
[INFO] [stderr]    Compiling phf_codegen v0.7.21
[INFO] [stderr]    Compiling tokio-io v0.1.4
[INFO] [stderr]    Compiling tokio-service v0.1.0
[INFO] [stderr]    Compiling relay v0.1.0
[INFO] [stderr]    Compiling futures-cpupool v0.1.7
[INFO] [stderr]    Compiling libflate v0.1.12
[INFO] [stderr]    Compiling uuid v0.5.1
[INFO] [stderr]    Compiling mime_guess v2.0.0-alpha.3
[INFO] [stderr]    Compiling thread-id v3.2.0
[INFO] [stderr]    Compiling lazy_static v0.2.11
[INFO] [stderr]    Compiling url v1.6.0
[INFO] [stderr]    Compiling tokio-core v0.1.10
[INFO] [stderr] error: failed to run custom build command for `openssl-sys v0.9.23`
[INFO] [stderr] note: To improve backtraces for build dependencies, set the CARGO_PROFILE_DEV_BUILD_OVERRIDE_DEBUG=true environment variable to enable debug information generation.
[INFO] [stderr] 
[INFO] [stderr] Caused by:
[INFO] [stderr]   process didn't exit successfully: `/opt/rustwide/target/debug/build/openssl-sys-d6d8ca084cb7d051/build-script-build` (exit status: 101)
[INFO] [stderr]   --- stdout
[INFO] [stderr]   cargo:rerun-if-env-changed=X86_64_UNKNOWN_LINUX_GNU_OPENSSL_LIB_DIR
[INFO] [stderr]   cargo:rerun-if-env-changed=OPENSSL_LIB_DIR
[INFO] [stderr]   cargo:rerun-if-env-changed=X86_64_UNKNOWN_LINUX_GNU_OPENSSL_INCLUDE_DIR
[INFO] [stderr]   cargo:rerun-if-env-changed=OPENSSL_INCLUDE_DIR
[INFO] [stderr]   cargo:rerun-if-env-changed=X86_64_UNKNOWN_LINUX_GNU_OPENSSL_DIR
[INFO] [stderr]   cargo:rerun-if-env-changed=OPENSSL_DIR
[INFO] [stderr]   cargo:rustc-link-lib=ssl
[INFO] [stderr]   cargo:rustc-link-lib=crypto
[INFO] [stderr]   OPT_LEVEL = Some("0")
[INFO] [stderr]   TARGET = Some("x86_64-unknown-linux-gnu")
[INFO] [stderr]   HOST = Some("x86_64-unknown-linux-gnu")
[INFO] [stderr]   TARGET = Some("x86_64-unknown-linux-gnu")
[INFO] [stderr]   TARGET = Some("x86_64-unknown-linux-gnu")
[INFO] [stderr]   HOST = Some("x86_64-unknown-linux-gnu")
[INFO] [stderr]   CC_x86_64-unknown-linux-gnu = None
[INFO] [stderr]   CC_x86_64_unknown_linux_gnu = None
[INFO] [stderr]   HOST_CC = None
[INFO] [stderr]   CC = None
[INFO] [stderr]   HOST = Some("x86_64-unknown-linux-gnu")
[INFO] [stderr]   TARGET = Some("x86_64-unknown-linux-gnu")
[INFO] [stderr]   HOST = Some("x86_64-unknown-linux-gnu")
[INFO] [stderr]   CFLAGS_x86_64-unknown-linux-gnu = None
[INFO] [stderr]   CFLAGS_x86_64_unknown_linux_gnu = None
[INFO] [stderr]   HOST_CFLAGS = None
[INFO] [stderr]   CFLAGS = None
[INFO] [stderr]   DEBUG = Some("true")
[INFO] [stderr]   running: "cc" "-O0" "-ffunction-sections" "-fdata-sections" "-fPIC" "-g" "-m64" "-Wall" "-Wextra" "-E" "/opt/rustwide/target/debug/build/openssl-sys-ba535b3622ba57e9/out/expando.c"
[INFO] [stderr]   exit status: 0
[INFO] [stderr]   cargo:rustc-cfg=osslconf="OPENSSL_NO_SSL3_METHOD"
[INFO] [stderr]   cargo:conf=OPENSSL_NO_SSL3_METHOD
[INFO] [stderr] 
[INFO] [stderr]   --- stderr
[INFO] [stderr]   thread 'main' panicked at /opt/rustwide/cargo-home/registry/src/index.crates.io-6f17d22bba15001f/openssl-sys-0.9.23/build.rs:486:9:
[INFO] [stderr] 
[INFO] [stderr] 
[INFO] [stderr]   This crate is only compatible with OpenSSL 1.0.1, 1.0.2, and 1.1.0, or LibreSSL
[INFO] [stderr]   2.5 and 2.6.0, but a different version of OpenSSL was found. The build is now
[INFO] [stderr]   aborting due to this version mismatch.
[INFO] [stderr] 
[INFO] [stderr] 
[INFO] [stderr]   stack backtrace:
[INFO] [stderr]      0:     0x556d0e9dc70c - std::backtrace_rs::backtrace::libunwind::trace::ha637c64ce894333a
[INFO] [stderr]                                  at /rustc/82e1608dfa6e0b5569232559e3d385fea5a93112/library/std/src/../../backtrace/src/backtrace/libunwind.rs:104:5
[INFO] [stderr]      1:     0x556d0e9dc70c - std::backtrace_rs::backtrace::trace_unsynchronized::h47f62dea28e0c88d
[INFO] [stderr]                                  at /rustc/82e1608dfa6e0b5569232559e3d385fea5a93112/library/std/src/../../backtrace/src/backtrace/mod.rs:66:5
[INFO] [stderr]      2:     0x556d0e9dc70c - std::sys_common::backtrace::_print_fmt::h9eef0abe20ede486
[INFO] [stderr]                                  at /rustc/82e1608dfa6e0b5569232559e3d385fea5a93112/library/std/src/sys_common/backtrace.rs:67:5
[INFO] [stderr]      3:     0x556d0e9dc70c - <std::sys_common::backtrace::_print::DisplayBacktrace as core::fmt::Display>::fmt::hed7f999df88cc644
[INFO] [stderr]                                  at /rustc/82e1608dfa6e0b5569232559e3d385fea5a93112/library/std/src/sys_common/backtrace.rs:44:22
[INFO] [stderr]      4:     0x556d0ea02790 - core::fmt::rt::Argument::fmt::h1539a9308b8d058d
[INFO] [stderr]                                  at /rustc/82e1608dfa6e0b5569232559e3d385fea5a93112/library/core/src/fmt/rt.rs:142:9
[INFO] [stderr]      5:     0x556d0ea02790 - core::fmt::write::h3a39390d8560d9c9
[INFO] [stderr]                                  at /rustc/82e1608dfa6e0b5569232559e3d385fea5a93112/library/core/src/fmt/mod.rs:1120:17
[INFO] [stderr]      6:     0x556d0e9da04f - std::io::Write::write_fmt::h5fc9997dfe05f882
[INFO] [stderr]                                  at /rustc/82e1608dfa6e0b5569232559e3d385fea5a93112/library/std/src/io/mod.rs:1762:15
[INFO] [stderr]      7:     0x556d0e9dc4f4 - std::sys_common::backtrace::_print::h894006fb5c6f3d45
[INFO] [stderr]                                  at /rustc/82e1608dfa6e0b5569232559e3d385fea5a93112/library/std/src/sys_common/backtrace.rs:47:5
[INFO] [stderr]      8:     0x556d0e9dc4f4 - std::sys_common::backtrace::print::h23a2d212c6fff936
[INFO] [stderr]                                  at /rustc/82e1608dfa6e0b5569232559e3d385fea5a93112/library/std/src/sys_common/backtrace.rs:34:9
[INFO] [stderr]      9:     0x556d0e9ddd07 - std::panicking::default_hook::{{closure}}::h8a1d2ee00185001a
[INFO] [stderr]     10:     0x556d0e9dda6f - std::panicking::default_hook::h6038f2eba384e475
[INFO] [stderr]                                  at /rustc/82e1608dfa6e0b5569232559e3d385fea5a93112/library/std/src/panicking.rs:292:9
[INFO] [stderr]     11:     0x556d0e9de188 - std::panicking::rust_panic_with_hook::h2b5517d590cab22e
[INFO] [stderr]                                  at /rustc/82e1608dfa6e0b5569232559e3d385fea5a93112/library/std/src/panicking.rs:779:13
[INFO] [stderr]     12:     0x556d0e9aff3e - std::panicking::begin_panic::{{closure}}::h6b4e93bbe0c0e8fe
[INFO] [stderr]     13:     0x556d0e9abdea - std::sys_common::backtrace::__rust_end_short_backtrace::h8b63441812259ac6
[INFO] [stderr]     14:     0x556d0e9afebb - std::panicking::begin_panic::hd71a3dacdc6bfd96
[INFO] [stderr]     15:     0x556d0e97a07a - build_script_build::validate_headers::hf8eca178803e2297
[INFO] [stderr]     16:     0x556d0e97905f - build_script_build::try_pkg_config::hd4a0d5837b10bc8d
[INFO] [stderr]     17:     0x556d0e978253 - build_script_build::find_openssl_dir::h68dcade42bf3666b
[INFO] [stderr]     18:     0x556d0e978098 - build_script_build::main::{{closure}}::h80a53fe11290cf6a
[INFO] [stderr]     19:     0x556d0e97d5b9 - core::option::Option<T>::unwrap_or_else::hee5e2d5e4316fc64
[INFO] [stderr]     20:     0x556d0e977101 - build_script_build::main::hcb57bbcc68c22d54
[INFO] [stderr]     21:     0x556d0e97c533 - core::ops::function::FnOnce::call_once::h96e0c33b2931a7b0
[INFO] [stderr]     22:     0x556d0e97f436 - std::sys_common::backtrace::__rust_begin_short_backtrace::h58d35536a85b6b93
[INFO] [stderr]     23:     0x556d0e97f659 - std::rt::lang_start::{{closure}}::h209fad919eb8a188
[INFO] [stderr]     24:     0x556d0e9d6597 - core::ops::function::impls::<impl core::ops::function::FnOnce<A> for &F>::call_once::hd95060ecd5e1ca24
[INFO] [stderr]                                  at /rustc/82e1608dfa6e0b5569232559e3d385fea5a93112/library/core/src/ops/function.rs:284:13
[INFO] [stderr]     25:     0x556d0e9d6597 - std::panicking::try::do_call::h6e8cf51db32a6e4b
[INFO] [stderr]                                  at /rustc/82e1608dfa6e0b5569232559e3d385fea5a93112/library/std/src/panicking.rs:552:40
[INFO] [stderr]     26:     0x556d0e9d6597 - std::panicking::try::h3a52eefe24fe3c29
[INFO] [stderr]                                  at /rustc/82e1608dfa6e0b5569232559e3d385fea5a93112/library/std/src/panicking.rs:516:19
[INFO] [stderr]     27:     0x556d0e9d6597 - std::panic::catch_unwind::h24c28c23c02c3841
[INFO] [stderr]                                  at /rustc/82e1608dfa6e0b5569232559e3d385fea5a93112/library/std/src/panic.rs:142:14
[INFO] [stderr]     28:     0x556d0e9d6597 - std::rt::lang_start_internal::{{closure}}::h705d3c9cbc06ef47
[INFO] [stderr]                                  at /rustc/82e1608dfa6e0b5569232559e3d385fea5a93112/library/std/src/rt.rs:148:48
[INFO] [stderr]     29:     0x556d0e9d6597 - std::panicking::try::do_call::ha21f52ba13158470
[INFO] [stderr]                                  at /rustc/82e1608dfa6e0b5569232559e3d385fea5a93112/library/std/src/panicking.rs:552:40
[INFO] [stderr]     30:     0x556d0e9d6597 - std::panicking::try::h5581346bf6aeb1f8
[INFO] [stderr]                                  at /rustc/82e1608dfa6e0b5569232559e3d385fea5a93112/library/std/src/panicking.rs:516:19
[INFO] [stderr]     31:     0x556d0e9d6597 - std::panic::catch_unwind::h7919645a6b72e25b
[INFO] [stderr]                                  at /rustc/82e1608dfa6e0b5569232559e3d385fea5a93112/library/std/src/panic.rs:142:14
[INFO] [stderr]     32:     0x556d0e9d6597 - std::rt::lang_start_internal::h12de51168669836e
[INFO] [stderr]                                  at /rustc/82e1608dfa6e0b5569232559e3d385fea5a93112/library/std/src/rt.rs:148:20
[INFO] [stderr]     33:     0x556d0e97f637 - std::rt::lang_start::h701600f473824759
[INFO] [stderr]     34:     0x556d0e97b9f5 - main
[INFO] [stderr]     35:     0x7f4067c51d90 - <unknown>
[INFO] [stderr]     36:     0x7f4067c51e40 - __libc_start_main
[INFO] [stderr]     37:     0x556d0e971e75 - _start
[INFO] [stderr]     38:                0x0 - <unknown>
[INFO] [stderr] warning: build failed, waiting for other jobs to finish...
[INFO] [stdout] error[E0713]: borrow may still be in use when destructor runs
[INFO] [stdout]    --> /opt/rustwide/cargo-home/registry/src/index.crates.io-6f17d22bba15001f/url-1.6.0/src/form_urlencoded.rs:261:40
[INFO] [stdout]     |
[INFO] [stdout] 259 | impl<'a> Target for ::UrlQuery<'a> {
[INFO] [stdout]     |      -- lifetime `'a` defined here
[INFO] [stdout] 260 |     fn as_mut_string(&mut self) -> &mut String { &mut self.url.serialization }
[INFO] [stdout] 261 |     fn finish(self) -> &'a mut ::Url { self.url }
[INFO] [stdout]     |                                        ^^^^^^^^ - here, drop of `self` needs exclusive access to `*self.url`, because the type `UrlQuery<'_>` implements the `Drop` trait
[INFO] [stdout]     |                                        |
[INFO] [stdout]     |                                        returning this value requires that `*self.url` is borrowed for `'a`
[INFO] [stdout] 
[INFO] [stdout] 
[INFO] [stdout] error: aborting due to previous error
[INFO] [stdout] 
[INFO] [stdout] 
[INFO] [stdout] For more information about this error, try `rustc --explain E0713`.
[INFO] [stdout] 
[INFO] [stderr] error: could not compile `url` (lib) due to 2 previous errors
[INFO] running `Command { std: "docker" "inspect" "14e1ffe8c2bbea1790fc9e5c87922e259c45eaf2e82921b2fe37d1cb4763fb11", kill_on_drop: false }`
[INFO] running `Command { std: "docker" "rm" "-f" "14e1ffe8c2bbea1790fc9e5c87922e259c45eaf2e82921b2fe37d1cb4763fb11", kill_on_drop: false }`
[INFO] [stdout] 14e1ffe8c2bbea1790fc9e5c87922e259c45eaf2e82921b2fe37d1cb4763fb11
[INFO] testing DenialAdams/dcss-score-stash against beta-2023-12-22 for beta-1.76-1
[INFO] running `Command { std: "git" "clone" "/workspace/cache/git-repos/https%3A%2F%2Fgithub.com%2FDenialAdams%2Fdcss-score-stash" "/workspace/builds/worker-1-tc2/source", kill_on_drop: false }`
[INFO] [stderr] Cloning into '/workspace/builds/worker-1-tc2/source'...
[INFO] [stderr] done.
[INFO] validating manifest of git repo https://github.com/DenialAdams/dcss-score-stash on toolchain beta-2023-12-22
[INFO] running `Command { std: CARGO_HOME="/workspace/cargo-home" RUSTUP_HOME="/workspace/rustup-home" "/workspace/cargo-home/bin/cargo" "+beta-2023-12-22" "metadata" "--manifest-path" "Cargo.toml" "--no-deps", kill_on_drop: false }`
[INFO] started tweaking git repo https://github.com/DenialAdams/dcss-score-stash
[INFO] finished tweaking git repo https://github.com/DenialAdams/dcss-score-stash
[INFO] tweaked toml for git repo https://github.com/DenialAdams/dcss-score-stash written to /workspace/builds/worker-1-tc2/source/Cargo.toml
[INFO] crate git repo https://github.com/DenialAdams/dcss-score-stash already has a lockfile, it will not be regenerated
[INFO] running `Command { std: CARGO_HOME="/workspace/cargo-home" RUSTUP_HOME="/workspace/rustup-home" "/workspace/cargo-home/bin/cargo" "+beta-2023-12-22" "fetch" "--manifest-path" "Cargo.toml", kill_on_drop: false }`
[INFO] running `Command { std: "docker" "create" "-v" "/var/lib/crater-agent-workspace/builds/worker-1-tc2/target:/opt/rustwide/target:rw,Z" "-v" "/var/lib/crater-agent-workspace/builds/worker-1-tc2/source:/opt/rustwide/workdir:ro,Z" "-v" "/var/lib/crater-agent-workspace/cargo-home:/opt/rustwide/cargo-home:ro,Z" "-v" "/var/lib/crater-agent-workspace/rustup-home:/opt/rustwide/rustup-home:ro,Z" "-e" "SOURCE_DIR=/opt/rustwide/workdir" "-e" "CARGO_TARGET_DIR=/opt/rustwide/target" "-e" "CARGO_HOME=/opt/rustwide/cargo-home" "-e" "RUSTUP_HOME=/opt/rustwide/rustup-home" "-w" "/opt/rustwide/workdir" "-m" "1610612736" "--user" "0:0" "--network" "none" "ghcr.io/rust-lang/crates-build-env/linux@sha256:2788e3201cd34a07e3172128adcd8b3090168a8e3bcc40d7c032b9dda1df7d1c" "/opt/rustwide/cargo-home/bin/cargo" "+beta-2023-12-22" "metadata" "--no-deps" "--format-version=1", kill_on_drop: false }`
[INFO] [stdout] bbb56d3f147d8a53842e21710c1451b7f6d0134129149694e3c9f48d5510b0a2
[INFO] running `Command { std: "docker" "start" "-a" "bbb56d3f147d8a53842e21710c1451b7f6d0134129149694e3c9f48d5510b0a2", kill_on_drop: false }`
[INFO] running `Command { std: "docker" "inspect" "bbb56d3f147d8a53842e21710c1451b7f6d0134129149694e3c9f48d5510b0a2", kill_on_drop: false }`
[INFO] running `Command { std: "docker" "rm" "-f" "bbb56d3f147d8a53842e21710c1451b7f6d0134129149694e3c9f48d5510b0a2", kill_on_drop: false }`
[INFO] [stdout] bbb56d3f147d8a53842e21710c1451b7f6d0134129149694e3c9f48d5510b0a2
[INFO] running `Command { std: "docker" "create" "-v" "/var/lib/crater-agent-workspace/builds/worker-1-tc2/target:/opt/rustwide/target:rw,Z" "-v" "/var/lib/crater-agent-workspace/builds/worker-1-tc2/source:/opt/rustwide/workdir:ro,Z" "-v" "/var/lib/crater-agent-workspace/cargo-home:/opt/rustwide/cargo-home:ro,Z" "-v" "/var/lib/crater-agent-workspace/rustup-home:/opt/rustwide/rustup-home:ro,Z" "-e" "SOURCE_DIR=/opt/rustwide/workdir" "-e" "CARGO_TARGET_DIR=/opt/rustwide/target" "-e" "CARGO_INCREMENTAL=0" "-e" "RUST_BACKTRACE=full" "-e" "RUSTFLAGS=--cap-lints=warn" "-e" "RUSTDOCFLAGS=--cap-lints=warn" "-e" "CARGO_HOME=/opt/rustwide/cargo-home" "-e" "RUSTUP_HOME=/opt/rustwide/rustup-home" "-w" "/opt/rustwide/workdir" "-m" "1610612736" "--user" "0:0" "--network" "none" "ghcr.io/rust-lang/crates-build-env/linux@sha256:2788e3201cd34a07e3172128adcd8b3090168a8e3bcc40d7c032b9dda1df7d1c" "/opt/rustwide/cargo-home/bin/cargo" "+beta-2023-12-22" "build" "--frozen" "--message-format=json", kill_on_drop: false }`
[INFO] [stdout] 33824b65d1a5f427b4c77d89d8d37520716a6272fdd69ad7615f675b5625b726
[INFO] running `Command { std: "docker" "start" "-a" "33824b65d1a5f427b4c77d89d8d37520716a6272fdd69ad7615f675b5625b726", kill_on_drop: false }`
[INFO] [stderr]    Compiling libc v0.2.34
[INFO] [stderr]    Compiling version_check v0.1.3
[INFO] [stderr]    Compiling cc v1.0.3
[INFO] [stderr]    Compiling pkg-config v0.3.9
[INFO] [stderr]    Compiling cfg-if v0.1.2
[INFO] [stderr]    Compiling byteorder v1.2.1
[INFO] [stderr]    Compiling unicode-xid v0.0.4
[INFO] [stderr]    Compiling futures v0.1.17
[INFO] [stderr]    Compiling quote v0.3.15
[INFO] [stderr]    Compiling lazy_static v1.0.0
[INFO] [stderr]    Compiling siphasher v0.2.2
[INFO] [stderr]    Compiling log v0.3.8
[INFO] [stderr]    Compiling slab v0.3.0
[INFO] [stderr]    Compiling lazycell v0.5.1
[INFO] [stderr]    Compiling slab v0.4.0
[INFO] [stderr]    Compiling scoped-tls v0.1.0
[INFO] [stderr]    Compiling openssl v0.9.23
[INFO] [stderr]    Compiling synom v0.11.3
[INFO] [stderr]    Compiling matches v0.1.6
[INFO] [stderr]    Compiling build_const v0.2.0
[INFO] [stderr]    Compiling percent-encoding v1.0.1
[INFO] [stderr]    Compiling bitflags v0.9.1
[INFO] [stderr]    Compiling unicode-bidi v0.3.4
[INFO] [stderr]    Compiling smallvec v0.2.1
[INFO] [stderr]    Compiling dtoa v0.4.2
[INFO] [stderr]    Compiling syn v0.11.11
[INFO] [stderr]    Compiling serde v1.0.24
[INFO] [stderr]    Compiling take v0.1.0
[INFO] [stderr]    Compiling crc v1.6.0
[INFO] [stderr]    Compiling unicode-normalization v0.1.5
[INFO] [stderr]    Compiling itoa v0.3.4
[INFO] [stderr]    Compiling rustc-demangle v0.1.5
[INFO] [stderr]    Compiling unicase v1.4.2
[INFO] [stderr]    Compiling rand v0.3.18
[INFO] [stderr]    Compiling iovec v0.1.1
[INFO] [stderr]    Compiling net2 v0.2.31
[INFO] [stderr]    Compiling unicase v2.1.0
[INFO] [stderr]    Compiling memchr v2.0.1
[INFO] [stderr]    Compiling bytes v0.4.5
[INFO] [stderr]    Compiling libsqlite3-sys v0.8.1
[INFO] [stderr]    Compiling num_cpus v1.7.0
[INFO] [stderr]    Compiling safemem v0.2.0
[INFO] [stderr]    Compiling aho-corasick v0.6.4
[INFO] [stderr]    Compiling mio v0.6.11
[INFO] [stderr]    Compiling base64 v0.8.0
[INFO] [stderr]    Compiling idna v0.1.4
[INFO] [stderr]    Compiling time v0.1.38
[INFO] [stderr]    Compiling phf_shared v0.7.21
[INFO] [stderr]    Compiling mime v0.3.5
[INFO] [stderr]    Compiling thread_local v0.3.5
[INFO] [stderr]    Compiling utf8-ranges v1.0.0
[INFO] [stderr]    Compiling openssl-sys v0.9.23
[INFO] [stderr]    Compiling backtrace-sys v0.1.16
[INFO] [stderr]    Compiling language-tags v0.2.2
[INFO] [stderr]    Compiling httparse v1.2.3
[INFO] [stderr]    Compiling phf_generator v0.7.21
[INFO] [stderr]    Compiling num-traits v0.1.41
[INFO] [stderr]    Compiling phf_codegen v0.7.21
[INFO] [stderr]    Compiling regex-syntax v0.4.1
[INFO] [stderr]    Compiling phf v0.7.21
[INFO] [stderr]    Compiling adler32 v1.0.2
[INFO] [stderr]    Compiling uuid v0.5.1
[INFO] [stderr]    Compiling mime_guess v2.0.0-alpha.3
[INFO] [stderr]    Compiling tokio-io v0.1.4
[INFO] [stderr]    Compiling tokio-service v0.1.0
[INFO] [stderr]    Compiling relay v0.1.0
[INFO] [stderr]    Compiling futures-cpupool v0.1.7
[INFO] [stderr]    Compiling libflate v0.1.12
[INFO] [stderr]    Compiling url v1.6.0
[INFO] [stderr]    Compiling thread-id v3.2.0
[INFO] [stderr]    Compiling lazy_static v0.2.11
[INFO] [stderr] error: failed to run custom build command for `openssl-sys v0.9.23`
[INFO] [stderr] note: To improve backtraces for build dependencies, set the CARGO_PROFILE_DEV_BUILD_OVERRIDE_DEBUG=true environment variable to enable debug information generation.
[INFO] [stderr] 
[INFO] [stderr] Caused by:
[INFO] [stderr]   process didn't exit successfully: `/opt/rustwide/target/debug/build/openssl-sys-807f05e2cd305973/build-script-build` (exit status: 101)
[INFO] [stderr]   --- stdout
[INFO] [stderr]   cargo:rerun-if-env-changed=X86_64_UNKNOWN_LINUX_GNU_OPENSSL_LIB_DIR
[INFO] [stderr]   cargo:rerun-if-env-changed=OPENSSL_LIB_DIR
[INFO] [stderr]   cargo:rerun-if-env-changed=X86_64_UNKNOWN_LINUX_GNU_OPENSSL_INCLUDE_DIR
[INFO] [stderr]   cargo:rerun-if-env-changed=OPENSSL_INCLUDE_DIR
[INFO] [stderr]   cargo:rerun-if-env-changed=X86_64_UNKNOWN_LINUX_GNU_OPENSSL_DIR
[INFO] [stderr]   cargo:rerun-if-env-changed=OPENSSL_DIR
[INFO] [stderr]   cargo:rustc-link-lib=ssl
[INFO] [stderr]   cargo:rustc-link-lib=crypto
[INFO] [stderr]   OPT_LEVEL = Some("0")
[INFO] [stderr]   TARGET = Some("x86_64-unknown-linux-gnu")
[INFO] [stderr]   HOST = Some("x86_64-unknown-linux-gnu")
[INFO] [stderr]   TARGET = Some("x86_64-unknown-linux-gnu")
[INFO] [stderr]   TARGET = Some("x86_64-unknown-linux-gnu")
[INFO] [stderr]   HOST = Some("x86_64-unknown-linux-gnu")
[INFO] [stderr]   CC_x86_64-unknown-linux-gnu = None
[INFO] [stderr]   CC_x86_64_unknown_linux_gnu = None
[INFO] [stderr]   HOST_CC = None
[INFO] [stderr]   CC = None
[INFO] [stderr]   HOST = Some("x86_64-unknown-linux-gnu")
[INFO] [stderr]   TARGET = Some("x86_64-unknown-linux-gnu")
[INFO] [stderr]   HOST = Some("x86_64-unknown-linux-gnu")
[INFO] [stderr]   CFLAGS_x86_64-unknown-linux-gnu = None
[INFO] [stderr]   CFLAGS_x86_64_unknown_linux_gnu = None
[INFO] [stderr]   HOST_CFLAGS = None
[INFO] [stderr]   CFLAGS = None
[INFO] [stderr]   DEBUG = Some("true")
[INFO] [stderr]   running: "cc" "-O0" "-ffunction-sections" "-fdata-sections" "-fPIC" "-g" "-m64" "-Wall" "-Wextra" "-E" "/opt/rustwide/target/debug/build/openssl-sys-387dfe29cf456778/out/expando.c"
[INFO] [stderr]   exit status: 0
[INFO] [stderr]   cargo:rustc-cfg=osslconf="OPENSSL_NO_SSL3_METHOD"
[INFO] [stderr]   cargo:conf=OPENSSL_NO_SSL3_METHOD
[INFO] [stderr] 
[INFO] [stderr]   --- stderr
[INFO] [stderr]   thread 'main' panicked at /opt/rustwide/cargo-home/registry/src/index.crates.io-6f17d22bba15001f/openssl-sys-0.9.23/build.rs:486:9:
[INFO] [stderr] 
[INFO] [stderr] 
[INFO] [stderr]   This crate is only compatible with OpenSSL 1.0.1, 1.0.2, and 1.1.0, or LibreSSL
[INFO] [stderr]   2.5 and 2.6.0, but a different version of OpenSSL was found. The build is now
[INFO] [stderr]   aborting due to this version mismatch.
[INFO] [stderr] 
[INFO] [stderr] 
[INFO] [stderr]   stack backtrace:
[INFO] [stderr]      0:     0x563da8438776 - std::backtrace_rs::backtrace::libunwind::trace::h261606ad26a499c1
[INFO] [stderr]                                  at /rustc/0e09125c6c3c2fd70d7de961bcf0e51575235fad/library/std/src/../../backtrace/src/backtrace/libunwind.rs:104:5
[INFO] [stderr]      1:     0x563da8438776 - std::backtrace_rs::backtrace::trace_unsynchronized::hd183f0625477fb28
[INFO] [stderr]                                  at /rustc/0e09125c6c3c2fd70d7de961bcf0e51575235fad/library/std/src/../../backtrace/src/backtrace/mod.rs:66:5
[INFO] [stderr]      2:     0x563da8438776 - std::sys_common::backtrace::_print_fmt::hd7f8fef21b4eda67
[INFO] [stderr]                                  at /rustc/0e09125c6c3c2fd70d7de961bcf0e51575235fad/library/std/src/sys_common/backtrace.rs:68:5
[INFO] [stderr]      3:     0x563da8438776 - <std::sys_common::backtrace::_print::DisplayBacktrace as core::fmt::Display>::fmt::h623d9b51f2f453f1
[INFO] [stderr]                                  at /rustc/0e09125c6c3c2fd70d7de961bcf0e51575235fad/library/std/src/sys_common/backtrace.rs:44:22
[INFO] [stderr]      4:     0x563da845dbe0 - core::fmt::rt::Argument::fmt::h9f417ac76a86f368
[INFO] [stderr]                                  at /rustc/0e09125c6c3c2fd70d7de961bcf0e51575235fad/library/core/src/fmt/rt.rs:142:9
[INFO] [stderr]      5:     0x563da845dbe0 - core::fmt::write::hc9b6faf4ac2aeff7
[INFO] [stderr]                                  at /rustc/0e09125c6c3c2fd70d7de961bcf0e51575235fad/library/core/src/fmt/mod.rs:1120:17
[INFO] [stderr]      6:     0x563da84361df - std::io::Write::write_fmt::hfead1eee52c2e65e
[INFO] [stderr]                                  at /rustc/0e09125c6c3c2fd70d7de961bcf0e51575235fad/library/std/src/io/mod.rs:1810:15
[INFO] [stderr]      7:     0x563da8438554 - std::sys_common::backtrace::_print::hd5d66399c7df88a2
[INFO] [stderr]                                  at /rustc/0e09125c6c3c2fd70d7de961bcf0e51575235fad/library/std/src/sys_common/backtrace.rs:47:5
[INFO] [stderr]      8:     0x563da8438554 - std::sys_common::backtrace::print::he81ed2da642d37e5
[INFO] [stderr]                                  at /rustc/0e09125c6c3c2fd70d7de961bcf0e51575235fad/library/std/src/sys_common/backtrace.rs:34:9
[INFO] [stderr]      9:     0x563da8439e37 - std::panicking::default_hook::{{closure}}::h85773f4fa117163d
[INFO] [stderr]     10:     0x563da8439b99 - std::panicking::default_hook::h6a1694a91d09b278
[INFO] [stderr]                                  at /rustc/0e09125c6c3c2fd70d7de961bcf0e51575235fad/library/std/src/panicking.rs:292:9
[INFO] [stderr]     11:     0x563da843a2c8 - std::panicking::rust_panic_with_hook::h0a7ad96e90f7145b
[INFO] [stderr]                                  at /rustc/0e09125c6c3c2fd70d7de961bcf0e51575235fad/library/std/src/panicking.rs:779:13
[INFO] [stderr]     12:     0x563da83fa3fe - std::panicking::begin_panic::{{closure}}::hd5e02c80f09f96b9
[INFO] [stderr]     13:     0x563da83f6b2a - std::sys_common::backtrace::__rust_end_short_backtrace::h114628db8fe2d046
[INFO] [stderr]     14:     0x563da83fa37b - std::panicking::begin_panic::h07c36baa5ae3c279
[INFO] [stderr]     15:     0x563da83d5076 - build_script_build::validate_headers::hab4772fc0efb0dac
[INFO] [stderr]     16:     0x563da83d4055 - build_script_build::try_pkg_config::h55fb6fa5320d3ccd
[INFO] [stderr]     17:     0x563da83d3243 - build_script_build::find_openssl_dir::h71af765cee12507d
[INFO] [stderr]     18:     0x563da83d3088 - build_script_build::main::{{closure}}::h4bcd484db60b94e6
[INFO] [stderr]     19:     0x563da83ddcef - core::option::Option<T>::unwrap_or_else::h7b38024a6b365d8a
[INFO] [stderr]     20:     0x563da83d20ff - build_script_build::main::h83a00876292a01a8
[INFO] [stderr]     21:     0x563da83da173 - core::ops::function::FnOnce::call_once::h38e6279f1ac1811a
[INFO] [stderr]     22:     0x563da83d9a16 - std::sys_common::backtrace::__rust_begin_short_backtrace::h85051d12e1cd0789
[INFO] [stderr]     23:     0x563da83d6f99 - std::rt::lang_start::{{closure}}::he79811f076ed9948
[INFO] [stderr]     24:     0x563da84324d1 - core::ops::function::impls::<impl core::ops::function::FnOnce<A> for &F>::call_once::h4eb4c5e1620f29b0
[INFO] [stderr]                                  at /rustc/0e09125c6c3c2fd70d7de961bcf0e51575235fad/library/core/src/ops/function.rs:284:13
[INFO] [stderr]     25:     0x563da84324d1 - std::panicking::try::do_call::h73fd26535faffcdf
[INFO] [stderr]                                  at /rustc/0e09125c6c3c2fd70d7de961bcf0e51575235fad/library/std/src/panicking.rs:552:40
[INFO] [stderr]     26:     0x563da84324d1 - std::panicking::try::h77ff1d98f0fb9f39
[INFO] [stderr]                                  at /rustc/0e09125c6c3c2fd70d7de961bcf0e51575235fad/library/std/src/panicking.rs:516:19
[INFO] [stderr]     27:     0x563da84324d1 - std::panic::catch_unwind::hab3caf2448b95e37
[INFO] [stderr]                                  at /rustc/0e09125c6c3c2fd70d7de961bcf0e51575235fad/library/std/src/panic.rs:142:14
[INFO] [stderr]     28:     0x563da84324d1 - std::rt::lang_start_internal::{{closure}}::h8086711f9c783f78
[INFO] [stderr]                                  at /rustc/0e09125c6c3c2fd70d7de961bcf0e51575235fad/library/std/src/rt.rs:148:48
[INFO] [stderr]     29:     0x563da84324d1 - std::panicking::try::do_call::hf920d4dc291cd6ca
[INFO] [stderr]                                  at /rustc/0e09125c6c3c2fd70d7de961bcf0e51575235fad/library/std/src/panicking.rs:552:40
[INFO] [stderr]     30:     0x563da84324d1 - std::panicking::try::h2b806ccc0a85db74
[INFO] [stderr]                                  at /rustc/0e09125c6c3c2fd70d7de961bcf0e51575235fad/library/std/src/panicking.rs:516:19
[INFO] [stderr]     31:     0x563da84324d1 - std::panic::catch_unwind::h038489539c507df2
[INFO] [stderr]                                  at /rustc/0e09125c6c3c2fd70d7de961bcf0e51575235fad/library/std/src/panic.rs:142:14
[INFO] [stderr]     32:     0x563da84324d1 - std::rt::lang_start_internal::h28503b88912e8a5c
[INFO] [stderr]                                  at /rustc/0e09125c6c3c2fd70d7de961bcf0e51575235fad/library/std/src/rt.rs:148:20
[INFO] [stderr]     33:     0x563da83d6f77 - std::rt::lang_start::hf2e7055714bc109e
[INFO] [stderr]     34:     0x563da83d69e5 - main
[INFO] [stderr]     35:     0x7f009e3dcd90 - <unknown>
[INFO] [stderr]     36:     0x7f009e3dce40 - __libc_start_main
[INFO] [stderr]     37:     0x563da83cce85 - _start
[INFO] [stderr]     38:                0x0 - <unknown>
[INFO] [stderr] warning: build failed, waiting for other jobs to finish...
[INFO] [stdout] error[E0713]: borrow may still be in use when destructor runs
[INFO] [stdout]    --> /opt/rustwide/cargo-home/registry/src/index.crates.io-6f17d22bba15001f/url-1.6.0/src/form_urlencoded.rs:261:40
[INFO] [stdout]     |
[INFO] [stdout] 259 | impl<'a> Target for ::UrlQuery<'a> {
[INFO] [stdout]     |      -- lifetime `'a` defined here
[INFO] [stdout] 260 |     fn as_mut_string(&mut self) -> &mut String { &mut self.url.serialization }
[INFO] [stdout] 261 |     fn finish(self) -> &'a mut ::Url { self.url }
[INFO] [stdout]     |                                        ^^^^^^^^ - here, drop of `self` needs exclusive access to `*self.url`, because the type `UrlQuery<'_>` implements the `Drop` trait
[INFO] [stdout]     |                                        |
[INFO] [stdout]     |                                        returning this value requires that `*self.url` is borrowed for `'a`
[INFO] [stdout] 
[INFO] [stdout] 
[INFO] [stdout] error: aborting due to 1 previous error
[INFO] [stdout] 
[INFO] [stdout] 
[INFO] [stdout] For more information about this error, try `rustc --explain E0713`.
[INFO] [stdout] 
[INFO] [stderr] error: could not compile `url` (lib) due to 2 previous errors
[INFO] running `Command { std: "docker" "inspect" "33824b65d1a5f427b4c77d89d8d37520716a6272fdd69ad7615f675b5625b726", kill_on_drop: false }`
[INFO] running `Command { std: "docker" "rm" "-f" "33824b65d1a5f427b4c77d89d8d37520716a6272fdd69ad7615f675b5625b726", kill_on_drop: false }`
[INFO] [stdout] 33824b65d1a5f427b4c77d89d8d37520716a6272fdd69ad7615f675b5625b726
