[INFO] cloning repository https://github.com/Davidster/wgpu-examples-copy
[INFO] running `Command { std: "git" "-c" "credential.helper=" "-c" "credential.helper=/workspace/cargo-home/bin/git-credential-null" "clone" "--bare" "https://github.com/Davidster/wgpu-examples-copy" "/workspace/cache/git-repos/https%3A%2F%2Fgithub.com%2FDavidster%2Fwgpu-examples-copy", kill_on_drop: false }`
[INFO] [stderr] Cloning into bare repository '/workspace/cache/git-repos/https%3A%2F%2Fgithub.com%2FDavidster%2Fwgpu-examples-copy'...
[INFO] running `Command { std: "git" "rev-parse" "HEAD", kill_on_drop: false }`
[INFO] [stdout] afed8390a5f9cc7f9c8d428801d9e20dd292c932
[INFO] testing Davidster/wgpu-examples-copy against 1.75.0 for beta-1.76-1
[INFO] running `Command { std: "git" "clone" "/workspace/cache/git-repos/https%3A%2F%2Fgithub.com%2FDavidster%2Fwgpu-examples-copy" "/workspace/builds/worker-6-tc1/source", kill_on_drop: false }`
[INFO] [stderr] Cloning into '/workspace/builds/worker-6-tc1/source'...
[INFO] [stderr] done.
[INFO] validating manifest of git repo https://github.com/Davidster/wgpu-examples-copy on toolchain 1.75.0
[INFO] running `Command { std: CARGO_HOME="/workspace/cargo-home" RUSTUP_HOME="/workspace/rustup-home" "/workspace/cargo-home/bin/cargo" "+1.75.0" "metadata" "--manifest-path" "Cargo.toml" "--no-deps", kill_on_drop: false }`
[INFO] started tweaking git repo https://github.com/Davidster/wgpu-examples-copy
[INFO] finished tweaking git repo https://github.com/Davidster/wgpu-examples-copy
[INFO] tweaked toml for git repo https://github.com/Davidster/wgpu-examples-copy written to /workspace/builds/worker-6-tc1/source/Cargo.toml
[INFO] crate git repo https://github.com/Davidster/wgpu-examples-copy already has a lockfile, it will not be regenerated
[INFO] running `Command { std: CARGO_HOME="/workspace/cargo-home" RUSTUP_HOME="/workspace/rustup-home" "/workspace/cargo-home/bin/cargo" "+1.75.0" "fetch" "--manifest-path" "Cargo.toml", kill_on_drop: false }`
[INFO] [stderr]     Updating git repository `https://github.com/gents83/wgpu.git`
[INFO] [stderr]     Updating crates.io index
[INFO] [stderr]     Updating git repository `https://github.com/gfx-rs/naga`
[INFO] [stderr]     Updating git repository `https://github.com/gfx-rs/metal-rs.git`
[INFO] [stderr]     Updating git repository `https://github.com/gfx-rs/d3d12-rs`
[INFO] [stderr]  Downloading crates ...
[INFO] [stderr]   Downloaded nv-flip-sys v0.1.1
[INFO] [stderr]   Downloaded ddsfile v0.5.1
[INFO] [stderr]   Downloaded obj v0.10.2
[INFO] [stderr]   Downloaded rustix v0.38.1
[INFO] [stderr]   Downloaded nv-flip v0.1.1
[INFO] running `Command { std: "docker" "create" "-v" "/var/lib/crater-agent-workspace/builds/worker-6-tc1/target:/opt/rustwide/target:rw,Z" "-v" "/var/lib/crater-agent-workspace/builds/worker-6-tc1/source:/opt/rustwide/workdir:ro,Z" "-v" "/var/lib/crater-agent-workspace/cargo-home:/opt/rustwide/cargo-home:ro,Z" "-v" "/var/lib/crater-agent-workspace/rustup-home:/opt/rustwide/rustup-home:ro,Z" "-e" "SOURCE_DIR=/opt/rustwide/workdir" "-e" "CARGO_TARGET_DIR=/opt/rustwide/target" "-e" "CARGO_HOME=/opt/rustwide/cargo-home" "-e" "RUSTUP_HOME=/opt/rustwide/rustup-home" "-w" "/opt/rustwide/workdir" "-m" "1610612736" "--user" "0:0" "--network" "none" "ghcr.io/rust-lang/crates-build-env/linux@sha256:2788e3201cd34a07e3172128adcd8b3090168a8e3bcc40d7c032b9dda1df7d1c" "/opt/rustwide/cargo-home/bin/cargo" "+1.75.0" "metadata" "--no-deps" "--format-version=1", kill_on_drop: false }`
[INFO] [stdout] f65d96253c64a2b37c16e79e4c3a9e0d4858685f13196a549d00dccf437b63cb
[INFO] running `Command { std: "docker" "start" "-a" "f65d96253c64a2b37c16e79e4c3a9e0d4858685f13196a549d00dccf437b63cb", kill_on_drop: false }`
[INFO] running `Command { std: "docker" "inspect" "f65d96253c64a2b37c16e79e4c3a9e0d4858685f13196a549d00dccf437b63cb", kill_on_drop: false }`
[INFO] running `Command { std: "docker" "rm" "-f" "f65d96253c64a2b37c16e79e4c3a9e0d4858685f13196a549d00dccf437b63cb", kill_on_drop: false }`
[INFO] [stdout] f65d96253c64a2b37c16e79e4c3a9e0d4858685f13196a549d00dccf437b63cb
[INFO] running `Command { std: "docker" "create" "-v" "/var/lib/crater-agent-workspace/builds/worker-6-tc1/target:/opt/rustwide/target:rw,Z" "-v" "/var/lib/crater-agent-workspace/builds/worker-6-tc1/source:/opt/rustwide/workdir:ro,Z" "-v" "/var/lib/crater-agent-workspace/cargo-home:/opt/rustwide/cargo-home:ro,Z" "-v" "/var/lib/crater-agent-workspace/rustup-home:/opt/rustwide/rustup-home:ro,Z" "-e" "SOURCE_DIR=/opt/rustwide/workdir" "-e" "CARGO_TARGET_DIR=/opt/rustwide/target" "-e" "CARGO_INCREMENTAL=0" "-e" "RUST_BACKTRACE=full" "-e" "RUSTFLAGS=--cap-lints=warn" "-e" "RUSTDOCFLAGS=--cap-lints=warn" "-e" "CARGO_HOME=/opt/rustwide/cargo-home" "-e" "RUSTUP_HOME=/opt/rustwide/rustup-home" "-w" "/opt/rustwide/workdir" "-m" "1610612736" "--user" "0:0" "--network" "none" "ghcr.io/rust-lang/crates-build-env/linux@sha256:2788e3201cd34a07e3172128adcd8b3090168a8e3bcc40d7c032b9dda1df7d1c" "/opt/rustwide/cargo-home/bin/cargo" "+1.75.0" "build" "--frozen" "--message-format=json", kill_on_drop: false }`
[INFO] [stdout] 626b713c4f70b5eef5a5ac487c49d531eae07db654ac66fb3612f6b0ad3b6502
[INFO] running `Command { std: "docker" "start" "-a" "626b713c4f70b5eef5a5ac487c49d531eae07db654ac66fb3612f6b0ad3b6502", kill_on_drop: false }`
[INFO] [stderr]    Compiling cfg-if v1.0.0
[INFO] [stderr]    Compiling libc v0.2.147
[INFO] [stderr]    Compiling proc-macro2 v1.0.63
[INFO] [stderr]    Compiling quote v1.0.29
[INFO] [stderr]    Compiling unicode-ident v1.0.9
[INFO] [stderr]    Compiling autocfg v1.1.0
[INFO] [stderr]    Compiling pkg-config v0.3.27
[INFO] [stderr]    Compiling once_cell v1.18.0
[INFO] [stderr]    Compiling bitflags v1.3.2
[INFO] [stderr]    Compiling cc v1.0.79
[INFO] [stderr]    Compiling version_check v0.9.4
[INFO] [stderr]    Compiling smallvec v1.10.0
[INFO] [stderr]    Compiling memchr v2.5.0
[INFO] [stderr]    Compiling log v0.4.19
[INFO] [stderr]    Compiling bitflags v2.3.3
[INFO] [stderr]    Compiling thiserror v1.0.40
[INFO] [stderr]    Compiling xml-rs v0.8.15
[INFO] [stderr]    Compiling scopeguard v1.1.0
[INFO] [stderr]    Compiling libloading v0.8.0
[INFO] [stderr]    Compiling instant v0.1.12
[INFO] [stderr]    Compiling parking_lot_core v0.8.6
[INFO] [stderr]    Compiling termcolor v1.2.0
[INFO] [stderr]    Compiling crc32fast v1.3.2
[INFO] [stderr]    Compiling simd-adler32 v0.3.5
[INFO] [stderr]    Compiling dlib v0.5.2
[INFO] [stderr]    Compiling lazy_static v1.4.0
[INFO] [stderr]    Compiling libloading v0.7.4
[INFO] [stderr]    Compiling memoffset v0.6.5
[INFO] [stderr]    Compiling num-traits v0.2.15
[INFO] [stderr]    Compiling ahash v0.7.6
[INFO] [stderr]    Compiling lock_api v0.4.10
[INFO] [stderr]    Compiling indexmap v1.9.3
[INFO] [stderr]    Compiling khronos-egl v4.1.0
[INFO] [stderr]    Compiling scoped-tls v1.0.1
[INFO] [stderr]    Compiling cmake v0.1.50
[INFO] [stderr]    Compiling adler v1.0.2
[INFO] [stderr]    Compiling bit-vec v0.6.3
[INFO] [stderr]    Compiling ash v0.37.3+1.3.251
[INFO] [stderr]    Compiling wayland-sys v0.29.5
[INFO] [stderr]    Compiling unicode-width v0.1.10
[INFO] [stderr]    Compiling servo-fontconfig-sys v5.1.0
[INFO] [stderr]    Compiling bit-set v0.5.3
[INFO] [stderr]    Compiling miniz_oxide v0.7.1
[INFO] [stderr]    Compiling codespan-reporting v0.11.1
[INFO] [stderr]    Compiling slotmap v1.0.6
[INFO] [stderr]    Compiling gpu-alloc-types v0.3.0
[INFO] [stderr]    Compiling gpu-descriptor-types v0.1.1
[INFO] [stderr]    Compiling hexf-parse v0.2.1
[INFO] [stderr]    Compiling rustc-hash v1.1.0
[INFO] [stderr]    Compiling wasm-bindgen-shared v0.2.87
[INFO] [stderr]    Compiling rustix v0.38.1
[INFO] [stderr]    Compiling unicode-xid v0.2.4
[INFO] [stderr]    Compiling minimal-lexical v0.2.1
[INFO] [stderr]    Compiling raw-window-handle v0.5.2
[INFO] [stderr]    Compiling downcast-rs v1.2.0
[INFO] [stderr]    Compiling flate2 v1.0.26
[INFO] [stderr]    Compiling gpu-alloc v0.6.0
[INFO] [stderr]    Compiling nom v7.1.3
[INFO] [stderr]    Compiling fdeflate v0.3.0
[INFO] [stderr]    Compiling wgpu-types v0.16.0 (https://github.com/gents83/wgpu.git?rev=9243a926dd79b96bdc82d95ac49d5feafa4f0676#9243a926)
[INFO] [stderr]    Compiling syn v2.0.22
[INFO] [stderr]    Compiling wayland-scanner v0.29.5
[INFO] [stderr]    Compiling renderdoc-sys v1.0.0
[INFO] [stderr]    Compiling freetype-sys v0.13.1
[INFO] [stderr]    Compiling expat-sys v2.1.6
[INFO] [stderr]    Compiling arrayvec v0.7.4
[INFO] [stderr]    Compiling profiling v1.0.8
[INFO] [stderr]    Compiling linux-raw-sys v0.4.3
[INFO] [stderr]    Compiling glow v0.12.2
[INFO] [stderr]    Compiling getrandom v0.2.10
[INFO] [stderr]    Compiling nix v0.24.3
[INFO] [stderr]    Compiling spirv v0.2.0+1.5.4
[INFO] [stderr]    Compiling parking_lot v0.11.2
[INFO] [stderr]    Compiling png v0.17.9
[INFO] [stderr]    Compiling hashbrown v0.12.3
[INFO] [stderr]    Compiling nix v0.25.1
[INFO] [stderr]    Compiling aho-corasick v1.0.2
[INFO] [stderr]    Compiling smithay-client-toolkit v0.16.0
[INFO] [stderr]    Compiling crossfont v0.5.1
[INFO] [stderr]    Compiling wayland-client v0.29.5
[INFO] [stderr]    Compiling gpu-descriptor v0.2.3
[INFO] [stderr]    Compiling wayland-protocols v0.29.5
[INFO] [stderr]    Compiling parking_lot_core v0.9.8
[INFO] [stderr]    Compiling regex-syntax v0.7.2
[INFO] [stderr]    Compiling foreign-types-shared v0.3.1
[INFO] [stderr]    Compiling vec_map v0.8.2
[INFO] [stderr]    Compiling bumpalo v3.13.0
[INFO] [stderr]    Compiling arrayref v0.3.7
[INFO] [stderr]    Compiling is-terminal v0.4.8
[INFO] [stderr]    Compiling wayland-commons v0.29.5
[INFO] [stderr]    Compiling servo-fontconfig v0.5.1
[INFO] [stderr]    Compiling freetype-rs v0.26.0
[INFO] [stderr]    Compiling memmap2 v0.5.10
[INFO] [stderr]    Compiling xcursor v0.3.4
[INFO] [stderr]    Compiling x11-dl v2.21.0
[INFO] [stderr]    Compiling humantime v2.1.0
[INFO] [stderr]    Compiling static_assertions v1.1.0
[INFO] [stderr]    Compiling futures-core v0.3.28
[INFO] [stderr]    Compiling arrayvec v0.5.2
[INFO] [stderr]    Compiling cty v0.2.2
[INFO] [stderr]    Compiling pollster v0.2.5
[INFO] [stderr]    Compiling wasm-bindgen v0.2.87
[INFO] [stderr]    Compiling raw-window-handle v0.4.3
[INFO] [stderr]    Compiling parking_lot v0.12.1
[INFO] [stderr]    Compiling mio v0.8.8
[INFO] [stderr]    Compiling nv-flip-sys v0.1.1
[INFO] [stderr]    Compiling percent-encoding v2.3.0
[INFO] [stderr]    Compiling regex v1.8.4
[INFO] [stderr]    Compiling wasm-bindgen-backend v0.2.87
[INFO] [stderr]    Compiling crossbeam-utils v0.8.16
[INFO] [stderr]    Compiling slab v0.4.8
[INFO] [stderr]    Compiling waker-fn v1.1.0
[INFO] [stderr]    Compiling futures-io v0.3.28
[INFO] [stderr]    Compiling fastrand v1.9.0
[INFO] [stderr]    Compiling event-listener v2.5.3
[INFO] [stderr]    Compiling pin-project-lite v0.2.10
[INFO] [stderr]    Compiling parking v2.1.0
[INFO] [stderr]    Compiling async-lock v2.7.0
[INFO] [stderr]    Compiling futures-lite v1.13.0
[INFO] [stderr]    Compiling async-task v4.4.0
[INFO] [stderr]    Compiling concurrent-queue v2.2.0
[INFO] [stderr]    Compiling wasm-bindgen-test-macro v0.3.37
[INFO] [stderr]    Compiling glam v0.21.3
[INFO] [stderr]    Compiling getrandom v0.1.16
[INFO] [stderr]    Compiling ppv-lite86 v0.2.17
[INFO] [stderr]    Compiling wasm-bindgen-macro-support v0.2.87
[INFO] [stderr]    Compiling env_logger v0.10.0
[INFO] [stderr]    Compiling num-traits v0.1.43
[INFO] [stderr]    Compiling nanorand v0.7.0
[INFO] [stderr]    Compiling async-executor v1.5.1
[INFO] [stderr]    Compiling rand_core v0.5.1
[INFO] [stderr]    Compiling enum_primitive v0.1.1
[INFO] [stderr]    Compiling futures-intrusive v0.4.2
[INFO] [stderr]    Compiling byteorder v1.4.3
[INFO] [stderr]    Compiling rand_chacha v0.2.2
[INFO] [stderr]    Compiling rand_xorshift v0.2.0
[INFO] [stderr]    Compiling ddsfile v0.5.1
[INFO] [stderr]    Compiling obj v0.10.2
[INFO] [stderr]    Compiling rand v0.7.3
[INFO] [stderr]    Compiling wayland-cursor v0.29.5
[INFO] [stderr]    Compiling thiserror-impl v1.0.40
[INFO] [stderr]    Compiling bytemuck_derive v1.4.1
[INFO] [stderr]    Compiling foreign-types-macros v0.2.3
[INFO] [stderr]    Compiling wasm-bindgen-macro v0.2.87
[INFO] [stderr]    Compiling noise v0.7.0
[INFO] [stderr]    Compiling foreign-types v0.5.0
[INFO] [stderr]    Compiling bytemuck v1.13.1
[INFO] [stderr]    Compiling safe_arch v0.5.2
[INFO] [stderr]    Compiling tiny-skia-path v0.7.0
[INFO] [stderr]    Compiling naga v0.12.0 (https://github.com/gfx-rs/naga?rev=76003dc0035d53a474d366dcdf49d2e4d12e921f#76003dc0)
[INFO] [stderr]    Compiling calloop v0.10.6
[INFO] [stderr]    Compiling tiny-skia v0.7.0
[INFO] [stderr]    Compiling js-sys v0.3.64
[INFO] [stderr]    Compiling console_error_panic_hook v0.1.7
[INFO] [stderr]    Compiling nv-flip v0.1.1
[INFO] [stderr]    Compiling wasm-bindgen-futures v0.4.37
[INFO] [stderr]    Compiling wasm-bindgen-test v0.3.37
[INFO] [stderr]    Compiling wgpu-hal v0.16.0 (https://github.com/gents83/wgpu.git?rev=9243a926dd79b96bdc82d95ac49d5feafa4f0676#9243a926)
[INFO] [stderr]    Compiling wgpu-core v0.16.0 (https://github.com/gents83/wgpu.git?rev=9243a926dd79b96bdc82d95ac49d5feafa4f0676#9243a926)
[INFO] [stderr]    Compiling wgpu v0.16.0 (https://github.com/gents83/wgpu.git?rev=9243a926dd79b96bdc82d95ac49d5feafa4f0676#9243a926)
[INFO] [stderr]    Compiling wgpu-test v0.16.0 (/opt/rustwide/workdir/tests)
[INFO] [stderr]    Compiling wgpu-hello-example v0.16.0 (/opt/rustwide/workdir/examples/hello)
[INFO] [stderr]    Compiling sctk-adwaita v0.4.3
[INFO] [stderr]    Compiling winit v0.27.5
[INFO] [stderr]    Compiling wgpu-example v0.16.0 (/opt/rustwide/workdir/examples/common)
[INFO] [stderr]    Compiling wgpu-hello-windows-example v0.16.0 (/opt/rustwide/workdir/examples/hello-windows)
[INFO] [stderr]    Compiling wgpu-conservative-raster-example v0.16.0 (/opt/rustwide/workdir/examples/conservative-raster)
[INFO] [stderr]    Compiling wgpu-stencil-triangle-example v0.16.0 (/opt/rustwide/workdir/examples/stencil-triangles)
[INFO] [stderr]    Compiling wgpu-boids-example v0.16.0 (/opt/rustwide/workdir/examples/boids)
[INFO] [stderr]    Compiling wgpu-water-example v0.16.0 (/opt/rustwide/workdir/examples/water)
[INFO] [stderr]    Compiling wgpu-msaa-line-example v0.16.0 (/opt/rustwide/workdir/examples/msaa-line)
[INFO] [stderr]    Compiling wgpu-mipmap-example v0.16.0 (/opt/rustwide/workdir/examples/mipmap)
[INFO] [stderr]    Compiling wgpu-capture-example v0.16.0 (/opt/rustwide/workdir/examples/capture)
[INFO] [stderr]    Compiling wgpu-hello-compute-example v0.16.0 (/opt/rustwide/workdir/examples/hello-compute)
[INFO] [stderr]    Compiling wgpu-shadow-example v0.16.0 (/opt/rustwide/workdir/examples/shadow)
[INFO] [stderr]    Compiling wgpu-hello-triangle-example v0.16.0 (/opt/rustwide/workdir/examples/hello-triangle)
[INFO] [stderr]    Compiling wgpu-bunnymark-example v0.16.0 (/opt/rustwide/workdir/examples/bunnymark)
[INFO] [stderr]    Compiling wgpu-skybox-example v0.16.0 (/opt/rustwide/workdir/examples/skybox)
[INFO] [stderr]    Compiling wgpu-texture-arrays-example v0.16.0 (/opt/rustwide/workdir/examples/texture-arrays)
[INFO] [stderr]    Compiling wgpu-cube-example v0.16.0 (/opt/rustwide/workdir/examples/cube)
[INFO] [stdout] error[E0053]: method `init` has an incompatible type for trait
[INFO] [stdout]   --> examples/conservative-raster/src/main.rs:75:19
[INFO] [stdout]    |
[INFO] [stdout] 75 |         _adapter: &wgpu::Adapter,
[INFO] [stdout]    |                   ^^^^^^^^^^^^^^
[INFO] [stdout]    |                   |
[INFO] [stdout]    |                   expected `Arc<wgpu::Adapter>`, found `&wgpu::Adapter`
[INFO] [stdout]    |                   help: change the parameter type to match the trait: `Arc<wgpu::Adapter>`
[INFO] [stdout]    |
[INFO] [stdout]    = note: expected signature `fn(&wgpu_types::SurfaceConfiguration<Vec<TextureFormat>>, Arc<wgpu::Adapter>, Arc<wgpu::Device>, Arc<wgpu::Queue>) -> Example`
[INFO] [stdout]               found signature `fn(&wgpu_types::SurfaceConfiguration<Vec<TextureFormat>>, &wgpu::Adapter, &wgpu::Device, &wgpu::Queue) -> Example`
[INFO] [stdout] 
[INFO] [stdout] 
[INFO] [stdout] error[E0053]: method `init` has an incompatible type for trait
[INFO] [stdout]   --> examples/boids/src/main.rs:42:19
[INFO] [stdout]    |
[INFO] [stdout] 42 |         _adapter: &wgpu::Adapter,
[INFO] [stdout]    |                   ^^^^^^^^^^^^^^
[INFO] [stdout]    |                   |
[INFO] [stdout]    |                   expected `Arc<wgpu::Adapter>`, found `&wgpu::Adapter`
[INFO] [stdout]    |                   help: change the parameter type to match the trait: `Arc<wgpu::Adapter>`
[INFO] [stdout]    |
[INFO] [stdout]    = note: expected signature `fn(&wgpu_types::SurfaceConfiguration<Vec<TextureFormat>>, Arc<wgpu::Adapter>, Arc<wgpu::Device>, Arc<wgpu::Queue>) -> Example`
[INFO] [stdout]               found signature `fn(&wgpu_types::SurfaceConfiguration<Vec<TextureFormat>>, &wgpu::Adapter, &wgpu::Device, &wgpu::Queue) -> Example`
[INFO] [stdout] 
[INFO] [stdout] 
[INFO] [stdout] error[E0053]: method `init` has an incompatible type for trait
[INFO] [stdout]    --> examples/msaa-line/src/main.rs:125:19
[INFO] [stdout]     |
[INFO] [stdout] 125 |         _adapter: &wgpu::Adapter,
[INFO] [stdout]     |                   ^^^^^^^^^^^^^^
[INFO] [stdout]     |                   |
[INFO] [stdout]     |                   expected `Arc<wgpu::Adapter>`, found `&wgpu::Adapter`
[INFO] [stdout]     |                   help: change the parameter type to match the trait: `Arc<wgpu::Adapter>`
[INFO] [stdout]     |
[INFO] [stdout]     = note: expected signature `fn(&wgpu_types::SurfaceConfiguration<Vec<TextureFormat>>, Arc<wgpu::Adapter>, Arc<wgpu::Device>, Arc<wgpu::Queue>) -> Example`
[INFO] [stdout]                found signature `fn(&wgpu_types::SurfaceConfiguration<Vec<TextureFormat>>, &wgpu::Adapter, &wgpu::Device, &wgpu::Queue) -> Example`
[INFO] [stdout] 
[INFO] [stdout] 
[INFO] [stdout] error: aborting due to previous error
[INFO] [stdout] 
[INFO] [stdout] 
[INFO] [stdout] For more information about this error, try `rustc --explain E0053`.
[INFO] [stdout] 
[INFO] [stderr] error: could not compile `wgpu-conservative-raster-example` (bin "conservative-raster") due to 2 previous errors
[INFO] [stderr] warning: build failed, waiting for other jobs to finish...
[INFO] [stdout] error: aborting due to previous error
[INFO] [stdout] 
[INFO] [stdout] 
[INFO] [stdout] For more information about this error, try `rustc --explain E0053`.
[INFO] [stdout] 
[INFO] [stdout] error: aborting due to previous error
[INFO] [stdout] 
[INFO] [stdout] 
[INFO] [stderr] error: could not compile `wgpu-msaa-line-example` (bin "msaa-line") due to 2 previous errors
[INFO] [stdout] error[E0053]: method `init` has an incompatible type for trait
[INFO] [stdout]    --> examples/shadow/src/main.rs:211:18
[INFO] [stdout]     |
[INFO] [stdout] 211 |         adapter: &wgpu::Adapter,
[INFO] [stdout]     |                  ^^^^^^^^^^^^^^
[INFO] [stdout]     |                  |
[INFO] [stdout]     |                  expected `Arc<wgpu::Adapter>`, found `&wgpu::Adapter`
[INFO] [stdout]     |                  help: change the parameter type to match the trait: `Arc<wgpu::Adapter>`
[INFO] [stdout]     |
[INFO] [stdout]     = note: expected signature `fn(&wgpu_types::SurfaceConfiguration<Vec<TextureFormat>>, Arc<wgpu::Adapter>, Arc<wgpu::Device>, Arc<wgpu::Queue>) -> Example`
[INFO] [stdout]                found signature `fn(&wgpu_types::SurfaceConfiguration<Vec<TextureFormat>>, &wgpu::Adapter, &wgpu::Device, &wgpu::Queue) -> Example`
[INFO] [stdout] 
[INFO] [stdout] 
[INFO] [stdout] error[E0053]: method `init` has an incompatible type for trait
[INFO] [stdout]   --> examples/texture-arrays/src/main.rs:82:19
[INFO] [stdout]    |
[INFO] [stdout] 82 |         _adapter: &wgpu::Adapter,
[INFO] [stdout]    |                   ^^^^^^^^^^^^^^
[INFO] [stdout]    |                   |
[INFO] [stdout]    |                   expected `Arc<wgpu::Adapter>`, found `&wgpu::Adapter`
[INFO] [stdout]    |                   help: change the parameter type to match the trait: `Arc<wgpu::Adapter>`
[INFO] [stdout]    |
[INFO] [stdout]    = note: expected signature `fn(&wgpu_types::SurfaceConfiguration<Vec<TextureFormat>>, Arc<wgpu::Adapter>, Arc<wgpu::Device>, Arc<wgpu::Queue>) -> Example`
[INFO] [stdout]               found signature `fn(&wgpu_types::SurfaceConfiguration<Vec<TextureFormat>>, &wgpu::Adapter, &wgpu::Device, &wgpu::Queue) -> Example`
[INFO] [stdout] 
[INFO] [stdout] 
[INFO] [stdout] error[E0053]: method `init` has an incompatible type for trait
[INFO] [stdout]   --> examples/stencil-triangles/src/main.rs:29:19
[INFO] [stdout]    |
[INFO] [stdout] 29 |         _adapter: &wgpu::Adapter,
[INFO] [stdout]    |                   ^^^^^^^^^^^^^^
[INFO] [stdout]    |                   |
[INFO] [stdout]    |                   expected `Arc<wgpu::Adapter>`, found `&wgpu::Adapter`
[INFO] [stdout]    |                   help: change the parameter type to match the trait: `Arc<wgpu::Adapter>`
[INFO] [stdout]    |
[INFO] [stdout]    = note: expected signature `fn(&wgpu_types::SurfaceConfiguration<Vec<TextureFormat>>, Arc<wgpu::Adapter>, Arc<wgpu::Device>, Arc<wgpu::Queue>) -> Triangles`
[INFO] [stdout]               found signature `fn(&wgpu_types::SurfaceConfiguration<Vec<TextureFormat>>, &wgpu::Adapter, &wgpu::Device, &wgpu::Queue) -> Triangles`
[INFO] [stdout] 
[INFO] [stdout] 
[INFO] [stdout] error[E0053]: method `init` has an incompatible type for trait
[INFO] [stdout]    --> examples/mipmap/src/main.rs:207:19
[INFO] [stdout]     |
[INFO] [stdout] 207 |         _adapter: &wgpu::Adapter,
[INFO] [stdout]     |                   ^^^^^^^^^^^^^^
[INFO] [stdout]     |                   |
[INFO] [stdout]     |                   expected `Arc<wgpu::Adapter>`, found `&wgpu::Adapter`
[INFO] [stdout]     |                   help: change the parameter type to match the trait: `Arc<wgpu::Adapter>`
[INFO] [stdout]     |
[INFO] [stdout]     = note: expected signature `fn(&wgpu_types::SurfaceConfiguration<Vec<TextureFormat>>, Arc<wgpu::Adapter>, Arc<wgpu::Device>, Arc<wgpu::Queue>) -> Example`
[INFO] [stdout]                found signature `fn(&wgpu_types::SurfaceConfiguration<Vec<TextureFormat>>, &wgpu::Adapter, &wgpu::Device, &wgpu::Queue) -> Example`
[INFO] [stdout] 
[INFO] [stdout] 
[INFO] [stdout] error: aborting due to previous error
[INFO] [stdout] 
[INFO] [stdout] 
[INFO] [stdout] For more information about this error, try `rustc --explain E0053`.
[INFO] [stdout] 
[INFO] [stdout] For more information about this error, try `rustc --explain E0053`.
[INFO] [stdout] 
[INFO] [stderr] error: could not compile `wgpu-boids-example` (bin "boids") due to 2 previous errors
[INFO] [stdout] error: aborting due to previous error
[INFO] [stdout] 
[INFO] [stdout] 
[INFO] [stdout] For more information about this error, try `rustc --explain E0053`.
[INFO] [stdout] 
[INFO] [stderr] error: could not compile `wgpu-stencil-triangle-example` (bin "stencil-triangles") due to 2 previous errors
[INFO] [stderr] error: could not compile `wgpu-texture-arrays-example` (bin "texture-arrays") due to 2 previous errors
[INFO] [stdout] error[E0053]: method `init` has an incompatible type for trait
[INFO] [stdout]    --> examples/skybox/src/main.rs:101:19
[INFO] [stdout]     |
[INFO] [stdout] 101 |         _adapter: &wgpu::Adapter,
[INFO] [stdout]     |                   ^^^^^^^^^^^^^^
[INFO] [stdout]     |                   |
[INFO] [stdout]     |                   expected `Arc<wgpu::Adapter>`, found `&wgpu::Adapter`
[INFO] [stdout]     |                   help: change the parameter type to match the trait: `Arc<wgpu::Adapter>`
[INFO] [stdout]     |
[INFO] [stdout]     = note: expected signature `fn(&wgpu_types::SurfaceConfiguration<Vec<TextureFormat>>, Arc<wgpu::Adapter>, Arc<wgpu::Device>, Arc<wgpu::Queue>) -> Skybox`
[INFO] [stdout]                found signature `fn(&wgpu_types::SurfaceConfiguration<Vec<TextureFormat>>, &wgpu::Adapter, &wgpu::Device, &wgpu::Queue) -> Skybox`
[INFO] [stdout] 
[INFO] [stdout] 
[INFO] [stdout] warning: constant `SLEEP_TIME_SECS` is never used
[INFO] [stdout]    --> examples/cube/src/main.rs:130:15
[INFO] [stdout]     |
[INFO] [stdout] 130 |         const SLEEP_TIME_SECS: f32 = 0.0000000005;
[INFO] [stdout]     |               ^^^^^^^^^^^^^^^
[INFO] [stdout]     |
[INFO] [stdout]     = note: `#[warn(dead_code)]` on by default
[INFO] [stdout] 
[INFO] [stdout] 
[INFO] [stdout] error: aborting due to previous error
[INFO] [stdout] 
[INFO] [stdout] 
[INFO] [stdout] For more information about this error, try `rustc --explain E0053`.
[INFO] [stdout] 
[INFO] [stderr] error: could not compile `wgpu-mipmap-example` (bin "mipmap") due to 2 previous errors
[INFO] [stdout] error: aborting due to previous error
[INFO] [stdout] 
[INFO] [stdout] 
[INFO] [stdout] For more information about this error, try `rustc --explain E0053`.
[INFO] [stdout] 
[INFO] [stdout] error: aborting due to previous error
[INFO] [stdout] 
[INFO] [stdout] 
[INFO] [stdout] For more information about this error, try `rustc --explain E0053`.
[INFO] [stdout] 
[INFO] [stdout] error[E0053]: method `init` has an incompatible type for trait
[INFO] [stdout]    --> examples/water/src/main.rs:271:19
[INFO] [stdout]     |
[INFO] [stdout] 271 |         _adapter: &wgpu::Adapter,
[INFO] [stdout]     |                   ^^^^^^^^^^^^^^
[INFO] [stdout]     |                   |
[INFO] [stdout]     |                   expected `Arc<wgpu::Adapter>`, found `&wgpu::Adapter`
[INFO] [stdout]     |                   help: change the parameter type to match the trait: `Arc<wgpu::Adapter>`
[INFO] [stdout]     |
[INFO] [stdout]     = note: expected signature `fn(&wgpu_types::SurfaceConfiguration<Vec<TextureFormat>>, Arc<wgpu::Adapter>, Arc<wgpu::Device>, Arc<wgpu::Queue>) -> Example`
[INFO] [stdout]                found signature `fn(&wgpu_types::SurfaceConfiguration<Vec<TextureFormat>>, &wgpu::Adapter, &wgpu::Device, &wgpu::Queue) -> Example`
[INFO] [stdout] 
[INFO] [stdout] 
[INFO] [stderr] error: could not compile `wgpu-shadow-example` (bin "shadow") due to 2 previous errors
[INFO] [stdout] error[E0053]: method `init` has an incompatible type for trait
[INFO] [stdout]   --> examples/bunnymark/src/main.rs:42:19
[INFO] [stdout]    |
[INFO] [stdout] 42 |         _adapter: &wgpu::Adapter,
[INFO] [stdout]    |                   ^^^^^^^^^^^^^^
[INFO] [stdout]    |                   |
[INFO] [stdout]    |                   expected `Arc<wgpu::Adapter>`, found `&wgpu::Adapter`
[INFO] [stdout]    |                   help: change the parameter type to match the trait: `Arc<wgpu::Adapter>`
[INFO] [stdout]    |
[INFO] [stdout]    = note: expected signature `fn(&wgpu_types::SurfaceConfiguration<Vec<TextureFormat>>, Arc<wgpu::Adapter>, Arc<wgpu::Device>, Arc<wgpu::Queue>) -> Example`
[INFO] [stdout]               found signature `fn(&wgpu_types::SurfaceConfiguration<Vec<TextureFormat>>, &wgpu::Adapter, &wgpu::Device, &wgpu::Queue) -> Example`
[INFO] [stdout] 
[INFO] [stdout] 
[INFO] [stderr] error: could not compile `wgpu-skybox-example` (bin "skybox") due to 2 previous errors
[INFO] [stdout] error: aborting due to previous error
[INFO] [stdout] 
[INFO] [stdout] 
[INFO] [stdout] For more information about this error, try `rustc --explain E0053`.
[INFO] [stdout] 
[INFO] [stderr] error: could not compile `wgpu-water-example` (bin "water") due to 2 previous errors
[INFO] [stdout] error: aborting due to previous error
[INFO] [stdout] 
[INFO] [stdout] 
[INFO] [stdout] For more information about this error, try `rustc --explain E0053`.
[INFO] [stdout] 
[INFO] [stderr] error: could not compile `wgpu-bunnymark-example` (bin "bunnymark") due to 2 previous errors
[INFO] [stdout] error: linking with `cc` failed: exit status: 1
[INFO] [stdout]   |
[INFO] [stdout]   = note: LC_ALL="C" PATH="/opt/rustwide/rustup-home/toolchains/1.75.0-x86_64-unknown-linux-gnu/lib/rustlib/x86_64-unknown-linux-gnu/bin:/opt/rustwide/cargo-home/bin:/usr/local/sbin:/usr/local/bin:/usr/sbin:/usr/bin:/sbin:/bin" VSLANG="1033" "cc" "-m64" "/tmp/rustcBA1aAt/symbols.o" "/opt/rustwide/target/debug/deps/hello_compute-814a4b8c6dc14219.hello_compute.dbb2b8b975c2d356-cgu.0.rcgu.o" "/opt/rustwide/target/debug/deps/hello_compute-814a4b8c6dc14219.hello_compute.dbb2b8b975c2d356-cgu.1.rcgu.o" "/opt/rustwide/target/debug/deps/hello_compute-814a4b8c6dc14219.jymz91uc578gkru.rcgu.o" "-Wl,--as-needed" "-L" "/opt/rustwide/target/debug/deps" "-L" "/usr/lib/x86_64-linux-gnu" "-L" "/usr/lib/x86_64-linux-gnu" "-L" "/usr/lib/x86_64-linux-gnu" "-L" "/usr/lib/x86_64-linux-gnu" "-L" "/opt/rustwide/rustup-home/toolchains/1.75.0-x86_64-unknown-linux-gnu/lib/rustlib/x86_64-unknown-linux-gnu/lib" "-Wl,-Bstatic" "/opt/rustwide/target/debug/deps/libpollster-07de646a8cdec7f5.rlib" "/opt/rustwide/target/debug/deps/libenv_logger-a7379697ccb477b8.rlib" "/opt/rustwide/target/debug/deps/libis_terminal-bac417fd6adc70f4.rlib" "/opt/rustwide/target/debug/deps/librustix-c4abd5891cafd91c.rlib" "/opt/rustwide/target/debug/deps/liblinux_raw_sys-3c6172f7a52fb83f.rlib" "/opt/rustwide/target/debug/deps/libhumantime-e2a10e0b2bfa2002.rlib" "/opt/rustwide/target/debug/deps/libregex-000c209d29812ee9.rlib" "/opt/rustwide/target/debug/deps/libaho_corasick-60aa60e784174434.rlib" "/opt/rustwide/target/debug/deps/libmemchr-4fdcfd9ddfba30cb.rlib" "/opt/rustwide/target/debug/deps/libregex_syntax-fff3ed7633d8729e.rlib" "/opt/rustwide/target/debug/deps/libfutures_intrusive-996c0cb021ec3d4b.rlib" "/opt/rustwide/target/debug/deps/libfutures_core-3daac9d94dd73781.rlib" "/opt/rustwide/target/debug/deps/libbytemuck-3d75a4944212fa80.rlib" "/opt/rustwide/target/debug/deps/libwgpu-9c3bb07fe2cd1739.rlib" "/opt/rustwide/target/debug/deps/libstatic_assertions-06b6572b5d394a0a.rlib" "/opt/rustwide/target/debug/deps/libwgpu_core-d38e161b958d0f25.rlib" "/opt/rustwide/target/debug/deps/libwgpu_hal-e2f9ab0ed39a3f08.rlib" "/opt/rustwide/target/debug/deps/librenderdoc_sys-3c48868a7226d404.rlib" "/opt/rustwide/target/debug/deps/libgpu_descriptor-b20c462ee5beb820.rlib" "/opt/rustwide/target/debug/deps/libgpu_descriptor_types-1f04b3202a3efbb8.rlib" "/opt/rustwide/target/debug/deps/libkhronos_egl-f88e34ed27a56f2b.rlib" "/opt/rustwide/target/debug/deps/libprofiling-d7924b16f9b335d9.rlib" "/opt/rustwide/target/debug/deps/libgpu_alloc-8c9353fb46af3d62.rlib" "/opt/rustwide/target/debug/deps/libgpu_alloc_types-2a042e1d517f4159.rlib" "/opt/rustwide/target/debug/deps/libash-87ac851df5611af3.rlib" "/opt/rustwide/target/debug/deps/liblibloading-b7eb8bc211ce6205.rlib" "/opt/rustwide/target/debug/deps/libnaga-f8e0d0206106afb5.rlib" "/opt/rustwide/target/debug/deps/librustc_hash-3fb13bc50a653a23.rlib" "/opt/rustwide/target/debug/deps/libhexf_parse-55d9d3541fa29af9.rlib" "/opt/rustwide/target/debug/deps/libunicode_xid-4443378e850eb145.rlib" "/opt/rustwide/target/debug/deps/liblog-66f39b7c9d94a93f.rlib" "/opt/rustwide/target/debug/deps/libbit_set-76cab6e85a5962c3.rlib" "/opt/rustwide/target/debug/deps/libbit_vec-686f97f41052bc6d.rlib" "/opt/rustwide/target/debug/deps/libcodespan_reporting-cae53d167d8171e5.rlib" "/opt/rustwide/target/debug/deps/libunicode_width-aeff842d70fe38c8.rlib" "/opt/rustwide/target/debug/deps/libtermcolor-c45be6d4018c8de7.rlib" "/opt/rustwide/target/debug/deps/libspirv-7a93e49d36347472.rlib" "/opt/rustwide/target/debug/deps/libnum_traits-6c5b3645d4c7692b.rlib" "/opt/rustwide/target/debug/deps/libbitflags-b7cee2ca4fb438d0.rlib" "/opt/rustwide/target/debug/deps/libindexmap-771d8b3bf9f87feb.rlib" "/opt/rustwide/target/debug/deps/libhashbrown-1b8ccdc9c0ae0638.rlib" "/opt/rustwide/target/debug/deps/libahash-6c39b83c99548a49.rlib" "/opt/rustwide/target/debug/deps/libgetrandom-b0aac343543ed708.rlib" "/opt/rustwide/target/debug/deps/libonce_cell-865e1c5018a0303a.rlib" "/opt/rustwide/target/debug/deps/libwgpu_types-1c219a7bfccdf81c.rlib" "/opt/rustwide/target/debug/deps/libbitflags-fc378adbd29a7a4a.rlib" "/opt/rustwide/target/debug/deps/libraw_window_handle-43ba71143601eca6.rlib" "/opt/rustwide/target/debug/deps/libglow-0d580b46258acbcc.rlib" "/opt/rustwide/target/debug/deps/libthiserror-0bf3a68d42377d1c.rlib" "/opt/rustwide/target/debug/deps/libparking_lot-c16151d32f37a462.rlib" "/opt/rustwide/target/debug/deps/libparking_lot_core-96d6536a76c912fe.rlib" "/opt/rustwide/target/debug/deps/liblibc-eb440e55dfb137ff.rlib" "/opt/rustwide/target/debug/deps/libsmallvec-d23cfe75505ae330.rlib" "/opt/rustwide/target/debug/deps/liblock_api-1d880aae03a79431.rlib" "/opt/rustwide/target/debug/deps/libscopeguard-b35f5c652940acc2.rlib" "/opt/rustwide/target/debug/deps/libinstant-d2eacafc3f5b0144.rlib" "/opt/rustwide/target/debug/deps/libcfg_if-61dc7a6799e72b18.rlib" "/opt/rustwide/target/debug/deps/libarrayvec-669b0f38bb416ba4.rlib" "/opt/rustwide/rustup-home/toolchains/1.75.0-x86_64-unknown-linux-gnu/lib/rustlib/x86_64-unknown-linux-gnu/lib/libstd-90f6ddbf82de36ec.rlib" "/opt/rustwide/rustup-home/toolchains/1.75.0-x86_64-unknown-linux-gnu/lib/rustlib/x86_64-unknown-linux-gnu/lib/libpanic_unwind-480c41e9d4e1f677.rlib" "/opt/rustwide/rustup-home/toolchains/1.75.0-x86_64-unknown-linux-gnu/lib/rustlib/x86_64-unknown-linux-gnu/lib/libobject-db744c0ca03eed1d.rlib" "/opt/rustwide/rustup-home/toolchains/1.75.0-x86_64-unknown-linux-gnu/lib/rustlib/x86_64-unknown-linux-gnu/lib/libmemchr-8ba652dc7d4b285a.rlib" "/opt/rustwide/rustup-home/toolchains/1.75.0-x86_64-unknown-linux-gnu/lib/rustlib/x86_64-unknown-linux-gnu/lib/libaddr2line-d5f4520a9ebc0d58.rlib" "/opt/rustwide/rustup-home/toolchains/1.75.0-x86_64-unknown-linux-gnu/lib/rustlib/x86_64-unknown-linux-gnu/lib/libgimli-4ad84de58f0cb463.rlib" "/opt/rustwide/rustup-home/toolchains/1.75.0-x86_64-unknown-linux-gnu/lib/rustlib/x86_64-unknown-linux-gnu/lib/librustc_demangle-0d10aae2e0f38735.rlib" "/opt/rustwide/rustup-home/toolchains/1.75.0-x86_64-unknown-linux-gnu/lib/rustlib/x86_64-unknown-linux-gnu/lib/libstd_detect-0c17cff739e6745b.rlib" "/opt/rustwide/rustup-home/toolchains/1.75.0-x86_64-unknown-linux-gnu/lib/rustlib/x86_64-unknown-linux-gnu/lib/libhashbrown-b29e17139dde1aa8.rlib" "/opt/rustwide/rustup-home/toolchains/1.75.0-x86_64-unknown-linux-gnu/lib/rustlib/x86_64-unknown-linux-gnu/lib/librustc_std_workspace_alloc-1f975299829cc7bd.rlib" "/opt/rustwide/rustup-home/toolchains/1.75.0-x86_64-unknown-linux-gnu/lib/rustlib/x86_64-unknown-linux-gnu/lib/libminiz_oxide-86bae3bc3079f89b.rlib" "/opt/rustwide/rustup-home/toolchains/1.75.0-x86_64-unknown-linux-gnu/lib/rustlib/x86_64-unknown-linux-gnu/lib/libadler-321b82c30dffdf5f.rlib" "/opt/rustwide/rustup-home/toolchains/1.75.0-x86_64-unknown-linux-gnu/lib/rustlib/x86_64-unknown-linux-gnu/lib/libunwind-3dd8a6810a0bdfef.rlib" "/opt/rustwide/rustup-home/toolchains/1.75.0-x86_64-unknown-linux-gnu/lib/rustlib/x86_64-unknown-linux-gnu/lib/libcfg_if-eb39a61c0c879984.rlib" "/opt/rustwide/rustup-home/toolchains/1.75.0-x86_64-unknown-linux-gnu/lib/rustlib/x86_64-unknown-linux-gnu/lib/liblibc-aa769569f91c3548.rlib" "/opt/rustwide/rustup-home/toolchains/1.75.0-x86_64-unknown-linux-gnu/lib/rustlib/x86_64-unknown-linux-gnu/lib/liballoc-510a192a50a983ed.rlib" "/opt/rustwide/rustup-home/toolchains/1.75.0-x86_64-unknown-linux-gnu/lib/rustlib/x86_64-unknown-linux-gnu/lib/librustc_std_workspace_core-0577018320f99037.rlib" "/opt/rustwide/rustup-home/toolchains/1.75.0-x86_64-unknown-linux-gnu/lib/rustlib/x86_64-unknown-linux-gnu/lib/libcore-193cf992125ccd4c.rlib" "/opt/rustwide/rustup-home/toolchains/1.75.0-x86_64-unknown-linux-gnu/lib/rustlib/x86_64-unknown-linux-gnu/lib/libcompiler_builtins-8e138eaf26ebb4a8.rlib" "-Wl,-Bdynamic" "-ldl" "-lgcc_s" "-lutil" "-lrt" "-lpthread" "-lm" "-ldl" "-lc" "-Wl,--eh-frame-hdr" "-Wl,-z,noexecstack" "-L" "/opt/rustwide/rustup-home/toolchains/1.75.0-x86_64-unknown-linux-gnu/lib/rustlib/x86_64-unknown-linux-gnu/lib" "-o" "/opt/rustwide/target/debug/deps/hello_compute-814a4b8c6dc14219" "-Wl,--gc-sections" "-pie" "-Wl,-z,relro,-z,now" "-nodefaultlibs"
[INFO] [stdout]   = note: collect2: fatal error: ld terminated with signal 9 [Killed]
[INFO] [stdout]           compilation terminated.
[INFO] [stdout]           
[INFO] [stdout] 
[INFO] [stdout] 
[INFO] [stdout] error: aborting due to previous error
[INFO] [stdout] 
[INFO] [stdout] 
[INFO] [stderr] error: could not compile `wgpu-hello-compute-example` (bin "hello-compute") due to 2 previous errors
[INFO] [stdout] error: linking with `cc` failed: exit status: 1
[INFO] [stdout]   |
[INFO] [stdout]   = note: LC_ALL="C" PATH="/opt/rustwide/rustup-home/toolchains/1.75.0-x86_64-unknown-linux-gnu/lib/rustlib/x86_64-unknown-linux-gnu/bin:/opt/rustwide/cargo-home/bin:/usr/local/sbin:/usr/local/bin:/usr/sbin:/usr/bin:/sbin:/bin" VSLANG="1033" "cc" "-m64" "/tmp/rustc8V9m01/symbols.o" "/opt/rustwide/target/debug/deps/hello_triangle-af82f67a75639a24.hello_triangle.d85e07735eecc3d-cgu.00.rcgu.o" "/opt/rustwide/target/debug/deps/hello_triangle-af82f67a75639a24.hello_triangle.d85e07735eecc3d-cgu.01.rcgu.o" "/opt/rustwide/target/debug/deps/hello_triangle-af82f67a75639a24.hello_triangle.d85e07735eecc3d-cgu.02.rcgu.o" "/opt/rustwide/target/debug/deps/hello_triangle-af82f67a75639a24.hello_triangle.d85e07735eecc3d-cgu.03.rcgu.o" "/opt/rustwide/target/debug/deps/hello_triangle-af82f67a75639a24.hello_triangle.d85e07735eecc3d-cgu.04.rcgu.o" "/opt/rustwide/target/debug/deps/hello_triangle-af82f67a75639a24.hello_triangle.d85e07735eecc3d-cgu.05.rcgu.o" "/opt/rustwide/target/debug/deps/hello_triangle-af82f67a75639a24.hello_triangle.d85e07735eecc3d-cgu.06.rcgu.o" "/opt/rustwide/target/debug/deps/hello_triangle-af82f67a75639a24.hello_triangle.d85e07735eecc3d-cgu.07.rcgu.o" "/opt/rustwide/target/debug/deps/hello_triangle-af82f67a75639a24.hello_triangle.d85e07735eecc3d-cgu.08.rcgu.o" "/opt/rustwide/target/debug/deps/hello_triangle-af82f67a75639a24.hello_triangle.d85e07735eecc3d-cgu.09.rcgu.o" "/opt/rustwide/target/debug/deps/hello_triangle-af82f67a75639a24.hello_triangle.d85e07735eecc3d-cgu.10.rcgu.o" "/opt/rustwide/target/debug/deps/hello_triangle-af82f67a75639a24.hello_triangle.d85e07735eecc3d-cgu.11.rcgu.o" "/opt/rustwide/target/debug/deps/hello_triangle-af82f67a75639a24.hello_triangle.d85e07735eecc3d-cgu.12.rcgu.o" "/opt/rustwide/target/debug/deps/hello_triangle-af82f67a75639a24.hello_triangle.d85e07735eecc3d-cgu.13.rcgu.o" "/opt/rustwide/target/debug/deps/hello_triangle-af82f67a75639a24.hello_triangle.d85e07735eecc3d-cgu.14.rcgu.o" "/opt/rustwide/target/debug/deps/hello_triangle-af82f67a75639a24.hello_triangle.d85e07735eecc3d-cgu.15.rcgu.o" "/opt/rustwide/target/debug/deps/hello_triangle-af82f67a75639a24.1vyy0t0j27zdgvip.rcgu.o" "-Wl,--as-needed" "-L" "/opt/rustwide/target/debug/deps" "-L" "/usr/lib/x86_64-linux-gnu" "-L" "/usr/lib/x86_64-linux-gnu" "-L" "/usr/lib/x86_64-linux-gnu" "-L" "/usr/lib/x86_64-linux-gnu" "-L" "/opt/rustwide/rustup-home/toolchains/1.75.0-x86_64-unknown-linux-gnu/lib/rustlib/x86_64-unknown-linux-gnu/lib" "-Wl,-Bstatic" "/opt/rustwide/target/debug/deps/libpollster-07de646a8cdec7f5.rlib" "/opt/rustwide/target/debug/deps/libenv_logger-a7379697ccb477b8.rlib" "/opt/rustwide/target/debug/deps/libis_terminal-bac417fd6adc70f4.rlib" "/opt/rustwide/target/debug/deps/librustix-c4abd5891cafd91c.rlib" "/opt/rustwide/target/debug/deps/liblinux_raw_sys-3c6172f7a52fb83f.rlib" "/opt/rustwide/target/debug/deps/libhumantime-e2a10e0b2bfa2002.rlib" "/opt/rustwide/target/debug/deps/libregex-000c209d29812ee9.rlib" "/opt/rustwide/target/debug/deps/libaho_corasick-60aa60e784174434.rlib" "/opt/rustwide/target/debug/deps/libregex_syntax-fff3ed7633d8729e.rlib" "/opt/rustwide/target/debug/deps/libwgpu-9c3bb07fe2cd1739.rlib" "/opt/rustwide/target/debug/deps/libstatic_assertions-06b6572b5d394a0a.rlib" "/opt/rustwide/target/debug/deps/libwgpu_core-d38e161b958d0f25.rlib" "/opt/rustwide/target/debug/deps/libwgpu_hal-e2f9ab0ed39a3f08.rlib" "/opt/rustwide/target/debug/deps/librenderdoc_sys-3c48868a7226d404.rlib" "/opt/rustwide/target/debug/deps/libgpu_descriptor-b20c462ee5beb820.rlib" "/opt/rustwide/target/debug/deps/libgpu_descriptor_types-1f04b3202a3efbb8.rlib" "/opt/rustwide/target/debug/deps/libkhronos_egl-f88e34ed27a56f2b.rlib" "/opt/rustwide/target/debug/deps/libprofiling-d7924b16f9b335d9.rlib" "/opt/rustwide/target/debug/deps/libgpu_alloc-8c9353fb46af3d62.rlib" "/opt/rustwide/target/debug/deps/libgpu_alloc_types-2a042e1d517f4159.rlib" "/opt/rustwide/target/debug/deps/libash-87ac851df5611af3.rlib" "/opt/rustwide/target/debug/deps/liblibloading-b7eb8bc211ce6205.rlib" "/opt/rustwide/target/debug/deps/libnaga-f8e0d0206106afb5.rlib" "/opt/rustwide/target/debug/deps/librustc_hash-3fb13bc50a653a23.rlib" "/opt/rustwide/target/debug/deps/libhexf_parse-55d9d3541fa29af9.rlib" "/opt/rustwide/target/debug/deps/libunicode_xid-4443378e850eb145.rlib" "/opt/rustwide/target/debug/deps/libbit_set-76cab6e85a5962c3.rlib" "/opt/rustwide/target/debug/deps/libbit_vec-686f97f41052bc6d.rlib" "/opt/rustwide/target/debug/deps/libcodespan_reporting-cae53d167d8171e5.rlib" "/opt/rustwide/target/debug/deps/libunicode_width-aeff842d70fe38c8.rlib" "/opt/rustwide/target/debug/deps/libtermcolor-c45be6d4018c8de7.rlib" "/opt/rustwide/target/debug/deps/libspirv-7a93e49d36347472.rlib" "/opt/rustwide/target/debug/deps/libnum_traits-6c5b3645d4c7692b.rlib" "/opt/rustwide/target/debug/deps/libindexmap-771d8b3bf9f87feb.rlib" "/opt/rustwide/target/debug/deps/libhashbrown-1b8ccdc9c0ae0638.rlib" "/opt/rustwide/target/debug/deps/libahash-6c39b83c99548a49.rlib" "/opt/rustwide/target/debug/deps/libgetrandom-b0aac343543ed708.rlib" "/opt/rustwide/target/debug/deps/libwgpu_types-1c219a7bfccdf81c.rlib" "/opt/rustwide/target/debug/deps/libbitflags-fc378adbd29a7a4a.rlib" "/opt/rustwide/target/debug/deps/libglow-0d580b46258acbcc.rlib" "/opt/rustwide/target/debug/deps/libparking_lot-c16151d32f37a462.rlib" "/opt/rustwide/target/debug/deps/libparking_lot_core-96d6536a76c912fe.rlib" "/opt/rustwide/target/debug/deps/libarrayvec-669b0f38bb416ba4.rlib" "/opt/rustwide/target/debug/deps/libwinit-afc8ab703c60d665.rlib" "/opt/rustwide/target/debug/deps/libsctk_adwaita-f0af0d8d059a1454.rlib" "/opt/rustwide/target/debug/deps/libcrossfont-71a45eb2a415a9b0.rlib" "/opt/rustwide/target/debug/deps/libfontconfig-9ad814b9badded1b.rlib" "/opt/rustwide/target/debug/deps/libfontconfig_sys-2619ab3a6d3c12a1.rlib" "/opt/rustwide/target/debug/deps/libexpat_sys-163b223dce190c97.rlib" "/opt/rustwide/target/debug/deps/libforeign_types-106241510322d757.rlib" "/opt/rustwide/target/debug/deps/libforeign_types_shared-403826f50c42d7d0.rlib" "/opt/rustwide/target/debug/deps/libfreetype-d1e69703ec70eae0.rlib" "/opt/rustwide/target/debug/deps/libfreetype_sys-28a21ca3223566d9.rlib" "/opt/rustwide/target/debug/deps/libtiny_skia-329952c3c2f2ccee.rlib" "/opt/rustwide/target/debug/deps/libpng-977daec4356ad398.rlib" "/opt/rustwide/target/debug/deps/libflate2-e3bde013a0d3661d.rlib" "/opt/rustwide/target/debug/deps/libminiz_oxide-6fb07426c1acd685.rlib" "/opt/rustwide/target/debug/deps/libfdeflate-9224a407bc999ef9.rlib" "/opt/rustwide/target/debug/deps/libsimd_adler32-6740362e4c2ac4e8.rlib" "/opt/rustwide/target/debug/deps/libcrc32fast-664446237529ebff.rlib" "/opt/rustwide/target/debug/deps/libsafe_arch-6f5e149ffbc7a836.rlib" "/opt/rustwide/target/debug/deps/libarrayvec-a7c9f51e64d46c49.rlib" "/opt/rustwide/target/debug/deps/libtiny_skia_path-c93b0ea91a242612.rlib" "/opt/rustwide/target/debug/deps/libbytemuck-3d75a4944212fa80.rlib" "/opt/rustwide/target/debug/deps/libarrayref-50afdd1ea8722a59.rlib" "/opt/rustwide/target/debug/deps/libraw_window_handle-2ed72e61dfa68280.rlib" "/opt/rustwide/target/debug/deps/libcty-341287eb4d06fa72.rlib" "/opt/rustwide/target/debug/deps/libmio-32bd5ad714780f8e.rlib" "/opt/rustwide/target/debug/deps/libx11_dl-70849fd95814d278.rlib" "/opt/rustwide/target/debug/deps/libpercent_encoding-5d42724fd4d173a7.rlib" "/opt/rustwide/target/debug/deps/libsmithay_client_toolkit-2892a15aa2130dcd.rlib" "/opt/rustwide/target/debug/deps/libwayland_cursor-3d18861e0dc2bd2f.rlib" "/opt/rustwide/target/debug/deps/libxcursor-d53ae93bd71b2d40.rlib" "/opt/rustwide/target/debug/deps/libnom-e5da64888d468beb.rlib" "/opt/rustwide/target/debug/deps/libmemchr-4fdcfd9ddfba30cb.rlib" "/opt/rustwide/target/debug/deps/libmemmap2-6cc46ce0b7ffbaeb.rlib" "/opt/rustwide/target/debug/deps/libwayland_protocols-0953f45eef71c98a.rlib" "/opt/rustwide/target/debug/deps/libwayland_client-37389874a3beaece.rlib" "/opt/rustwide/target/debug/deps/libscoped_tls-169b605071c9f714.rlib" "/opt/rustwide/target/debug/deps/libwayland_commons-9478eb38af7fbf15.rlib" "/opt/rustwide/target/debug/deps/libnix-da5ad7cbbcf43836.rlib" "/opt/rustwide/target/debug/deps/libwayland_sys-a2b4858f0f5f56df.rlib" "/opt/rustwide/target/debug/deps/liblazy_static-591486ebcb9a7ead.rlib" "/opt/rustwide/target/debug/deps/libcalloop-de2fe3e79f70efe4.rlib" "/opt/rustwide/target/debug/deps/libthiserror-0bf3a68d42377d1c.rlib" "/opt/rustwide/target/debug/deps/libslotmap-d9eef6254cc2d81d.rlib" "/opt/rustwide/target/debug/deps/libnix-e878e6e812dc6d2a.rlib" "/opt/rustwide/target/debug/deps/libmemoffset-c7b1b1cc44d01308.rlib" "/opt/rustwide/target/debug/deps/libvec_map-f4b9763d49b4e0fe.rlib" "/opt/rustwide/target/debug/deps/libdlib-1469d2ebc5d5b243.rlib" "/opt/rustwide/target/debug/deps/liblibloading-c56166b7b8dc6e8f.rlib" "/opt/rustwide/target/debug/deps/libparking_lot-baed47ce14a83e7b.rlib" "/opt/rustwide/target/debug/deps/libparking_lot_core-2703e5f10df2bce6.rlib" "/opt/rustwide/target/debug/deps/liblibc-eb440e55dfb137ff.rlib" "/opt/rustwide/target/debug/deps/libsmallvec-d23cfe75505ae330.rlib" "/opt/rustwide/target/debug/deps/liblock_api-1d880aae03a79431.rlib" "/opt/rustwide/target/debug/deps/libscopeguard-b35f5c652940acc2.rlib" "/opt/rustwide/target/debug/deps/libraw_window_handle-43ba71143601eca6.rlib" "/opt/rustwide/target/debug/deps/libonce_cell-865e1c5018a0303a.rlib" "/opt/rustwide/target/debug/deps/libinstant-d2eacafc3f5b0144.rlib" "/opt/rustwide/target/debug/deps/libcfg_if-61dc7a6799e72b18.rlib" "/opt/rustwide/target/debug/deps/libbitflags-b7cee2ca4fb438d0.rlib" "/opt/rustwide/target/debug/deps/liblog-66f39b7c9d94a93f.rlib" "/opt/rustwide/rustup-home/toolchains/1.75.0-x86_64-unknown-linux-gnu/lib/rustlib/x86_64-unknown-linux-gnu/lib/libstd-90f6ddbf82de36ec.rlib" "/opt/rustwide/rustup-home/toolchains/1.75.0-x86_64-unknown-linux-gnu/lib/rustlib/x86_64-unknown-linux-gnu/lib/libpanic_unwind-480c41e9d4e1f677.rlib" "/opt/rustwide/rustup-home/toolchains/1.75.0-x86_64-unknown-linux-gnu/lib/rustlib/x86_64-unknown-linux-gnu/lib/libobject-db744c0ca03eed1d.rlib" "/opt/rustwide/rustup-home/toolchains/1.75.0-x86_64-unknown-linux-gnu/lib/rustlib/x86_64-unknown-linux-gnu/lib/libmemchr-8ba652dc7d4b285a.rlib" "/opt/rustwide/rustup-home/toolchains/1.75.0-x86_64-unknown-linux-gnu/lib/rustlib/x86_64-unknown-linux-gnu/lib/libaddr2line-d5f4520a9ebc0d58.rlib" "/opt/rustwide/rustup-home/toolchains/1.75.0-x86_64-unknown-linux-gnu/lib/rustlib/x86_64-unknown-linux-gnu/lib/libgimli-4ad84de58f0cb463.rlib" "/opt/rustwide/rustup-home/toolchains/1.75.0-x86_64-unknown-linux-gnu/lib/rustlib/x86_64-unknown-linux-gnu/lib/librustc_demangle-0d10aae2e0f38735.rlib" "/opt/rustwide/rustup-home/toolchains/1.75.0-x86_64-unknown-linux-gnu/lib/rustlib/x86_64-unknown-linux-gnu/lib/libstd_detect-0c17cff739e6745b.rlib" "/opt/rustwide/rustup-home/toolchains/1.75.0-x86_64-unknown-linux-gnu/lib/rustlib/x86_64-unknown-linux-gnu/lib/libhashbrown-b29e17139dde1aa8.rlib" "/opt/rustwide/rustup-home/toolchains/1.75.0-x86_64-unknown-linux-gnu/lib/rustlib/x86_64-unknown-linux-gnu/lib/librustc_std_workspace_alloc-1f975299829cc7bd.rlib" "/opt/rustwide/rustup-home/toolchains/1.75.0-x86_64-unknown-linux-gnu/lib/rustlib/x86_64-unknown-linux-gnu/lib/libminiz_oxide-86bae3bc3079f89b.rlib" "/opt/rustwide/rustup-home/toolchains/1.75.0-x86_64-unknown-linux-gnu/lib/rustlib/x86_64-unknown-linux-gnu/lib/libadler-321b82c30dffdf5f.rlib" "/opt/rustwide/rustup-home/toolchains/1.75.0-x86_64-unknown-linux-gnu/lib/rustlib/x86_64-unknown-linux-gnu/lib/libunwind-3dd8a6810a0bdfef.rlib" "/opt/rustwide/rustup-home/toolchains/1.75.0-x86_64-unknown-linux-gnu/lib/rustlib/x86_64-unknown-linux-gnu/lib/libcfg_if-eb39a61c0c879984.rlib" "/opt/rustwide/rustup-home/toolchains/1.75.0-x86_64-unknown-linux-gnu/lib/rustlib/x86_64-unknown-linux-gnu/lib/liblibc-aa769569f91c3548.rlib" "/opt/rustwide/rustup-home/toolchains/1.75.0-x86_64-unknown-linux-gnu/lib/rustlib/x86_64-unknown-linux-gnu/lib/liballoc-510a192a50a983ed.rlib" "/opt/rustwide/rustup-home/toolchains/1.75.0-x86_64-unknown-linux-gnu/lib/rustlib/x86_64-unknown-linux-gnu/lib/librustc_std_workspace_core-0577018320f99037.rlib" "/opt/rustwide/rustup-home/toolchains/1.75.0-x86_64-unknown-linux-gnu/lib/rustlib/x86_64-unknown-linux-gnu/lib/libcore-193cf992125ccd4c.rlib" "/opt/rustwide/rustup-home/toolchains/1.75.0-x86_64-unknown-linux-gnu/lib/rustlib/x86_64-unknown-linux-gnu/lib/libcompiler_builtins-8e138eaf26ebb4a8.rlib" "-Wl,-Bdynamic" "-ldl" "-lfreetype" "-lfontconfig" "-lfreetype" "-lexpat" "-lm" "-lfreetype" "-ldl" "-ldl" "-lgcc_s" "-lutil" "-lrt" "-lpthread" "-lm" "-ldl" "-lc" "-Wl,--eh-frame-hdr" "-Wl,-z,noexecstack" "-L" "/opt/rustwide/rustup-home/toolchains/1.75.0-x86_64-unknown-linux-gnu/lib/rustlib/x86_64-unknown-linux-gnu/lib" "-o" "/opt/rustwide/target/debug/deps/hello_triangle-af82f67a75639a24" "-Wl,--gc-sections" "-pie" "-Wl,-z,relro,-z,now" "-nodefaultlibs"
[INFO] [stdout]   = note: collect2: fatal error: ld terminated with signal 9 [Killed]
[INFO] [stdout]           compilation terminated.
[INFO] [stdout]           
[INFO] [stdout] 
[INFO] [stdout] 
[INFO] [stdout] error: aborting due to previous error
[INFO] [stdout] 
[INFO] [stdout] 
[INFO] [stderr] error: could not compile `wgpu-hello-triangle-example` (bin "hello-triangle") due to 2 previous errors
[INFO] [stdout] warning: 1 warning emitted
[INFO] [stdout] 
[INFO] [stdout] 
[INFO] running `Command { std: "docker" "inspect" "626b713c4f70b5eef5a5ac487c49d531eae07db654ac66fb3612f6b0ad3b6502", kill_on_drop: false }`
[INFO] running `Command { std: "docker" "rm" "-f" "626b713c4f70b5eef5a5ac487c49d531eae07db654ac66fb3612f6b0ad3b6502", kill_on_drop: false }`
[INFO] [stdout] 626b713c4f70b5eef5a5ac487c49d531eae07db654ac66fb3612f6b0ad3b6502
[INFO] testing Davidster/wgpu-examples-copy against beta-2023-12-22 for beta-1.76-1
[INFO] running `Command { std: "git" "clone" "/workspace/cache/git-repos/https%3A%2F%2Fgithub.com%2FDavidster%2Fwgpu-examples-copy" "/workspace/builds/worker-6-tc2/source", kill_on_drop: false }`
[INFO] [stderr] Cloning into '/workspace/builds/worker-6-tc2/source'...
[INFO] [stderr] done.
[INFO] validating manifest of git repo https://github.com/Davidster/wgpu-examples-copy on toolchain beta-2023-12-22
[INFO] running `Command { std: CARGO_HOME="/workspace/cargo-home" RUSTUP_HOME="/workspace/rustup-home" "/workspace/cargo-home/bin/cargo" "+beta-2023-12-22" "metadata" "--manifest-path" "Cargo.toml" "--no-deps", kill_on_drop: false }`
[INFO] started tweaking git repo https://github.com/Davidster/wgpu-examples-copy
[INFO] finished tweaking git repo https://github.com/Davidster/wgpu-examples-copy
[INFO] tweaked toml for git repo https://github.com/Davidster/wgpu-examples-copy written to /workspace/builds/worker-6-tc2/source/Cargo.toml
[INFO] crate git repo https://github.com/Davidster/wgpu-examples-copy already has a lockfile, it will not be regenerated
[INFO] running `Command { std: CARGO_HOME="/workspace/cargo-home" RUSTUP_HOME="/workspace/rustup-home" "/workspace/cargo-home/bin/cargo" "+beta-2023-12-22" "fetch" "--manifest-path" "Cargo.toml", kill_on_drop: false }`
[INFO] running `Command { std: "docker" "create" "-v" "/var/lib/crater-agent-workspace/builds/worker-6-tc2/target:/opt/rustwide/target:rw,Z" "-v" "/var/lib/crater-agent-workspace/builds/worker-6-tc2/source:/opt/rustwide/workdir:ro,Z" "-v" "/var/lib/crater-agent-workspace/cargo-home:/opt/rustwide/cargo-home:ro,Z" "-v" "/var/lib/crater-agent-workspace/rustup-home:/opt/rustwide/rustup-home:ro,Z" "-e" "SOURCE_DIR=/opt/rustwide/workdir" "-e" "CARGO_TARGET_DIR=/opt/rustwide/target" "-e" "CARGO_HOME=/opt/rustwide/cargo-home" "-e" "RUSTUP_HOME=/opt/rustwide/rustup-home" "-w" "/opt/rustwide/workdir" "-m" "1610612736" "--user" "0:0" "--network" "none" "ghcr.io/rust-lang/crates-build-env/linux@sha256:2788e3201cd34a07e3172128adcd8b3090168a8e3bcc40d7c032b9dda1df7d1c" "/opt/rustwide/cargo-home/bin/cargo" "+beta-2023-12-22" "metadata" "--no-deps" "--format-version=1", kill_on_drop: false }`
[INFO] [stdout] cdc9518e7d3457b080c9ea037fc5391d8881d463aa2068c10d91d331b1c78e96
[INFO] running `Command { std: "docker" "start" "-a" "cdc9518e7d3457b080c9ea037fc5391d8881d463aa2068c10d91d331b1c78e96", kill_on_drop: false }`
[INFO] running `Command { std: "docker" "inspect" "cdc9518e7d3457b080c9ea037fc5391d8881d463aa2068c10d91d331b1c78e96", kill_on_drop: false }`
[INFO] running `Command { std: "docker" "rm" "-f" "cdc9518e7d3457b080c9ea037fc5391d8881d463aa2068c10d91d331b1c78e96", kill_on_drop: false }`
[INFO] [stdout] cdc9518e7d3457b080c9ea037fc5391d8881d463aa2068c10d91d331b1c78e96
[INFO] running `Command { std: "docker" "create" "-v" "/var/lib/crater-agent-workspace/builds/worker-6-tc2/target:/opt/rustwide/target:rw,Z" "-v" "/var/lib/crater-agent-workspace/builds/worker-6-tc2/source:/opt/rustwide/workdir:ro,Z" "-v" "/var/lib/crater-agent-workspace/cargo-home:/opt/rustwide/cargo-home:ro,Z" "-v" "/var/lib/crater-agent-workspace/rustup-home:/opt/rustwide/rustup-home:ro,Z" "-e" "SOURCE_DIR=/opt/rustwide/workdir" "-e" "CARGO_TARGET_DIR=/opt/rustwide/target" "-e" "CARGO_INCREMENTAL=0" "-e" "RUST_BACKTRACE=full" "-e" "RUSTFLAGS=--cap-lints=warn" "-e" "RUSTDOCFLAGS=--cap-lints=warn" "-e" "CARGO_HOME=/opt/rustwide/cargo-home" "-e" "RUSTUP_HOME=/opt/rustwide/rustup-home" "-w" "/opt/rustwide/workdir" "-m" "1610612736" "--user" "0:0" "--network" "none" "ghcr.io/rust-lang/crates-build-env/linux@sha256:2788e3201cd34a07e3172128adcd8b3090168a8e3bcc40d7c032b9dda1df7d1c" "/opt/rustwide/cargo-home/bin/cargo" "+beta-2023-12-22" "build" "--frozen" "--message-format=json", kill_on_drop: false }`
[INFO] [stdout] 6a509f8278d0b28bea221c4a29d258624491d431fb2a7feefcb00a343e7ed78f
[INFO] running `Command { std: "docker" "start" "-a" "6a509f8278d0b28bea221c4a29d258624491d431fb2a7feefcb00a343e7ed78f", kill_on_drop: false }`
[INFO] [stderr]    Compiling cfg-if v1.0.0
[INFO] [stderr]    Compiling libc v0.2.147
[INFO] [stderr]    Compiling proc-macro2 v1.0.63
[INFO] [stderr]    Compiling unicode-ident v1.0.9
[INFO] [stderr]    Compiling quote v1.0.29
[INFO] [stderr]    Compiling autocfg v1.1.0
[INFO] [stderr]    Compiling pkg-config v0.3.27
[INFO] [stderr]    Compiling once_cell v1.18.0
[INFO] [stderr]    Compiling bitflags v1.3.2
[INFO] [stderr]    Compiling cc v1.0.79
[INFO] [stderr]    Compiling version_check v0.9.4
[INFO] [stderr]    Compiling smallvec v1.10.0
[INFO] [stderr]    Compiling memchr v2.5.0
[INFO] [stderr]    Compiling log v0.4.19
[INFO] [stderr]    Compiling thiserror v1.0.40
[INFO] [stderr]    Compiling bitflags v2.3.3
[INFO] [stderr]    Compiling xml-rs v0.8.15
[INFO] [stderr]    Compiling scopeguard v1.1.0
[INFO] [stderr]    Compiling instant v0.1.12
[INFO] [stderr]    Compiling libloading v0.8.0
[INFO] [stderr]    Compiling parking_lot_core v0.8.6
[INFO] [stderr]    Compiling termcolor v1.2.0
[INFO] [stderr]    Compiling crc32fast v1.3.2
[INFO] [stderr]    Compiling simd-adler32 v0.3.5
[INFO] [stderr]    Compiling dlib v0.5.2
[INFO] [stderr]    Compiling lazy_static v1.4.0
[INFO] [stderr]    Compiling ahash v0.7.6
[INFO] [stderr]    Compiling libloading v0.7.4
[INFO] [stderr]    Compiling adler v1.0.2
[INFO] [stderr]    Compiling num-traits v0.2.15
[INFO] [stderr]    Compiling memoffset v0.6.5
[INFO] [stderr]    Compiling lock_api v0.4.10
[INFO] [stderr]    Compiling indexmap v1.9.3
[INFO] [stderr]    Compiling unicode-width v0.1.10
[INFO] [stderr]    Compiling bit-vec v0.6.3
[INFO] [stderr]    Compiling cmake v0.1.50
[INFO] [stderr]    Compiling scoped-tls v1.0.1
[INFO] [stderr]    Compiling khronos-egl v4.1.0
[INFO] [stderr]    Compiling wayland-sys v0.29.5
[INFO] [stderr]    Compiling ash v0.37.3+1.3.251
[INFO] [stderr]    Compiling servo-fontconfig-sys v5.1.0
[INFO] [stderr]    Compiling bit-set v0.5.3
[INFO] [stderr]    Compiling codespan-reporting v0.11.1
[INFO] [stderr]    Compiling miniz_oxide v0.7.1
[INFO] [stderr]    Compiling slotmap v1.0.6
[INFO] [stderr]    Compiling gpu-alloc-types v0.3.0
[INFO] [stderr]    Compiling gpu-descriptor-types v0.1.1
[INFO] [stderr]    Compiling rustix v0.38.1
[INFO] [stderr]    Compiling hexf-parse v0.2.1
[INFO] [stderr]    Compiling rustc-hash v1.1.0
[INFO] [stderr]    Compiling syn v2.0.22
[INFO] [stderr]    Compiling wayland-scanner v0.29.5
[INFO] [stderr]    Compiling raw-window-handle v0.5.2
[INFO] [stderr]    Compiling downcast-rs v1.2.0
[INFO] [stderr]    Compiling wasm-bindgen-shared v0.2.87
[INFO] [stderr]    Compiling minimal-lexical v0.2.1
[INFO] [stderr]    Compiling unicode-xid v0.2.4
[INFO] [stderr]    Compiling gpu-alloc v0.6.0
[INFO] [stderr]    Compiling fdeflate v0.3.0
[INFO] [stderr]    Compiling freetype-sys v0.13.1
[INFO] [stderr]    Compiling expat-sys v2.1.6
[INFO] [stderr]    Compiling wgpu-types v0.16.0 (https://github.com/gents83/wgpu.git?rev=9243a926dd79b96bdc82d95ac49d5feafa4f0676#9243a926)
[INFO] [stderr]    Compiling flate2 v1.0.26
[INFO] [stderr]    Compiling nom v7.1.3
[INFO] [stderr]    Compiling glow v0.12.2
[INFO] [stderr]    Compiling renderdoc-sys v1.0.0
[INFO] [stderr]    Compiling profiling v1.0.8
[INFO] [stderr]    Compiling arrayvec v0.7.4
[INFO] [stderr]    Compiling linux-raw-sys v0.4.3
[INFO] [stderr]    Compiling getrandom v0.2.10
[INFO] [stderr]    Compiling nix v0.24.3
[INFO] [stderr]    Compiling spirv v0.2.0+1.5.4
[INFO] [stderr]    Compiling png v0.17.9
[INFO] [stderr]    Compiling nix v0.25.1
[INFO] [stderr]    Compiling parking_lot v0.11.2
[INFO] [stderr]    Compiling hashbrown v0.12.3
[INFO] [stderr]    Compiling aho-corasick v1.0.2
[INFO] [stderr]    Compiling wayland-client v0.29.5
[INFO] [stderr]    Compiling wayland-protocols v0.29.5
[INFO] [stderr]    Compiling smithay-client-toolkit v0.16.0
[INFO] [stderr]    Compiling gpu-descriptor v0.2.3
[INFO] [stderr]    Compiling crossfont v0.5.1
[INFO] [stderr]    Compiling bumpalo v3.13.0
[INFO] [stderr]    Compiling parking_lot_core v0.9.8
[INFO] [stderr]    Compiling vec_map v0.8.2
[INFO] [stderr]    Compiling regex-syntax v0.7.2
[INFO] [stderr]    Compiling arrayref v0.3.7
[INFO] [stderr]    Compiling foreign-types-shared v0.3.1
[INFO] [stderr]    Compiling is-terminal v0.4.8
[INFO] [stderr]    Compiling servo-fontconfig v0.5.1
[INFO] [stderr]    Compiling freetype-rs v0.26.0
[INFO] [stderr]    Compiling memmap2 v0.5.10
[INFO] [stderr]    Compiling x11-dl v2.21.0
[INFO] [stderr]    Compiling humantime v2.1.0
[INFO] [stderr]    Compiling wayland-commons v0.29.5
[INFO] [stderr]    Compiling xcursor v0.3.4
[INFO] [stderr]    Compiling arrayvec v0.5.2
[INFO] [stderr]    Compiling static_assertions v1.1.0
[INFO] [stderr]    Compiling futures-core v0.3.28
[INFO] [stderr]    Compiling wasm-bindgen v0.2.87
[INFO] [stderr]    Compiling pollster v0.2.5
[INFO] [stderr]    Compiling cty v0.2.2
[INFO] [stderr]    Compiling raw-window-handle v0.4.3
[INFO] [stderr]    Compiling parking_lot v0.12.1
[INFO] [stderr]    Compiling mio v0.8.8
[INFO] [stderr]    Compiling nv-flip-sys v0.1.1
[INFO] [stderr]    Compiling wasm-bindgen-backend v0.2.87
[INFO] [stderr]    Compiling crossbeam-utils v0.8.16
[INFO] [stderr]    Compiling percent-encoding v2.3.0
[INFO] [stderr]    Compiling slab v0.4.8
[INFO] [stderr]    Compiling waker-fn v1.1.0
[INFO] [stderr]    Compiling futures-io v0.3.28
[INFO] [stderr]    Compiling parking v2.1.0
[INFO] [stderr]    Compiling event-listener v2.5.3
[INFO] [stderr]    Compiling fastrand v1.9.0
[INFO] [stderr]    Compiling pin-project-lite v0.2.10
[INFO] [stderr]    Compiling async-task v4.4.0
[INFO] [stderr]    Compiling regex v1.8.4
[INFO] [stderr]    Compiling async-lock v2.7.0
[INFO] [stderr]    Compiling concurrent-queue v2.2.0
[INFO] [stderr]    Compiling futures-lite v1.13.0
[INFO] [stderr]    Compiling wasm-bindgen-test-macro v0.3.37
[INFO] [stderr]    Compiling glam v0.21.3
[INFO] [stderr]    Compiling getrandom v0.1.16
[INFO] [stderr]    Compiling ppv-lite86 v0.2.17
[INFO] [stderr]    Compiling num-traits v0.1.43
[INFO] [stderr]    Compiling nanorand v0.7.0
[INFO] [stderr]    Compiling enum_primitive v0.1.1
[INFO] [stderr]    Compiling futures-intrusive v0.4.2
[INFO] [stderr]    Compiling byteorder v1.4.3
[INFO] [stderr]    Compiling wasm-bindgen-macro-support v0.2.87
[INFO] [stderr]    Compiling ddsfile v0.5.1
[INFO] [stderr]    Compiling rand_core v0.5.1
[INFO] [stderr]    Compiling obj v0.10.2
[INFO] [stderr]    Compiling async-executor v1.5.1
[INFO] [stderr]    Compiling rand_chacha v0.2.2
[INFO] [stderr]    Compiling rand_xorshift v0.2.0
[INFO] [stderr]    Compiling env_logger v0.10.0
[INFO] [stderr]    Compiling rand v0.7.3
[INFO] [stderr]    Compiling wayland-cursor v0.29.5
[INFO] [stderr]    Compiling thiserror-impl v1.0.40
[INFO] [stderr]    Compiling bytemuck_derive v1.4.1
[INFO] [stderr]    Compiling foreign-types-macros v0.2.3
[INFO] [stderr]    Compiling wasm-bindgen-macro v0.2.87
[INFO] [stderr]    Compiling noise v0.7.0
[INFO] [stderr]    Compiling foreign-types v0.5.0
[INFO] [stderr]    Compiling bytemuck v1.13.1
[INFO] [stderr]    Compiling naga v0.12.0 (https://github.com/gfx-rs/naga?rev=76003dc0035d53a474d366dcdf49d2e4d12e921f#76003dc0)
[INFO] [stderr]    Compiling calloop v0.10.6
[INFO] [stderr]    Compiling tiny-skia-path v0.7.0
[INFO] [stderr]    Compiling safe_arch v0.5.2
[INFO] [stderr]    Compiling js-sys v0.3.64
[INFO] [stderr]    Compiling console_error_panic_hook v0.1.7
[INFO] [stderr]    Compiling tiny-skia v0.7.0
[INFO] [stderr]    Compiling nv-flip v0.1.1
[INFO] [stderr]    Compiling wasm-bindgen-futures v0.4.37
[INFO] [stderr]    Compiling wasm-bindgen-test v0.3.37
[INFO] [stderr]    Compiling wgpu-hal v0.16.0 (https://github.com/gents83/wgpu.git?rev=9243a926dd79b96bdc82d95ac49d5feafa4f0676#9243a926)
[INFO] [stderr]    Compiling wgpu-core v0.16.0 (https://github.com/gents83/wgpu.git?rev=9243a926dd79b96bdc82d95ac49d5feafa4f0676#9243a926)
[INFO] [stderr]    Compiling wgpu v0.16.0 (https://github.com/gents83/wgpu.git?rev=9243a926dd79b96bdc82d95ac49d5feafa4f0676#9243a926)
[INFO] [stderr]    Compiling wgpu-test v0.16.0 (/opt/rustwide/workdir/tests)
[INFO] [stderr]    Compiling wgpu-hello-example v0.16.0 (/opt/rustwide/workdir/examples/hello)
[INFO] [stderr]    Compiling sctk-adwaita v0.4.3
[INFO] [stderr]    Compiling winit v0.27.5
[INFO] [stderr]    Compiling wgpu-example v0.16.0 (/opt/rustwide/workdir/examples/common)
[INFO] [stderr]    Compiling wgpu-capture-example v0.16.0 (/opt/rustwide/workdir/examples/capture)
[INFO] [stderr]    Compiling wgpu-bunnymark-example v0.16.0 (/opt/rustwide/workdir/examples/bunnymark)
[INFO] [stderr]    Compiling wgpu-conservative-raster-example v0.16.0 (/opt/rustwide/workdir/examples/conservative-raster)
[INFO] [stderr]    Compiling wgpu-water-example v0.16.0 (/opt/rustwide/workdir/examples/water)
[INFO] [stderr]    Compiling wgpu-cube-example v0.16.0 (/opt/rustwide/workdir/examples/cube)
[INFO] [stderr]    Compiling wgpu-mipmap-example v0.16.0 (/opt/rustwide/workdir/examples/mipmap)
[INFO] [stderr]    Compiling wgpu-hello-triangle-example v0.16.0 (/opt/rustwide/workdir/examples/hello-triangle)
[INFO] [stderr]    Compiling wgpu-hello-compute-example v0.16.0 (/opt/rustwide/workdir/examples/hello-compute)
[INFO] [stderr]    Compiling wgpu-skybox-example v0.16.0 (/opt/rustwide/workdir/examples/skybox)
[INFO] [stderr]    Compiling wgpu-msaa-line-example v0.16.0 (/opt/rustwide/workdir/examples/msaa-line)
[INFO] [stderr]    Compiling wgpu-boids-example v0.16.0 (/opt/rustwide/workdir/examples/boids)
[INFO] [stderr]    Compiling wgpu-texture-arrays-example v0.16.0 (/opt/rustwide/workdir/examples/texture-arrays)
[INFO] [stderr]    Compiling wgpu-shadow-example v0.16.0 (/opt/rustwide/workdir/examples/shadow)
[INFO] [stderr]    Compiling wgpu-hello-windows-example v0.16.0 (/opt/rustwide/workdir/examples/hello-windows)
[INFO] [stderr]    Compiling wgpu-stencil-triangle-example v0.16.0 (/opt/rustwide/workdir/examples/stencil-triangles)
[INFO] [stdout] error[E0053]: method `init` has an incompatible type for trait
[INFO] [stdout]   --> examples/conservative-raster/src/main.rs:75:19
[INFO] [stdout]    |
[INFO] [stdout] 75 |         _adapter: &wgpu::Adapter,
[INFO] [stdout]    |                   ^^^^^^^^^^^^^^
[INFO] [stdout]    |                   |
[INFO] [stdout]    |                   expected `Arc<wgpu::Adapter>`, found `&wgpu::Adapter`
[INFO] [stdout]    |                   help: change the parameter type to match the trait: `Arc<wgpu::Adapter>`
[INFO] [stdout]    |
[INFO] [stdout]    = note: expected signature `fn(&wgpu_types::SurfaceConfiguration<_>, Arc<wgpu::Adapter>, Arc<wgpu::Device>, Arc<wgpu::Queue>) -> Example`
[INFO] [stdout]               found signature `fn(&wgpu_types::SurfaceConfiguration<_>, &wgpu::Adapter, &wgpu::Device, &wgpu::Queue) -> Example`
[INFO] [stdout] 
[INFO] [stdout] 
[INFO] [stdout] error[E0053]: method `init` has an incompatible type for trait
[INFO] [stdout]   --> examples/boids/src/main.rs:42:19
[INFO] [stdout]    |
[INFO] [stdout] 42 |         _adapter: &wgpu::Adapter,
[INFO] [stdout]    |                   ^^^^^^^^^^^^^^
[INFO] [stdout]    |                   |
[INFO] [stdout]    |                   expected `Arc<wgpu::Adapter>`, found `&wgpu::Adapter`
[INFO] [stdout]    |                   help: change the parameter type to match the trait: `Arc<wgpu::Adapter>`
[INFO] [stdout]    |
[INFO] [stdout]    = note: expected signature `fn(&wgpu_types::SurfaceConfiguration<_>, Arc<wgpu::Adapter>, Arc<wgpu::Device>, Arc<wgpu::Queue>) -> Example`
[INFO] [stdout]               found signature `fn(&wgpu_types::SurfaceConfiguration<_>, &wgpu::Adapter, &wgpu::Device, &wgpu::Queue) -> Example`
[INFO] [stdout] 
[INFO] [stdout] 
[INFO] [stdout] error: aborting due to 1 previous error
[INFO] [stdout] 
[INFO] [stdout] 
[INFO] [stdout] For more information about this error, try `rustc --explain E0053`.
[INFO] [stdout] 
[INFO] [stdout] error: aborting due to 1 previous error
[INFO] [stdout] 
[INFO] [stdout] 
[INFO] [stdout] For more information about this error, try `rustc --explain E0053`.
[INFO] [stdout] 
[INFO] [stdout] error[E0053]: method `init` has an incompatible type for trait
[INFO] [stdout]    --> examples/mipmap/src/main.rs:207:19
[INFO] [stdout]     |
[INFO] [stdout] 207 |         _adapter: &wgpu::Adapter,
[INFO] [stdout]     |                   ^^^^^^^^^^^^^^
[INFO] [stdout]     |                   |
[INFO] [stdout]     |                   expected `Arc<wgpu::Adapter>`, found `&wgpu::Adapter`
[INFO] [stdout]     |                   help: change the parameter type to match the trait: `Arc<wgpu::Adapter>`
[INFO] [stdout]     |
[INFO] [stdout]     = note: expected signature `fn(&wgpu_types::SurfaceConfiguration<_>, Arc<wgpu::Adapter>, Arc<wgpu::Device>, Arc<wgpu::Queue>) -> Example`
[INFO] [stdout]                found signature `fn(&wgpu_types::SurfaceConfiguration<_>, &wgpu::Adapter, &wgpu::Device, &wgpu::Queue) -> Example`
[INFO] [stdout] 
[INFO] [stdout] 
[INFO] [stdout] error[E0053]: method `init` has an incompatible type for trait
[INFO] [stdout]   --> examples/stencil-triangles/src/main.rs:29:19
[INFO] [stdout]    |
[INFO] [stdout] 29 |         _adapter: &wgpu::Adapter,
[INFO] [stdout]    |                   ^^^^^^^^^^^^^^
[INFO] [stdout]    |                   |
[INFO] [stdout]    |                   expected `Arc<wgpu::Adapter>`, found `&wgpu::Adapter`
[INFO] [stdout]    |                   help: change the parameter type to match the trait: `Arc<wgpu::Adapter>`
[INFO] [stdout]    |
[INFO] [stdout]    = note: expected signature `fn(&wgpu_types::SurfaceConfiguration<_>, Arc<wgpu::Adapter>, Arc<wgpu::Device>, Arc<wgpu::Queue>) -> Triangles`
[INFO] [stdout]               found signature `fn(&wgpu_types::SurfaceConfiguration<_>, &wgpu::Adapter, &wgpu::Device, &wgpu::Queue) -> Triangles`
[INFO] [stdout] 
[INFO] [stdout] 
[INFO] [stderr] error: could not compile `wgpu-boids-example` (bin "boids") due to 2 previous errors
[INFO] [stdout] error[E0053]: method `init` has an incompatible type for trait
[INFO] [stdout]    --> examples/msaa-line/src/main.rs:125:19
[INFO] [stdout]     |
[INFO] [stdout] 125 |         _adapter: &wgpu::Adapter,
[INFO] [stdout]     |                   ^^^^^^^^^^^^^^
[INFO] [stdout]     |                   |
[INFO] [stdout]     |                   expected `Arc<wgpu::Adapter>`, found `&wgpu::Adapter`
[INFO] [stdout]     |                   help: change the parameter type to match the trait: `Arc<wgpu::Adapter>`
[INFO] [stdout]     |
[INFO] [stdout]     = note: expected signature `fn(&wgpu_types::SurfaceConfiguration<_>, Arc<wgpu::Adapter>, Arc<wgpu::Device>, Arc<wgpu::Queue>) -> Example`
[INFO] [stdout]                found signature `fn(&wgpu_types::SurfaceConfiguration<_>, &wgpu::Adapter, &wgpu::Device, &wgpu::Queue) -> Example`
[INFO] [stdout] 
[INFO] [stdout] 
[INFO] [stderr] warning: build failed, waiting for other jobs to finish...
[INFO] [stdout] error[E0053]: method `init` has an incompatible type for trait
[INFO] [stdout]   --> examples/texture-arrays/src/main.rs:82:19
[INFO] [stdout]    |
[INFO] [stdout] 82 |         _adapter: &wgpu::Adapter,
[INFO] [stdout]    |                   ^^^^^^^^^^^^^^
[INFO] [stdout]    |                   |
[INFO] [stdout]    |                   expected `Arc<wgpu::Adapter>`, found `&wgpu::Adapter`
[INFO] [stdout]    |                   help: change the parameter type to match the trait: `Arc<wgpu::Adapter>`
[INFO] [stdout]    |
[INFO] [stdout]    = note: expected signature `fn(&wgpu_types::SurfaceConfiguration<_>, Arc<wgpu::Adapter>, Arc<wgpu::Device>, Arc<wgpu::Queue>) -> Example`
[INFO] [stdout]               found signature `fn(&wgpu_types::SurfaceConfiguration<_>, &wgpu::Adapter, &wgpu::Device, &wgpu::Queue) -> Example`
[INFO] [stdout] 
[INFO] [stdout] 
[INFO] [stderr] error: could not compile `wgpu-conservative-raster-example` (bin "conservative-raster") due to 2 previous errors
[INFO] [stdout] error[E0053]: method `init` has an incompatible type for trait
[INFO] [stdout]    --> examples/shadow/src/main.rs:211:18
[INFO] [stdout]     |
[INFO] [stdout] 211 |         adapter: &wgpu::Adapter,
[INFO] [stdout]     |                  ^^^^^^^^^^^^^^
[INFO] [stdout]     |                  |
[INFO] [stdout]     |                  expected `Arc<wgpu::Adapter>`, found `&wgpu::Adapter`
[INFO] [stdout]     |                  help: change the parameter type to match the trait: `Arc<wgpu::Adapter>`
[INFO] [stdout]     |
[INFO] [stdout]     = note: expected signature `fn(&wgpu_types::SurfaceConfiguration<_>, Arc<wgpu::Adapter>, Arc<wgpu::Device>, Arc<wgpu::Queue>) -> Example`
[INFO] [stdout]                found signature `fn(&wgpu_types::SurfaceConfiguration<_>, &wgpu::Adapter, &wgpu::Device, &wgpu::Queue) -> Example`
[INFO] [stdout] 
[INFO] [stdout] 
[INFO] [stdout] error[E0053]: method `init` has an incompatible type for trait
[INFO] [stdout]   --> examples/bunnymark/src/main.rs:42:19
[INFO] [stdout]    |
[INFO] [stdout] 42 |         _adapter: &wgpu::Adapter,
[INFO] [stdout]    |                   ^^^^^^^^^^^^^^
[INFO] [stdout]    |                   |
[INFO] [stdout]    |                   expected `Arc<wgpu::Adapter>`, found `&wgpu::Adapter`
[INFO] [stdout]    |                   help: change the parameter type to match the trait: `Arc<wgpu::Adapter>`
[INFO] [stdout]    |
[INFO] [stdout]    = note: expected signature `fn(&wgpu_types::SurfaceConfiguration<_>, Arc<wgpu::Adapter>, Arc<wgpu::Device>, Arc<wgpu::Queue>) -> Example`
[INFO] [stdout]               found signature `fn(&wgpu_types::SurfaceConfiguration<_>, &wgpu::Adapter, &wgpu::Device, &wgpu::Queue) -> Example`
[INFO] [stdout] 
[INFO] [stdout] 
[INFO] [stdout] error: aborting due to 1 previous error
[INFO] [stdout] 
[INFO] [stdout] 
[INFO] [stdout] error[E0053]: method `init` has an incompatible type for trait
[INFO] [stdout]    --> examples/skybox/src/main.rs:101:19
[INFO] [stdout]     |
[INFO] [stdout] 101 |         _adapter: &wgpu::Adapter,
[INFO] [stdout]     |                   ^^^^^^^^^^^^^^
[INFO] [stdout]     |                   |
[INFO] [stdout]     |                   expected `Arc<wgpu::Adapter>`, found `&wgpu::Adapter`
[INFO] [stdout]     |                   help: change the parameter type to match the trait: `Arc<wgpu::Adapter>`
[INFO] [stdout]     |
[INFO] [stdout]     = note: expected signature `fn(&wgpu_types::SurfaceConfiguration<_>, Arc<wgpu::Adapter>, Arc<wgpu::Device>, Arc<wgpu::Queue>) -> Skybox`
[INFO] [stdout]                found signature `fn(&wgpu_types::SurfaceConfiguration<_>, &wgpu::Adapter, &wgpu::Device, &wgpu::Queue) -> Skybox`
[INFO] [stdout] 
[INFO] [stdout] 
[INFO] [stdout] For more information about this error, try `rustc --explain E0053`.
[INFO] [stdout] 
[INFO] [stderr] error: could not compile `wgpu-stencil-triangle-example` (bin "stencil-triangles") due to 2 previous errors
[INFO] [stdout] error: aborting due to 1 previous error
[INFO] [stdout] 
[INFO] [stdout] 
[INFO] [stdout] For more information about this error, try `rustc --explain E0053`.
[INFO] [stdout] 
[INFO] [stdout] error: aborting due to 1 previous error
[INFO] [stdout] 
[INFO] [stdout] 
[INFO] [stdout] For more information about this error, try `rustc --explain E0053`.
[INFO] [stdout] 
[INFO] [stderr] error: could not compile `wgpu-msaa-line-example` (bin "msaa-line") due to 2 previous errors
[INFO] [stdout] error: aborting due to 1 previous error
[INFO] [stdout] 
[INFO] [stdout] 
[INFO] [stdout] For more information about this error, try `rustc --explain E0053`.
[INFO] [stdout] 
[INFO] [stdout] error: aborting due to 1 previous error
[INFO] [stdout] 
[INFO] [stdout] 
[INFO] [stdout] For more information about this error, try `rustc --explain E0053`.
[INFO] [stdout] 
[INFO] [stderr] error: could not compile `wgpu-texture-arrays-example` (bin "texture-arrays") due to 2 previous errors
[INFO] [stdout] error[E0053]: method `init` has an incompatible type for trait
[INFO] [stdout]    --> examples/water/src/main.rs:271:19
[INFO] [stdout]     |
[INFO] [stdout] 271 |         _adapter: &wgpu::Adapter,
[INFO] [stdout]     |                   ^^^^^^^^^^^^^^
[INFO] [stdout]     |                   |
[INFO] [stdout]     |                   expected `Arc<wgpu::Adapter>`, found `&wgpu::Adapter`
[INFO] [stdout]     |                   help: change the parameter type to match the trait: `Arc<wgpu::Adapter>`
[INFO] [stdout]     |
[INFO] [stdout]     = note: expected signature `fn(&wgpu_types::SurfaceConfiguration<_>, Arc<wgpu::Adapter>, Arc<wgpu::Device>, Arc<wgpu::Queue>) -> Example`
[INFO] [stdout]                found signature `fn(&wgpu_types::SurfaceConfiguration<_>, &wgpu::Adapter, &wgpu::Device, &wgpu::Queue) -> Example`
[INFO] [stdout] 
[INFO] [stdout] 
[INFO] [stdout] error: aborting due to 1 previous error
[INFO] [stdout] 
[INFO] [stdout] 
[INFO] [stdout] For more information about this error, try `rustc --explain E0053`.
[INFO] [stdout] 
[INFO] [stderr] error: could not compile `wgpu-mipmap-example` (bin "mipmap") due to 2 previous errors
[INFO] [stderr] error: could not compile `wgpu-bunnymark-example` (bin "bunnymark") due to 2 previous errors
[INFO] [stdout] warning: constant `SLEEP_TIME_SECS` is never used
[INFO] [stdout]    --> examples/cube/src/main.rs:130:15
[INFO] [stdout]     |
[INFO] [stdout] 130 |         const SLEEP_TIME_SECS: f32 = 0.0000000005;
[INFO] [stdout]     |               ^^^^^^^^^^^^^^^
[INFO] [stdout]     |
[INFO] [stdout]     = note: `#[warn(dead_code)]` on by default
[INFO] [stdout] 
[INFO] [stdout] 
[INFO] [stderr] error: could not compile `wgpu-shadow-example` (bin "shadow") due to 2 previous errors
[INFO] [stdout] error: aborting due to 1 previous error
[INFO] [stdout] 
[INFO] [stdout] 
[INFO] [stdout] For more information about this error, try `rustc --explain E0053`.
[INFO] [stdout] 
[INFO] [stderr] error: could not compile `wgpu-skybox-example` (bin "skybox") due to 2 previous errors
[INFO] [stdout] error: aborting due to 1 previous error
[INFO] [stdout] 
[INFO] [stdout] 
[INFO] [stdout] For more information about this error, try `rustc --explain E0053`.
[INFO] [stdout] 
[INFO] [stderr] error: could not compile `wgpu-water-example` (bin "water") due to 2 previous errors
[INFO] [stdout] error: linking with `cc` failed: exit status: 1
[INFO] [stdout]   |
[INFO] [stdout]   = note: LC_ALL="C" PATH="/opt/rustwide/rustup-home/toolchains/beta-2023-12-22-x86_64-unknown-linux-gnu/lib/rustlib/x86_64-unknown-linux-gnu/bin:/opt/rustwide/cargo-home/bin:/usr/local/sbin:/usr/local/bin:/usr/sbin:/usr/bin:/sbin:/bin" VSLANG="1033" "cc" "-m64" "/tmp/rustcLDs0ch/symbols.o" "/opt/rustwide/target/debug/deps/capture-d13335107d83dd9f.capture.1e04b2b2fa334fb7-cgu.0.rcgu.o" "/opt/rustwide/target/debug/deps/capture-d13335107d83dd9f.capture.1e04b2b2fa334fb7-cgu.1.rcgu.o" "/opt/rustwide/target/debug/deps/capture-d13335107d83dd9f.capture.1e04b2b2fa334fb7-cgu.2.rcgu.o" "/opt/rustwide/target/debug/deps/capture-d13335107d83dd9f.capture.1e04b2b2fa334fb7-cgu.3.rcgu.o" "/opt/rustwide/target/debug/deps/capture-d13335107d83dd9f.4l25deuf0jghilek.rcgu.o" "-Wl,--as-needed" "-L" "/opt/rustwide/target/debug/deps" "-L" "/opt/rustwide/target/debug/build/nv-flip-sys-4464e0a0ad01f4fa/out" "-L" "/usr/lib/x86_64-linux-gnu" "-L" "/usr/lib/x86_64-linux-gnu" "-L" "/usr/lib/x86_64-linux-gnu" "-L" "/usr/lib/x86_64-linux-gnu" "-L" "/opt/rustwide/rustup-home/toolchains/beta-2023-12-22-x86_64-unknown-linux-gnu/lib/rustlib/x86_64-unknown-linux-gnu/lib" "-Wl,-Bstatic" "/opt/rustwide/target/debug/deps/libpollster-217fcbc93f9705e8.rlib" "/opt/rustwide/target/debug/deps/libenv_logger-306e8b616aee37d6.rlib" "/opt/rustwide/target/debug/deps/libis_terminal-ed1cefa5e34bb2ad.rlib" "/opt/rustwide/target/debug/deps/librustix-b2758464b20208ec.rlib" "/opt/rustwide/target/debug/deps/liblinux_raw_sys-7521897b8078e07d.rlib" "/opt/rustwide/target/debug/deps/libhumantime-ce381c4933d03978.rlib" "/opt/rustwide/target/debug/deps/libregex-9eda1b361132cc26.rlib" "/opt/rustwide/target/debug/deps/libaho_corasick-d424b0a92ce0dc1c.rlib" "/opt/rustwide/target/debug/deps/libmemchr-33d05ae5bba76030.rlib" "/opt/rustwide/target/debug/deps/libregex_syntax-872285cd8c97779e.rlib" "/opt/rustwide/target/debug/deps/libpng-3ab7f4a38f9bbf69.rlib" "/opt/rustwide/target/debug/deps/libflate2-ce906ea28cda4acd.rlib" "/opt/rustwide/target/debug/deps/libminiz_oxide-2e5b2015b5f72628.rlib" "/opt/rustwide/target/debug/deps/libfdeflate-e577b7cb0ad54d0f.rlib" "/opt/rustwide/target/debug/deps/libsimd_adler32-e5f5dc84b1502425.rlib" "/opt/rustwide/target/debug/deps/libcrc32fast-dbea8ee6fb11ce73.rlib" "/opt/rustwide/target/debug/deps/libfutures_intrusive-ff6f4df27552f994.rlib" "/opt/rustwide/target/debug/deps/libfutures_core-64d844740d521706.rlib" "/opt/rustwide/target/debug/deps/libwgpu-d5fdd2972c6878d0.rlib" "/opt/rustwide/target/debug/deps/libstatic_assertions-0ef270c4de502b0e.rlib" "/opt/rustwide/target/debug/deps/libwgpu_core-b50c7a9737a23343.rlib" "/opt/rustwide/target/debug/deps/libwgpu_hal-c999386a80469234.rlib" "/opt/rustwide/target/debug/deps/librenderdoc_sys-1d07d95b0a64b987.rlib" "/opt/rustwide/target/debug/deps/libgpu_descriptor-d7b978bf78454f5f.rlib" "/opt/rustwide/target/debug/deps/libgpu_descriptor_types-ad4de80ef5d608d5.rlib" "/opt/rustwide/target/debug/deps/libkhronos_egl-5fbdc7d546162c1b.rlib" "/opt/rustwide/target/debug/deps/libprofiling-eeec6cf941fbe26e.rlib" "/opt/rustwide/target/debug/deps/libgpu_alloc-68b45efb165ce446.rlib" "/opt/rustwide/target/debug/deps/libgpu_alloc_types-50282d2bf27c564f.rlib" "/opt/rustwide/target/debug/deps/libash-08ec6ef3f1a200a1.rlib" "/opt/rustwide/target/debug/deps/liblibloading-8fc60105e6f7f82d.rlib" "/opt/rustwide/target/debug/deps/libnaga-c582a329a5dd57d1.rlib" "/opt/rustwide/target/debug/deps/librustc_hash-d8dd0847b35f1832.rlib" "/opt/rustwide/target/debug/deps/libhexf_parse-3bfcf334e526d93c.rlib" "/opt/rustwide/target/debug/deps/libunicode_xid-7324cd53bbf6ee44.rlib" "/opt/rustwide/target/debug/deps/liblog-90a4b5d311f95e9e.rlib" "/opt/rustwide/target/debug/deps/libbit_set-a2a6bff50cba83c5.rlib" "/opt/rustwide/target/debug/deps/libbit_vec-66b280c55763b85c.rlib" "/opt/rustwide/target/debug/deps/libcodespan_reporting-da4c7e11a0199bf6.rlib" "/opt/rustwide/target/debug/deps/libunicode_width-8c89bf6e02b90910.rlib" "/opt/rustwide/target/debug/deps/libtermcolor-7065c8621f7c2ff1.rlib" "/opt/rustwide/target/debug/deps/libspirv-966cb39dfa27a74a.rlib" "/opt/rustwide/target/debug/deps/libnum_traits-3b46dfbf697523e2.rlib" "/opt/rustwide/target/debug/deps/libbitflags-85e13ed1e0c6d910.rlib" "/opt/rustwide/target/debug/deps/libindexmap-2cafe60ab2958f74.rlib" "/opt/rustwide/target/debug/deps/libhashbrown-23f649268237ff5a.rlib" "/opt/rustwide/target/debug/deps/libahash-5d5aee3d180abf0e.rlib" "/opt/rustwide/target/debug/deps/libgetrandom-50362df39dca5e7c.rlib" "/opt/rustwide/target/debug/deps/libonce_cell-728f13abc4f8cf5f.rlib" "/opt/rustwide/target/debug/deps/libwgpu_types-2e7238f218c6c846.rlib" "/opt/rustwide/target/debug/deps/libbitflags-0b083acf45e2d00a.rlib" "/opt/rustwide/target/debug/deps/libraw_window_handle-5e055c0d0a282ff9.rlib" "/opt/rustwide/target/debug/deps/libglow-ec64ba394d67c452.rlib" "/opt/rustwide/target/debug/deps/libthiserror-f7a8f2367e8692d4.rlib" "/opt/rustwide/target/debug/deps/libparking_lot-90bcb100ab69f721.rlib" "/opt/rustwide/target/debug/deps/libparking_lot_core-cbf4a962a71abd36.rlib" "/opt/rustwide/target/debug/deps/liblibc-28cb6a1af7d75d80.rlib" "/opt/rustwide/target/debug/deps/libsmallvec-91fab7357547ac2a.rlib" "/opt/rustwide/target/debug/deps/liblock_api-ad8b138aaff071bc.rlib" "/opt/rustwide/target/debug/deps/libscopeguard-31f1b56a39f2a372.rlib" "/opt/rustwide/target/debug/deps/libinstant-11857eb893fd2c6b.rlib" "/opt/rustwide/target/debug/deps/libcfg_if-e7002d307f97bc56.rlib" "/opt/rustwide/target/debug/deps/libarrayvec-a0a94cc2ec578d49.rlib" "/opt/rustwide/rustup-home/toolchains/beta-2023-12-22-x86_64-unknown-linux-gnu/lib/rustlib/x86_64-unknown-linux-gnu/lib/libstd-0672489a78b613de.rlib" "/opt/rustwide/rustup-home/toolchains/beta-2023-12-22-x86_64-unknown-linux-gnu/lib/rustlib/x86_64-unknown-linux-gnu/lib/libpanic_unwind-7eb3ffc34a49f675.rlib" "/opt/rustwide/rustup-home/toolchains/beta-2023-12-22-x86_64-unknown-linux-gnu/lib/rustlib/x86_64-unknown-linux-gnu/lib/libobject-6478a9daa4bee8e2.rlib" "/opt/rustwide/rustup-home/toolchains/beta-2023-12-22-x86_64-unknown-linux-gnu/lib/rustlib/x86_64-unknown-linux-gnu/lib/libmemchr-0c75d871a5c3923d.rlib" "/opt/rustwide/rustup-home/toolchains/beta-2023-12-22-x86_64-unknown-linux-gnu/lib/rustlib/x86_64-unknown-linux-gnu/lib/libaddr2line-d163ef63ad37bb71.rlib" "/opt/rustwide/rustup-home/toolchains/beta-2023-12-22-x86_64-unknown-linux-gnu/lib/rustlib/x86_64-unknown-linux-gnu/lib/libgimli-8a3fd810a85b9f4c.rlib" "/opt/rustwide/rustup-home/toolchains/beta-2023-12-22-x86_64-unknown-linux-gnu/lib/rustlib/x86_64-unknown-linux-gnu/lib/librustc_demangle-462a2cde8c5dfc10.rlib" "/opt/rustwide/rustup-home/toolchains/beta-2023-12-22-x86_64-unknown-linux-gnu/lib/rustlib/x86_64-unknown-linux-gnu/lib/libstd_detect-cb06ac9f54713f71.rlib" "/opt/rustwide/rustup-home/toolchains/beta-2023-12-22-x86_64-unknown-linux-gnu/lib/rustlib/x86_64-unknown-linux-gnu/lib/libhashbrown-f20bfd1f8e59b393.rlib" "/opt/rustwide/rustup-home/toolchains/beta-2023-12-22-x86_64-unknown-linux-gnu/lib/rustlib/x86_64-unknown-linux-gnu/lib/librustc_std_workspace_alloc-1ef460949b49da4b.rlib" "/opt/rustwide/rustup-home/toolchains/beta-2023-12-22-x86_64-unknown-linux-gnu/lib/rustlib/x86_64-unknown-linux-gnu/lib/libminiz_oxide-2cb0c0ffe4f87514.rlib" "/opt/rustwide/rustup-home/toolchains/beta-2023-12-22-x86_64-unknown-linux-gnu/lib/rustlib/x86_64-unknown-linux-gnu/lib/libadler-58d841eb322a11a2.rlib" "/opt/rustwide/rustup-home/toolchains/beta-2023-12-22-x86_64-unknown-linux-gnu/lib/rustlib/x86_64-unknown-linux-gnu/lib/libunwind-aa2ae0b0a9d11533.rlib" "/opt/rustwide/rustup-home/toolchains/beta-2023-12-22-x86_64-unknown-linux-gnu/lib/rustlib/x86_64-unknown-linux-gnu/lib/libcfg_if-23874e15830ed336.rlib" "/opt/rustwide/rustup-home/toolchains/beta-2023-12-22-x86_64-unknown-linux-gnu/lib/rustlib/x86_64-unknown-linux-gnu/lib/liblibc-e47cddc003bce885.rlib" "/opt/rustwide/rustup-home/toolchains/beta-2023-12-22-x86_64-unknown-linux-gnu/lib/rustlib/x86_64-unknown-linux-gnu/lib/liballoc-c22b13b48a8f128e.rlib" "/opt/rustwide/rustup-home/toolchains/beta-2023-12-22-x86_64-unknown-linux-gnu/lib/rustlib/x86_64-unknown-linux-gnu/lib/librustc_std_workspace_core-e46bc3da6d7c462f.rlib" "/opt/rustwide/rustup-home/toolchains/beta-2023-12-22-x86_64-unknown-linux-gnu/lib/rustlib/x86_64-unknown-linux-gnu/lib/libcore-8d1ac131d3cb2645.rlib" "/opt/rustwide/rustup-home/toolchains/beta-2023-12-22-x86_64-unknown-linux-gnu/lib/rustlib/x86_64-unknown-linux-gnu/lib/libcompiler_builtins-a1b43df8c6899c1f.rlib" "-Wl,-Bdynamic" "-ldl" "-lgcc_s" "-lutil" "-lrt" "-lpthread" "-lm" "-ldl" "-lc" "-Wl,--eh-frame-hdr" "-Wl,-z,noexecstack" "-L" "/opt/rustwide/rustup-home/toolchains/beta-2023-12-22-x86_64-unknown-linux-gnu/lib/rustlib/x86_64-unknown-linux-gnu/lib" "-o" "/opt/rustwide/target/debug/deps/capture-d13335107d83dd9f" "-Wl,--gc-sections" "-pie" "-Wl,-z,relro,-z,now" "-nodefaultlibs"
[INFO] [stdout]   = note: collect2: fatal error: ld terminated with signal 9 [Killed]
[INFO] [stdout]           compilation terminated.
[INFO] [stdout]           
[INFO] [stdout] 
[INFO] [stdout] 
[INFO] [stdout] error: aborting due to 1 previous error
[INFO] [stdout] 
[INFO] [stdout] 
[INFO] [stderr] error: could not compile `wgpu-capture-example` (bin "capture") due to 2 previous errors
[INFO] [stdout] error: linking with `cc` failed: exit status: 1
[INFO] [stdout]   |
[INFO] [stdout]   = note: LC_ALL="C" PATH="/opt/rustwide/rustup-home/toolchains/beta-2023-12-22-x86_64-unknown-linux-gnu/lib/rustlib/x86_64-unknown-linux-gnu/bin:/opt/rustwide/cargo-home/bin:/usr/local/sbin:/usr/local/bin:/usr/sbin:/usr/bin:/sbin:/bin" VSLANG="1033" "cc" "-m64" "/tmp/rustcSGoeBj/symbols.o" "/opt/rustwide/target/debug/deps/hello_windows-47b6d0f800edc514.hello_windows.cbeb28c8f279761f-cgu.00.rcgu.o" "/opt/rustwide/target/debug/deps/hello_windows-47b6d0f800edc514.hello_windows.cbeb28c8f279761f-cgu.01.rcgu.o" "/opt/rustwide/target/debug/deps/hello_windows-47b6d0f800edc514.hello_windows.cbeb28c8f279761f-cgu.02.rcgu.o" "/opt/rustwide/target/debug/deps/hello_windows-47b6d0f800edc514.hello_windows.cbeb28c8f279761f-cgu.03.rcgu.o" "/opt/rustwide/target/debug/deps/hello_windows-47b6d0f800edc514.hello_windows.cbeb28c8f279761f-cgu.04.rcgu.o" "/opt/rustwide/target/debug/deps/hello_windows-47b6d0f800edc514.hello_windows.cbeb28c8f279761f-cgu.05.rcgu.o" "/opt/rustwide/target/debug/deps/hello_windows-47b6d0f800edc514.hello_windows.cbeb28c8f279761f-cgu.06.rcgu.o" "/opt/rustwide/target/debug/deps/hello_windows-47b6d0f800edc514.hello_windows.cbeb28c8f279761f-cgu.07.rcgu.o" "/opt/rustwide/target/debug/deps/hello_windows-47b6d0f800edc514.hello_windows.cbeb28c8f279761f-cgu.08.rcgu.o" "/opt/rustwide/target/debug/deps/hello_windows-47b6d0f800edc514.hello_windows.cbeb28c8f279761f-cgu.09.rcgu.o" "/opt/rustwide/target/debug/deps/hello_windows-47b6d0f800edc514.hello_windows.cbeb28c8f279761f-cgu.10.rcgu.o" "/opt/rustwide/target/debug/deps/hello_windows-47b6d0f800edc514.hello_windows.cbeb28c8f279761f-cgu.11.rcgu.o" "/opt/rustwide/target/debug/deps/hello_windows-47b6d0f800edc514.hello_windows.cbeb28c8f279761f-cgu.12.rcgu.o" "/opt/rustwide/target/debug/deps/hello_windows-47b6d0f800edc514.hello_windows.cbeb28c8f279761f-cgu.13.rcgu.o" "/opt/rustwide/target/debug/deps/hello_windows-47b6d0f800edc514.hello_windows.cbeb28c8f279761f-cgu.14.rcgu.o" "/opt/rustwide/target/debug/deps/hello_windows-47b6d0f800edc514.hello_windows.cbeb28c8f279761f-cgu.15.rcgu.o" "/opt/rustwide/target/debug/deps/hello_windows-47b6d0f800edc514.1cuzeykfzk2l16ud.rcgu.o" "-Wl,--as-needed" "-L" "/opt/rustwide/target/debug/deps" "-L" "/usr/lib/x86_64-linux-gnu" "-L" "/usr/lib/x86_64-linux-gnu" "-L" "/usr/lib/x86_64-linux-gnu" "-L" "/usr/lib/x86_64-linux-gnu" "-L" "/opt/rustwide/rustup-home/toolchains/beta-2023-12-22-x86_64-unknown-linux-gnu/lib/rustlib/x86_64-unknown-linux-gnu/lib" "-Wl,-Bstatic" "/opt/rustwide/target/debug/deps/libpollster-217fcbc93f9705e8.rlib" "/opt/rustwide/target/debug/deps/libenv_logger-306e8b616aee37d6.rlib" "/opt/rustwide/target/debug/deps/libis_terminal-ed1cefa5e34bb2ad.rlib" "/opt/rustwide/target/debug/deps/librustix-b2758464b20208ec.rlib" "/opt/rustwide/target/debug/deps/liblinux_raw_sys-7521897b8078e07d.rlib" "/opt/rustwide/target/debug/deps/libhumantime-ce381c4933d03978.rlib" "/opt/rustwide/target/debug/deps/libregex-9eda1b361132cc26.rlib" "/opt/rustwide/target/debug/deps/libaho_corasick-d424b0a92ce0dc1c.rlib" "/opt/rustwide/target/debug/deps/libregex_syntax-872285cd8c97779e.rlib" "/opt/rustwide/target/debug/deps/libwgpu-d5fdd2972c6878d0.rlib" "/opt/rustwide/target/debug/deps/libstatic_assertions-0ef270c4de502b0e.rlib" "/opt/rustwide/target/debug/deps/libwgpu_core-b50c7a9737a23343.rlib" "/opt/rustwide/target/debug/deps/libwgpu_hal-c999386a80469234.rlib" "/opt/rustwide/target/debug/deps/librenderdoc_sys-1d07d95b0a64b987.rlib" "/opt/rustwide/target/debug/deps/libgpu_descriptor-d7b978bf78454f5f.rlib" "/opt/rustwide/target/debug/deps/libgpu_descriptor_types-ad4de80ef5d608d5.rlib" "/opt/rustwide/target/debug/deps/libkhronos_egl-5fbdc7d546162c1b.rlib" "/opt/rustwide/target/debug/deps/libprofiling-eeec6cf941fbe26e.rlib" "/opt/rustwide/target/debug/deps/libgpu_alloc-68b45efb165ce446.rlib" "/opt/rustwide/target/debug/deps/libgpu_alloc_types-50282d2bf27c564f.rlib" "/opt/rustwide/target/debug/deps/libash-08ec6ef3f1a200a1.rlib" "/opt/rustwide/target/debug/deps/liblibloading-8fc60105e6f7f82d.rlib" "/opt/rustwide/target/debug/deps/libnaga-c582a329a5dd57d1.rlib" "/opt/rustwide/target/debug/deps/librustc_hash-d8dd0847b35f1832.rlib" "/opt/rustwide/target/debug/deps/libhexf_parse-3bfcf334e526d93c.rlib" "/opt/rustwide/target/debug/deps/libunicode_xid-7324cd53bbf6ee44.rlib" "/opt/rustwide/target/debug/deps/libbit_set-a2a6bff50cba83c5.rlib" "/opt/rustwide/target/debug/deps/libbit_vec-66b280c55763b85c.rlib" "/opt/rustwide/target/debug/deps/libcodespan_reporting-da4c7e11a0199bf6.rlib" "/opt/rustwide/target/debug/deps/libunicode_width-8c89bf6e02b90910.rlib" "/opt/rustwide/target/debug/deps/libtermcolor-7065c8621f7c2ff1.rlib" "/opt/rustwide/target/debug/deps/libspirv-966cb39dfa27a74a.rlib" "/opt/rustwide/target/debug/deps/libnum_traits-3b46dfbf697523e2.rlib" "/opt/rustwide/target/debug/deps/libindexmap-2cafe60ab2958f74.rlib" "/opt/rustwide/target/debug/deps/libhashbrown-23f649268237ff5a.rlib" "/opt/rustwide/target/debug/deps/libahash-5d5aee3d180abf0e.rlib" "/opt/rustwide/target/debug/deps/libgetrandom-50362df39dca5e7c.rlib" "/opt/rustwide/target/debug/deps/libwgpu_types-2e7238f218c6c846.rlib" "/opt/rustwide/target/debug/deps/libbitflags-0b083acf45e2d00a.rlib" "/opt/rustwide/target/debug/deps/libglow-ec64ba394d67c452.rlib" "/opt/rustwide/target/debug/deps/libparking_lot-90bcb100ab69f721.rlib" "/opt/rustwide/target/debug/deps/libparking_lot_core-cbf4a962a71abd36.rlib" "/opt/rustwide/target/debug/deps/libarrayvec-a0a94cc2ec578d49.rlib" "/opt/rustwide/target/debug/deps/libwinit-ee21860c038814fb.rlib" "/opt/rustwide/target/debug/deps/libsctk_adwaita-432a0482ff9181af.rlib" "/opt/rustwide/target/debug/deps/libcrossfont-e2660bc20ce901a8.rlib" "/opt/rustwide/target/debug/deps/libfontconfig-f85a47a837b000dc.rlib" "/opt/rustwide/target/debug/deps/libfontconfig_sys-98dd84892d2d5d9b.rlib" "/opt/rustwide/target/debug/deps/libexpat_sys-73c8dd43bfd1aae8.rlib" "/opt/rustwide/target/debug/deps/libforeign_types-2e1d5a93397865f0.rlib" "/opt/rustwide/target/debug/deps/libforeign_types_shared-a43bc72ff30246ad.rlib" "/opt/rustwide/target/debug/deps/libfreetype-70f1bce865727c54.rlib" "/opt/rustwide/target/debug/deps/libfreetype_sys-9da8585edc202fab.rlib" "/opt/rustwide/target/debug/deps/libtiny_skia-ae9d6703a4b89421.rlib" "/opt/rustwide/target/debug/deps/libpng-3ab7f4a38f9bbf69.rlib" "/opt/rustwide/target/debug/deps/libflate2-ce906ea28cda4acd.rlib" "/opt/rustwide/target/debug/deps/libminiz_oxide-2e5b2015b5f72628.rlib" "/opt/rustwide/target/debug/deps/libfdeflate-e577b7cb0ad54d0f.rlib" "/opt/rustwide/target/debug/deps/libsimd_adler32-e5f5dc84b1502425.rlib" "/opt/rustwide/target/debug/deps/libcrc32fast-dbea8ee6fb11ce73.rlib" "/opt/rustwide/target/debug/deps/libsafe_arch-c9575d12e7a4b80f.rlib" "/opt/rustwide/target/debug/deps/libarrayvec-49d3789586364d06.rlib" "/opt/rustwide/target/debug/deps/libtiny_skia_path-20421eb1a8288111.rlib" "/opt/rustwide/target/debug/deps/libbytemuck-01fca3f00f723c22.rlib" "/opt/rustwide/target/debug/deps/libarrayref-8957ff1d73700ff2.rlib" "/opt/rustwide/target/debug/deps/libraw_window_handle-07f4e665e95c51da.rlib" "/opt/rustwide/target/debug/deps/libcty-ed476ee9391a3a77.rlib" "/opt/rustwide/target/debug/deps/libmio-b9a6275c6b61d297.rlib" "/opt/rustwide/target/debug/deps/libx11_dl-381f6e45063c1d34.rlib" "/opt/rustwide/target/debug/deps/libpercent_encoding-c878b6f40f2978b2.rlib" "/opt/rustwide/target/debug/deps/libsmithay_client_toolkit-7f272cd9b084761b.rlib" "/opt/rustwide/target/debug/deps/libwayland_cursor-79f8a74237eee118.rlib" "/opt/rustwide/target/debug/deps/libxcursor-0073f03fa39dbb16.rlib" "/opt/rustwide/target/debug/deps/libnom-5d9fa5115288a904.rlib" "/opt/rustwide/target/debug/deps/libmemchr-33d05ae5bba76030.rlib" "/opt/rustwide/target/debug/deps/libmemmap2-2fc6e5de2d444ee7.rlib" "/opt/rustwide/target/debug/deps/libwayland_protocols-5ac9181fc330857d.rlib" "/opt/rustwide/target/debug/deps/libwayland_client-17eb732541e9ca7f.rlib" "/opt/rustwide/target/debug/deps/libscoped_tls-f6838ea757d14c0f.rlib" "/opt/rustwide/target/debug/deps/libwayland_commons-f24815c83db08cb6.rlib" "/opt/rustwide/target/debug/deps/libnix-100145c0eaa43091.rlib" "/opt/rustwide/target/debug/deps/libwayland_sys-affa56c3c9ca616e.rlib" "/opt/rustwide/target/debug/deps/liblazy_static-efa3519517df6cf0.rlib" "/opt/rustwide/target/debug/deps/libcalloop-147a8ea47ab2cacc.rlib" "/opt/rustwide/target/debug/deps/libthiserror-f7a8f2367e8692d4.rlib" "/opt/rustwide/target/debug/deps/libslotmap-f6a7ffbdfc285241.rlib" "/opt/rustwide/target/debug/deps/libnix-7d0ed1e32b953f54.rlib" "/opt/rustwide/target/debug/deps/libmemoffset-3b8b6c5d2cb3d911.rlib" "/opt/rustwide/target/debug/deps/libvec_map-5b55b3a0782d93d8.rlib" "/opt/rustwide/target/debug/deps/libdlib-4349ae02b84d265d.rlib" "/opt/rustwide/target/debug/deps/liblibloading-956ae151255f3bc6.rlib" "/opt/rustwide/target/debug/deps/libparking_lot-01cb0fb20cf4104a.rlib" "/opt/rustwide/target/debug/deps/libparking_lot_core-6eda72efb91f611f.rlib" "/opt/rustwide/target/debug/deps/liblibc-28cb6a1af7d75d80.rlib" "/opt/rustwide/target/debug/deps/libsmallvec-91fab7357547ac2a.rlib" "/opt/rustwide/target/debug/deps/liblock_api-ad8b138aaff071bc.rlib" "/opt/rustwide/target/debug/deps/libscopeguard-31f1b56a39f2a372.rlib" "/opt/rustwide/target/debug/deps/libraw_window_handle-5e055c0d0a282ff9.rlib" "/opt/rustwide/target/debug/deps/libonce_cell-728f13abc4f8cf5f.rlib" "/opt/rustwide/target/debug/deps/libinstant-11857eb893fd2c6b.rlib" "/opt/rustwide/target/debug/deps/libcfg_if-e7002d307f97bc56.rlib" "/opt/rustwide/target/debug/deps/libbitflags-85e13ed1e0c6d910.rlib" "/opt/rustwide/target/debug/deps/liblog-90a4b5d311f95e9e.rlib" "/opt/rustwide/rustup-home/toolchains/beta-2023-12-22-x86_64-unknown-linux-gnu/lib/rustlib/x86_64-unknown-linux-gnu/lib/libstd-0672489a78b613de.rlib" "/opt/rustwide/rustup-home/toolchains/beta-2023-12-22-x86_64-unknown-linux-gnu/lib/rustlib/x86_64-unknown-linux-gnu/lib/libpanic_unwind-7eb3ffc34a49f675.rlib" "/opt/rustwide/rustup-home/toolchains/beta-2023-12-22-x86_64-unknown-linux-gnu/lib/rustlib/x86_64-unknown-linux-gnu/lib/libobject-6478a9daa4bee8e2.rlib" "/opt/rustwide/rustup-home/toolchains/beta-2023-12-22-x86_64-unknown-linux-gnu/lib/rustlib/x86_64-unknown-linux-gnu/lib/libmemchr-0c75d871a5c3923d.rlib" "/opt/rustwide/rustup-home/toolchains/beta-2023-12-22-x86_64-unknown-linux-gnu/lib/rustlib/x86_64-unknown-linux-gnu/lib/libaddr2line-d163ef63ad37bb71.rlib" "/opt/rustwide/rustup-home/toolchains/beta-2023-12-22-x86_64-unknown-linux-gnu/lib/rustlib/x86_64-unknown-linux-gnu/lib/libgimli-8a3fd810a85b9f4c.rlib" "/opt/rustwide/rustup-home/toolchains/beta-2023-12-22-x86_64-unknown-linux-gnu/lib/rustlib/x86_64-unknown-linux-gnu/lib/librustc_demangle-462a2cde8c5dfc10.rlib" "/opt/rustwide/rustup-home/toolchains/beta-2023-12-22-x86_64-unknown-linux-gnu/lib/rustlib/x86_64-unknown-linux-gnu/lib/libstd_detect-cb06ac9f54713f71.rlib" "/opt/rustwide/rustup-home/toolchains/beta-2023-12-22-x86_64-unknown-linux-gnu/lib/rustlib/x86_64-unknown-linux-gnu/lib/libhashbrown-f20bfd1f8e59b393.rlib" "/opt/rustwide/rustup-home/toolchains/beta-2023-12-22-x86_64-unknown-linux-gnu/lib/rustlib/x86_64-unknown-linux-gnu/lib/librustc_std_workspace_alloc-1ef460949b49da4b.rlib" "/opt/rustwide/rustup-home/toolchains/beta-2023-12-22-x86_64-unknown-linux-gnu/lib/rustlib/x86_64-unknown-linux-gnu/lib/libminiz_oxide-2cb0c0ffe4f87514.rlib" "/opt/rustwide/rustup-home/toolchains/beta-2023-12-22-x86_64-unknown-linux-gnu/lib/rustlib/x86_64-unknown-linux-gnu/lib/libadler-58d841eb322a11a2.rlib" "/opt/rustwide/rustup-home/toolchains/beta-2023-12-22-x86_64-unknown-linux-gnu/lib/rustlib/x86_64-unknown-linux-gnu/lib/libunwind-aa2ae0b0a9d11533.rlib" "/opt/rustwide/rustup-home/toolchains/beta-2023-12-22-x86_64-unknown-linux-gnu/lib/rustlib/x86_64-unknown-linux-gnu/lib/libcfg_if-23874e15830ed336.rlib" "/opt/rustwide/rustup-home/toolchains/beta-2023-12-22-x86_64-unknown-linux-gnu/lib/rustlib/x86_64-unknown-linux-gnu/lib/liblibc-e47cddc003bce885.rlib" "/opt/rustwide/rustup-home/toolchains/beta-2023-12-22-x86_64-unknown-linux-gnu/lib/rustlib/x86_64-unknown-linux-gnu/lib/liballoc-c22b13b48a8f128e.rlib" "/opt/rustwide/rustup-home/toolchains/beta-2023-12-22-x86_64-unknown-linux-gnu/lib/rustlib/x86_64-unknown-linux-gnu/lib/librustc_std_workspace_core-e46bc3da6d7c462f.rlib" "/opt/rustwide/rustup-home/toolchains/beta-2023-12-22-x86_64-unknown-linux-gnu/lib/rustlib/x86_64-unknown-linux-gnu/lib/libcore-8d1ac131d3cb2645.rlib" "/opt/rustwide/rustup-home/toolchains/beta-2023-12-22-x86_64-unknown-linux-gnu/lib/rustlib/x86_64-unknown-linux-gnu/lib/libcompiler_builtins-a1b43df8c6899c1f.rlib" "-Wl,-Bdynamic" "-ldl" "-lfreetype" "-lfontconfig" "-lfreetype" "-lexpat" "-lm" "-lfreetype" "-ldl" "-ldl" "-lgcc_s" "-lutil" "-lrt" "-lpthread" "-lm" "-ldl" "-lc" "-Wl,--eh-frame-hdr" "-Wl,-z,noexecstack" "-L" "/opt/rustwide/rustup-home/toolchains/beta-2023-12-22-x86_64-unknown-linux-gnu/lib/rustlib/x86_64-unknown-linux-gnu/lib" "-o" "/opt/rustwide/target/debug/deps/hello_windows-47b6d0f800edc514" "-Wl,--gc-sections" "-pie" "-Wl,-z,relro,-z,now" "-nodefaultlibs"
[INFO] [stdout]   = note: collect2: fatal error: ld terminated with signal 9 [Killed]
[INFO] [stdout]           compilation terminated.
[INFO] [stdout]           
[INFO] [stdout] 
[INFO] [stdout] 
[INFO] [stdout] error: aborting due to 1 previous error
[INFO] [stdout] 
[INFO] [stdout] 
[INFO] [stderr] error: could not compile `wgpu-hello-windows-example` (bin "hello-windows") due to 2 previous errors
[INFO] [stdout] warning: 1 warning emitted
[INFO] [stdout] 
[INFO] [stdout] 
[INFO] running `Command { std: "docker" "inspect" "6a509f8278d0b28bea221c4a29d258624491d431fb2a7feefcb00a343e7ed78f", kill_on_drop: false }`
[INFO] running `Command { std: "docker" "rm" "-f" "6a509f8278d0b28bea221c4a29d258624491d431fb2a7feefcb00a343e7ed78f", kill_on_drop: false }`
[INFO] [stdout] 6a509f8278d0b28bea221c4a29d258624491d431fb2a7feefcb00a343e7ed78f
