[INFO] cloning repository https://github.com/DavidVentura/Advent_of_code_2018
[INFO] running `Command { std: "git" "-c" "credential.helper=" "-c" "credential.helper=/workspace/cargo-home/bin/git-credential-null" "clone" "--bare" "https://github.com/DavidVentura/Advent_of_code_2018" "/workspace/cache/git-repos/https%3A%2F%2Fgithub.com%2FDavidVentura%2FAdvent_of_code_2018", kill_on_drop: false }`
[INFO] [stderr] Cloning into bare repository '/workspace/cache/git-repos/https%3A%2F%2Fgithub.com%2FDavidVentura%2FAdvent_of_code_2018'...
[INFO] running `Command { std: "git" "rev-parse" "HEAD", kill_on_drop: false }`
[INFO] [stdout] f47c3174b00b46c60215295f24840085cf27f356
[INFO] testing DavidVentura/Advent_of_code_2018 against 1.75.0 for beta-1.76-1
[INFO] running `Command { std: "git" "clone" "/workspace/cache/git-repos/https%3A%2F%2Fgithub.com%2FDavidVentura%2FAdvent_of_code_2018" "/workspace/builds/worker-1-tc1/source", kill_on_drop: false }`
[INFO] [stderr] Cloning into '/workspace/builds/worker-1-tc1/source'...
[INFO] [stderr] done.
[INFO] validating manifest of git repo https://github.com/DavidVentura/Advent_of_code_2018 on toolchain 1.75.0
[INFO] running `Command { std: CARGO_HOME="/workspace/cargo-home" RUSTUP_HOME="/workspace/rustup-home" "/workspace/cargo-home/bin/cargo" "+1.75.0" "metadata" "--manifest-path" "Cargo.toml" "--no-deps", kill_on_drop: false }`
[INFO] started tweaking git repo https://github.com/DavidVentura/Advent_of_code_2018
[INFO] finished tweaking git repo https://github.com/DavidVentura/Advent_of_code_2018
[INFO] tweaked toml for git repo https://github.com/DavidVentura/Advent_of_code_2018 written to /workspace/builds/worker-1-tc1/source/Cargo.toml
[INFO] crate git repo https://github.com/DavidVentura/Advent_of_code_2018 already has a lockfile, it will not be regenerated
[INFO] running `Command { std: CARGO_HOME="/workspace/cargo-home" RUSTUP_HOME="/workspace/rustup-home" "/workspace/cargo-home/bin/cargo" "+1.75.0" "fetch" "--manifest-path" "Cargo.toml", kill_on_drop: false }`
[INFO] [stderr]     Updating crates.io index
[INFO] [stderr]  Downloading crates ...
[INFO] [stderr]   Downloaded MacTypes-sys v1.3.0
[INFO] [stderr]   Downloaded rand v0.3.22
[INFO] [stderr]   Downloaded openssl-sys v0.9.40
[INFO] [stderr]   Downloaded security-framework-sys v0.2.2
[INFO] [stderr]   Downloaded rand_os v0.1.0
[INFO] [stderr]   Downloaded time v0.1.41
[INFO] [stderr]   Downloaded libflate v0.1.19
[INFO] [stderr]   Downloaded serde_json v1.0.34
[INFO] [stderr]   Downloaded rand v0.6.3
[INFO] [stderr]   Downloaded openssl v0.10.16
[INFO] [stderr]   Downloaded encoding_rs v0.8.13
[INFO] [stderr]   Downloaded rand v0.4.3
[INFO] [stderr]   Downloaded hyper v0.12.19
[INFO] [stderr]   Downloaded h2 v0.1.14
[INFO] running `Command { std: "docker" "create" "-v" "/var/lib/crater-agent-workspace/builds/worker-1-tc1/target:/opt/rustwide/target:rw,Z" "-v" "/var/lib/crater-agent-workspace/builds/worker-1-tc1/source:/opt/rustwide/workdir:ro,Z" "-v" "/var/lib/crater-agent-workspace/cargo-home:/opt/rustwide/cargo-home:ro,Z" "-v" "/var/lib/crater-agent-workspace/rustup-home:/opt/rustwide/rustup-home:ro,Z" "-e" "SOURCE_DIR=/opt/rustwide/workdir" "-e" "CARGO_TARGET_DIR=/opt/rustwide/target" "-e" "CARGO_HOME=/opt/rustwide/cargo-home" "-e" "RUSTUP_HOME=/opt/rustwide/rustup-home" "-w" "/opt/rustwide/workdir" "-m" "1610612736" "--user" "0:0" "--network" "none" "ghcr.io/rust-lang/crates-build-env/linux@sha256:2788e3201cd34a07e3172128adcd8b3090168a8e3bcc40d7c032b9dda1df7d1c" "/opt/rustwide/cargo-home/bin/cargo" "+1.75.0" "metadata" "--no-deps" "--format-version=1", kill_on_drop: false }`
[INFO] [stdout] 23819a13f3be57512cd9ff2038214d422afcb8df9528d1ce61bf68e044846f35
[INFO] running `Command { std: "docker" "start" "-a" "23819a13f3be57512cd9ff2038214d422afcb8df9528d1ce61bf68e044846f35", kill_on_drop: false }`
[INFO] running `Command { std: "docker" "inspect" "23819a13f3be57512cd9ff2038214d422afcb8df9528d1ce61bf68e044846f35", kill_on_drop: false }`
[INFO] running `Command { std: "docker" "rm" "-f" "23819a13f3be57512cd9ff2038214d422afcb8df9528d1ce61bf68e044846f35", kill_on_drop: false }`
[INFO] [stdout] 23819a13f3be57512cd9ff2038214d422afcb8df9528d1ce61bf68e044846f35
[INFO] running `Command { std: "docker" "create" "-v" "/var/lib/crater-agent-workspace/builds/worker-1-tc1/target:/opt/rustwide/target:rw,Z" "-v" "/var/lib/crater-agent-workspace/builds/worker-1-tc1/source:/opt/rustwide/workdir:ro,Z" "-v" "/var/lib/crater-agent-workspace/cargo-home:/opt/rustwide/cargo-home:ro,Z" "-v" "/var/lib/crater-agent-workspace/rustup-home:/opt/rustwide/rustup-home:ro,Z" "-e" "SOURCE_DIR=/opt/rustwide/workdir" "-e" "CARGO_TARGET_DIR=/opt/rustwide/target" "-e" "CARGO_INCREMENTAL=0" "-e" "RUST_BACKTRACE=full" "-e" "RUSTFLAGS=--cap-lints=warn" "-e" "RUSTDOCFLAGS=--cap-lints=warn" "-e" "CARGO_HOME=/opt/rustwide/cargo-home" "-e" "RUSTUP_HOME=/opt/rustwide/rustup-home" "-w" "/opt/rustwide/workdir" "-m" "1610612736" "--user" "0:0" "--network" "none" "ghcr.io/rust-lang/crates-build-env/linux@sha256:2788e3201cd34a07e3172128adcd8b3090168a8e3bcc40d7c032b9dda1df7d1c" "/opt/rustwide/cargo-home/bin/cargo" "+1.75.0" "build" "--frozen" "--message-format=json", kill_on_drop: false }`
[INFO] [stdout] 656ace05a04233f95d98539898bd712e3795c9f16fffe154fb204f15f320c0db
[INFO] running `Command { std: "docker" "start" "-a" "656ace05a04233f95d98539898bd712e3795c9f16fffe154fb204f15f320c0db", kill_on_drop: false }`
[INFO] [stderr]    Compiling libc v0.2.46
[INFO] [stderr]    Compiling rand_core v0.3.0
[INFO] [stderr]    Compiling cfg-if v0.1.6
[INFO] [stderr]    Compiling futures v0.1.25
[INFO] [stderr]    Compiling byteorder v1.2.7
[INFO] [stderr]    Compiling version_check v0.1.5
[INFO] [stderr]    Compiling lazy_static v1.2.0
[INFO] [stderr]    Compiling scopeguard v0.3.3
[INFO] [stderr]    Compiling autocfg v0.1.1
[INFO] [stderr]    Compiling slab v0.4.1
[INFO] [stderr]    Compiling void v1.0.2
[INFO] [stderr]    Compiling stable_deref_trait v1.1.1
[INFO] [stderr]    Compiling arrayvec v0.4.10
[INFO] [stderr]    Compiling lazycell v1.2.1
[INFO] [stderr]    Compiling nodrop v0.1.13
[INFO] [stderr]    Compiling parking_lot_core v0.3.1
[INFO] [stderr]    Compiling log v0.4.6
[INFO] [stderr]    Compiling crossbeam-utils v0.6.3
[INFO] [stderr]    Compiling unreachable v1.0.0
[INFO] [stderr]    Compiling owning_ref v0.4.0
[INFO] [stderr]    Compiling rand_pcg v0.1.1
[INFO] [stderr]    Compiling cc v1.0.28
[INFO] [stderr]    Compiling smallvec v0.6.7
[INFO] [stderr]    Compiling pkg-config v0.3.14
[INFO] [stderr]    Compiling siphasher v0.2.3
[INFO] [stderr]    Compiling rand_core v0.2.2
[INFO] [stderr]    Compiling lock_api v0.1.5
[INFO] [stderr]    Compiling memoffset v0.2.1
[INFO] [stderr]    Compiling rand_hc v0.1.0
[INFO] [stderr]    Compiling rand_xorshift v0.1.1
[INFO] [stderr]    Compiling rand_isaac v0.1.1
[INFO] [stderr]    Compiling unicase v1.4.2
[INFO] [stderr]    Compiling rand_chacha v0.1.1
[INFO] [stderr]    Compiling rand v0.6.3
[INFO] [stderr]    Compiling itoa v0.4.3
[INFO] [stderr]    Compiling unicase v2.2.0
[INFO] [stderr]    Compiling foreign-types-shared v0.1.1
[INFO] [stderr]    Compiling matches v0.1.8
[INFO] [stderr]    Compiling serde v1.0.84
[INFO] [stderr]    Compiling fnv v1.0.6
[INFO] [stderr]    Compiling openssl v0.10.16
[INFO] [stderr]    Compiling httparse v1.3.3
[INFO] [stderr]    Compiling unicode-bidi v0.3.4
[INFO] [stderr]    Compiling foreign-types v0.3.2
[INFO] [stderr]    Compiling bitflags v1.0.4
[INFO] [stderr]    Compiling unicode-normalization v0.1.7
[INFO] [stderr]    Compiling indexmap v1.0.2
[INFO] [stderr]    Compiling native-tls v0.2.2
[INFO] [stderr]    Compiling string v0.1.2
[INFO] [stderr]    Compiling crc32fast v1.1.2
[INFO] [stderr]    Compiling try-lock v0.2.2
[INFO] [stderr]    Compiling phf_shared v0.7.23
[INFO] [stderr]    Compiling ryu v0.2.7
[INFO] [stderr]    Compiling encoding_rs v0.8.13
[INFO] [stderr]    Compiling crossbeam-epoch v0.7.0
[INFO] [stderr]    Compiling percent-encoding v1.0.1
[INFO] [stderr]    Compiling rand v0.5.5
[INFO] [stderr]    Compiling iovec v0.1.2
[INFO] [stderr]    Compiling num_cpus v1.9.0
[INFO] [stderr]    Compiling net2 v0.2.33
[INFO] [stderr]    Compiling bytes v0.4.11
[INFO] [stderr]    Compiling rand_os v0.1.0
[INFO] [stderr]    Compiling crossbeam-deque v0.6.3
[INFO] [stderr]    Compiling time v0.1.41
[INFO] [stderr]    Compiling openssl-probe v0.1.2
[INFO] [stderr]    Compiling mio v0.6.16
[INFO] [stderr]    Compiling mime v0.3.12
[INFO] [stderr]    Compiling openssl-sys v0.9.40
[INFO] [stderr]    Compiling phf v0.7.23
[INFO] [stderr]    Compiling adler32 v1.0.3
[INFO] [stderr]    Compiling http v0.1.14
[INFO] [stderr]    Compiling safemem v0.3.0
[INFO] [stderr]    Compiling dtoa v0.4.3
[INFO] [stderr]    Compiling base64 v0.9.3
[INFO] [stderr]    Compiling libflate v0.1.19
[INFO] [stderr]    Compiling tokio-executor v0.1.5
[INFO] [stderr]    Compiling tokio-io v0.1.10
[INFO] [stderr]    Compiling futures-cpupool v0.1.8
[INFO] [stderr]    Compiling want v0.0.6
[INFO] [stderr]    Compiling tokio-current-thread v0.1.4
[INFO] [stderr]    Compiling tokio-timer v0.2.8
[INFO] [stderr]    Compiling rand v0.4.3
[INFO] [stderr]    Compiling tokio-codec v0.1.1
[INFO] [stderr]    Compiling mio-uds v0.6.7
[INFO] [stderr]    Compiling phf_generator v0.7.23
[INFO] [stderr] The following warnings were emitted during compilation:
[INFO] [stderr] 
[INFO] [stderr] warning: openssl-sys@0.9.40: /opt/rustwide/target/debug/build/openssl-sys-12deda61f17873e4/out/expando.c:4:24: error: pasting "RUST_VERSION_OPENSSL_" and "(" does not give a valid preprocessing token
[INFO] [stderr] warning: openssl-sys@0.9.40:     4 | #define VERSION2(n, v) RUST_VERSION_ ## n ## _ ## v
[INFO] [stderr] warning: openssl-sys@0.9.40:       |                        ^~~~~~~~~~~~~
[INFO] [stderr] warning: openssl-sys@0.9.40: /opt/rustwide/target/debug/build/openssl-sys-12deda61f17873e4/out/expando.c:5:23: note: in expansion of macro 'VERSION2'
[INFO] [stderr] warning: openssl-sys@0.9.40:     5 | #define VERSION(n, v) VERSION2(n, v)
[INFO] [stderr] warning: openssl-sys@0.9.40:       |                       ^~~~~~~~
[INFO] [stderr] warning: openssl-sys@0.9.40: /opt/rustwide/target/debug/build/openssl-sys-12deda61f17873e4/out/expando.c:7:1: note: in expansion of macro 'VERSION'
[INFO] [stderr] warning: openssl-sys@0.9.40:     7 | VERSION(OPENSSL, OPENSSL_VERSION_NUMBER)
[INFO] [stderr] warning: openssl-sys@0.9.40:       | ^~~~~~~
[INFO] [stderr] 
[INFO] [stderr] error: failed to run custom build command for `openssl-sys v0.9.40`
[INFO] [stderr] note: To improve backtraces for build dependencies, set the CARGO_PROFILE_DEV_BUILD_OVERRIDE_DEBUG=true environment variable to enable debug information generation.
[INFO] [stderr] 
[INFO] [stderr] Caused by:
[INFO] [stderr]   process didn't exit successfully: `/opt/rustwide/target/debug/build/openssl-sys-ad5c99e781db9e2c/build-script-main` (exit status: 101)
[INFO] [stderr]   --- stdout
[INFO] [stderr]   cargo:rerun-if-env-changed=X86_64_UNKNOWN_LINUX_GNU_OPENSSL_LIB_DIR
[INFO] [stderr]   cargo:rerun-if-env-changed=OPENSSL_LIB_DIR
[INFO] [stderr]   cargo:rerun-if-env-changed=X86_64_UNKNOWN_LINUX_GNU_OPENSSL_INCLUDE_DIR
[INFO] [stderr]   cargo:rerun-if-env-changed=OPENSSL_INCLUDE_DIR
[INFO] [stderr]   cargo:rerun-if-env-changed=X86_64_UNKNOWN_LINUX_GNU_OPENSSL_DIR
[INFO] [stderr]   cargo:rerun-if-env-changed=OPENSSL_DIR
[INFO] [stderr]   cargo:rustc-link-lib=ssl
[INFO] [stderr]   cargo:rustc-link-lib=crypto
[INFO] [stderr]   OPT_LEVEL = Some("0")
[INFO] [stderr]   TARGET = Some("x86_64-unknown-linux-gnu")
[INFO] [stderr]   HOST = Some("x86_64-unknown-linux-gnu")
[INFO] [stderr]   CC_x86_64-unknown-linux-gnu = None
[INFO] [stderr]   CC_x86_64_unknown_linux_gnu = None
[INFO] [stderr]   HOST_CC = None
[INFO] [stderr]   CC = None
[INFO] [stderr]   CFLAGS_x86_64-unknown-linux-gnu = None
[INFO] [stderr]   CFLAGS_x86_64_unknown_linux_gnu = None
[INFO] [stderr]   HOST_CFLAGS = None
[INFO] [stderr]   CFLAGS = None
[INFO] [stderr]   DEBUG = Some("true")
[INFO] [stderr]   running: "cc" "-O0" "-ffunction-sections" "-fdata-sections" "-fPIC" "-g" "-fno-omit-frame-pointer" "-m64" "-Wall" "-Wextra" "-E" "/opt/rustwide/target/debug/build/openssl-sys-12deda61f17873e4/out/expando.c"
[INFO] [stderr]   cargo:warning=/opt/rustwide/target/debug/build/openssl-sys-12deda61f17873e4/out/expando.c:4:24: error: pasting "RUST_VERSION_OPENSSL_" and "(" does not give a valid preprocessing token
[INFO] [stderr]   cargo:warning=    4 | #define VERSION2(n, v) RUST_VERSION_ ## n ## _ ## v
[INFO] [stderr]   cargo:warning=      |                        ^~~~~~~~~~~~~
[INFO] [stderr]   cargo:warning=/opt/rustwide/target/debug/build/openssl-sys-12deda61f17873e4/out/expando.c:5:23: note: in expansion of macro 'VERSION2'
[INFO] [stderr]   cargo:warning=    5 | #define VERSION(n, v) VERSION2(n, v)
[INFO] [stderr]   cargo:warning=      |                       ^~~~~~~~
[INFO] [stderr]   cargo:warning=/opt/rustwide/target/debug/build/openssl-sys-12deda61f17873e4/out/expando.c:7:1: note: in expansion of macro 'VERSION'
[INFO] [stderr]   cargo:warning=    7 | VERSION(OPENSSL, OPENSSL_VERSION_NUMBER)
[INFO] [stderr]   cargo:warning=      | ^~~~~~~
[INFO] [stderr]   exit status: 1
[INFO] [stderr] 
[INFO] [stderr]   --- stderr
[INFO] [stderr]   thread 'main' panicked at /opt/rustwide/cargo-home/registry/src/index.crates.io-6f17d22bba15001f/openssl-sys-0.9.40/build/main.rs:432:13:
[INFO] [stderr] 
[INFO] [stderr]   Header expansion error:
[INFO] [stderr]   Error { kind: ToolExecError, message: "Command \"cc\" \"-O0\" \"-ffunction-sections\" \"-fdata-sections\" \"-fPIC\" \"-g\" \"-fno-omit-frame-pointer\" \"-m64\" \"-Wall\" \"-Wextra\" \"-E\" \"/opt/rustwide/target/debug/build/openssl-sys-12deda61f17873e4/out/expando.c\" with args \"cc\" did not execute successfully (status code exit status: 1)." }
[INFO] [stderr] 
[INFO] [stderr]   Failed to find OpenSSL development headers.
[INFO] [stderr] 
[INFO] [stderr]   You can try fixing this setting the `OPENSSL_DIR` environment variable
[INFO] [stderr]   pointing to your OpenSSL installation or installing OpenSSL headers package
[INFO] [stderr]   specific to your distribution:
[INFO] [stderr] 
[INFO] [stderr]       # On Ubuntu
[INFO] [stderr]       sudo apt-get install libssl-dev
[INFO] [stderr]       # On Arch Linux
[INFO] [stderr]       sudo pacman -S openssl
[INFO] [stderr]       # On Fedora
[INFO] [stderr]       sudo dnf install openssl-devel
[INFO] [stderr] 
[INFO] [stderr]   See rust-openssl README for more information:
[INFO] [stderr] 
[INFO] [stderr]       https://github.com/sfackler/rust-openssl#linux
[INFO] [stderr] 
[INFO] [stderr]   stack backtrace:
[INFO] [stderr]      0:     0x55fa61c50f0c - std::backtrace_rs::backtrace::libunwind::trace::ha637c64ce894333a
[INFO] [stderr]                                  at /rustc/82e1608dfa6e0b5569232559e3d385fea5a93112/library/std/src/../../backtrace/src/backtrace/libunwind.rs:104:5
[INFO] [stderr]      1:     0x55fa61c50f0c - std::backtrace_rs::backtrace::trace_unsynchronized::h47f62dea28e0c88d
[INFO] [stderr]                                  at /rustc/82e1608dfa6e0b5569232559e3d385fea5a93112/library/std/src/../../backtrace/src/backtrace/mod.rs:66:5
[INFO] [stderr]      2:     0x55fa61c50f0c - std::sys_common::backtrace::_print_fmt::h9eef0abe20ede486
[INFO] [stderr]                                  at /rustc/82e1608dfa6e0b5569232559e3d385fea5a93112/library/std/src/sys_common/backtrace.rs:67:5
[INFO] [stderr]      3:     0x55fa61c50f0c - <std::sys_common::backtrace::_print::DisplayBacktrace as core::fmt::Display>::fmt::hed7f999df88cc644
[INFO] [stderr]                                  at /rustc/82e1608dfa6e0b5569232559e3d385fea5a93112/library/std/src/sys_common/backtrace.rs:44:22
[INFO] [stderr]      4:     0x55fa61c77040 - core::fmt::rt::Argument::fmt::h1539a9308b8d058d
[INFO] [stderr]                                  at /rustc/82e1608dfa6e0b5569232559e3d385fea5a93112/library/core/src/fmt/rt.rs:142:9
[INFO] [stderr]      5:     0x55fa61c77040 - core::fmt::write::h3a39390d8560d9c9
[INFO] [stderr]                                  at /rustc/82e1608dfa6e0b5569232559e3d385fea5a93112/library/core/src/fmt/mod.rs:1120:17
[INFO] [stderr]      6:     0x55fa61c4e84f - std::io::Write::write_fmt::h5fc9997dfe05f882
[INFO] [stderr]                                  at /rustc/82e1608dfa6e0b5569232559e3d385fea5a93112/library/std/src/io/mod.rs:1762:15
[INFO] [stderr]      7:     0x55fa61c50cf4 - std::sys_common::backtrace::_print::h894006fb5c6f3d45
[INFO] [stderr]                                  at /rustc/82e1608dfa6e0b5569232559e3d385fea5a93112/library/std/src/sys_common/backtrace.rs:47:5
[INFO] [stderr]      8:     0x55fa61c50cf4 - std::sys_common::backtrace::print::h23a2d212c6fff936
[INFO] [stderr]                                  at /rustc/82e1608dfa6e0b5569232559e3d385fea5a93112/library/std/src/sys_common/backtrace.rs:34:9
[INFO] [stderr]      9:     0x55fa61c52507 - std::panicking::default_hook::{{closure}}::h8a1d2ee00185001a
[INFO] [stderr]     10:     0x55fa61c5226f - std::panicking::default_hook::h6038f2eba384e475
[INFO] [stderr]                                  at /rustc/82e1608dfa6e0b5569232559e3d385fea5a93112/library/std/src/panicking.rs:292:9
[INFO] [stderr]     11:     0x55fa61c52988 - std::panicking::rust_panic_with_hook::h2b5517d590cab22e
[INFO] [stderr]                                  at /rustc/82e1608dfa6e0b5569232559e3d385fea5a93112/library/std/src/panicking.rs:779:13
[INFO] [stderr]     12:     0x55fa61c5286e - std::panicking::begin_panic_handler::{{closure}}::h233112c06e0ef43e
[INFO] [stderr]                                  at /rustc/82e1608dfa6e0b5569232559e3d385fea5a93112/library/std/src/panicking.rs:657:13
[INFO] [stderr]     13:     0x55fa61c513d6 - std::sys_common::backtrace::__rust_end_short_backtrace::h6e893f24d7ebbff8
[INFO] [stderr]                                  at /rustc/82e1608dfa6e0b5569232559e3d385fea5a93112/library/std/src/sys_common/backtrace.rs:170:18
[INFO] [stderr]     14:     0x55fa61c525d2 - rust_begin_unwind
[INFO] [stderr]                                  at /rustc/82e1608dfa6e0b5569232559e3d385fea5a93112/library/std/src/panicking.rs:645:5
[INFO] [stderr]     15:     0x55fa61bd0685 - core::panicking::panic_fmt::hbf0e066aabfa482c
[INFO] [stderr]                                  at /rustc/82e1608dfa6e0b5569232559e3d385fea5a93112/library/core/src/panicking.rs:72:14
[INFO] [stderr]     16:     0x55fa61bd8764 - build_script_main::validate_headers::h7455563f3446b9bc
[INFO] [stderr]     17:     0x55fa61bd6b9f - build_script_main::imp::try_pkg_config::h8edf6c2cd91a59f7
[INFO] [stderr]     18:     0x55fa61bd5a64 - build_script_main::imp::find_openssl_dir::h924a1fd414f0c620
[INFO] [stderr]     19:     0x55fa61bd5902 - build_script_main::imp::get_openssl::{{closure}}::he95ebfefd1a25cb3
[INFO] [stderr]     20:     0x55fa61bdbcb9 - core::option::Option<T>::unwrap_or_else::h608aad70505179c1
[INFO] [stderr]     21:     0x55fa61bd5701 - build_script_main::imp::get_openssl::h73be2316178b4443
[INFO] [stderr]     22:     0x55fa61bd4550 - build_script_main::main::ha16f0fbce8346d27
[INFO] [stderr]     23:     0x55fa61bdabf3 - core::ops::function::FnOnce::call_once::hbb2d493ea69faeef
[INFO] [stderr]     24:     0x55fa61bd9f76 - std::sys_common::backtrace::__rust_begin_short_backtrace::hc412872122483f94
[INFO] [stderr]     25:     0x55fa61bd1589 - std::rt::lang_start::{{closure}}::he79df15a8ab7a834
[INFO] [stderr]     26:     0x55fa61c4ad97 - core::ops::function::impls::<impl core::ops::function::FnOnce<A> for &F>::call_once::hd95060ecd5e1ca24
[INFO] [stderr]                                  at /rustc/82e1608dfa6e0b5569232559e3d385fea5a93112/library/core/src/ops/function.rs:284:13
[INFO] [stderr]     27:     0x55fa61c4ad97 - std::panicking::try::do_call::h6e8cf51db32a6e4b
[INFO] [stderr]                                  at /rustc/82e1608dfa6e0b5569232559e3d385fea5a93112/library/std/src/panicking.rs:552:40
[INFO] [stderr]     28:     0x55fa61c4ad97 - std::panicking::try::h3a52eefe24fe3c29
[INFO] [stderr]                                  at /rustc/82e1608dfa6e0b5569232559e3d385fea5a93112/library/std/src/panicking.rs:516:19
[INFO] [stderr]     29:     0x55fa61c4ad97 - std::panic::catch_unwind::h24c28c23c02c3841
[INFO] [stderr]                                  at /rustc/82e1608dfa6e0b5569232559e3d385fea5a93112/library/std/src/panic.rs:142:14
[INFO] [stderr]     30:     0x55fa61c4ad97 - std::rt::lang_start_internal::{{closure}}::h705d3c9cbc06ef47
[INFO] [stderr]                                  at /rustc/82e1608dfa6e0b5569232559e3d385fea5a93112/library/std/src/rt.rs:148:48
[INFO] [stderr]     31:     0x55fa61c4ad97 - std::panicking::try::do_call::ha21f52ba13158470
[INFO] [stderr]                                  at /rustc/82e1608dfa6e0b5569232559e3d385fea5a93112/library/std/src/panicking.rs:552:40
[INFO] [stderr]     32:     0x55fa61c4ad97 - std::panicking::try::h5581346bf6aeb1f8
[INFO] [stderr]                                  at /rustc/82e1608dfa6e0b5569232559e3d385fea5a93112/library/std/src/panicking.rs:516:19
[INFO] [stderr]     33:     0x55fa61c4ad97 - std::panic::catch_unwind::h7919645a6b72e25b
[INFO] [stderr]                                  at /rustc/82e1608dfa6e0b5569232559e3d385fea5a93112/library/std/src/panic.rs:142:14
[INFO] [stderr]     34:     0x55fa61c4ad97 - std::rt::lang_start_internal::h12de51168669836e
[INFO] [stderr]                                  at /rustc/82e1608dfa6e0b5569232559e3d385fea5a93112/library/std/src/rt.rs:148:20
[INFO] [stderr]     35:     0x55fa61bd1567 - std::rt::lang_start::h9167176248317372
[INFO] [stderr]     36:     0x55fa61bd9685 - main
[INFO] [stderr]     37:     0x7fd3494efd90 - <unknown>
[INFO] [stderr]     38:     0x7fd3494efe40 - __libc_start_main
[INFO] [stderr]     39:     0x55fa61bd0e95 - _start
[INFO] [stderr]     40:                0x0 - <unknown>
[INFO] [stderr] warning: build failed, waiting for other jobs to finish...
[INFO] running `Command { std: "docker" "inspect" "656ace05a04233f95d98539898bd712e3795c9f16fffe154fb204f15f320c0db", kill_on_drop: false }`
[INFO] running `Command { std: "docker" "rm" "-f" "656ace05a04233f95d98539898bd712e3795c9f16fffe154fb204f15f320c0db", kill_on_drop: false }`
[INFO] [stdout] 656ace05a04233f95d98539898bd712e3795c9f16fffe154fb204f15f320c0db
[INFO] testing DavidVentura/Advent_of_code_2018 against beta-2023-12-22 for beta-1.76-1
[INFO] running `Command { std: "git" "clone" "/workspace/cache/git-repos/https%3A%2F%2Fgithub.com%2FDavidVentura%2FAdvent_of_code_2018" "/workspace/builds/worker-1-tc2/source", kill_on_drop: false }`
[INFO] [stderr] Cloning into '/workspace/builds/worker-1-tc2/source'...
[INFO] [stderr] done.
[INFO] validating manifest of git repo https://github.com/DavidVentura/Advent_of_code_2018 on toolchain beta-2023-12-22
[INFO] running `Command { std: CARGO_HOME="/workspace/cargo-home" RUSTUP_HOME="/workspace/rustup-home" "/workspace/cargo-home/bin/cargo" "+beta-2023-12-22" "metadata" "--manifest-path" "Cargo.toml" "--no-deps", kill_on_drop: false }`
[INFO] started tweaking git repo https://github.com/DavidVentura/Advent_of_code_2018
[INFO] finished tweaking git repo https://github.com/DavidVentura/Advent_of_code_2018
[INFO] tweaked toml for git repo https://github.com/DavidVentura/Advent_of_code_2018 written to /workspace/builds/worker-1-tc2/source/Cargo.toml
[INFO] crate git repo https://github.com/DavidVentura/Advent_of_code_2018 already has a lockfile, it will not be regenerated
[INFO] running `Command { std: CARGO_HOME="/workspace/cargo-home" RUSTUP_HOME="/workspace/rustup-home" "/workspace/cargo-home/bin/cargo" "+beta-2023-12-22" "fetch" "--manifest-path" "Cargo.toml", kill_on_drop: false }`
[INFO] running `Command { std: "docker" "create" "-v" "/var/lib/crater-agent-workspace/builds/worker-1-tc2/target:/opt/rustwide/target:rw,Z" "-v" "/var/lib/crater-agent-workspace/builds/worker-1-tc2/source:/opt/rustwide/workdir:ro,Z" "-v" "/var/lib/crater-agent-workspace/cargo-home:/opt/rustwide/cargo-home:ro,Z" "-v" "/var/lib/crater-agent-workspace/rustup-home:/opt/rustwide/rustup-home:ro,Z" "-e" "SOURCE_DIR=/opt/rustwide/workdir" "-e" "CARGO_TARGET_DIR=/opt/rustwide/target" "-e" "CARGO_HOME=/opt/rustwide/cargo-home" "-e" "RUSTUP_HOME=/opt/rustwide/rustup-home" "-w" "/opt/rustwide/workdir" "-m" "1610612736" "--user" "0:0" "--network" "none" "ghcr.io/rust-lang/crates-build-env/linux@sha256:2788e3201cd34a07e3172128adcd8b3090168a8e3bcc40d7c032b9dda1df7d1c" "/opt/rustwide/cargo-home/bin/cargo" "+beta-2023-12-22" "metadata" "--no-deps" "--format-version=1", kill_on_drop: false }`
[INFO] [stdout] 4c1adc97abb5c79921ab0a122aac2e42892efc91b0b054097080dcd286dc4d1b
[INFO] running `Command { std: "docker" "start" "-a" "4c1adc97abb5c79921ab0a122aac2e42892efc91b0b054097080dcd286dc4d1b", kill_on_drop: false }`
[INFO] running `Command { std: "docker" "inspect" "4c1adc97abb5c79921ab0a122aac2e42892efc91b0b054097080dcd286dc4d1b", kill_on_drop: false }`
[INFO] running `Command { std: "docker" "rm" "-f" "4c1adc97abb5c79921ab0a122aac2e42892efc91b0b054097080dcd286dc4d1b", kill_on_drop: false }`
[INFO] [stdout] 4c1adc97abb5c79921ab0a122aac2e42892efc91b0b054097080dcd286dc4d1b
[INFO] running `Command { std: "docker" "create" "-v" "/var/lib/crater-agent-workspace/builds/worker-1-tc2/target:/opt/rustwide/target:rw,Z" "-v" "/var/lib/crater-agent-workspace/builds/worker-1-tc2/source:/opt/rustwide/workdir:ro,Z" "-v" "/var/lib/crater-agent-workspace/cargo-home:/opt/rustwide/cargo-home:ro,Z" "-v" "/var/lib/crater-agent-workspace/rustup-home:/opt/rustwide/rustup-home:ro,Z" "-e" "SOURCE_DIR=/opt/rustwide/workdir" "-e" "CARGO_TARGET_DIR=/opt/rustwide/target" "-e" "CARGO_INCREMENTAL=0" "-e" "RUST_BACKTRACE=full" "-e" "RUSTFLAGS=--cap-lints=warn" "-e" "RUSTDOCFLAGS=--cap-lints=warn" "-e" "CARGO_HOME=/opt/rustwide/cargo-home" "-e" "RUSTUP_HOME=/opt/rustwide/rustup-home" "-w" "/opt/rustwide/workdir" "-m" "1610612736" "--user" "0:0" "--network" "none" "ghcr.io/rust-lang/crates-build-env/linux@sha256:2788e3201cd34a07e3172128adcd8b3090168a8e3bcc40d7c032b9dda1df7d1c" "/opt/rustwide/cargo-home/bin/cargo" "+beta-2023-12-22" "build" "--frozen" "--message-format=json", kill_on_drop: false }`
[INFO] [stdout] 76c49191d4a65f06827093eab09fb28b16517441b29076d092420580ef139bae
[INFO] running `Command { std: "docker" "start" "-a" "76c49191d4a65f06827093eab09fb28b16517441b29076d092420580ef139bae", kill_on_drop: false }`
[INFO] [stderr]    Compiling libc v0.2.46
[INFO] [stderr]    Compiling rand_core v0.3.0
[INFO] [stderr]    Compiling cfg-if v0.1.6
[INFO] [stderr]    Compiling futures v0.1.25
[INFO] [stderr]    Compiling byteorder v1.2.7
[INFO] [stderr]    Compiling version_check v0.1.5
[INFO] [stderr]    Compiling scopeguard v0.3.3
[INFO] [stderr]    Compiling lazy_static v1.2.0
[INFO] [stderr]    Compiling autocfg v0.1.1
[INFO] [stderr]    Compiling slab v0.4.1
[INFO] [stderr]    Compiling void v1.0.2
[INFO] [stderr]    Compiling stable_deref_trait v1.1.1
[INFO] [stderr]    Compiling arrayvec v0.4.10
[INFO] [stderr]    Compiling lazycell v1.2.1
[INFO] [stderr]    Compiling pkg-config v0.3.14
[INFO] [stderr]    Compiling parking_lot_core v0.3.1
[INFO] [stderr]    Compiling log v0.4.6
[INFO] [stderr]    Compiling crossbeam-utils v0.6.3
[INFO] [stderr]    Compiling unreachable v1.0.0
[INFO] [stderr]    Compiling owning_ref v0.4.0
[INFO] [stderr]    Compiling rand_pcg v0.1.1
[INFO] [stderr]    Compiling smallvec v0.6.7
[INFO] [stderr]    Compiling cc v1.0.28
[INFO] [stderr]    Compiling rand_core v0.2.2
[INFO] [stderr]    Compiling nodrop v0.1.13
[INFO] [stderr]    Compiling lock_api v0.1.5
[INFO] [stderr]    Compiling memoffset v0.2.1
[INFO] [stderr]    Compiling siphasher v0.2.3
[INFO] [stderr]    Compiling rand_xorshift v0.1.1
[INFO] [stderr]    Compiling rand_isaac v0.1.1
[INFO] [stderr]    Compiling rand_hc v0.1.0
[INFO] [stderr]    Compiling unicase v1.4.2
[INFO] [stderr]    Compiling itoa v0.4.3
[INFO] [stderr]    Compiling rand_chacha v0.1.1
[INFO] [stderr]    Compiling rand v0.6.3
[INFO] [stderr]    Compiling unicase v2.2.0
[INFO] [stderr]    Compiling fnv v1.0.6
[INFO] [stderr]    Compiling foreign-types-shared v0.1.1
[INFO] [stderr]    Compiling openssl v0.10.16
[INFO] [stderr]    Compiling serde v1.0.84
[INFO] [stderr]    Compiling httparse v1.3.3
[INFO] [stderr]    Compiling matches v0.1.8
[INFO] [stderr]    Compiling foreign-types v0.3.2
[INFO] [stderr]    Compiling unicode-bidi v0.3.4
[INFO] [stderr]    Compiling bitflags v1.0.4
[INFO] [stderr]    Compiling unicode-normalization v0.1.7
[INFO] [stderr]    Compiling try-lock v0.2.2
[INFO] [stderr]    Compiling crc32fast v1.1.2
[INFO] [stderr]    Compiling indexmap v1.0.2
[INFO] [stderr]    Compiling native-tls v0.2.2
[INFO] [stderr]    Compiling phf_shared v0.7.23
[INFO] [stderr]    Compiling string v0.1.2
[INFO] [stderr]    Compiling ryu v0.2.7
[INFO] [stderr]    Compiling openssl-probe v0.1.2
[INFO] [stderr]    Compiling rand v0.5.5
[INFO] [stderr]    Compiling iovec v0.1.2
[INFO] [stderr]    Compiling num_cpus v1.9.0
[INFO] [stderr]    Compiling net2 v0.2.33
[INFO] [stderr]    Compiling crossbeam-epoch v0.7.0
[INFO] [stderr]    Compiling rand_os v0.1.0
[INFO] [stderr]    Compiling bytes v0.4.11
[INFO] [stderr]    Compiling crossbeam-deque v0.6.3
[INFO] [stderr]    Compiling time v0.1.41
[INFO] [stderr]    Compiling encoding_rs v0.8.13
[INFO] [stderr]    Compiling mio v0.6.16
[INFO] [stderr]    Compiling percent-encoding v1.0.1
[INFO] [stderr]    Compiling tokio-executor v0.1.5
[INFO] [stderr]    Compiling openssl-sys v0.9.40
[INFO] [stderr]    Compiling futures-cpupool v0.1.8
[INFO] [stderr]    Compiling want v0.0.6
[INFO] [stderr]    Compiling tokio-io v0.1.10
[INFO] [stderr]    Compiling http v0.1.14
[INFO] [stderr]    Compiling tokio-timer v0.2.8
[INFO] [stderr]    Compiling tokio-current-thread v0.1.4
[INFO] [stderr]    Compiling mime v0.3.12
[INFO] [stderr]    Compiling phf v0.7.23
[INFO] [stderr]    Compiling safemem v0.3.0
[INFO] [stderr]    Compiling tokio-codec v0.1.1
[INFO] [stderr]    Compiling mio-uds v0.6.7
[INFO] [stderr]    Compiling tokio-threadpool v0.1.9
[INFO] [stderr]    Compiling phf_generator v0.7.23
[INFO] [stderr]    Compiling idna v0.1.5
[INFO] [stderr]    Compiling parking_lot v0.6.4
[INFO] [stderr]    Compiling phf_codegen v0.7.23
[INFO] [stderr]    Compiling dtoa v0.4.3
[INFO] [stderr] The following warnings were emitted during compilation:
[INFO] [stderr] 
[INFO] [stderr] warning: openssl-sys@0.9.40: /opt/rustwide/target/debug/build/openssl-sys-51231a3d63661c2b/out/expando.c:4:24: error: pasting "RUST_VERSION_OPENSSL_" and "(" does not give a valid preprocessing token
[INFO] [stderr] warning: openssl-sys@0.9.40:     4 | #define VERSION2(n, v) RUST_VERSION_ ## n ## _ ## v
[INFO] [stderr] warning: openssl-sys@0.9.40:       |                        ^~~~~~~~~~~~~
[INFO] [stderr] warning: openssl-sys@0.9.40: /opt/rustwide/target/debug/build/openssl-sys-51231a3d63661c2b/out/expando.c:5:23: note: in expansion of macro 'VERSION2'
[INFO] [stderr] warning: openssl-sys@0.9.40:     5 | #define VERSION(n, v) VERSION2(n, v)
[INFO] [stderr] warning: openssl-sys@0.9.40:       |                       ^~~~~~~~
[INFO] [stderr] warning: openssl-sys@0.9.40: /opt/rustwide/target/debug/build/openssl-sys-51231a3d63661c2b/out/expando.c:7:1: note: in expansion of macro 'VERSION'
[INFO] [stderr] warning: openssl-sys@0.9.40:     7 | VERSION(OPENSSL, OPENSSL_VERSION_NUMBER)
[INFO] [stderr] warning: openssl-sys@0.9.40:       | ^~~~~~~
[INFO] [stderr] 
[INFO] [stderr] error: failed to run custom build command for `openssl-sys v0.9.40`
[INFO] [stderr] note: To improve backtraces for build dependencies, set the CARGO_PROFILE_DEV_BUILD_OVERRIDE_DEBUG=true environment variable to enable debug information generation.
[INFO] [stderr] 
[INFO] [stderr] Caused by:
[INFO] [stderr]   process didn't exit successfully: `/opt/rustwide/target/debug/build/openssl-sys-aac5bb003f7e8969/build-script-main` (exit status: 101)
[INFO] [stderr]   --- stdout
[INFO] [stderr]   cargo:rerun-if-env-changed=X86_64_UNKNOWN_LINUX_GNU_OPENSSL_LIB_DIR
[INFO] [stderr]   cargo:rerun-if-env-changed=OPENSSL_LIB_DIR
[INFO] [stderr]   cargo:rerun-if-env-changed=X86_64_UNKNOWN_LINUX_GNU_OPENSSL_INCLUDE_DIR
[INFO] [stderr]   cargo:rerun-if-env-changed=OPENSSL_INCLUDE_DIR
[INFO] [stderr]   cargo:rerun-if-env-changed=X86_64_UNKNOWN_LINUX_GNU_OPENSSL_DIR
[INFO] [stderr]   cargo:rerun-if-env-changed=OPENSSL_DIR
[INFO] [stderr]   cargo:rustc-link-lib=ssl
[INFO] [stderr]   cargo:rustc-link-lib=crypto
[INFO] [stderr]   OPT_LEVEL = Some("0")
[INFO] [stderr]   TARGET = Some("x86_64-unknown-linux-gnu")
[INFO] [stderr]   HOST = Some("x86_64-unknown-linux-gnu")
[INFO] [stderr]   CC_x86_64-unknown-linux-gnu = None
[INFO] [stderr]   CC_x86_64_unknown_linux_gnu = None
[INFO] [stderr]   HOST_CC = None
[INFO] [stderr]   CC = None
[INFO] [stderr]   CFLAGS_x86_64-unknown-linux-gnu = None
[INFO] [stderr]   CFLAGS_x86_64_unknown_linux_gnu = None
[INFO] [stderr]   HOST_CFLAGS = None
[INFO] [stderr]   CFLAGS = None
[INFO] [stderr]   DEBUG = Some("true")
[INFO] [stderr]   running: "cc" "-O0" "-ffunction-sections" "-fdata-sections" "-fPIC" "-g" "-fno-omit-frame-pointer" "-m64" "-Wall" "-Wextra" "-E" "/opt/rustwide/target/debug/build/openssl-sys-51231a3d63661c2b/out/expando.c"
[INFO] [stderr]   cargo:warning=/opt/rustwide/target/debug/build/openssl-sys-51231a3d63661c2b/out/expando.c:4:24: error: pasting "RUST_VERSION_OPENSSL_" and "(" does not give a valid preprocessing token
[INFO] [stderr]   cargo:warning=    4 | #define VERSION2(n, v) RUST_VERSION_ ## n ## _ ## v
[INFO] [stderr]   cargo:warning=      |                        ^~~~~~~~~~~~~
[INFO] [stderr]   cargo:warning=/opt/rustwide/target/debug/build/openssl-sys-51231a3d63661c2b/out/expando.c:5:23: note: in expansion of macro 'VERSION2'
[INFO] [stderr]   cargo:warning=    5 | #define VERSION(n, v) VERSION2(n, v)
[INFO] [stderr]   cargo:warning=      |                       ^~~~~~~~
[INFO] [stderr]   cargo:warning=/opt/rustwide/target/debug/build/openssl-sys-51231a3d63661c2b/out/expando.c:7:1: note: in expansion of macro 'VERSION'
[INFO] [stderr]   cargo:warning=    7 | VERSION(OPENSSL, OPENSSL_VERSION_NUMBER)
[INFO] [stderr]   cargo:warning=      | ^~~~~~~
[INFO] [stderr]   exit status: 1
[INFO] [stderr] 
[INFO] [stderr]   --- stderr
[INFO] [stderr]   thread 'main' panicked at /opt/rustwide/cargo-home/registry/src/index.crates.io-6f17d22bba15001f/openssl-sys-0.9.40/build/main.rs:432:13:
[INFO] [stderr] 
[INFO] [stderr]   Header expansion error:
[INFO] [stderr]   Error { kind: ToolExecError, message: "Command \"cc\" \"-O0\" \"-ffunction-sections\" \"-fdata-sections\" \"-fPIC\" \"-g\" \"-fno-omit-frame-pointer\" \"-m64\" \"-Wall\" \"-Wextra\" \"-E\" \"/opt/rustwide/target/debug/build/openssl-sys-51231a3d63661c2b/out/expando.c\" with args \"cc\" did not execute successfully (status code exit status: 1)." }
[INFO] [stderr] 
[INFO] [stderr]   Failed to find OpenSSL development headers.
[INFO] [stderr] 
[INFO] [stderr]   You can try fixing this setting the `OPENSSL_DIR` environment variable
[INFO] [stderr]   pointing to your OpenSSL installation or installing OpenSSL headers package
[INFO] [stderr]   specific to your distribution:
[INFO] [stderr] 
[INFO] [stderr]       # On Ubuntu
[INFO] [stderr]       sudo apt-get install libssl-dev
[INFO] [stderr]       # On Arch Linux
[INFO] [stderr]       sudo pacman -S openssl
[INFO] [stderr]       # On Fedora
[INFO] [stderr]       sudo dnf install openssl-devel
[INFO] [stderr] 
[INFO] [stderr]   See rust-openssl README for more information:
[INFO] [stderr] 
[INFO] [stderr]       https://github.com/sfackler/rust-openssl#linux
[INFO] [stderr] 
[INFO] [stderr]   stack backtrace:
[INFO] [stderr]      0:     0x55e9585e1b06 - std::backtrace_rs::backtrace::libunwind::trace::h261606ad26a499c1
[INFO] [stderr]                                  at /rustc/0e09125c6c3c2fd70d7de961bcf0e51575235fad/library/std/src/../../backtrace/src/backtrace/libunwind.rs:104:5
[INFO] [stderr]      1:     0x55e9585e1b06 - std::backtrace_rs::backtrace::trace_unsynchronized::hd183f0625477fb28
[INFO] [stderr]                                  at /rustc/0e09125c6c3c2fd70d7de961bcf0e51575235fad/library/std/src/../../backtrace/src/backtrace/mod.rs:66:5
[INFO] [stderr]      2:     0x55e9585e1b06 - std::sys_common::backtrace::_print_fmt::hd7f8fef21b4eda67
[INFO] [stderr]                                  at /rustc/0e09125c6c3c2fd70d7de961bcf0e51575235fad/library/std/src/sys_common/backtrace.rs:68:5
[INFO] [stderr]      3:     0x55e9585e1b06 - <std::sys_common::backtrace::_print::DisplayBacktrace as core::fmt::Display>::fmt::h623d9b51f2f453f1
[INFO] [stderr]                                  at /rustc/0e09125c6c3c2fd70d7de961bcf0e51575235fad/library/std/src/sys_common/backtrace.rs:44:22
[INFO] [stderr]      4:     0x55e958607020 - core::fmt::rt::Argument::fmt::h9f417ac76a86f368
[INFO] [stderr]                                  at /rustc/0e09125c6c3c2fd70d7de961bcf0e51575235fad/library/core/src/fmt/rt.rs:142:9
[INFO] [stderr]      5:     0x55e958607020 - core::fmt::write::hc9b6faf4ac2aeff7
[INFO] [stderr]                                  at /rustc/0e09125c6c3c2fd70d7de961bcf0e51575235fad/library/core/src/fmt/mod.rs:1120:17
[INFO] [stderr]      6:     0x55e9585df56f - std::io::Write::write_fmt::hfead1eee52c2e65e
[INFO] [stderr]                                  at /rustc/0e09125c6c3c2fd70d7de961bcf0e51575235fad/library/std/src/io/mod.rs:1810:15
[INFO] [stderr]      7:     0x55e9585e18e4 - std::sys_common::backtrace::_print::hd5d66399c7df88a2
[INFO] [stderr]                                  at /rustc/0e09125c6c3c2fd70d7de961bcf0e51575235fad/library/std/src/sys_common/backtrace.rs:47:5
[INFO] [stderr]      8:     0x55e9585e18e4 - std::sys_common::backtrace::print::he81ed2da642d37e5
[INFO] [stderr]                                  at /rustc/0e09125c6c3c2fd70d7de961bcf0e51575235fad/library/std/src/sys_common/backtrace.rs:34:9
[INFO] [stderr]      9:     0x55e9585e31c7 - std::panicking::default_hook::{{closure}}::h85773f4fa117163d
[INFO] [stderr]     10:     0x55e9585e2f29 - std::panicking::default_hook::h6a1694a91d09b278
[INFO] [stderr]                                  at /rustc/0e09125c6c3c2fd70d7de961bcf0e51575235fad/library/std/src/panicking.rs:292:9
[INFO] [stderr]     11:     0x55e9585e3658 - std::panicking::rust_panic_with_hook::h0a7ad96e90f7145b
[INFO] [stderr]                                  at /rustc/0e09125c6c3c2fd70d7de961bcf0e51575235fad/library/std/src/panicking.rs:779:13
[INFO] [stderr]     12:     0x55e9585e3532 - std::panicking::begin_panic_handler::{{closure}}::h7919090525c6485e
[INFO] [stderr]                                  at /rustc/0e09125c6c3c2fd70d7de961bcf0e51575235fad/library/std/src/panicking.rs:657:13
[INFO] [stderr]     13:     0x55e9585e2006 - std::sys_common::backtrace::__rust_end_short_backtrace::hf3289479464f7dfe
[INFO] [stderr]                                  at /rustc/0e09125c6c3c2fd70d7de961bcf0e51575235fad/library/std/src/sys_common/backtrace.rs:171:18
[INFO] [stderr]     14:     0x55e9585e3290 - rust_begin_unwind
[INFO] [stderr]                                  at /rustc/0e09125c6c3c2fd70d7de961bcf0e51575235fad/library/std/src/panicking.rs:645:5
[INFO] [stderr]     15:     0x55e958560685 - core::panicking::panic_fmt::hcc9f77c5c132af55
[INFO] [stderr]                                  at /rustc/0e09125c6c3c2fd70d7de961bcf0e51575235fad/library/core/src/panicking.rs:72:14
[INFO] [stderr]     16:     0x55e9585675dc - build_script_main::validate_headers::he1fb95ad21c131e7
[INFO] [stderr]     17:     0x55e95856dac5 - build_script_main::imp::try_pkg_config::h6c34d6db70b4565e
[INFO] [stderr]     18:     0x55e95856c974 - build_script_main::imp::find_openssl_dir::h93649fe7ae4968f7
[INFO] [stderr]     19:     0x55e95856c812 - build_script_main::imp::get_openssl::{{closure}}::hca34e11f86864266
[INFO] [stderr]     20:     0x55e95856227f - core::option::Option<T>::unwrap_or_else::heb60651842e88bd7
[INFO] [stderr]     21:     0x55e95856c60f - build_script_main::imp::get_openssl::h5d334eea55ddcc08
[INFO] [stderr]     22:     0x55e958565080 - build_script_main::main::hb87feac172ad15e1
[INFO] [stderr]     23:     0x55e958569a33 - core::ops::function::FnOnce::call_once::hdd7d6a978d191290
[INFO] [stderr]     24:     0x55e958561476 - std::sys_common::backtrace::__rust_begin_short_backtrace::hf5e0ea707e2eb830
[INFO] [stderr]     25:     0x55e958561589 - std::rt::lang_start::{{closure}}::h8eb35f831381772a
[INFO] [stderr]     26:     0x55e9585db861 - core::ops::function::impls::<impl core::ops::function::FnOnce<A> for &F>::call_once::h4eb4c5e1620f29b0
[INFO] [stderr]                                  at /rustc/0e09125c6c3c2fd70d7de961bcf0e51575235fad/library/core/src/ops/function.rs:284:13
[INFO] [stderr]     27:     0x55e9585db861 - std::panicking::try::do_call::h73fd26535faffcdf
[INFO] [stderr]                                  at /rustc/0e09125c6c3c2fd70d7de961bcf0e51575235fad/library/std/src/panicking.rs:552:40
[INFO] [stderr]     28:     0x55e9585db861 - std::panicking::try::h77ff1d98f0fb9f39
[INFO] [stderr]                                  at /rustc/0e09125c6c3c2fd70d7de961bcf0e51575235fad/library/std/src/panicking.rs:516:19
[INFO] [stderr]     29:     0x55e9585db861 - std::panic::catch_unwind::hab3caf2448b95e37
[INFO] [stderr]                                  at /rustc/0e09125c6c3c2fd70d7de961bcf0e51575235fad/library/std/src/panic.rs:142:14
[INFO] [stderr]     30:     0x55e9585db861 - std::rt::lang_start_internal::{{closure}}::h8086711f9c783f78
[INFO] [stderr]                                  at /rustc/0e09125c6c3c2fd70d7de961bcf0e51575235fad/library/std/src/rt.rs:148:48
[INFO] [stderr]     31:     0x55e9585db861 - std::panicking::try::do_call::hf920d4dc291cd6ca
[INFO] [stderr]                                  at /rustc/0e09125c6c3c2fd70d7de961bcf0e51575235fad/library/std/src/panicking.rs:552:40
[INFO] [stderr]     32:     0x55e9585db861 - std::panicking::try::h2b806ccc0a85db74
[INFO] [stderr]                                  at /rustc/0e09125c6c3c2fd70d7de961bcf0e51575235fad/library/std/src/panicking.rs:516:19
[INFO] [stderr]     33:     0x55e9585db861 - std::panic::catch_unwind::h038489539c507df2
[INFO] [stderr]                                  at /rustc/0e09125c6c3c2fd70d7de961bcf0e51575235fad/library/std/src/panic.rs:142:14
[INFO] [stderr]     34:     0x55e9585db861 - std::rt::lang_start_internal::h28503b88912e8a5c
[INFO] [stderr]                                  at /rustc/0e09125c6c3c2fd70d7de961bcf0e51575235fad/library/std/src/rt.rs:148:20
[INFO] [stderr]     35:     0x55e958561567 - std::rt::lang_start::h912a02f990f1d271
[INFO] [stderr]     36:     0x55e958568505 - main
[INFO] [stderr]     37:     0x7f246cfd7d90 - <unknown>
[INFO] [stderr]     38:     0x7f246cfd7e40 - __libc_start_main
[INFO] [stderr]     39:     0x55e958560ea5 - _start
[INFO] [stderr]     40:                0x0 - <unknown>
[INFO] [stderr] warning: build failed, waiting for other jobs to finish...
[INFO] running `Command { std: "docker" "inspect" "76c49191d4a65f06827093eab09fb28b16517441b29076d092420580ef139bae", kill_on_drop: false }`
[INFO] running `Command { std: "docker" "rm" "-f" "76c49191d4a65f06827093eab09fb28b16517441b29076d092420580ef139bae", kill_on_drop: false }`
[INFO] [stdout] 76c49191d4a65f06827093eab09fb28b16517441b29076d092420580ef139bae
