[INFO] cloning repository https://github.com/Dasch0/jspace
[INFO] running `Command { std: "git" "-c" "credential.helper=" "-c" "credential.helper=/workspace/cargo-home/bin/git-credential-null" "clone" "--bare" "https://github.com/Dasch0/jspace" "/workspace/cache/git-repos/https%3A%2F%2Fgithub.com%2FDasch0%2Fjspace", kill_on_drop: false }`
[INFO] [stderr] Cloning into bare repository '/workspace/cache/git-repos/https%3A%2F%2Fgithub.com%2FDasch0%2Fjspace'...
[INFO] running `Command { std: "git" "rev-parse" "HEAD", kill_on_drop: false }`
[INFO] [stdout] fadf72af659339db2de68c828a394a7535ad6013
[INFO] testing Dasch0/jspace against 1.75.0 for beta-1.76-1
[INFO] running `Command { std: "git" "clone" "/workspace/cache/git-repos/https%3A%2F%2Fgithub.com%2FDasch0%2Fjspace" "/workspace/builds/worker-7-tc1/source", kill_on_drop: false }`
[INFO] [stderr] Cloning into '/workspace/builds/worker-7-tc1/source'...
[INFO] [stderr] done.
[INFO] validating manifest of git repo https://github.com/Dasch0/jspace on toolchain 1.75.0
[INFO] running `Command { std: CARGO_HOME="/workspace/cargo-home" RUSTUP_HOME="/workspace/rustup-home" "/workspace/cargo-home/bin/cargo" "+1.75.0" "metadata" "--manifest-path" "Cargo.toml" "--no-deps", kill_on_drop: false }`
[INFO] started tweaking git repo https://github.com/Dasch0/jspace
[INFO] finished tweaking git repo https://github.com/Dasch0/jspace
[INFO] tweaked toml for git repo https://github.com/Dasch0/jspace written to /workspace/builds/worker-7-tc1/source/Cargo.toml
[INFO] crate git repo https://github.com/Dasch0/jspace already has a lockfile, it will not be regenerated
[INFO] running `Command { std: CARGO_HOME="/workspace/cargo-home" RUSTUP_HOME="/workspace/rustup-home" "/workspace/cargo-home/bin/cargo" "+1.75.0" "fetch" "--manifest-path" "Cargo.toml", kill_on_drop: false }`
[INFO] [stderr]  Downloading crates ...
[INFO] [stderr]   Downloaded fontdue v0.7.2
[INFO] [stderr]   Downloaded miniquad v0.3.14
[INFO] [stderr]   Downloaded quad-snd v0.2.5
[INFO] [stderr]   Downloaded macroquad v0.3.25
[INFO] running `Command { std: "docker" "create" "-v" "/var/lib/crater-agent-workspace/builds/worker-7-tc1/target:/opt/rustwide/target:rw,Z" "-v" "/var/lib/crater-agent-workspace/builds/worker-7-tc1/source:/opt/rustwide/workdir:ro,Z" "-v" "/var/lib/crater-agent-workspace/cargo-home:/opt/rustwide/cargo-home:ro,Z" "-v" "/var/lib/crater-agent-workspace/rustup-home:/opt/rustwide/rustup-home:ro,Z" "-e" "SOURCE_DIR=/opt/rustwide/workdir" "-e" "CARGO_TARGET_DIR=/opt/rustwide/target" "-e" "CARGO_HOME=/opt/rustwide/cargo-home" "-e" "RUSTUP_HOME=/opt/rustwide/rustup-home" "-w" "/opt/rustwide/workdir" "-m" "1610612736" "--user" "0:0" "--network" "none" "ghcr.io/rust-lang/crates-build-env/linux@sha256:2788e3201cd34a07e3172128adcd8b3090168a8e3bcc40d7c032b9dda1df7d1c" "/opt/rustwide/cargo-home/bin/cargo" "+1.75.0" "metadata" "--no-deps" "--format-version=1", kill_on_drop: false }`
[INFO] [stdout] 0935a3cd68ebbde3b1efacde9b2df6c3c071bf528ad3c1d214aa38f4932774d6
[INFO] running `Command { std: "docker" "start" "-a" "0935a3cd68ebbde3b1efacde9b2df6c3c071bf528ad3c1d214aa38f4932774d6", kill_on_drop: false }`
[INFO] running `Command { std: "docker" "inspect" "0935a3cd68ebbde3b1efacde9b2df6c3c071bf528ad3c1d214aa38f4932774d6", kill_on_drop: false }`
[INFO] running `Command { std: "docker" "rm" "-f" "0935a3cd68ebbde3b1efacde9b2df6c3c071bf528ad3c1d214aa38f4932774d6", kill_on_drop: false }`
[INFO] [stdout] 0935a3cd68ebbde3b1efacde9b2df6c3c071bf528ad3c1d214aa38f4932774d6
[INFO] running `Command { std: "docker" "create" "-v" "/var/lib/crater-agent-workspace/builds/worker-7-tc1/target:/opt/rustwide/target:rw,Z" "-v" "/var/lib/crater-agent-workspace/builds/worker-7-tc1/source:/opt/rustwide/workdir:ro,Z" "-v" "/var/lib/crater-agent-workspace/cargo-home:/opt/rustwide/cargo-home:ro,Z" "-v" "/var/lib/crater-agent-workspace/rustup-home:/opt/rustwide/rustup-home:ro,Z" "-e" "SOURCE_DIR=/opt/rustwide/workdir" "-e" "CARGO_TARGET_DIR=/opt/rustwide/target" "-e" "CARGO_INCREMENTAL=0" "-e" "RUST_BACKTRACE=full" "-e" "RUSTFLAGS=--cap-lints=warn" "-e" "RUSTDOCFLAGS=--cap-lints=warn" "-e" "CARGO_HOME=/opt/rustwide/cargo-home" "-e" "RUSTUP_HOME=/opt/rustwide/rustup-home" "-w" "/opt/rustwide/workdir" "-m" "1610612736" "--user" "0:0" "--network" "none" "ghcr.io/rust-lang/crates-build-env/linux@sha256:2788e3201cd34a07e3172128adcd8b3090168a8e3bcc40d7c032b9dda1df7d1c" "/opt/rustwide/cargo-home/bin/cargo" "+1.75.0" "build" "--frozen" "--message-format=json", kill_on_drop: false }`
[INFO] [stdout] 71c52912fb81d9f638d4c6d9492c40a14fe8284873d9c1f3595f810a320f194e
[INFO] running `Command { std: "docker" "start" "-a" "71c52912fb81d9f638d4c6d9492c40a14fe8284873d9c1f3595f810a320f194e", kill_on_drop: false }`
[INFO] [stderr]    Compiling libc v0.2.137
[INFO] [stderr]    Compiling crossbeam-utils v0.8.14
[INFO] [stderr]    Compiling num-traits v0.2.15
[INFO] [stderr]    Compiling memoffset v0.7.1
[INFO] [stderr]    Compiling byteorder v1.4.3
[INFO] [stderr]    Compiling num-integer v0.1.45
[INFO] [stderr]    Compiling crossbeam-epoch v0.9.13
[INFO] [stderr]    Compiling quad-alsa-sys v0.3.2
[INFO] [stderr]    Compiling num-rational v0.4.1
[INFO] [stderr]    Compiling scopeguard v1.1.0
[INFO] [stderr]    Compiling dasp_sample v0.11.0
[INFO] [stderr]    Compiling once_cell v1.16.0
[INFO] [stderr]    Compiling ahash v0.7.6
[INFO] [stderr]    Compiling miniz_oxide v0.5.4
[INFO] [stderr]    Compiling smallvec v0.6.14
[INFO] [stderr]    Compiling miniz_oxide v0.6.2
[INFO] [stderr]    Compiling quad-snd v0.2.5
[INFO] [stderr]    Compiling rayon-core v1.10.1
[INFO] [stderr]    Compiling hound v3.5.0
[INFO] [stderr]    Compiling miniquad v0.3.14
[INFO] [stderr]    Compiling bytemuck v1.12.3
[INFO] [stderr]    Compiling ogg v0.7.1
[INFO] [stderr]    Compiling ttf-parser v0.15.2
[INFO] [stderr]    Compiling dasp_frame v0.11.0
[INFO] [stderr]    Compiling color_quant v1.1.0
[INFO] [stderr]    Compiling quad-rand v0.2.1
[INFO] [stderr]    Compiling glam v0.21.3
[INFO] [stderr]    Compiling bumpalo v3.11.1
[INFO] [stderr]    Compiling macroquad_macro v0.1.7
[INFO] [stderr]    Compiling either v1.8.0
[INFO] [stderr]    Compiling flate2 v1.0.24
[INFO] [stderr]    Compiling lewton v0.9.4
[INFO] [stderr]    Compiling crossbeam-channel v0.5.6
[INFO] [stderr]    Compiling png v0.17.7
[INFO] [stderr]    Compiling crossbeam-deque v0.8.2
[INFO] [stderr]    Compiling getrandom v0.2.8
[INFO] [stderr]    Compiling num_cpus v1.14.0
[INFO] [stderr]    Compiling hashbrown v0.11.2
[INFO] [stderr]    Compiling fontdue v0.7.2
[INFO] [stderr]    Compiling rayon v1.6.0
[INFO] [stderr]    Compiling audrey v0.3.0
[INFO] [stderr]    Compiling image v0.24.5
[INFO] [stderr]    Compiling macroquad v0.3.25
[INFO] [stderr]    Compiling jspace v0.1.0 (/opt/rustwide/workdir)
[INFO] [stdout] error[E0425]: cannot find value `static_bodies` in this scope
[INFO] [stdout]    --> src/main.rs:511:17
[INFO] [stdout]     |
[INFO] [stdout] 511 |                 static_bodies.lists.iter().flatten().for_each(|cl| {
[INFO] [stdout]     |                 ^^^^^^^^^^^^^ not found in this scope
[INFO] [stdout] 
[INFO] [stdout] 
[INFO] [stdout] error[E0425]: cannot find value `static_bodies` in this scope
[INFO] [stdout]    --> src/main.rs:525:17
[INFO] [stdout]     |
[INFO] [stdout] 525 |                 static_bodies.lists.iter().flatten().for_each(|cl| {
[INFO] [stdout]     |                 ^^^^^^^^^^^^^ not found in this scope
[INFO] [stdout] 
[INFO] [stdout] 
[INFO] [stdout] error[E0425]: cannot find value `active_bodies` in this scope
[INFO] [stdout]    --> src/main.rs:552:26
[INFO] [stdout]     |
[INFO] [stdout] 552 |         for (eid, li) in active_bodies.lists.iter().enumerate() {
[INFO] [stdout]     |                          ^^^^^^^^^^^^^ not found in this scope
[INFO] [stdout] 
[INFO] [stdout] 
[INFO] [stdout] error[E0425]: cannot find value `active_bodies` in this scope
[INFO] [stdout]    --> src/main.rs:555:50
[INFO] [stdout]     |
[INFO] [stdout] 555 |                 for (collide_eid, collide_li) in active_bodies.lists.iter().enumerate() {
[INFO] [stdout]     |                                                  ^^^^^^^^^^^^^ not found in this scope
[INFO] [stdout] 
[INFO] [stdout] 
[INFO] [stdout] error[E0425]: cannot find value `active_bodies` in this scope
[INFO] [stdout]    --> src/main.rs:577:21
[INFO] [stdout]     |
[INFO] [stdout] 577 |             let a = active_bodies[my_eid][idx];
[INFO] [stdout]     |                     ^^^^^^^^^^^^^ not found in this scope
[INFO] [stdout] 
[INFO] [stdout] 
[INFO] [stdout] error[E0425]: cannot find value `active_bodies` in this scope
[INFO] [stdout]    --> src/main.rs:599:21
[INFO] [stdout]     |
[INFO] [stdout] 599 |             let a = active_bodies[my_eid][idx];
[INFO] [stdout]     |                     ^^^^^^^^^^^^^ not found in this scope
[INFO] [stdout] 
[INFO] [stdout] 
[INFO] [stdout] error[E0425]: cannot find value `active_bodies` in this scope
[INFO] [stdout]    --> src/main.rs:617:21
[INFO] [stdout]     |
[INFO] [stdout] 617 |             let a = active_bodies[my_eid][idx];
[INFO] [stdout]     |                     ^^^^^^^^^^^^^ not found in this scope
[INFO] [stdout] 
[INFO] [stdout] 
[INFO] [stdout] error[E0425]: cannot find value `active_bodies` in this scope
[INFO] [stdout]    --> src/main.rs:644:21
[INFO] [stdout]     |
[INFO] [stdout] 644 |                     active_bodies[EID::Ship].retain(|_| *iter.next().unwrap());
[INFO] [stdout]     |                     ^^^^^^^^^^^^^ not found in this scope
[INFO] [stdout] 
[INFO] [stdout] 
[INFO] [stdout] error[E0425]: cannot find value `static_bodies` in this scope
[INFO] [stdout]    --> src/main.rs:658:21
[INFO] [stdout]     |
[INFO] [stdout] 658 |                     static_bodies[EID::Planet].retain(|_| *iter.next().unwrap());
[INFO] [stdout]     |                     ^^^^^^^^^^^^^ not found in this scope
[INFO] [stdout] 
[INFO] [stdout] 
[INFO] [stdout] error[E0425]: cannot find value `active_bodies` in this scope
[INFO] [stdout]    --> src/main.rs:672:21
[INFO] [stdout]     |
[INFO] [stdout] 672 |                     active_bodies[EID::Asteroid].retain(|_| *iter.next().unwrap());
[INFO] [stdout]     |                     ^^^^^^^^^^^^^ not found in this scope
[INFO] [stdout] 
[INFO] [stdout] 
[INFO] [stdout] error[E0425]: cannot find value `active_bodies` in this scope
[INFO] [stdout]    --> src/main.rs:686:21
[INFO] [stdout]     |
[INFO] [stdout] 686 |                     active_bodies[EID::Projectile].retain(|_| *iter.next().unwrap());
[INFO] [stdout]     |                     ^^^^^^^^^^^^^ not found in this scope
[INFO] [stdout] 
[INFO] [stdout] 
[INFO] [stdout] error[E0425]: cannot find value `active_bodies` in this scope
[INFO] [stdout]    --> src/main.rs:696:23
[INFO] [stdout]     |
[INFO] [stdout] 696 |             let pos = active_bodies[EID::Ship][player_idx].p;
[INFO] [stdout]     |                       ^^^^^^^^^^^^^ not found in this scope
[INFO] [stdout] 
[INFO] [stdout] 
[INFO] [stdout] error[E0425]: cannot find value `active_bodies` in this scope
[INFO] [stdout]    --> src/main.rs:710:45
[INFO] [stdout]     |
[INFO] [stdout] 710 |         for (ship, phy) in ships.iter().zip(active_bodies[EID::Ship].iter()) {
[INFO] [stdout]     |                                             ^^^^^^^^^^^^^ not found in this scope
[INFO] [stdout] 
[INFO] [stdout] 
[INFO] [stdout] error[E0425]: cannot find value `static_bodies` in this scope
[INFO] [stdout]    --> src/main.rs:744:49
[INFO] [stdout]     |
[INFO] [stdout] 744 |         for (planet, phy) in planets.iter().zip(static_bodies[EID::Planet].iter()) {
[INFO] [stdout]     |                                                 ^^^^^^^^^^^^^ not found in this scope
[INFO] [stdout] 
[INFO] [stdout] 
[INFO] [stdout] error[E0425]: cannot find value `active_bodies` in this scope
[INFO] [stdout]    --> src/main.rs:748:53
[INFO] [stdout]     |
[INFO] [stdout] 748 |         for (asteroid, phy) in asteroids.iter().zip(active_bodies[EID::Asteroid].iter()) {
[INFO] [stdout]     |                                                     ^^^^^^^^^^^^^ not found in this scope
[INFO] [stdout] 
[INFO] [stdout] 
[INFO] [stdout] error[E0425]: cannot find value `active_bodies` in this scope
[INFO] [stdout]    --> src/main.rs:759:18
[INFO] [stdout]     |
[INFO] [stdout] 759 |             .zip(active_bodies[EID::Projectile].iter())
[INFO] [stdout]     |                  ^^^^^^^^^^^^^ not found in this scope
[INFO] [stdout] 
[INFO] [stdout] 
[INFO] [stdout] warning: unused import: `std::collections::BinaryHeap`
[INFO] [stdout]  --> src/main.rs:6:5
[INFO] [stdout]   |
[INFO] [stdout] 6 | use std::collections::BinaryHeap;
[INFO] [stdout]   |     ^^^^^^^^^^^^^^^^^^^^^^^^^^^^
[INFO] [stdout]   |
[INFO] [stdout]   = note: `#[warn(unused_imports)]` on by default
[INFO] [stdout] 
[INFO] [stdout] 
[INFO] [stdout] error: aborting due to 16 previous errors; 1 warning emitted
[INFO] [stdout] 
[INFO] [stdout] 
[INFO] [stdout] For more information about this error, try `rustc --explain E0425`.
[INFO] [stdout] 
[INFO] [stderr] error: could not compile `jspace` (bin "jspace") due to 17 previous errors; 1 warning emitted
[INFO] running `Command { std: "docker" "inspect" "71c52912fb81d9f638d4c6d9492c40a14fe8284873d9c1f3595f810a320f194e", kill_on_drop: false }`
[INFO] running `Command { std: "docker" "rm" "-f" "71c52912fb81d9f638d4c6d9492c40a14fe8284873d9c1f3595f810a320f194e", kill_on_drop: false }`
[INFO] [stdout] 71c52912fb81d9f638d4c6d9492c40a14fe8284873d9c1f3595f810a320f194e
[INFO] testing Dasch0/jspace against beta-2023-12-22 for beta-1.76-1
[INFO] running `Command { std: "git" "clone" "/workspace/cache/git-repos/https%3A%2F%2Fgithub.com%2FDasch0%2Fjspace" "/workspace/builds/worker-7-tc2/source", kill_on_drop: false }`
[INFO] [stderr] Cloning into '/workspace/builds/worker-7-tc2/source'...
[INFO] [stderr] done.
[INFO] validating manifest of git repo https://github.com/Dasch0/jspace on toolchain beta-2023-12-22
[INFO] running `Command { std: CARGO_HOME="/workspace/cargo-home" RUSTUP_HOME="/workspace/rustup-home" "/workspace/cargo-home/bin/cargo" "+beta-2023-12-22" "metadata" "--manifest-path" "Cargo.toml" "--no-deps", kill_on_drop: false }`
[INFO] started tweaking git repo https://github.com/Dasch0/jspace
[INFO] finished tweaking git repo https://github.com/Dasch0/jspace
[INFO] tweaked toml for git repo https://github.com/Dasch0/jspace written to /workspace/builds/worker-7-tc2/source/Cargo.toml
[INFO] crate git repo https://github.com/Dasch0/jspace already has a lockfile, it will not be regenerated
[INFO] running `Command { std: CARGO_HOME="/workspace/cargo-home" RUSTUP_HOME="/workspace/rustup-home" "/workspace/cargo-home/bin/cargo" "+beta-2023-12-22" "fetch" "--manifest-path" "Cargo.toml", kill_on_drop: false }`
[INFO] running `Command { std: "docker" "create" "-v" "/var/lib/crater-agent-workspace/builds/worker-7-tc2/target:/opt/rustwide/target:rw,Z" "-v" "/var/lib/crater-agent-workspace/builds/worker-7-tc2/source:/opt/rustwide/workdir:ro,Z" "-v" "/var/lib/crater-agent-workspace/cargo-home:/opt/rustwide/cargo-home:ro,Z" "-v" "/var/lib/crater-agent-workspace/rustup-home:/opt/rustwide/rustup-home:ro,Z" "-e" "SOURCE_DIR=/opt/rustwide/workdir" "-e" "CARGO_TARGET_DIR=/opt/rustwide/target" "-e" "CARGO_HOME=/opt/rustwide/cargo-home" "-e" "RUSTUP_HOME=/opt/rustwide/rustup-home" "-w" "/opt/rustwide/workdir" "-m" "1610612736" "--user" "0:0" "--network" "none" "ghcr.io/rust-lang/crates-build-env/linux@sha256:2788e3201cd34a07e3172128adcd8b3090168a8e3bcc40d7c032b9dda1df7d1c" "/opt/rustwide/cargo-home/bin/cargo" "+beta-2023-12-22" "metadata" "--no-deps" "--format-version=1", kill_on_drop: false }`
[INFO] [stdout] ab3d28cd8bb0df0b365eb044c5dd68aa6ea73a2a6612879589e1473c2e7948ca
[INFO] running `Command { std: "docker" "start" "-a" "ab3d28cd8bb0df0b365eb044c5dd68aa6ea73a2a6612879589e1473c2e7948ca", kill_on_drop: false }`
[INFO] running `Command { std: "docker" "inspect" "ab3d28cd8bb0df0b365eb044c5dd68aa6ea73a2a6612879589e1473c2e7948ca", kill_on_drop: false }`
[INFO] running `Command { std: "docker" "rm" "-f" "ab3d28cd8bb0df0b365eb044c5dd68aa6ea73a2a6612879589e1473c2e7948ca", kill_on_drop: false }`
[INFO] [stdout] ab3d28cd8bb0df0b365eb044c5dd68aa6ea73a2a6612879589e1473c2e7948ca
[INFO] running `Command { std: "docker" "create" "-v" "/var/lib/crater-agent-workspace/builds/worker-7-tc2/target:/opt/rustwide/target:rw,Z" "-v" "/var/lib/crater-agent-workspace/builds/worker-7-tc2/source:/opt/rustwide/workdir:ro,Z" "-v" "/var/lib/crater-agent-workspace/cargo-home:/opt/rustwide/cargo-home:ro,Z" "-v" "/var/lib/crater-agent-workspace/rustup-home:/opt/rustwide/rustup-home:ro,Z" "-e" "SOURCE_DIR=/opt/rustwide/workdir" "-e" "CARGO_TARGET_DIR=/opt/rustwide/target" "-e" "CARGO_INCREMENTAL=0" "-e" "RUST_BACKTRACE=full" "-e" "RUSTFLAGS=--cap-lints=warn" "-e" "RUSTDOCFLAGS=--cap-lints=warn" "-e" "CARGO_HOME=/opt/rustwide/cargo-home" "-e" "RUSTUP_HOME=/opt/rustwide/rustup-home" "-w" "/opt/rustwide/workdir" "-m" "1610612736" "--user" "0:0" "--network" "none" "ghcr.io/rust-lang/crates-build-env/linux@sha256:2788e3201cd34a07e3172128adcd8b3090168a8e3bcc40d7c032b9dda1df7d1c" "/opt/rustwide/cargo-home/bin/cargo" "+beta-2023-12-22" "build" "--frozen" "--message-format=json", kill_on_drop: false }`
[INFO] [stdout] 0d7b04dadb587c230fbacf4652c010beba61e06535ed66a58f7b1f1e50bebcf1
[INFO] running `Command { std: "docker" "start" "-a" "0d7b04dadb587c230fbacf4652c010beba61e06535ed66a58f7b1f1e50bebcf1", kill_on_drop: false }`
[INFO] [stderr]    Compiling libc v0.2.137
[INFO] [stderr]    Compiling crossbeam-utils v0.8.14
[INFO] [stderr]    Compiling memoffset v0.7.1
[INFO] [stderr]    Compiling num-traits v0.2.15
[INFO] [stderr]    Compiling byteorder v1.4.3
[INFO] [stderr]    Compiling crossbeam-epoch v0.9.13
[INFO] [stderr]    Compiling num-integer v0.1.45
[INFO] [stderr]    Compiling quad-alsa-sys v0.3.2
[INFO] [stderr]    Compiling num-rational v0.4.1
[INFO] [stderr]    Compiling dasp_sample v0.11.0
[INFO] [stderr]    Compiling once_cell v1.16.0
[INFO] [stderr]    Compiling scopeguard v1.1.0
[INFO] [stderr]    Compiling ahash v0.7.6
[INFO] [stderr]    Compiling miniz_oxide v0.5.4
[INFO] [stderr]    Compiling smallvec v0.6.14
[INFO] [stderr]    Compiling miniz_oxide v0.6.2
[INFO] [stderr]    Compiling hound v3.5.0
[INFO] [stderr]    Compiling miniquad v0.3.14
[INFO] [stderr]    Compiling rayon-core v1.10.1
[INFO] [stderr]    Compiling quad-snd v0.2.5
[INFO] [stderr]    Compiling ogg v0.7.1
[INFO] [stderr]    Compiling ttf-parser v0.15.2
[INFO] [stderr]    Compiling bytemuck v1.12.3
[INFO] [stderr]    Compiling color_quant v1.1.0
[INFO] [stderr]    Compiling dasp_frame v0.11.0
[INFO] [stderr]    Compiling bumpalo v3.11.1
[INFO] [stderr]    Compiling macroquad_macro v0.1.7
[INFO] [stderr]    Compiling quad-rand v0.2.1
[INFO] [stderr]    Compiling either v1.8.0
[INFO] [stderr]    Compiling flate2 v1.0.24
[INFO] [stderr]    Compiling glam v0.21.3
[INFO] [stderr]    Compiling crossbeam-channel v0.5.6
[INFO] [stderr]    Compiling lewton v0.9.4
[INFO] [stderr]    Compiling crossbeam-deque v0.8.2
[INFO] [stderr]    Compiling png v0.17.7
[INFO] [stderr]    Compiling getrandom v0.2.8
[INFO] [stderr]    Compiling num_cpus v1.14.0
[INFO] [stderr]    Compiling hashbrown v0.11.2
[INFO] [stderr]    Compiling rayon v1.6.0
[INFO] [stderr]    Compiling fontdue v0.7.2
[INFO] [stderr]    Compiling audrey v0.3.0
[INFO] [stderr]    Compiling image v0.24.5
[INFO] [stderr]    Compiling macroquad v0.3.25
[INFO] [stderr]    Compiling jspace v0.1.0 (/opt/rustwide/workdir)
[INFO] [stdout] error[E0425]: cannot find value `static_bodies` in this scope
[INFO] [stdout]    --> src/main.rs:511:17
[INFO] [stdout]     |
[INFO] [stdout] 511 |                 static_bodies.lists.iter().flatten().for_each(|cl| {
[INFO] [stdout]     |                 ^^^^^^^^^^^^^ not found in this scope
[INFO] [stdout] 
[INFO] [stdout] 
[INFO] [stdout] error[E0425]: cannot find value `static_bodies` in this scope
[INFO] [stdout]    --> src/main.rs:525:17
[INFO] [stdout]     |
[INFO] [stdout] 525 |                 static_bodies.lists.iter().flatten().for_each(|cl| {
[INFO] [stdout]     |                 ^^^^^^^^^^^^^ not found in this scope
[INFO] [stdout] 
[INFO] [stdout] 
[INFO] [stdout] error[E0425]: cannot find value `active_bodies` in this scope
[INFO] [stdout]    --> src/main.rs:552:26
[INFO] [stdout]     |
[INFO] [stdout] 552 |         for (eid, li) in active_bodies.lists.iter().enumerate() {
[INFO] [stdout]     |                          ^^^^^^^^^^^^^ not found in this scope
[INFO] [stdout] 
[INFO] [stdout] 
[INFO] [stdout] error[E0425]: cannot find value `active_bodies` in this scope
[INFO] [stdout]    --> src/main.rs:555:50
[INFO] [stdout]     |
[INFO] [stdout] 555 |                 for (collide_eid, collide_li) in active_bodies.lists.iter().enumerate() {
[INFO] [stdout]     |                                                  ^^^^^^^^^^^^^ not found in this scope
[INFO] [stdout] 
[INFO] [stdout] 
[INFO] [stdout] error[E0425]: cannot find value `active_bodies` in this scope
[INFO] [stdout]    --> src/main.rs:577:21
[INFO] [stdout]     |
[INFO] [stdout] 577 |             let a = active_bodies[my_eid][idx];
[INFO] [stdout]     |                     ^^^^^^^^^^^^^ not found in this scope
[INFO] [stdout] 
[INFO] [stdout] 
[INFO] [stdout] error[E0425]: cannot find value `active_bodies` in this scope
[INFO] [stdout]    --> src/main.rs:599:21
[INFO] [stdout]     |
[INFO] [stdout] 599 |             let a = active_bodies[my_eid][idx];
[INFO] [stdout]     |                     ^^^^^^^^^^^^^ not found in this scope
[INFO] [stdout] 
[INFO] [stdout] 
[INFO] [stdout] error[E0425]: cannot find value `active_bodies` in this scope
[INFO] [stdout]    --> src/main.rs:617:21
[INFO] [stdout]     |
[INFO] [stdout] 617 |             let a = active_bodies[my_eid][idx];
[INFO] [stdout]     |                     ^^^^^^^^^^^^^ not found in this scope
[INFO] [stdout] 
[INFO] [stdout] 
[INFO] [stdout] error[E0425]: cannot find value `active_bodies` in this scope
[INFO] [stdout]    --> src/main.rs:644:21
[INFO] [stdout]     |
[INFO] [stdout] 644 |                     active_bodies[EID::Ship].retain(|_| *iter.next().unwrap());
[INFO] [stdout]     |                     ^^^^^^^^^^^^^ not found in this scope
[INFO] [stdout] 
[INFO] [stdout] 
[INFO] [stdout] error[E0425]: cannot find value `static_bodies` in this scope
[INFO] [stdout]    --> src/main.rs:658:21
[INFO] [stdout]     |
[INFO] [stdout] 658 |                     static_bodies[EID::Planet].retain(|_| *iter.next().unwrap());
[INFO] [stdout]     |                     ^^^^^^^^^^^^^ not found in this scope
[INFO] [stdout] 
[INFO] [stdout] 
[INFO] [stdout] error[E0425]: cannot find value `active_bodies` in this scope
[INFO] [stdout]    --> src/main.rs:672:21
[INFO] [stdout]     |
[INFO] [stdout] 672 |                     active_bodies[EID::Asteroid].retain(|_| *iter.next().unwrap());
[INFO] [stdout]     |                     ^^^^^^^^^^^^^ not found in this scope
[INFO] [stdout] 
[INFO] [stdout] 
[INFO] [stdout] error[E0425]: cannot find value `active_bodies` in this scope
[INFO] [stdout]    --> src/main.rs:686:21
[INFO] [stdout]     |
[INFO] [stdout] 686 |                     active_bodies[EID::Projectile].retain(|_| *iter.next().unwrap());
[INFO] [stdout]     |                     ^^^^^^^^^^^^^ not found in this scope
[INFO] [stdout] 
[INFO] [stdout] 
[INFO] [stdout] error[E0425]: cannot find value `active_bodies` in this scope
[INFO] [stdout]    --> src/main.rs:696:23
[INFO] [stdout]     |
[INFO] [stdout] 696 |             let pos = active_bodies[EID::Ship][player_idx].p;
[INFO] [stdout]     |                       ^^^^^^^^^^^^^ not found in this scope
[INFO] [stdout] 
[INFO] [stdout] 
[INFO] [stdout] error[E0425]: cannot find value `active_bodies` in this scope
[INFO] [stdout]    --> src/main.rs:710:45
[INFO] [stdout]     |
[INFO] [stdout] 710 |         for (ship, phy) in ships.iter().zip(active_bodies[EID::Ship].iter()) {
[INFO] [stdout]     |                                             ^^^^^^^^^^^^^ not found in this scope
[INFO] [stdout] 
[INFO] [stdout] 
[INFO] [stdout] error[E0425]: cannot find value `static_bodies` in this scope
[INFO] [stdout]    --> src/main.rs:744:49
[INFO] [stdout]     |
[INFO] [stdout] 744 |         for (planet, phy) in planets.iter().zip(static_bodies[EID::Planet].iter()) {
[INFO] [stdout]     |                                                 ^^^^^^^^^^^^^ not found in this scope
[INFO] [stdout] 
[INFO] [stdout] 
[INFO] [stdout] error[E0425]: cannot find value `active_bodies` in this scope
[INFO] [stdout]    --> src/main.rs:748:53
[INFO] [stdout]     |
[INFO] [stdout] 748 |         for (asteroid, phy) in asteroids.iter().zip(active_bodies[EID::Asteroid].iter()) {
[INFO] [stdout]     |                                                     ^^^^^^^^^^^^^ not found in this scope
[INFO] [stdout] 
[INFO] [stdout] 
[INFO] [stdout] error[E0425]: cannot find value `active_bodies` in this scope
[INFO] [stdout]    --> src/main.rs:759:18
[INFO] [stdout]     |
[INFO] [stdout] 759 |             .zip(active_bodies[EID::Projectile].iter())
[INFO] [stdout]     |                  ^^^^^^^^^^^^^ not found in this scope
[INFO] [stdout] 
[INFO] [stdout] 
[INFO] [stdout] warning: unused import: `std::collections::BinaryHeap`
[INFO] [stdout]  --> src/main.rs:6:5
[INFO] [stdout]   |
[INFO] [stdout] 6 | use std::collections::BinaryHeap;
[INFO] [stdout]   |     ^^^^^^^^^^^^^^^^^^^^^^^^^^^^
[INFO] [stdout]   |
[INFO] [stdout]   = note: `#[warn(unused_imports)]` on by default
[INFO] [stdout] 
[INFO] [stdout] 
[INFO] [stdout] error: aborting due to 16 previous errors; 1 warning emitted
[INFO] [stdout] 
[INFO] [stdout] 
[INFO] [stdout] For more information about this error, try `rustc --explain E0425`.
[INFO] [stdout] 
[INFO] [stderr] error: could not compile `jspace` (bin "jspace") due to 17 previous errors; 1 warning emitted
[INFO] running `Command { std: "docker" "inspect" "0d7b04dadb587c230fbacf4652c010beba61e06535ed66a58f7b1f1e50bebcf1", kill_on_drop: false }`
[INFO] running `Command { std: "docker" "rm" "-f" "0d7b04dadb587c230fbacf4652c010beba61e06535ed66a58f7b1f1e50bebcf1", kill_on_drop: false }`
[INFO] [stdout] 0d7b04dadb587c230fbacf4652c010beba61e06535ed66a58f7b1f1e50bebcf1
