[INFO] cloning repository https://github.com/Darkin1123/RustBootCamp
[INFO] running `Command { std: "git" "-c" "credential.helper=" "-c" "credential.helper=/workspace/cargo-home/bin/git-credential-null" "clone" "--bare" "https://github.com/Darkin1123/RustBootCamp" "/workspace/cache/git-repos/https%3A%2F%2Fgithub.com%2FDarkin1123%2FRustBootCamp", kill_on_drop: false }`
[INFO] [stderr] Cloning into bare repository '/workspace/cache/git-repos/https%3A%2F%2Fgithub.com%2FDarkin1123%2FRustBootCamp'...
[INFO] running `Command { std: "git" "rev-parse" "HEAD", kill_on_drop: false }`
[INFO] [stdout] b33ce7e35d419f766283bdffed87a11123ded646
[INFO] testing Darkin1123/RustBootCamp against 1.75.0 for beta-1.76-1
[INFO] running `Command { std: "git" "clone" "/workspace/cache/git-repos/https%3A%2F%2Fgithub.com%2FDarkin1123%2FRustBootCamp" "/workspace/builds/worker-5-tc1/source", kill_on_drop: false }`
[INFO] [stderr] Cloning into '/workspace/builds/worker-5-tc1/source'...
[INFO] [stderr] done.
[INFO] validating manifest of git repo https://github.com/Darkin1123/RustBootCamp on toolchain 1.75.0
[INFO] running `Command { std: CARGO_HOME="/workspace/cargo-home" RUSTUP_HOME="/workspace/rustup-home" "/workspace/cargo-home/bin/cargo" "+1.75.0" "metadata" "--manifest-path" "Cargo.toml" "--no-deps", kill_on_drop: false }`
[INFO] started tweaking git repo https://github.com/Darkin1123/RustBootCamp
[INFO] removed 0 missing tests
[INFO] finished tweaking git repo https://github.com/Darkin1123/RustBootCamp
[INFO] tweaked toml for git repo https://github.com/Darkin1123/RustBootCamp written to /workspace/builds/worker-5-tc1/source/Cargo.toml
[INFO] crate git repo https://github.com/Darkin1123/RustBootCamp already has a lockfile, it will not be regenerated
[INFO] running `Command { std: CARGO_HOME="/workspace/cargo-home" RUSTUP_HOME="/workspace/rustup-home" "/workspace/cargo-home/bin/cargo" "+1.75.0" "fetch" "--manifest-path" "Cargo.toml", kill_on_drop: false }`
[INFO] running `Command { std: "docker" "create" "-v" "/var/lib/crater-agent-workspace/builds/worker-5-tc1/target:/opt/rustwide/target:rw,Z" "-v" "/var/lib/crater-agent-workspace/builds/worker-5-tc1/source:/opt/rustwide/workdir:ro,Z" "-v" "/var/lib/crater-agent-workspace/cargo-home:/opt/rustwide/cargo-home:ro,Z" "-v" "/var/lib/crater-agent-workspace/rustup-home:/opt/rustwide/rustup-home:ro,Z" "-e" "SOURCE_DIR=/opt/rustwide/workdir" "-e" "CARGO_TARGET_DIR=/opt/rustwide/target" "-e" "CARGO_HOME=/opt/rustwide/cargo-home" "-e" "RUSTUP_HOME=/opt/rustwide/rustup-home" "-w" "/opt/rustwide/workdir" "-m" "1610612736" "--user" "0:0" "--network" "none" "ghcr.io/rust-lang/crates-build-env/linux@sha256:2788e3201cd34a07e3172128adcd8b3090168a8e3bcc40d7c032b9dda1df7d1c" "/opt/rustwide/cargo-home/bin/cargo" "+1.75.0" "metadata" "--no-deps" "--format-version=1", kill_on_drop: false }`
[INFO] [stdout] d20999a8c00602746eb5096f144a0a5a2adf22afc1bc27a196800b4768e1525a
[INFO] running `Command { std: "docker" "start" "-a" "d20999a8c00602746eb5096f144a0a5a2adf22afc1bc27a196800b4768e1525a", kill_on_drop: false }`
[INFO] running `Command { std: "docker" "inspect" "d20999a8c00602746eb5096f144a0a5a2adf22afc1bc27a196800b4768e1525a", kill_on_drop: false }`
[INFO] running `Command { std: "docker" "rm" "-f" "d20999a8c00602746eb5096f144a0a5a2adf22afc1bc27a196800b4768e1525a", kill_on_drop: false }`
[INFO] [stdout] d20999a8c00602746eb5096f144a0a5a2adf22afc1bc27a196800b4768e1525a
[INFO] running `Command { std: "docker" "create" "-v" "/var/lib/crater-agent-workspace/builds/worker-5-tc1/target:/opt/rustwide/target:rw,Z" "-v" "/var/lib/crater-agent-workspace/builds/worker-5-tc1/source:/opt/rustwide/workdir:ro,Z" "-v" "/var/lib/crater-agent-workspace/cargo-home:/opt/rustwide/cargo-home:ro,Z" "-v" "/var/lib/crater-agent-workspace/rustup-home:/opt/rustwide/rustup-home:ro,Z" "-e" "SOURCE_DIR=/opt/rustwide/workdir" "-e" "CARGO_TARGET_DIR=/opt/rustwide/target" "-e" "CARGO_INCREMENTAL=0" "-e" "RUST_BACKTRACE=full" "-e" "RUSTFLAGS=--cap-lints=warn" "-e" "RUSTDOCFLAGS=--cap-lints=warn" "-e" "CARGO_HOME=/opt/rustwide/cargo-home" "-e" "RUSTUP_HOME=/opt/rustwide/rustup-home" "-w" "/opt/rustwide/workdir" "-m" "1610612736" "--user" "0:0" "--network" "none" "ghcr.io/rust-lang/crates-build-env/linux@sha256:2788e3201cd34a07e3172128adcd8b3090168a8e3bcc40d7c032b9dda1df7d1c" "/opt/rustwide/cargo-home/bin/cargo" "+1.75.0" "build" "--frozen" "--message-format=json", kill_on_drop: false }`
[INFO] [stdout] 99c75bdc28b9f6a0fa9d24ceb63632dbf4ee3116381571cd56a49fad39fd5ad5
[INFO] running `Command { std: "docker" "start" "-a" "99c75bdc28b9f6a0fa9d24ceb63632dbf4ee3116381571cd56a49fad39fd5ad5", kill_on_drop: false }`
[INFO] [stderr]    Compiling Rust-Bootcamp-2023 v0.1.0 (/opt/rustwide/workdir)
[INFO] [stdout] warning: crate `Rust_Bootcamp_2023` should have a snake case name
[INFO] [stdout]   |
[INFO] [stdout]   = help: convert the identifier to snake case: `rust_bootcamp_2023`
[INFO] [stdout]   = note: `#[warn(non_snake_case)]` on by default
[INFO] [stdout] 
[INFO] [stdout] 
[INFO] [stdout] warning: 1 warning emitted
[INFO] [stdout] 
[INFO] [stdout] 
[INFO] [stderr]     Finished dev [unoptimized + debuginfo] target(s) in 0.14s
[INFO] running `Command { std: "docker" "inspect" "99c75bdc28b9f6a0fa9d24ceb63632dbf4ee3116381571cd56a49fad39fd5ad5", kill_on_drop: false }`
[INFO] running `Command { std: "docker" "rm" "-f" "99c75bdc28b9f6a0fa9d24ceb63632dbf4ee3116381571cd56a49fad39fd5ad5", kill_on_drop: false }`
[INFO] [stdout] 99c75bdc28b9f6a0fa9d24ceb63632dbf4ee3116381571cd56a49fad39fd5ad5
[INFO] running `Command { std: "docker" "create" "-v" "/var/lib/crater-agent-workspace/builds/worker-5-tc1/target:/opt/rustwide/target:rw,Z" "-v" "/var/lib/crater-agent-workspace/builds/worker-5-tc1/source:/opt/rustwide/workdir:ro,Z" "-v" "/var/lib/crater-agent-workspace/cargo-home:/opt/rustwide/cargo-home:ro,Z" "-v" "/var/lib/crater-agent-workspace/rustup-home:/opt/rustwide/rustup-home:ro,Z" "-e" "SOURCE_DIR=/opt/rustwide/workdir" "-e" "CARGO_TARGET_DIR=/opt/rustwide/target" "-e" "CARGO_INCREMENTAL=0" "-e" "RUST_BACKTRACE=full" "-e" "RUSTFLAGS=--cap-lints=warn" "-e" "RUSTDOCFLAGS=--cap-lints=warn" "-e" "CARGO_HOME=/opt/rustwide/cargo-home" "-e" "RUSTUP_HOME=/opt/rustwide/rustup-home" "-w" "/opt/rustwide/workdir" "-m" "1610612736" "--user" "0:0" "--network" "none" "ghcr.io/rust-lang/crates-build-env/linux@sha256:2788e3201cd34a07e3172128adcd8b3090168a8e3bcc40d7c032b9dda1df7d1c" "/opt/rustwide/cargo-home/bin/cargo" "+1.75.0" "test" "--frozen" "--no-run" "--message-format=json", kill_on_drop: false }`
[INFO] [stdout] d9c7993d29adef701eb469833714625d94a5f9cb7750bc7248abc1bc00287edc
[INFO] running `Command { std: "docker" "start" "-a" "d9c7993d29adef701eb469833714625d94a5f9cb7750bc7248abc1bc00287edc", kill_on_drop: false }`
[INFO] [stderr]    Compiling Rust-Bootcamp-2023 v0.1.0 (/opt/rustwide/workdir)
[INFO] [stdout] warning: crate `Rust_Bootcamp_2023` should have a snake case name
[INFO] [stdout]   |
[INFO] [stdout]   = help: convert the identifier to snake case: `rust_bootcamp_2023`
[INFO] [stdout]   = note: `#[warn(non_snake_case)]` on by default
[INFO] [stdout] 
[INFO] [stdout] 
[INFO] [stdout] warning: 1 warning emitted
[INFO] [stdout] 
[INFO] [stdout] 
[INFO] [stdout] error: expected one of `:`, `@`, or `|`, found `,`
[INFO] [stdout]  --> exercises/basic-of-rust/src/functions.rs:3:9
[INFO] [stdout]   |
[INFO] [stdout] 3 | fn sum(x, y: i32) {
[INFO] [stdout]   |         ^ expected one of `:`, `@`, or `|`
[INFO] [stdout]   |
[INFO] [stdout]   = note: anonymous parameters are removed in the 2018 edition (see RFC 1685)
[INFO] [stdout] help: if this is a `self` type, give it a parameter name
[INFO] [stdout]   |
[INFO] [stdout] 3 | fn sum(self: x, y: i32) {
[INFO] [stdout]   |        +++++
[INFO] [stdout] help: if this is a parameter name, give it a type
[INFO] [stdout]   |
[INFO] [stdout] 3 | fn sum(x: TypeName, y: i32) {
[INFO] [stdout]   |         ++++++++++
[INFO] [stdout] help: if this is a type, explicitly ignore the parameter name
[INFO] [stdout]   |
[INFO] [stdout] 3 | fn sum(_: x, y: i32) {
[INFO] [stdout]   |        ++
[INFO] [stdout] 
[INFO] [stdout] 
[INFO] [stdout] warning: crate `Rust_Bootcamp_2023` should have a snake case name
[INFO] [stdout]   |
[INFO] [stdout]   = help: convert the identifier to snake case: `rust_bootcamp_2023`
[INFO] [stdout]   = note: `#[warn(non_snake_case)]` on by default
[INFO] [stdout] 
[INFO] [stdout] 
[INFO] [stdout] error[E0308]: mismatched types
[INFO] [stdout]   --> exercises/basic-of-rust/src/functions.rs:42:23
[INFO] [stdout]    |
[INFO] [stdout] 42 |         assert_eq!(s, 3);
[INFO] [stdout]    |                       ^ expected `()`, found integer
[INFO] [stdout] 
[INFO] [stdout] 
[INFO] [stdout] error[E0308]: mismatched types
[INFO] [stdout]   --> exercises/basic-of-rust/src/conditions.rs:26:9
[INFO] [stdout]    |
[INFO] [stdout] 22 | pub fn foo_if_fizz(fizzish: &str) -> &str {
[INFO] [stdout]    |                                      ---- expected `&str` because of return type
[INFO] [stdout] ...
[INFO] [stdout] 26 |         1
[INFO] [stdout]    |         ^ expected `&str`, found integer
[INFO] [stdout] 
[INFO] [stdout] 
[INFO] [stdout] error[E0308]: mismatched types
[INFO] [stdout]   --> exercises/basic-of-rust/src/strings.rs:12:12
[INFO] [stdout]    |
[INFO] [stdout] 12 |     s.push(" world");
[INFO] [stdout]    |       ---- ^^^^^^^^ expected `char`, found `&str`
[INFO] [stdout]    |       |
[INFO] [stdout]    |       arguments to this method are incorrect
[INFO] [stdout]    |
[INFO] [stdout] note: method defined here
[INFO] [stdout]   --> /rustc/82e1608dfa6e0b5569232559e3d385fea5a93112/library/alloc/src/string.rs:1344:12
[INFO] [stdout] 
[INFO] [stdout] 
[INFO] [stdout] error[E0600]: cannot apply unary operator `-` to type `u32`
[INFO] [stdout]   --> exercises/basic-of-rust/src/conditions.rs:77:35
[INFO] [stdout]    |
[INFO] [stdout] 77 |         let result = check_number(-5);
[INFO] [stdout]    |                                   ^^ cannot apply unary operator `-`
[INFO] [stdout]    |
[INFO] [stdout]    = note: unsigned values cannot be negated
[INFO] [stdout] 
[INFO] [stdout] 
[INFO] [stdout] error: aborting due to 2 previous errors
[INFO] [stdout] 
[INFO] [stdout] 
[INFO] [stdout] For more information about this error, try `rustc --explain E0308`.
[INFO] [stdout] 
[INFO] [stdout] error: aborting due to 2 previous errors
[INFO] [stdout] 
[INFO] [stdout] 
[INFO] [stdout] Some errors have detailed explanations: E0308, E0600.
[INFO] [stdout] 
[INFO] [stdout] For more information about an error, try `rustc --explain E0308`.
[INFO] [stdout] 
[INFO] [stderr] error: could not compile `Rust-Bootcamp-2023` (test "functions") due to 3 previous errors
[INFO] [stderr] warning: build failed, waiting for other jobs to finish...
[INFO] [stderr] error: could not compile `Rust-Bootcamp-2023` (test "conditions") due to 3 previous errors
[INFO] [stdout] error[E0308]: mismatched types
[INFO] [stdout]   --> exercises/basic-of-rust/src/strings.rs:13:10
[INFO] [stdout]    |
[INFO] [stdout] 13 |     s += "!".to_string();
[INFO] [stdout]    |          ^^^^^^^^^^^^^^^ expected `&str`, found `String`
[INFO] [stdout]    |
[INFO] [stdout] help: try removing the method call
[INFO] [stdout]    |
[INFO] [stdout] 13 -     s += "!".to_string();
[INFO] [stdout] 13 +     s += "!";
[INFO] [stdout]    |
[INFO] [stdout] 
[INFO] [stdout] 
[INFO] [stdout] error[E0308]: mismatched types
[INFO] [stdout]   --> exercises/basic-of-rust/src/strings.rs:21:19
[INFO] [stdout]    |
[INFO] [stdout] 21 |     let s3 = s1 + s2;
[INFO] [stdout]    |                   ^^ expected `&str`, found `String`
[INFO] [stdout]    |
[INFO] [stdout] help: consider borrowing here
[INFO] [stdout]    |
[INFO] [stdout] 21 |     let s3 = s1 + &s2;
[INFO] [stdout]    |                   +
[INFO] [stdout] 
[INFO] [stdout] 
[INFO] [stdout] error: aborting due to 3 previous errors
[INFO] [stdout] 
[INFO] [stdout] 
[INFO] [stdout] For more information about this error, try `rustc --explain E0308`.
[INFO] [stdout] 
[INFO] [stderr] error: could not compile `Rust-Bootcamp-2023` (test "strings") due to 4 previous errors
[INFO] [stdout] warning: 1 warning emitted
[INFO] [stdout] 
[INFO] [stdout] 
[INFO] running `Command { std: "docker" "inspect" "d9c7993d29adef701eb469833714625d94a5f9cb7750bc7248abc1bc00287edc", kill_on_drop: false }`
[INFO] running `Command { std: "docker" "rm" "-f" "d9c7993d29adef701eb469833714625d94a5f9cb7750bc7248abc1bc00287edc", kill_on_drop: false }`
[INFO] [stdout] d9c7993d29adef701eb469833714625d94a5f9cb7750bc7248abc1bc00287edc
[INFO] testing Darkin1123/RustBootCamp against beta-2023-12-22 for beta-1.76-1
[INFO] running `Command { std: "git" "clone" "/workspace/cache/git-repos/https%3A%2F%2Fgithub.com%2FDarkin1123%2FRustBootCamp" "/workspace/builds/worker-5-tc2/source", kill_on_drop: false }`
[INFO] [stderr] Cloning into '/workspace/builds/worker-5-tc2/source'...
[INFO] [stderr] done.
[INFO] validating manifest of git repo https://github.com/Darkin1123/RustBootCamp on toolchain beta-2023-12-22
[INFO] running `Command { std: CARGO_HOME="/workspace/cargo-home" RUSTUP_HOME="/workspace/rustup-home" "/workspace/cargo-home/bin/cargo" "+beta-2023-12-22" "metadata" "--manifest-path" "Cargo.toml" "--no-deps", kill_on_drop: false }`
[INFO] started tweaking git repo https://github.com/Darkin1123/RustBootCamp
[INFO] removed 0 missing tests
[INFO] finished tweaking git repo https://github.com/Darkin1123/RustBootCamp
[INFO] tweaked toml for git repo https://github.com/Darkin1123/RustBootCamp written to /workspace/builds/worker-5-tc2/source/Cargo.toml
[INFO] crate git repo https://github.com/Darkin1123/RustBootCamp already has a lockfile, it will not be regenerated
[INFO] running `Command { std: CARGO_HOME="/workspace/cargo-home" RUSTUP_HOME="/workspace/rustup-home" "/workspace/cargo-home/bin/cargo" "+beta-2023-12-22" "fetch" "--manifest-path" "Cargo.toml", kill_on_drop: false }`
[INFO] running `Command { std: "docker" "create" "-v" "/var/lib/crater-agent-workspace/builds/worker-5-tc2/target:/opt/rustwide/target:rw,Z" "-v" "/var/lib/crater-agent-workspace/builds/worker-5-tc2/source:/opt/rustwide/workdir:ro,Z" "-v" "/var/lib/crater-agent-workspace/cargo-home:/opt/rustwide/cargo-home:ro,Z" "-v" "/var/lib/crater-agent-workspace/rustup-home:/opt/rustwide/rustup-home:ro,Z" "-e" "SOURCE_DIR=/opt/rustwide/workdir" "-e" "CARGO_TARGET_DIR=/opt/rustwide/target" "-e" "CARGO_HOME=/opt/rustwide/cargo-home" "-e" "RUSTUP_HOME=/opt/rustwide/rustup-home" "-w" "/opt/rustwide/workdir" "-m" "1610612736" "--user" "0:0" "--network" "none" "ghcr.io/rust-lang/crates-build-env/linux@sha256:2788e3201cd34a07e3172128adcd8b3090168a8e3bcc40d7c032b9dda1df7d1c" "/opt/rustwide/cargo-home/bin/cargo" "+beta-2023-12-22" "metadata" "--no-deps" "--format-version=1", kill_on_drop: false }`
[INFO] [stdout] 749218436cbf2d635dfee533323fcd322935ed318dd29f6da687743ec1d51b8f
[INFO] running `Command { std: "docker" "start" "-a" "749218436cbf2d635dfee533323fcd322935ed318dd29f6da687743ec1d51b8f", kill_on_drop: false }`
[INFO] running `Command { std: "docker" "inspect" "749218436cbf2d635dfee533323fcd322935ed318dd29f6da687743ec1d51b8f", kill_on_drop: false }`
[INFO] running `Command { std: "docker" "rm" "-f" "749218436cbf2d635dfee533323fcd322935ed318dd29f6da687743ec1d51b8f", kill_on_drop: false }`
[INFO] [stdout] 749218436cbf2d635dfee533323fcd322935ed318dd29f6da687743ec1d51b8f
[INFO] running `Command { std: "docker" "create" "-v" "/var/lib/crater-agent-workspace/builds/worker-5-tc2/target:/opt/rustwide/target:rw,Z" "-v" "/var/lib/crater-agent-workspace/builds/worker-5-tc2/source:/opt/rustwide/workdir:ro,Z" "-v" "/var/lib/crater-agent-workspace/cargo-home:/opt/rustwide/cargo-home:ro,Z" "-v" "/var/lib/crater-agent-workspace/rustup-home:/opt/rustwide/rustup-home:ro,Z" "-e" "SOURCE_DIR=/opt/rustwide/workdir" "-e" "CARGO_TARGET_DIR=/opt/rustwide/target" "-e" "CARGO_INCREMENTAL=0" "-e" "RUST_BACKTRACE=full" "-e" "RUSTFLAGS=--cap-lints=warn" "-e" "RUSTDOCFLAGS=--cap-lints=warn" "-e" "CARGO_HOME=/opt/rustwide/cargo-home" "-e" "RUSTUP_HOME=/opt/rustwide/rustup-home" "-w" "/opt/rustwide/workdir" "-m" "1610612736" "--user" "0:0" "--network" "none" "ghcr.io/rust-lang/crates-build-env/linux@sha256:2788e3201cd34a07e3172128adcd8b3090168a8e3bcc40d7c032b9dda1df7d1c" "/opt/rustwide/cargo-home/bin/cargo" "+beta-2023-12-22" "build" "--frozen" "--message-format=json", kill_on_drop: false }`
[INFO] [stdout] 4caadacae763843fd382f538dec7ca460a310b4a978b304719467bd41fdb9db5
[INFO] running `Command { std: "docker" "start" "-a" "4caadacae763843fd382f538dec7ca460a310b4a978b304719467bd41fdb9db5", kill_on_drop: false }`
[INFO] [stderr]    Compiling Rust-Bootcamp-2023 v0.1.0 (/opt/rustwide/workdir)
[INFO] [stdout] warning: crate `Rust_Bootcamp_2023` should have a snake case name
[INFO] [stdout]   |
[INFO] [stdout]   = help: convert the identifier to snake case: `rust_bootcamp_2023`
[INFO] [stdout]   = note: `#[warn(non_snake_case)]` on by default
[INFO] [stdout] 
[INFO] [stdout] 
[INFO] [stdout] warning: 1 warning emitted
[INFO] [stdout] 
[INFO] [stdout] 
[INFO] [stderr]     Finished dev [unoptimized + debuginfo] target(s) in 0.21s
[INFO] running `Command { std: "docker" "inspect" "4caadacae763843fd382f538dec7ca460a310b4a978b304719467bd41fdb9db5", kill_on_drop: false }`
[INFO] running `Command { std: "docker" "rm" "-f" "4caadacae763843fd382f538dec7ca460a310b4a978b304719467bd41fdb9db5", kill_on_drop: false }`
[INFO] [stdout] 4caadacae763843fd382f538dec7ca460a310b4a978b304719467bd41fdb9db5
[INFO] running `Command { std: "docker" "create" "-v" "/var/lib/crater-agent-workspace/builds/worker-5-tc2/target:/opt/rustwide/target:rw,Z" "-v" "/var/lib/crater-agent-workspace/builds/worker-5-tc2/source:/opt/rustwide/workdir:ro,Z" "-v" "/var/lib/crater-agent-workspace/cargo-home:/opt/rustwide/cargo-home:ro,Z" "-v" "/var/lib/crater-agent-workspace/rustup-home:/opt/rustwide/rustup-home:ro,Z" "-e" "SOURCE_DIR=/opt/rustwide/workdir" "-e" "CARGO_TARGET_DIR=/opt/rustwide/target" "-e" "CARGO_INCREMENTAL=0" "-e" "RUST_BACKTRACE=full" "-e" "RUSTFLAGS=--cap-lints=warn" "-e" "RUSTDOCFLAGS=--cap-lints=warn" "-e" "CARGO_HOME=/opt/rustwide/cargo-home" "-e" "RUSTUP_HOME=/opt/rustwide/rustup-home" "-w" "/opt/rustwide/workdir" "-m" "1610612736" "--user" "0:0" "--network" "none" "ghcr.io/rust-lang/crates-build-env/linux@sha256:2788e3201cd34a07e3172128adcd8b3090168a8e3bcc40d7c032b9dda1df7d1c" "/opt/rustwide/cargo-home/bin/cargo" "+beta-2023-12-22" "test" "--frozen" "--no-run" "--message-format=json", kill_on_drop: false }`
[INFO] [stdout] b427aacc0e5aef9112b6ec1ca418fa4d7ae3b62f88ac6fe2a2c5bdd7c7ffedc4
[INFO] running `Command { std: "docker" "start" "-a" "b427aacc0e5aef9112b6ec1ca418fa4d7ae3b62f88ac6fe2a2c5bdd7c7ffedc4", kill_on_drop: false }`
[INFO] [stderr]    Compiling Rust-Bootcamp-2023 v0.1.0 (/opt/rustwide/workdir)
[INFO] [stdout] warning: crate `Rust_Bootcamp_2023` should have a snake case name
[INFO] [stdout]   |
[INFO] [stdout]   = help: convert the identifier to snake case: `rust_bootcamp_2023`
[INFO] [stdout]   = note: `#[warn(non_snake_case)]` on by default
[INFO] [stdout] 
[INFO] [stdout] 
[INFO] [stdout] warning: 1 warning emitted
[INFO] [stdout] 
[INFO] [stdout] 
[INFO] [stdout] error: expected one of `:`, `@`, or `|`, found `,`
[INFO] [stdout]  --> exercises/basic-of-rust/src/functions.rs:3:9
[INFO] [stdout]   |
[INFO] [stdout] 3 | fn sum(x, y: i32) {
[INFO] [stdout]   |         ^ expected one of `:`, `@`, or `|`
[INFO] [stdout]   |
[INFO] [stdout]   = note: anonymous parameters are removed in the 2018 edition (see RFC 1685)
[INFO] [stdout] help: if this is a `self` type, give it a parameter name
[INFO] [stdout]   |
[INFO] [stdout] 3 | fn sum(self: x, y: i32) {
[INFO] [stdout]   |        +++++
[INFO] [stdout] help: if this is a parameter name, give it a type
[INFO] [stdout]   |
[INFO] [stdout] 3 | fn sum(x: TypeName, y: i32) {
[INFO] [stdout]   |         ++++++++++
[INFO] [stdout] help: if this is a type, explicitly ignore the parameter name
[INFO] [stdout]   |
[INFO] [stdout] 3 | fn sum(_: x, y: i32) {
[INFO] [stdout]   |        ++
[INFO] [stdout] 
[INFO] [stdout] 
[INFO] [stdout] warning: crate `Rust_Bootcamp_2023` should have a snake case name
[INFO] [stdout]   |
[INFO] [stdout]   = help: convert the identifier to snake case: `rust_bootcamp_2023`
[INFO] [stdout]   = note: `#[warn(non_snake_case)]` on by default
[INFO] [stdout] 
[INFO] [stdout] 
[INFO] [stdout] error[E0308]: mismatched types
[INFO] [stdout]   --> exercises/basic-of-rust/src/functions.rs:42:23
[INFO] [stdout]    |
[INFO] [stdout] 42 |         assert_eq!(s, 3);
[INFO] [stdout]    |                       ^ expected `()`, found integer
[INFO] [stdout] 
[INFO] [stdout] 
[INFO] [stdout] error[E0308]: mismatched types
[INFO] [stdout]   --> exercises/basic-of-rust/src/conditions.rs:26:9
[INFO] [stdout]    |
[INFO] [stdout] 22 | pub fn foo_if_fizz(fizzish: &str) -> &str {
[INFO] [stdout]    |                                      ---- expected `&str` because of return type
[INFO] [stdout] ...
[INFO] [stdout] 26 |         1
[INFO] [stdout]    |         ^ expected `&str`, found integer
[INFO] [stdout] 
[INFO] [stdout] 
[INFO] [stdout] error[E0308]: mismatched types
[INFO] [stdout]   --> exercises/basic-of-rust/src/strings.rs:12:12
[INFO] [stdout]    |
[INFO] [stdout] 12 |     s.push(" world");
[INFO] [stdout]    |       ---- ^^^^^^^^ expected `char`, found `&str`
[INFO] [stdout]    |       |
[INFO] [stdout]    |       arguments to this method are incorrect
[INFO] [stdout]    |
[INFO] [stdout] note: method defined here
[INFO] [stdout]   --> /rustc/0e09125c6c3c2fd70d7de961bcf0e51575235fad/library/alloc/src/string.rs:1344:12
[INFO] [stdout] 
[INFO] [stdout] 
[INFO] [stdout] error[E0600]: cannot apply unary operator `-` to type `u32`
[INFO] [stdout]   --> exercises/basic-of-rust/src/conditions.rs:77:35
[INFO] [stdout]    |
[INFO] [stdout] 77 |         let result = check_number(-5);
[INFO] [stdout]    |                                   ^^ cannot apply unary operator `-`
[INFO] [stdout]    |
[INFO] [stdout]    = note: unsigned values cannot be negated
[INFO] [stdout] 
[INFO] [stdout] 
[INFO] [stdout] error: aborting due to 2 previous errors
[INFO] [stdout] 
[INFO] [stdout] 
[INFO] [stdout] For more information about this error, try `rustc --explain E0308`.
[INFO] [stdout] 
[INFO] [stdout] error: aborting due to 2 previous errors
[INFO] [stdout] 
[INFO] [stdout] 
[INFO] [stdout] Some errors have detailed explanations: E0308, E0600.
[INFO] [stdout] 
[INFO] [stdout] For more information about an error, try `rustc --explain E0308`.
[INFO] [stdout] 
[INFO] [stdout] error[E0308]: mismatched types
[INFO] [stdout]   --> exercises/basic-of-rust/src/strings.rs:13:10
[INFO] [stdout]    |
[INFO] [stdout] 13 |     s += "!".to_string();
[INFO] [stdout]    |          ^^^^^^^^^^^^^^^ expected `&str`, found `String`
[INFO] [stdout]    |
[INFO] [stdout] help: try removing the method call
[INFO] [stdout]    |
[INFO] [stdout] 13 -     s += "!".to_string();
[INFO] [stdout] 13 +     s += "!";
[INFO] [stdout]    |
[INFO] [stdout] 
[INFO] [stdout] 
[INFO] [stdout] error[E0308]: mismatched types
[INFO] [stdout]   --> exercises/basic-of-rust/src/strings.rs:21:19
[INFO] [stdout]    |
[INFO] [stdout] 21 |     let s3 = s1 + s2;
[INFO] [stdout]    |                   ^^ expected `&str`, found `String`
[INFO] [stdout]    |
[INFO] [stdout] help: consider borrowing here
[INFO] [stdout]    |
[INFO] [stdout] 21 |     let s3 = s1 + &s2;
[INFO] [stdout]    |                   +
[INFO] [stdout] 
[INFO] [stdout] 
[INFO] [stderr] error: could not compile `Rust-Bootcamp-2023` (test "functions") due to 3 previous errors
[INFO] [stderr] warning: build failed, waiting for other jobs to finish...
[INFO] [stderr] error: could not compile `Rust-Bootcamp-2023` (test "conditions") due to 3 previous errors
[INFO] [stdout] error: aborting due to 3 previous errors
[INFO] [stdout] 
[INFO] [stdout] 
[INFO] [stdout] For more information about this error, try `rustc --explain E0308`.
[INFO] [stdout] 
[INFO] [stderr] error: could not compile `Rust-Bootcamp-2023` (test "strings") due to 4 previous errors
[INFO] [stdout] warning: 1 warning emitted
[INFO] [stdout] 
[INFO] [stdout] 
[INFO] running `Command { std: "docker" "inspect" "b427aacc0e5aef9112b6ec1ca418fa4d7ae3b62f88ac6fe2a2c5bdd7c7ffedc4", kill_on_drop: false }`
[INFO] running `Command { std: "docker" "rm" "-f" "b427aacc0e5aef9112b6ec1ca418fa4d7ae3b62f88ac6fe2a2c5bdd7c7ffedc4", kill_on_drop: false }`
[INFO] [stdout] b427aacc0e5aef9112b6ec1ca418fa4d7ae3b62f88ac6fe2a2c5bdd7c7ffedc4
