[INFO] cloning repository https://github.com/DarkhanShakhan/rust-cli
[INFO] running `Command { std: "git" "-c" "credential.helper=" "-c" "credential.helper=/workspace/cargo-home/bin/git-credential-null" "clone" "--bare" "https://github.com/DarkhanShakhan/rust-cli" "/workspace/cache/git-repos/https%3A%2F%2Fgithub.com%2FDarkhanShakhan%2Frust-cli", kill_on_drop: false }`
[INFO] [stderr] Cloning into bare repository '/workspace/cache/git-repos/https%3A%2F%2Fgithub.com%2FDarkhanShakhan%2Frust-cli'...
[INFO] running `Command { std: "git" "rev-parse" "HEAD", kill_on_drop: false }`
[INFO] [stdout] 0a8d00efbc0973e5b3317bfaf8711c914e935645
[INFO] testing DarkhanShakhan/rust-cli against 1.75.0 for beta-1.76-1
[INFO] running `Command { std: "git" "clone" "/workspace/cache/git-repos/https%3A%2F%2Fgithub.com%2FDarkhanShakhan%2Frust-cli" "/workspace/builds/worker-0-tc1/source", kill_on_drop: false }`
[INFO] [stderr] Cloning into '/workspace/builds/worker-0-tc1/source'...
[INFO] [stderr] done.
[INFO] validating manifest of git repo https://github.com/DarkhanShakhan/rust-cli on toolchain 1.75.0
[INFO] running `Command { std: CARGO_HOME="/workspace/cargo-home" RUSTUP_HOME="/workspace/rustup-home" "/workspace/cargo-home/bin/cargo" "+1.75.0" "metadata" "--manifest-path" "Cargo.toml" "--no-deps", kill_on_drop: false }`
[INFO] started tweaking git repo https://github.com/DarkhanShakhan/rust-cli
[INFO] finished tweaking git repo https://github.com/DarkhanShakhan/rust-cli
[INFO] tweaked toml for git repo https://github.com/DarkhanShakhan/rust-cli written to /workspace/builds/worker-0-tc1/source/Cargo.toml
[INFO] crate git repo https://github.com/DarkhanShakhan/rust-cli already has a lockfile, it will not be regenerated
[INFO] running `Command { std: CARGO_HOME="/workspace/cargo-home" RUSTUP_HOME="/workspace/rustup-home" "/workspace/cargo-home/bin/cargo" "+1.75.0" "fetch" "--manifest-path" "Cargo.toml", kill_on_drop: false }`
[INFO] [stderr]  Downloading crates ...
[INFO] [stderr]   Downloaded syn v2.0.17
[INFO] running `Command { std: "docker" "create" "-v" "/var/lib/crater-agent-workspace/builds/worker-0-tc1/target:/opt/rustwide/target:rw,Z" "-v" "/var/lib/crater-agent-workspace/builds/worker-0-tc1/source:/opt/rustwide/workdir:ro,Z" "-v" "/var/lib/crater-agent-workspace/cargo-home:/opt/rustwide/cargo-home:ro,Z" "-v" "/var/lib/crater-agent-workspace/rustup-home:/opt/rustwide/rustup-home:ro,Z" "-e" "SOURCE_DIR=/opt/rustwide/workdir" "-e" "CARGO_TARGET_DIR=/opt/rustwide/target" "-e" "CARGO_HOME=/opt/rustwide/cargo-home" "-e" "RUSTUP_HOME=/opt/rustwide/rustup-home" "-w" "/opt/rustwide/workdir" "-m" "1610612736" "--user" "0:0" "--network" "none" "ghcr.io/rust-lang/crates-build-env/linux@sha256:2788e3201cd34a07e3172128adcd8b3090168a8e3bcc40d7c032b9dda1df7d1c" "/opt/rustwide/cargo-home/bin/cargo" "+1.75.0" "metadata" "--no-deps" "--format-version=1", kill_on_drop: false }`
[INFO] [stdout] c2c27c0427285c58afd67b9b61aceeb94a908a9210a15d707c10be5575838b02
[INFO] running `Command { std: "docker" "start" "-a" "c2c27c0427285c58afd67b9b61aceeb94a908a9210a15d707c10be5575838b02", kill_on_drop: false }`
[INFO] running `Command { std: "docker" "inspect" "c2c27c0427285c58afd67b9b61aceeb94a908a9210a15d707c10be5575838b02", kill_on_drop: false }`
[INFO] running `Command { std: "docker" "rm" "-f" "c2c27c0427285c58afd67b9b61aceeb94a908a9210a15d707c10be5575838b02", kill_on_drop: false }`
[INFO] [stdout] c2c27c0427285c58afd67b9b61aceeb94a908a9210a15d707c10be5575838b02
[INFO] running `Command { std: "docker" "create" "-v" "/var/lib/crater-agent-workspace/builds/worker-0-tc1/target:/opt/rustwide/target:rw,Z" "-v" "/var/lib/crater-agent-workspace/builds/worker-0-tc1/source:/opt/rustwide/workdir:ro,Z" "-v" "/var/lib/crater-agent-workspace/cargo-home:/opt/rustwide/cargo-home:ro,Z" "-v" "/var/lib/crater-agent-workspace/rustup-home:/opt/rustwide/rustup-home:ro,Z" "-e" "SOURCE_DIR=/opt/rustwide/workdir" "-e" "CARGO_TARGET_DIR=/opt/rustwide/target" "-e" "CARGO_INCREMENTAL=0" "-e" "RUST_BACKTRACE=full" "-e" "RUSTFLAGS=--cap-lints=warn" "-e" "RUSTDOCFLAGS=--cap-lints=warn" "-e" "CARGO_HOME=/opt/rustwide/cargo-home" "-e" "RUSTUP_HOME=/opt/rustwide/rustup-home" "-w" "/opt/rustwide/workdir" "-m" "1610612736" "--user" "0:0" "--network" "none" "ghcr.io/rust-lang/crates-build-env/linux@sha256:2788e3201cd34a07e3172128adcd8b3090168a8e3bcc40d7c032b9dda1df7d1c" "/opt/rustwide/cargo-home/bin/cargo" "+1.75.0" "build" "--frozen" "--message-format=json", kill_on_drop: false }`
[INFO] [stdout] 6eb037424c07fa2d380674f631612e9b3c5b8e6375ba3399ff16dcb7a3f6e9d6
[INFO] running `Command { std: "docker" "start" "-a" "6eb037424c07fa2d380674f631612e9b3c5b8e6375ba3399ff16dcb7a3f6e9d6", kill_on_drop: false }`
[INFO] [stderr]    Compiling libc v0.2.144
[INFO] [stderr]    Compiling rustix v0.37.19
[INFO] [stderr]    Compiling linux-raw-sys v0.3.8
[INFO] [stderr]    Compiling anstyle v1.0.0
[INFO] [stderr]    Compiling colorchoice v1.0.0
[INFO] [stderr]    Compiling anstyle-query v1.0.0
[INFO] [stderr]    Compiling strsim v0.10.0
[INFO] [stderr]    Compiling clap_lex v0.5.0
[INFO] [stderr]    Compiling once_cell v1.17.1
[INFO] [stderr]    Compiling io-lifetimes v1.0.11
[INFO] [stderr]    Compiling anstyle-parse v0.2.0
[INFO] [stderr]    Compiling syn v2.0.17
[INFO] [stderr]    Compiling is-terminal v0.4.7
[INFO] [stderr]    Compiling anstream v0.3.2
[INFO] [stderr]    Compiling clap_builder v4.3.0
[INFO] [stderr]    Compiling clap_derive v4.3.0
[INFO] [stderr]    Compiling clap v4.3.0
[INFO] [stderr]    Compiling rust-cli v0.1.0 (/opt/rustwide/workdir)
[INFO] [stdout] error: expected `;`, found `}`
[INFO] [stdout]   --> src/key.rs:37:51
[INFO] [stdout]    |
[INFO] [stdout] 37 |    let key_json =  EncryptedKey::new(key.address,)
[INFO] [stdout]    |                                                   ^ help: add `;` here
[INFO] [stdout] 38 | }
[INFO] [stdout]    | - unexpected token
[INFO] [stdout] 
[INFO] [stdout] 
[INFO] [stdout] error[E0106]: missing lifetime specifier
[INFO] [stdout]   --> src/key.rs:33:83
[INFO] [stdout]    |
[INFO] [stdout] 33 | pub fn encrypt_key(key: &mut Key, auth:String, scryptN:i64,scryptP:i64) -> Result<&[u8]> {
[INFO] [stdout]    |                         --------                                                  ^ expected named lifetime parameter
[INFO] [stdout]    |
[INFO] [stdout]    = help: this function's return type contains a borrowed value, but the signature does not say which one of `key`'s 2 lifetimes it is borrowed from
[INFO] [stdout] help: consider introducing a named lifetime parameter
[INFO] [stdout]    |
[INFO] [stdout] 33 | pub fn encrypt_key<'a>(key: &'a mut Key<'a>, auth:String, scryptN:i64,scryptP:i64) -> Result<&'a [u8]> {
[INFO] [stdout]    |                   ++++       ++        ++++                                                   ++
[INFO] [stdout] 
[INFO] [stdout] 
[INFO] [stdout] error[E0107]: enum takes 2 generic arguments but 1 generic argument was supplied
[INFO] [stdout]   --> src/key.rs:33:76
[INFO] [stdout]    |
[INFO] [stdout] 33 | pub fn encrypt_key(key: &mut Key, auth:String, scryptN:i64,scryptP:i64) -> Result<&[u8]> {
[INFO] [stdout]    |                                                                            ^^^^^^ ----- supplied 1 generic argument
[INFO] [stdout]    |                                                                            |
[INFO] [stdout]    |                                                                            expected 2 generic arguments
[INFO] [stdout]    |
[INFO] [stdout] help: add missing generic argument
[INFO] [stdout]    |
[INFO] [stdout] 33 | pub fn encrypt_key(key: &mut Key, auth:String, scryptN:i64,scryptP:i64) -> Result<&[u8], E> {
[INFO] [stdout]    |                                                                                        +++
[INFO] [stdout] 
[INFO] [stdout] 
[INFO] [stdout] error[E0107]: enum takes 2 generic arguments but 1 generic argument was supplied
[INFO] [stdout]   --> src/key.rs:41:71
[INFO] [stdout]    |
[INFO] [stdout] 41 | fn encrypt_data_v3(data:&[u8], auth:&[u8],scryptN:i64,scryptP:i64) -> Result<CryptoJSON> {
[INFO] [stdout]    |                                                                       ^^^^^^ ---------- supplied 1 generic argument
[INFO] [stdout]    |                                                                       |
[INFO] [stdout]    |                                                                       expected 2 generic arguments
[INFO] [stdout]    |
[INFO] [stdout] help: add missing generic argument
[INFO] [stdout]    |
[INFO] [stdout] 41 | fn encrypt_data_v3(data:&[u8], auth:&[u8],scryptN:i64,scryptP:i64) -> Result<CryptoJSON, E> {
[INFO] [stdout]    |                                                                                        +++
[INFO] [stdout] 
[INFO] [stdout] 
[INFO] [stdout] error: aborting due to 4 previous errors
[INFO] [stdout] 
[INFO] [stdout] 
[INFO] [stdout] Some errors have detailed explanations: E0106, E0107.
[INFO] [stdout] 
[INFO] [stdout] For more information about an error, try `rustc --explain E0106`.
[INFO] [stdout] 
[INFO] [stderr] error: could not compile `rust-cli` (bin "rust-cli") due to 5 previous errors
[INFO] running `Command { std: "docker" "inspect" "6eb037424c07fa2d380674f631612e9b3c5b8e6375ba3399ff16dcb7a3f6e9d6", kill_on_drop: false }`
[INFO] running `Command { std: "docker" "rm" "-f" "6eb037424c07fa2d380674f631612e9b3c5b8e6375ba3399ff16dcb7a3f6e9d6", kill_on_drop: false }`
[INFO] [stdout] 6eb037424c07fa2d380674f631612e9b3c5b8e6375ba3399ff16dcb7a3f6e9d6
