[INFO] cloning repository https://github.com/DarkVanityOfLight/terminal-snake
[INFO] running `Command { std: "git" "-c" "credential.helper=" "-c" "credential.helper=/workspace/cargo-home/bin/git-credential-null" "clone" "--bare" "https://github.com/DarkVanityOfLight/terminal-snake" "/workspace/cache/git-repos/https%3A%2F%2Fgithub.com%2FDarkVanityOfLight%2Fterminal-snake", kill_on_drop: false }`
[INFO] [stderr] Cloning into bare repository '/workspace/cache/git-repos/https%3A%2F%2Fgithub.com%2FDarkVanityOfLight%2Fterminal-snake'...
[INFO] running `Command { std: "git" "rev-parse" "HEAD", kill_on_drop: false }`
[INFO] [stdout] 81746c85672e292595ac83e3dccb4eb651d6ca44
[INFO] testing DarkVanityOfLight/terminal-snake against 1.75.0 for beta-1.76-1
[INFO] running `Command { std: "git" "clone" "/workspace/cache/git-repos/https%3A%2F%2Fgithub.com%2FDarkVanityOfLight%2Fterminal-snake" "/workspace/builds/worker-4-tc1/source", kill_on_drop: false }`
[INFO] [stderr] Cloning into '/workspace/builds/worker-4-tc1/source'...
[INFO] [stderr] done.
[INFO] validating manifest of git repo https://github.com/DarkVanityOfLight/terminal-snake on toolchain 1.75.0
[INFO] running `Command { std: CARGO_HOME="/workspace/cargo-home" RUSTUP_HOME="/workspace/rustup-home" "/workspace/cargo-home/bin/cargo" "+1.75.0" "metadata" "--manifest-path" "Cargo.toml" "--no-deps", kill_on_drop: false }`
[INFO] started tweaking git repo https://github.com/DarkVanityOfLight/terminal-snake
[INFO] finished tweaking git repo https://github.com/DarkVanityOfLight/terminal-snake
[INFO] tweaked toml for git repo https://github.com/DarkVanityOfLight/terminal-snake written to /workspace/builds/worker-4-tc1/source/Cargo.toml
[INFO] crate git repo https://github.com/DarkVanityOfLight/terminal-snake already has a lockfile, it will not be regenerated
[INFO] running `Command { std: CARGO_HOME="/workspace/cargo-home" RUSTUP_HOME="/workspace/rustup-home" "/workspace/cargo-home/bin/cargo" "+1.75.0" "fetch" "--manifest-path" "Cargo.toml", kill_on_drop: false }`
[INFO] running `Command { std: "docker" "create" "-v" "/var/lib/crater-agent-workspace/builds/worker-4-tc1/target:/opt/rustwide/target:rw,Z" "-v" "/var/lib/crater-agent-workspace/builds/worker-4-tc1/source:/opt/rustwide/workdir:ro,Z" "-v" "/var/lib/crater-agent-workspace/cargo-home:/opt/rustwide/cargo-home:ro,Z" "-v" "/var/lib/crater-agent-workspace/rustup-home:/opt/rustwide/rustup-home:ro,Z" "-e" "SOURCE_DIR=/opt/rustwide/workdir" "-e" "CARGO_TARGET_DIR=/opt/rustwide/target" "-e" "CARGO_HOME=/opt/rustwide/cargo-home" "-e" "RUSTUP_HOME=/opt/rustwide/rustup-home" "-w" "/opt/rustwide/workdir" "-m" "1610612736" "--user" "0:0" "--network" "none" "ghcr.io/rust-lang/crates-build-env/linux@sha256:2788e3201cd34a07e3172128adcd8b3090168a8e3bcc40d7c032b9dda1df7d1c" "/opt/rustwide/cargo-home/bin/cargo" "+1.75.0" "metadata" "--no-deps" "--format-version=1", kill_on_drop: false }`
[INFO] [stdout] 814ffcc151c142770ce8d7c564296406cda09068e3b033706fe306577fad8faa
[INFO] running `Command { std: "docker" "start" "-a" "814ffcc151c142770ce8d7c564296406cda09068e3b033706fe306577fad8faa", kill_on_drop: false }`
[INFO] running `Command { std: "docker" "inspect" "814ffcc151c142770ce8d7c564296406cda09068e3b033706fe306577fad8faa", kill_on_drop: false }`
[INFO] running `Command { std: "docker" "rm" "-f" "814ffcc151c142770ce8d7c564296406cda09068e3b033706fe306577fad8faa", kill_on_drop: false }`
[INFO] [stdout] 814ffcc151c142770ce8d7c564296406cda09068e3b033706fe306577fad8faa
[INFO] running `Command { std: "docker" "create" "-v" "/var/lib/crater-agent-workspace/builds/worker-4-tc1/target:/opt/rustwide/target:rw,Z" "-v" "/var/lib/crater-agent-workspace/builds/worker-4-tc1/source:/opt/rustwide/workdir:ro,Z" "-v" "/var/lib/crater-agent-workspace/cargo-home:/opt/rustwide/cargo-home:ro,Z" "-v" "/var/lib/crater-agent-workspace/rustup-home:/opt/rustwide/rustup-home:ro,Z" "-e" "SOURCE_DIR=/opt/rustwide/workdir" "-e" "CARGO_TARGET_DIR=/opt/rustwide/target" "-e" "CARGO_INCREMENTAL=0" "-e" "RUST_BACKTRACE=full" "-e" "RUSTFLAGS=--cap-lints=warn" "-e" "RUSTDOCFLAGS=--cap-lints=warn" "-e" "CARGO_HOME=/opt/rustwide/cargo-home" "-e" "RUSTUP_HOME=/opt/rustwide/rustup-home" "-w" "/opt/rustwide/workdir" "-m" "1610612736" "--user" "0:0" "--network" "none" "ghcr.io/rust-lang/crates-build-env/linux@sha256:2788e3201cd34a07e3172128adcd8b3090168a8e3bcc40d7c032b9dda1df7d1c" "/opt/rustwide/cargo-home/bin/cargo" "+1.75.0" "build" "--frozen" "--message-format=json", kill_on_drop: false }`
[INFO] [stdout] 62af228dcb69a3847c802f3fffb9a48afdd860e1aafb3d436fff753dd0f0ba97
[INFO] running `Command { std: "docker" "start" "-a" "62af228dcb69a3847c802f3fffb9a48afdd860e1aafb3d436fff753dd0f0ba97", kill_on_drop: false }`
[INFO] [stderr]    Compiling libc v0.2.93
[INFO] [stderr]    Compiling numtoa v0.1.0
[INFO] [stderr]    Compiling termion v1.5.6
[INFO] [stderr]    Compiling terminal-snake v0.1.0 (/opt/rustwide/workdir)
[INFO] [stdout] warning: unused import: `std::time::Duration`
[INFO] [stdout]  --> src/main.rs:2:5
[INFO] [stdout]   |
[INFO] [stdout] 2 | use std::time::Duration;
[INFO] [stdout]   |     ^^^^^^^^^^^^^^^^^^^
[INFO] [stdout]   |
[INFO] [stdout]   = note: `#[warn(unused_imports)]` on by default
[INFO] [stdout] 
[INFO] [stdout] 
[INFO] [stdout] warning: unused import: `std::thread::sleep`
[INFO] [stdout]  --> src/main.rs:3:5
[INFO] [stdout]   |
[INFO] [stdout] 3 | use std::thread::sleep;
[INFO] [stdout]   |     ^^^^^^^^^^^^^^^^^^
[INFO] [stdout] 
[INFO] [stdout] 
[INFO] [stdout] warning: unused import: `stdout`
[INFO] [stdout]  --> src/main.rs:5:21
[INFO] [stdout]   |
[INFO] [stdout] 5 | use std::io::{self, stdout, Read};
[INFO] [stdout]   |                     ^^^^^^
[INFO] [stdout] 
[INFO] [stdout] 
[INFO] [stdout] warning: unused import: `termion::raw::IntoRawMode`
[INFO] [stdout]  --> src/main.rs:6:5
[INFO] [stdout]   |
[INFO] [stdout] 6 | use termion::raw::IntoRawMode; 
[INFO] [stdout]   |     ^^^^^^^^^^^^^^^^^^^^^^^^^
[INFO] [stdout] 
[INFO] [stdout] 
[INFO] [stdout] error[E0063]: missing field `turn_points` in initializer of `Snake`
[INFO] [stdout]   --> src/main.rs:79:9
[INFO] [stdout]    |
[INFO] [stdout] 79 |         Snake{
[INFO] [stdout]    |         ^^^^^ missing `turn_points`
[INFO] [stdout] 
[INFO] [stdout] 
[INFO] [stdout] error[E0599]: no method named `grow` found for struct `Snake` in the current scope
[INFO] [stdout]    --> src/main.rs:194:23
[INFO] [stdout]     |
[INFO] [stdout] 16  | pub struct Snake{
[INFO] [stdout]     | ---------------- method `grow` not found for this struct
[INFO] [stdout] ...
[INFO] [stdout] 194 |             (*player).grow();
[INFO] [stdout]     |                       ^^^^ method not found in `Snake`
[INFO] [stdout] 
[INFO] [stdout] 
[INFO] [stdout] error: aborting due to 2 previous errors; 4 warnings emitted
[INFO] [stdout] 
[INFO] [stdout] 
[INFO] [stdout] Some errors have detailed explanations: E0063, E0599.
[INFO] [stdout] 
[INFO] [stdout] For more information about an error, try `rustc --explain E0063`.
[INFO] [stdout] 
[INFO] [stderr] error: could not compile `terminal-snake` (bin "terminal-snake") due to 3 previous errors; 4 warnings emitted
[INFO] running `Command { std: "docker" "inspect" "62af228dcb69a3847c802f3fffb9a48afdd860e1aafb3d436fff753dd0f0ba97", kill_on_drop: false }`
[INFO] running `Command { std: "docker" "rm" "-f" "62af228dcb69a3847c802f3fffb9a48afdd860e1aafb3d436fff753dd0f0ba97", kill_on_drop: false }`
[INFO] [stdout] 62af228dcb69a3847c802f3fffb9a48afdd860e1aafb3d436fff753dd0f0ba97
[INFO] testing DarkVanityOfLight/terminal-snake against beta-2023-12-22 for beta-1.76-1
[INFO] running `Command { std: "git" "clone" "/workspace/cache/git-repos/https%3A%2F%2Fgithub.com%2FDarkVanityOfLight%2Fterminal-snake" "/workspace/builds/worker-4-tc2/source", kill_on_drop: false }`
[INFO] [stderr] Cloning into '/workspace/builds/worker-4-tc2/source'...
[INFO] [stderr] done.
[INFO] validating manifest of git repo https://github.com/DarkVanityOfLight/terminal-snake on toolchain beta-2023-12-22
[INFO] running `Command { std: CARGO_HOME="/workspace/cargo-home" RUSTUP_HOME="/workspace/rustup-home" "/workspace/cargo-home/bin/cargo" "+beta-2023-12-22" "metadata" "--manifest-path" "Cargo.toml" "--no-deps", kill_on_drop: false }`
[INFO] started tweaking git repo https://github.com/DarkVanityOfLight/terminal-snake
[INFO] finished tweaking git repo https://github.com/DarkVanityOfLight/terminal-snake
[INFO] tweaked toml for git repo https://github.com/DarkVanityOfLight/terminal-snake written to /workspace/builds/worker-4-tc2/source/Cargo.toml
[INFO] crate git repo https://github.com/DarkVanityOfLight/terminal-snake already has a lockfile, it will not be regenerated
[INFO] running `Command { std: CARGO_HOME="/workspace/cargo-home" RUSTUP_HOME="/workspace/rustup-home" "/workspace/cargo-home/bin/cargo" "+beta-2023-12-22" "fetch" "--manifest-path" "Cargo.toml", kill_on_drop: false }`
[INFO] running `Command { std: "docker" "create" "-v" "/var/lib/crater-agent-workspace/builds/worker-4-tc2/target:/opt/rustwide/target:rw,Z" "-v" "/var/lib/crater-agent-workspace/builds/worker-4-tc2/source:/opt/rustwide/workdir:ro,Z" "-v" "/var/lib/crater-agent-workspace/cargo-home:/opt/rustwide/cargo-home:ro,Z" "-v" "/var/lib/crater-agent-workspace/rustup-home:/opt/rustwide/rustup-home:ro,Z" "-e" "SOURCE_DIR=/opt/rustwide/workdir" "-e" "CARGO_TARGET_DIR=/opt/rustwide/target" "-e" "CARGO_HOME=/opt/rustwide/cargo-home" "-e" "RUSTUP_HOME=/opt/rustwide/rustup-home" "-w" "/opt/rustwide/workdir" "-m" "1610612736" "--user" "0:0" "--network" "none" "ghcr.io/rust-lang/crates-build-env/linux@sha256:2788e3201cd34a07e3172128adcd8b3090168a8e3bcc40d7c032b9dda1df7d1c" "/opt/rustwide/cargo-home/bin/cargo" "+beta-2023-12-22" "metadata" "--no-deps" "--format-version=1", kill_on_drop: false }`
[INFO] [stdout] 18ee8339a197fc37a37dc65f2ced09047854b4b6094c847208cb3ee8076fdbe7
[INFO] running `Command { std: "docker" "start" "-a" "18ee8339a197fc37a37dc65f2ced09047854b4b6094c847208cb3ee8076fdbe7", kill_on_drop: false }`
[INFO] running `Command { std: "docker" "inspect" "18ee8339a197fc37a37dc65f2ced09047854b4b6094c847208cb3ee8076fdbe7", kill_on_drop: false }`
[INFO] running `Command { std: "docker" "rm" "-f" "18ee8339a197fc37a37dc65f2ced09047854b4b6094c847208cb3ee8076fdbe7", kill_on_drop: false }`
[INFO] [stdout] 18ee8339a197fc37a37dc65f2ced09047854b4b6094c847208cb3ee8076fdbe7
[INFO] running `Command { std: "docker" "create" "-v" "/var/lib/crater-agent-workspace/builds/worker-4-tc2/target:/opt/rustwide/target:rw,Z" "-v" "/var/lib/crater-agent-workspace/builds/worker-4-tc2/source:/opt/rustwide/workdir:ro,Z" "-v" "/var/lib/crater-agent-workspace/cargo-home:/opt/rustwide/cargo-home:ro,Z" "-v" "/var/lib/crater-agent-workspace/rustup-home:/opt/rustwide/rustup-home:ro,Z" "-e" "SOURCE_DIR=/opt/rustwide/workdir" "-e" "CARGO_TARGET_DIR=/opt/rustwide/target" "-e" "CARGO_INCREMENTAL=0" "-e" "RUST_BACKTRACE=full" "-e" "RUSTFLAGS=--cap-lints=warn" "-e" "RUSTDOCFLAGS=--cap-lints=warn" "-e" "CARGO_HOME=/opt/rustwide/cargo-home" "-e" "RUSTUP_HOME=/opt/rustwide/rustup-home" "-w" "/opt/rustwide/workdir" "-m" "1610612736" "--user" "0:0" "--network" "none" "ghcr.io/rust-lang/crates-build-env/linux@sha256:2788e3201cd34a07e3172128adcd8b3090168a8e3bcc40d7c032b9dda1df7d1c" "/opt/rustwide/cargo-home/bin/cargo" "+beta-2023-12-22" "build" "--frozen" "--message-format=json", kill_on_drop: false }`
[INFO] [stdout] c157a93b4a28b08669a1ef28f76f70861d99e14f2d69b5489a97472d08d92158
[INFO] running `Command { std: "docker" "start" "-a" "c157a93b4a28b08669a1ef28f76f70861d99e14f2d69b5489a97472d08d92158", kill_on_drop: false }`
[INFO] [stderr]    Compiling libc v0.2.93
[INFO] [stderr]    Compiling numtoa v0.1.0
[INFO] [stderr]    Compiling termion v1.5.6
[INFO] [stderr]    Compiling terminal-snake v0.1.0 (/opt/rustwide/workdir)
[INFO] [stdout] warning: unused import: `std::time::Duration`
[INFO] [stdout]  --> src/main.rs:2:5
[INFO] [stdout]   |
[INFO] [stdout] 2 | use std::time::Duration;
[INFO] [stdout]   |     ^^^^^^^^^^^^^^^^^^^
[INFO] [stdout]   |
[INFO] [stdout]   = note: `#[warn(unused_imports)]` on by default
[INFO] [stdout] 
[INFO] [stdout] 
[INFO] [stdout] warning: unused import: `std::thread::sleep`
[INFO] [stdout]  --> src/main.rs:3:5
[INFO] [stdout]   |
[INFO] [stdout] 3 | use std::thread::sleep;
[INFO] [stdout]   |     ^^^^^^^^^^^^^^^^^^
[INFO] [stdout] 
[INFO] [stdout] 
[INFO] [stdout] warning: unused import: `stdout`
[INFO] [stdout]  --> src/main.rs:5:21
[INFO] [stdout]   |
[INFO] [stdout] 5 | use std::io::{self, stdout, Read};
[INFO] [stdout]   |                     ^^^^^^
[INFO] [stdout] 
[INFO] [stdout] 
[INFO] [stdout] warning: unused import: `termion::raw::IntoRawMode`
[INFO] [stdout]  --> src/main.rs:6:5
[INFO] [stdout]   |
[INFO] [stdout] 6 | use termion::raw::IntoRawMode; 
[INFO] [stdout]   |     ^^^^^^^^^^^^^^^^^^^^^^^^^
[INFO] [stdout] 
[INFO] [stdout] 
[INFO] [stdout] error[E0063]: missing field `turn_points` in initializer of `Snake`
[INFO] [stdout]   --> src/main.rs:79:9
[INFO] [stdout]    |
[INFO] [stdout] 79 |         Snake{
[INFO] [stdout]    |         ^^^^^ missing `turn_points`
[INFO] [stdout] 
[INFO] [stdout] 
[INFO] [stdout] error[E0599]: no method named `grow` found for struct `Snake` in the current scope
[INFO] [stdout]    --> src/main.rs:194:23
[INFO] [stdout]     |
[INFO] [stdout] 16  | pub struct Snake{
[INFO] [stdout]     | ---------------- method `grow` not found for this struct
[INFO] [stdout] ...
[INFO] [stdout] 194 |             (*player).grow();
[INFO] [stdout]     |                       ^^^^ method not found in `Snake`
[INFO] [stdout] 
[INFO] [stdout] 
[INFO] [stdout] error: aborting due to 2 previous errors; 4 warnings emitted
[INFO] [stdout] 
[INFO] [stdout] 
[INFO] [stdout] Some errors have detailed explanations: E0063, E0599.
[INFO] [stdout] 
[INFO] [stdout] For more information about an error, try `rustc --explain E0063`.
[INFO] [stdout] 
[INFO] [stderr] error: could not compile `terminal-snake` (bin "terminal-snake") due to 3 previous errors; 4 warnings emitted
[INFO] running `Command { std: "docker" "inspect" "c157a93b4a28b08669a1ef28f76f70861d99e14f2d69b5489a97472d08d92158", kill_on_drop: false }`
[INFO] running `Command { std: "docker" "rm" "-f" "c157a93b4a28b08669a1ef28f76f70861d99e14f2d69b5489a97472d08d92158", kill_on_drop: false }`
[INFO] [stdout] c157a93b4a28b08669a1ef28f76f70861d99e14f2d69b5489a97472d08d92158
