[INFO] cloning repository https://github.com/DarkRyu550/bbman-rust-engine
[INFO] running `Command { std: "git" "-c" "credential.helper=" "-c" "credential.helper=/workspace/cargo-home/bin/git-credential-null" "clone" "--bare" "https://github.com/DarkRyu550/bbman-rust-engine" "/workspace/cache/git-repos/https%3A%2F%2Fgithub.com%2FDarkRyu550%2Fbbman-rust-engine", kill_on_drop: false }`
[INFO] [stderr] Cloning into bare repository '/workspace/cache/git-repos/https%3A%2F%2Fgithub.com%2FDarkRyu550%2Fbbman-rust-engine'...
[INFO] running `Command { std: "git" "rev-parse" "HEAD", kill_on_drop: false }`
[INFO] [stdout] ea3b0a1bbb9b10ddb2a9a3036445e5db1eea982f
[INFO] testing DarkRyu550/bbman-rust-engine against 1.75.0 for beta-1.76-1
[INFO] running `Command { std: "git" "clone" "/workspace/cache/git-repos/https%3A%2F%2Fgithub.com%2FDarkRyu550%2Fbbman-rust-engine" "/workspace/builds/worker-1-tc1/source", kill_on_drop: false }`
[INFO] [stderr] Cloning into '/workspace/builds/worker-1-tc1/source'...
[INFO] [stderr] done.
[INFO] validating manifest of git repo https://github.com/DarkRyu550/bbman-rust-engine on toolchain 1.75.0
[INFO] running `Command { std: CARGO_HOME="/workspace/cargo-home" RUSTUP_HOME="/workspace/rustup-home" "/workspace/cargo-home/bin/cargo" "+1.75.0" "metadata" "--manifest-path" "Cargo.toml" "--no-deps", kill_on_drop: false }`
[INFO] started tweaking git repo https://github.com/DarkRyu550/bbman-rust-engine
[INFO] finished tweaking git repo https://github.com/DarkRyu550/bbman-rust-engine
[INFO] tweaked toml for git repo https://github.com/DarkRyu550/bbman-rust-engine written to /workspace/builds/worker-1-tc1/source/Cargo.toml
[INFO] crate git repo https://github.com/DarkRyu550/bbman-rust-engine already has a lockfile, it will not be regenerated
[INFO] running `Command { std: CARGO_HOME="/workspace/cargo-home" RUSTUP_HOME="/workspace/rustup-home" "/workspace/cargo-home/bin/cargo" "+1.75.0" "fetch" "--manifest-path" "Cargo.toml", kill_on_drop: false }`
[INFO] [stderr]     Updating crates.io index
[INFO] [stderr]  Downloading crates ...
[INFO] [stderr]   Downloaded num_cpus v0.2.13
[INFO] [stderr]   Downloaded num-iter v0.1.32
[INFO] [stderr]   Downloaded dlib v0.3.0
[INFO] [stderr]   Downloaded libc v0.2.14
[INFO] [stderr]   Downloaded tempfile v2.1.4
[INFO] [stderr]   Downloaded ogg-sys v0.0.9
[INFO] [stderr]   Downloaded cgmath v0.10.0
[INFO] [stderr]   Downloaded crossbeam v0.2.9
[INFO] [stderr]   Downloaded khronos_api v1.0.0
[INFO] [stderr]   Downloaded lazy_static v0.2.1
[INFO] [stderr]   Downloaded backtrace-sys v0.1.4
[INFO] [stderr]   Downloaded rustc-demangle v0.1.1
[INFO] [stderr]   Downloaded android_glue v0.2.0
[INFO] [stderr]   Downloaded gleam v0.2.20
[INFO] [stderr]   Downloaded core-foundation-sys v0.2.2
[INFO] [stderr]   Downloaded gl_generator v0.5.2
[INFO] [stderr]   Downloaded shared_library v0.1.5
[INFO] [stderr]   Downloaded xml-rs v0.3.4
[INFO] [stderr]   Downloaded serde_json v0.8.0
[INFO] [stderr]   Downloaded gif v0.9.0
[INFO] [stderr]   Downloaded serde v0.8.0
[INFO] [stderr]   Downloaded num-integer v0.1.32
[INFO] [stderr]   Downloaded smallvec v0.1.8
[INFO] [stderr]   Downloaded rustc-serialize v0.3.19
[INFO] [stderr]   Downloaded core-foundation v0.2.2
[INFO] [stderr]   Downloaded dwmapi-sys v0.1.0
[INFO] [stderr]   Downloaded osmesa-sys v0.1.0
[INFO] [stderr]   Downloaded wayland-scanner v0.5.11
[INFO] [stderr]   Downloaded libloading v0.2.4
[INFO] [stderr]   Downloaded num-traits v0.1.34
[INFO] [stderr]   Downloaded target_build_utils v0.1.1
[INFO] [stderr]   Downloaded collision v0.8.0
[INFO] [stderr]   Downloaded wayland-sys v0.5.11
[INFO] [stderr]   Downloaded cgl v0.1.5
[INFO] [stderr]   Downloaded num-complex v0.1.33
[INFO] [stderr]   Downloaded objc v0.2.1
[INFO] [stderr]   Downloaded enum_primitive v0.1.0
[INFO] [stderr]   Downloaded core-graphics v0.3.2
[INFO] [stderr]   Downloaded num-rational v0.1.32
[INFO] [stderr]   Downloaded shell32-sys v0.1.1
[INFO] [stderr]   Downloaded wayland-window v0.2.3
[INFO] [stderr]   Downloaded memmap v0.2.3
[INFO] [stderr]   Downloaded vorbis v0.0.14
[INFO] [stderr]   Downloaded gcc v0.3.32
[INFO] [stderr]   Downloaded x11-dl v2.8.0
[INFO] [stderr]   Downloaded json v0.10.0
[INFO] [stderr]   Downloaded hound v2.0.0
[INFO] [stderr]   Downloaded jpeg-decoder v0.1.6
[INFO] [stderr]   Downloaded cocoa v0.3.3
[INFO] [stderr]   Downloaded vorbisfile-sys v0.0.8
[INFO] [stderr]   Downloaded wayland-client v0.5.12
[INFO] [stderr]   Downloaded num v0.1.34
[INFO] [stderr]   Downloaded num-bigint v0.1.33
[INFO] [stderr]   Downloaded rayon v0.4.0
[INFO] [stderr]   Downloaded wayland-kbd v0.3.6
[INFO] [stderr]   Downloaded miniz-sys v0.1.7
[INFO] [stderr]   Downloaded flate2 v0.2.14
[INFO] [stderr]   Downloaded backtrace v0.2.3
[INFO] [stderr]   Downloaded png v0.5.2
[INFO] [stderr]   Downloaded image v0.10.1
[INFO] [stderr]   Downloaded glutin v0.6.1
[INFO] [stderr]   Downloaded vorbis-sys v0.0.8
[INFO] [stderr]   Downloaded glium v0.15.0
[INFO] running `Command { std: "docker" "create" "-v" "/var/lib/crater-agent-workspace/builds/worker-1-tc1/target:/opt/rustwide/target:rw,Z" "-v" "/var/lib/crater-agent-workspace/builds/worker-1-tc1/source:/opt/rustwide/workdir:ro,Z" "-v" "/var/lib/crater-agent-workspace/cargo-home:/opt/rustwide/cargo-home:ro,Z" "-v" "/var/lib/crater-agent-workspace/rustup-home:/opt/rustwide/rustup-home:ro,Z" "-e" "SOURCE_DIR=/opt/rustwide/workdir" "-e" "CARGO_TARGET_DIR=/opt/rustwide/target" "-e" "CARGO_HOME=/opt/rustwide/cargo-home" "-e" "RUSTUP_HOME=/opt/rustwide/rustup-home" "-w" "/opt/rustwide/workdir" "-m" "1610612736" "--user" "0:0" "--network" "none" "ghcr.io/rust-lang/crates-build-env/linux@sha256:2788e3201cd34a07e3172128adcd8b3090168a8e3bcc40d7c032b9dda1df7d1c" "/opt/rustwide/cargo-home/bin/cargo" "+1.75.0" "metadata" "--no-deps" "--format-version=1", kill_on_drop: false }`
[INFO] [stdout] 62e5d224b2b49e3cfb6ecd8f622610be0895f794b962882ffce9cb80e8b19841
[INFO] running `Command { std: "docker" "start" "-a" "62e5d224b2b49e3cfb6ecd8f622610be0895f794b962882ffce9cb80e8b19841", kill_on_drop: false }`
[INFO] running `Command { std: "docker" "inspect" "62e5d224b2b49e3cfb6ecd8f622610be0895f794b962882ffce9cb80e8b19841", kill_on_drop: false }`
[INFO] running `Command { std: "docker" "rm" "-f" "62e5d224b2b49e3cfb6ecd8f622610be0895f794b962882ffce9cb80e8b19841", kill_on_drop: false }`
[INFO] [stdout] 62e5d224b2b49e3cfb6ecd8f622610be0895f794b962882ffce9cb80e8b19841
[INFO] running `Command { std: "docker" "create" "-v" "/var/lib/crater-agent-workspace/builds/worker-1-tc1/target:/opt/rustwide/target:rw,Z" "-v" "/var/lib/crater-agent-workspace/builds/worker-1-tc1/source:/opt/rustwide/workdir:ro,Z" "-v" "/var/lib/crater-agent-workspace/cargo-home:/opt/rustwide/cargo-home:ro,Z" "-v" "/var/lib/crater-agent-workspace/rustup-home:/opt/rustwide/rustup-home:ro,Z" "-e" "SOURCE_DIR=/opt/rustwide/workdir" "-e" "CARGO_TARGET_DIR=/opt/rustwide/target" "-e" "CARGO_INCREMENTAL=0" "-e" "RUST_BACKTRACE=full" "-e" "RUSTFLAGS=--cap-lints=warn" "-e" "RUSTDOCFLAGS=--cap-lints=warn" "-e" "CARGO_HOME=/opt/rustwide/cargo-home" "-e" "RUSTUP_HOME=/opt/rustwide/rustup-home" "-w" "/opt/rustwide/workdir" "-m" "1610612736" "--user" "0:0" "--network" "none" "ghcr.io/rust-lang/crates-build-env/linux@sha256:2788e3201cd34a07e3172128adcd8b3090168a8e3bcc40d7c032b9dda1df7d1c" "/opt/rustwide/cargo-home/bin/cargo" "+1.75.0" "build" "--frozen" "--message-format=json", kill_on_drop: false }`
[INFO] [stdout] 33a3a0dff78edfcf825099b4a3f2dd8dc5affef0e48b9c6cf6e9ab0c40a53251
[INFO] running `Command { std: "docker" "start" "-a" "33a3a0dff78edfcf825099b4a3f2dd8dc5affef0e48b9c6cf6e9ab0c40a53251", kill_on_drop: false }`
[INFO] [stderr]    Compiling libc v0.2.14
[INFO] [stderr]    Compiling num-traits v0.1.34
[INFO] [stderr]    Compiling gcc v0.3.32
[INFO] [stderr]    Compiling bitflags v0.7.0
[INFO] [stderr]    Compiling winapi-build v0.1.1
[INFO] [stderr]    Compiling pkg-config v0.3.8
[INFO] [stderr]    Compiling itoa v0.1.1
[INFO] [stderr]    Compiling dtoa v0.2.2
[INFO] [stderr]    Compiling serde v0.8.0
[INFO] [stderr]    Compiling lazy_static v0.2.1
[INFO] [stderr]    Compiling winapi v0.2.8
[INFO] [stderr]    Compiling rustc-serialize v0.3.19
[INFO] [stderr]    Compiling khronos_api v1.0.0
[INFO] [stderr]    Compiling semver v0.1.20
[INFO] [stderr]    Compiling log v0.3.6
[INFO] [stderr]    Compiling lazy_static v0.1.16
[INFO] [stderr]    Compiling xml-rs v0.3.4
[INFO] [stderr]    Compiling byteorder v0.5.3
[INFO] [stderr]    Compiling crossbeam v0.2.9
[INFO] [stderr]    Compiling backtrace v0.2.3
[INFO] [stderr]    Compiling inflate v0.1.1
[INFO] [stderr]    Compiling kernel32-sys v0.2.2
[INFO] [stdout] error[E0642]: patterns aren't allowed in functions without bodies
[INFO] [stdout]    --> /opt/rustwide/cargo-home/registry/src/index.crates.io-6f17d22bba15001f/rustc-serialize-0.3.19/src/serialize.rs:147:45
[INFO] [stdout]     |
[INFO] [stdout] 147 | ...                   &f_name: &str,
[INFO] [stdout]     |                       ^^^^^^^ pattern not allowed in function without body
[INFO] [stdout] 
[INFO] [stdout] 
[INFO] [stderr]    Compiling dbghelp-sys v0.2.0
[INFO] [stderr]    Compiling color_quant v1.0.0
[INFO] [stderr]    Compiling rustc-demangle v0.1.1
[INFO] [stderr]    Compiling rustc_version v0.1.7
[INFO] [stderr]    Compiling rand v0.3.14
[INFO] [stderr]    Compiling shared_library v0.1.5
[INFO] [stderr]    Compiling num_cpus v0.2.13
[INFO] [stderr]    Compiling x11-dl v2.8.0
[INFO] [stderr]    Compiling lzw v0.10.0
[INFO] [stderr]    Compiling num-integer v0.1.32
[INFO] [stderr]    Compiling fs2 v0.2.5
[INFO] [stderr]    Compiling tempfile v2.1.4
[INFO] [stderr]    Compiling osmesa-sys v0.1.0
[INFO] [stderr]    Compiling cfg-if v0.1.0
[INFO] [stderr]    Compiling memmap v0.2.3
[INFO] [stderr]    Compiling glob v0.2.11
[INFO] [stderr]    Compiling num-iter v0.1.32
[INFO] [stderr]    Compiling ogg-sys v0.0.9
[INFO] [stderr]    Compiling vorbis-sys v0.0.8
[INFO] [stderr]    Compiling miniz-sys v0.1.7
[INFO] [stderr]    Compiling wayland-scanner v0.5.11
[INFO] [stderr]    Compiling gl_generator v0.5.2
[INFO] [stderr]    Compiling backtrace-sys v0.1.4
[INFO] [stderr]    Compiling vorbisfile-sys v0.0.8
[INFO] [stderr]    Compiling gif v0.9.0
[INFO] [stderr]    Compiling smallvec v0.1.8
[INFO] [stderr]    Compiling deque v0.3.1
[INFO] [stderr]    Compiling hound v2.0.0
[INFO] [stderr]    Compiling rayon v0.4.0
[INFO] [stderr]    Compiling json v0.10.0
[INFO] [stderr]    Compiling vorbis v0.0.14
[INFO] [stdout] error: aborting due to previous error
[INFO] [stdout] 
[INFO] [stdout] 
[INFO] [stdout] For more information about this error, try `rustc --explain E0642`.
[INFO] [stdout] 
[INFO] [stderr] error: could not compile `rustc-serialize` (lib) due to 2 previous errors; 1 warning emitted
[INFO] [stderr] warning: build failed, waiting for other jobs to finish...
[INFO] running `Command { std: "docker" "inspect" "33a3a0dff78edfcf825099b4a3f2dd8dc5affef0e48b9c6cf6e9ab0c40a53251", kill_on_drop: false }`
[INFO] running `Command { std: "docker" "rm" "-f" "33a3a0dff78edfcf825099b4a3f2dd8dc5affef0e48b9c6cf6e9ab0c40a53251", kill_on_drop: false }`
[INFO] [stdout] 33a3a0dff78edfcf825099b4a3f2dd8dc5affef0e48b9c6cf6e9ab0c40a53251
[INFO] testing DarkRyu550/bbman-rust-engine against beta-2023-12-22 for beta-1.76-1
[INFO] running `Command { std: "git" "clone" "/workspace/cache/git-repos/https%3A%2F%2Fgithub.com%2FDarkRyu550%2Fbbman-rust-engine" "/workspace/builds/worker-1-tc2/source", kill_on_drop: false }`
[INFO] [stderr] Cloning into '/workspace/builds/worker-1-tc2/source'...
[INFO] [stderr] done.
[INFO] validating manifest of git repo https://github.com/DarkRyu550/bbman-rust-engine on toolchain beta-2023-12-22
[INFO] running `Command { std: CARGO_HOME="/workspace/cargo-home" RUSTUP_HOME="/workspace/rustup-home" "/workspace/cargo-home/bin/cargo" "+beta-2023-12-22" "metadata" "--manifest-path" "Cargo.toml" "--no-deps", kill_on_drop: false }`
[INFO] started tweaking git repo https://github.com/DarkRyu550/bbman-rust-engine
[INFO] finished tweaking git repo https://github.com/DarkRyu550/bbman-rust-engine
[INFO] tweaked toml for git repo https://github.com/DarkRyu550/bbman-rust-engine written to /workspace/builds/worker-1-tc2/source/Cargo.toml
[INFO] crate git repo https://github.com/DarkRyu550/bbman-rust-engine already has a lockfile, it will not be regenerated
[INFO] running `Command { std: CARGO_HOME="/workspace/cargo-home" RUSTUP_HOME="/workspace/rustup-home" "/workspace/cargo-home/bin/cargo" "+beta-2023-12-22" "fetch" "--manifest-path" "Cargo.toml", kill_on_drop: false }`
[INFO] running `Command { std: "docker" "create" "-v" "/var/lib/crater-agent-workspace/builds/worker-1-tc2/target:/opt/rustwide/target:rw,Z" "-v" "/var/lib/crater-agent-workspace/builds/worker-1-tc2/source:/opt/rustwide/workdir:ro,Z" "-v" "/var/lib/crater-agent-workspace/cargo-home:/opt/rustwide/cargo-home:ro,Z" "-v" "/var/lib/crater-agent-workspace/rustup-home:/opt/rustwide/rustup-home:ro,Z" "-e" "SOURCE_DIR=/opt/rustwide/workdir" "-e" "CARGO_TARGET_DIR=/opt/rustwide/target" "-e" "CARGO_HOME=/opt/rustwide/cargo-home" "-e" "RUSTUP_HOME=/opt/rustwide/rustup-home" "-w" "/opt/rustwide/workdir" "-m" "1610612736" "--user" "0:0" "--network" "none" "ghcr.io/rust-lang/crates-build-env/linux@sha256:2788e3201cd34a07e3172128adcd8b3090168a8e3bcc40d7c032b9dda1df7d1c" "/opt/rustwide/cargo-home/bin/cargo" "+beta-2023-12-22" "metadata" "--no-deps" "--format-version=1", kill_on_drop: false }`
[INFO] [stdout] 2280f5c9a3a70c603f9aa1a1ecd94e303a21bb269c3f5d0056aca81ef945a5d3
[INFO] running `Command { std: "docker" "start" "-a" "2280f5c9a3a70c603f9aa1a1ecd94e303a21bb269c3f5d0056aca81ef945a5d3", kill_on_drop: false }`
[INFO] running `Command { std: "docker" "inspect" "2280f5c9a3a70c603f9aa1a1ecd94e303a21bb269c3f5d0056aca81ef945a5d3", kill_on_drop: false }`
[INFO] running `Command { std: "docker" "rm" "-f" "2280f5c9a3a70c603f9aa1a1ecd94e303a21bb269c3f5d0056aca81ef945a5d3", kill_on_drop: false }`
[INFO] [stdout] 2280f5c9a3a70c603f9aa1a1ecd94e303a21bb269c3f5d0056aca81ef945a5d3
[INFO] running `Command { std: "docker" "create" "-v" "/var/lib/crater-agent-workspace/builds/worker-1-tc2/target:/opt/rustwide/target:rw,Z" "-v" "/var/lib/crater-agent-workspace/builds/worker-1-tc2/source:/opt/rustwide/workdir:ro,Z" "-v" "/var/lib/crater-agent-workspace/cargo-home:/opt/rustwide/cargo-home:ro,Z" "-v" "/var/lib/crater-agent-workspace/rustup-home:/opt/rustwide/rustup-home:ro,Z" "-e" "SOURCE_DIR=/opt/rustwide/workdir" "-e" "CARGO_TARGET_DIR=/opt/rustwide/target" "-e" "CARGO_INCREMENTAL=0" "-e" "RUST_BACKTRACE=full" "-e" "RUSTFLAGS=--cap-lints=warn" "-e" "RUSTDOCFLAGS=--cap-lints=warn" "-e" "CARGO_HOME=/opt/rustwide/cargo-home" "-e" "RUSTUP_HOME=/opt/rustwide/rustup-home" "-w" "/opt/rustwide/workdir" "-m" "1610612736" "--user" "0:0" "--network" "none" "ghcr.io/rust-lang/crates-build-env/linux@sha256:2788e3201cd34a07e3172128adcd8b3090168a8e3bcc40d7c032b9dda1df7d1c" "/opt/rustwide/cargo-home/bin/cargo" "+beta-2023-12-22" "build" "--frozen" "--message-format=json", kill_on_drop: false }`
[INFO] [stdout] 8e5752f46d795159c2a1943c9c632d95a249164108b9efff268a3abf5a021a4d
[INFO] running `Command { std: "docker" "start" "-a" "8e5752f46d795159c2a1943c9c632d95a249164108b9efff268a3abf5a021a4d", kill_on_drop: false }`
[INFO] [stderr]    Compiling libc v0.2.14
[INFO] [stderr]    Compiling num-traits v0.1.34
[INFO] [stderr]    Compiling gcc v0.3.32
[INFO] [stderr]    Compiling bitflags v0.7.0
[INFO] [stderr]    Compiling winapi-build v0.1.1
[INFO] [stderr]    Compiling pkg-config v0.3.8
[INFO] [stderr]    Compiling serde v0.8.0
[INFO] [stderr]    Compiling dtoa v0.2.2
[INFO] [stderr]    Compiling itoa v0.1.1
[INFO] [stderr]    Compiling lazy_static v0.2.1
[INFO] [stderr]    Compiling winapi v0.2.8
[INFO] [stderr]    Compiling rustc-serialize v0.3.19
[INFO] [stderr]    Compiling khronos_api v1.0.0
[INFO] [stderr]    Compiling log v0.3.6
[INFO] [stderr]    Compiling semver v0.1.20
[INFO] [stderr]    Compiling lazy_static v0.1.16
[INFO] [stderr]    Compiling xml-rs v0.3.4
[INFO] [stderr]    Compiling crossbeam v0.2.9
[INFO] [stderr]    Compiling byteorder v0.5.3
[INFO] [stderr]    Compiling backtrace v0.2.3
[INFO] [stderr]    Compiling cfg-if v0.1.0
[INFO] [stderr]    Compiling kernel32-sys v0.2.2
[INFO] [stdout] error[E0642]: patterns aren't allowed in functions without bodies
[INFO] [stdout]    --> /opt/rustwide/cargo-home/registry/src/index.crates.io-6f17d22bba15001f/rustc-serialize-0.3.19/src/serialize.rs:147:45
[INFO] [stdout]     |
[INFO] [stdout] 147 | ...                   &f_name: &str,
[INFO] [stdout]     |                       ^^^^^^^ pattern not allowed in function without body
[INFO] [stdout] 
[INFO] [stdout] 
[INFO] [stderr]    Compiling dbghelp-sys v0.2.0
[INFO] [stderr]    Compiling inflate v0.1.1
[INFO] [stderr]    Compiling color_quant v1.0.0
[INFO] [stderr]    Compiling rustc-demangle v0.1.1
[INFO] [stderr]    Compiling lzw v0.10.0
[INFO] [stderr]    Compiling rand v0.3.14
[INFO] [stdout] error[E0310]: the parameter type `T` may not live long enough
[INFO] [stdout]    --> /opt/rustwide/cargo-home/registry/src/index.crates.io-6f17d22bba15001f/rustc-serialize-0.3.19/src/serialize.rs:454:5
[INFO] [stdout]     |
[INFO] [stdout] 454 |     fn decode<D: Decoder>(d: &mut D) -> Result<Cow<'static, T>, D::Error> {
[INFO] [stdout]     |     ^^^^^^^^^^^^^^^^^^^^^^^^^^^^^^^^^^^^^^^^^^^^^^^^^^^^^^^^^^^^^^^^^^^^^
[INFO] [stdout]     |     |
[INFO] [stdout]     |     the parameter type `T` must be valid for the static lifetime...
[INFO] [stdout]     |     ...so that the type `T` will meet its required lifetime bounds...
[INFO] [stdout]     |
[INFO] [stdout] note: ...that is required by this bound
[INFO] [stdout]    --> /rustc/0e09125c6c3c2fd70d7de961bcf0e51575235fad/library/alloc/src/borrow.rs:180:30
[INFO] [stdout] help: consider adding an explicit lifetime bound
[INFO] [stdout]     |
[INFO] [stdout] 450 | impl<'a, T: ?Sized + 'static> Decodable for Cow<'a, T>
[INFO] [stdout]     |                    +++++++++
[INFO] [stdout] 
[INFO] [stdout] 
[INFO] [stderr]    Compiling rustc_version v0.1.7
[INFO] [stderr]    Compiling num_cpus v0.2.13
[INFO] [stderr]    Compiling num-integer v0.1.32
[INFO] [stderr]    Compiling shared_library v0.1.5
[INFO] [stderr]    Compiling x11-dl v2.8.0
[INFO] [stderr]    Compiling fs2 v0.2.5
[INFO] [stderr]    Compiling gif v0.9.0
[INFO] [stderr]    Compiling memmap v0.2.3
[INFO] [stderr]    Compiling osmesa-sys v0.1.0
[INFO] [stderr]    Compiling smallvec v0.1.8
[INFO] [stderr]    Compiling num-iter v0.1.32
[INFO] [stderr]    Compiling tempfile v2.1.4
[INFO] [stderr]    Compiling ogg-sys v0.0.9
[INFO] [stderr]    Compiling vorbis-sys v0.0.8
[INFO] [stderr]    Compiling miniz-sys v0.1.7
[INFO] [stderr]    Compiling wayland-scanner v0.5.11
[INFO] [stderr]    Compiling gl_generator v0.5.2
[INFO] [stderr]    Compiling backtrace-sys v0.1.4
[INFO] [stderr]    Compiling vorbisfile-sys v0.0.8
[INFO] [stderr]    Compiling glob v0.2.11
[INFO] [stderr]    Compiling deque v0.3.1
[INFO] [stderr]    Compiling hound v2.0.0
[INFO] [stderr]    Compiling rayon v0.4.0
[INFO] [stderr]    Compiling json v0.10.0
[INFO] [stdout] error: aborting due to 2 previous errors
[INFO] [stdout] 
[INFO] [stdout] 
[INFO] [stdout] Some errors have detailed explanations: E0310, E0642.
[INFO] [stdout] 
[INFO] [stdout] For more information about an error, try `rustc --explain E0310`.
[INFO] [stdout] 
[INFO] [stderr] error: could not compile `rustc-serialize` (lib) due to 3 previous errors
[INFO] [stderr] warning: build failed, waiting for other jobs to finish...
[INFO] running `Command { std: "docker" "inspect" "8e5752f46d795159c2a1943c9c632d95a249164108b9efff268a3abf5a021a4d", kill_on_drop: false }`
[INFO] running `Command { std: "docker" "rm" "-f" "8e5752f46d795159c2a1943c9c632d95a249164108b9efff268a3abf5a021a4d", kill_on_drop: false }`
[INFO] [stdout] 8e5752f46d795159c2a1943c9c632d95a249164108b9efff268a3abf5a021a4d
