[INFO] cloning repository https://github.com/DarkLight-Ventures/bv
[INFO] running `Command { std: "git" "-c" "credential.helper=" "-c" "credential.helper=/workspace/cargo-home/bin/git-credential-null" "clone" "--bare" "https://github.com/DarkLight-Ventures/bv" "/workspace/cache/git-repos/https%3A%2F%2Fgithub.com%2FDarkLight-Ventures%2Fbv", kill_on_drop: false }`
[INFO] [stderr] Cloning into bare repository '/workspace/cache/git-repos/https%3A%2F%2Fgithub.com%2FDarkLight-Ventures%2Fbv'...
[INFO] running `Command { std: "git" "rev-parse" "HEAD", kill_on_drop: false }`
[INFO] [stdout] 03113e7e5ff8c92f5272e8bd2fc3e2f6c0b54f56
[INFO] testing DarkLight-Ventures/bv against 1.75.0 for beta-1.76-1
[INFO] running `Command { std: "git" "clone" "/workspace/cache/git-repos/https%3A%2F%2Fgithub.com%2FDarkLight-Ventures%2Fbv" "/workspace/builds/worker-4-tc1/source", kill_on_drop: false }`
[INFO] [stderr] Cloning into '/workspace/builds/worker-4-tc1/source'...
[INFO] [stderr] done.
[INFO] validating manifest of git repo https://github.com/DarkLight-Ventures/bv on toolchain 1.75.0
[INFO] running `Command { std: CARGO_HOME="/workspace/cargo-home" RUSTUP_HOME="/workspace/rustup-home" "/workspace/cargo-home/bin/cargo" "+1.75.0" "metadata" "--manifest-path" "Cargo.toml" "--no-deps", kill_on_drop: false }`
[INFO] started tweaking git repo https://github.com/DarkLight-Ventures/bv
[INFO] finished tweaking git repo https://github.com/DarkLight-Ventures/bv
[INFO] tweaked toml for git repo https://github.com/DarkLight-Ventures/bv written to /workspace/builds/worker-4-tc1/source/Cargo.toml
[INFO] crate git repo https://github.com/DarkLight-Ventures/bv already has a lockfile, it will not be regenerated
[INFO] running `Command { std: CARGO_HOME="/workspace/cargo-home" RUSTUP_HOME="/workspace/rustup-home" "/workspace/cargo-home/bin/cargo" "+1.75.0" "fetch" "--manifest-path" "Cargo.toml", kill_on_drop: false }`
[INFO] [stderr]     Updating crates.io index
[INFO] [stderr]  Downloading crates ...
[INFO] [stderr]   Downloaded grep v0.2.11
[INFO] [stderr]   Downloaded grep-searcher v0.1.11
[INFO] [stderr]   Downloaded clap-verbosity-flag v2.0.1
[INFO] [stderr]   Downloaded grep-matcher v0.1.6
[INFO] [stderr]   Downloaded grep-printer v0.1.7
[INFO] [stderr]   Downloaded grep-regex v0.1.11
[INFO] running `Command { std: "docker" "create" "-v" "/var/lib/crater-agent-workspace/builds/worker-4-tc1/target:/opt/rustwide/target:rw,Z" "-v" "/var/lib/crater-agent-workspace/builds/worker-4-tc1/source:/opt/rustwide/workdir:ro,Z" "-v" "/var/lib/crater-agent-workspace/cargo-home:/opt/rustwide/cargo-home:ro,Z" "-v" "/var/lib/crater-agent-workspace/rustup-home:/opt/rustwide/rustup-home:ro,Z" "-e" "SOURCE_DIR=/opt/rustwide/workdir" "-e" "CARGO_TARGET_DIR=/opt/rustwide/target" "-e" "CARGO_HOME=/opt/rustwide/cargo-home" "-e" "RUSTUP_HOME=/opt/rustwide/rustup-home" "-w" "/opt/rustwide/workdir" "-m" "1610612736" "--user" "0:0" "--network" "none" "ghcr.io/rust-lang/crates-build-env/linux@sha256:2788e3201cd34a07e3172128adcd8b3090168a8e3bcc40d7c032b9dda1df7d1c" "/opt/rustwide/cargo-home/bin/cargo" "+1.75.0" "metadata" "--no-deps" "--format-version=1", kill_on_drop: false }`
[INFO] [stdout] 199b703969710cf06804177263166c1c736aac9cf000f2a907fa9c7b80d5e7f2
[INFO] running `Command { std: "docker" "start" "-a" "199b703969710cf06804177263166c1c736aac9cf000f2a907fa9c7b80d5e7f2", kill_on_drop: false }`
[INFO] running `Command { std: "docker" "inspect" "199b703969710cf06804177263166c1c736aac9cf000f2a907fa9c7b80d5e7f2", kill_on_drop: false }`
[INFO] running `Command { std: "docker" "rm" "-f" "199b703969710cf06804177263166c1c736aac9cf000f2a907fa9c7b80d5e7f2", kill_on_drop: false }`
[INFO] [stdout] 199b703969710cf06804177263166c1c736aac9cf000f2a907fa9c7b80d5e7f2
[INFO] running `Command { std: "docker" "create" "-v" "/var/lib/crater-agent-workspace/builds/worker-4-tc1/target:/opt/rustwide/target:rw,Z" "-v" "/var/lib/crater-agent-workspace/builds/worker-4-tc1/source:/opt/rustwide/workdir:ro,Z" "-v" "/var/lib/crater-agent-workspace/cargo-home:/opt/rustwide/cargo-home:ro,Z" "-v" "/var/lib/crater-agent-workspace/rustup-home:/opt/rustwide/rustup-home:ro,Z" "-e" "SOURCE_DIR=/opt/rustwide/workdir" "-e" "CARGO_TARGET_DIR=/opt/rustwide/target" "-e" "CARGO_INCREMENTAL=0" "-e" "RUST_BACKTRACE=full" "-e" "RUSTFLAGS=--cap-lints=warn" "-e" "RUSTDOCFLAGS=--cap-lints=warn" "-e" "CARGO_HOME=/opt/rustwide/cargo-home" "-e" "RUSTUP_HOME=/opt/rustwide/rustup-home" "-w" "/opt/rustwide/workdir" "-m" "1610612736" "--user" "0:0" "--network" "none" "ghcr.io/rust-lang/crates-build-env/linux@sha256:2788e3201cd34a07e3172128adcd8b3090168a8e3bcc40d7c032b9dda1df7d1c" "/opt/rustwide/cargo-home/bin/cargo" "+1.75.0" "build" "--frozen" "--message-format=json", kill_on_drop: false }`
[INFO] [stdout] 4a3bc970bec7a76fd57127534aa5591c715c6a7e5a10a7bc88bcb33755eefb43
[INFO] running `Command { std: "docker" "start" "-a" "4a3bc970bec7a76fd57127534aa5591c715c6a7e5a10a7bc88bcb33755eefb43", kill_on_drop: false }`
[INFO] [stderr]    Compiling proc-macro2 v1.0.56
[INFO] [stderr]    Compiling libc v0.2.144
[INFO] [stderr]    Compiling unicode-ident v1.0.8
[INFO] [stderr]    Compiling cfg-if v1.0.0
[INFO] [stderr]    Compiling quote v1.0.27
[INFO] [stderr]    Compiling once_cell v1.17.1
[INFO] [stderr]    Compiling memchr v2.5.0
[INFO] [stderr]    Compiling log v0.4.17
[INFO] [stderr]    Compiling io-lifetimes v1.0.10
[INFO] [stderr]    Compiling regex-automata v0.1.10
[INFO] [stderr]    Compiling serde_derive v1.0.162
[INFO] [stderr]    Compiling rustix v0.37.19
[INFO] [stderr]    Compiling bitflags v1.3.2
[INFO] [stderr]    Compiling serde v1.0.162
[INFO] [stderr]    Compiling linux-raw-sys v0.3.7
[INFO] [stderr]    Compiling utf8parse v0.2.1
[INFO] [stderr]    Compiling regex-syntax v0.7.1
[INFO] [stderr]    Compiling lazy_static v1.4.0
[INFO] [stderr]    Compiling anstyle-parse v0.2.0
[INFO] [stderr]    Compiling encoding_rs v0.8.32
[INFO] [stderr]    Compiling anstyle-query v1.0.0
[INFO] [stderr]    Compiling serde_json v1.0.96
[INFO] [stderr]    Compiling colorchoice v1.0.0
[INFO] [stderr]    Compiling ryu v1.0.13
[INFO] [stderr]    Compiling autocfg v1.1.0
[INFO] [stderr]    Compiling itoa v1.0.6
[INFO] [stderr]    Compiling anstyle v1.0.0
[INFO] [stderr]    Compiling tracing-core v0.1.30
[INFO] [stderr]    Compiling thread_local v1.1.7
[INFO] [stderr]    Compiling fnv v1.0.7
[INFO] [stderr]    Compiling strsim v0.10.0
[INFO] [stderr]    Compiling termcolor v1.2.0
[INFO] [stderr]    Compiling bytecount v0.6.3
[INFO] [stderr]    Compiling heck v0.4.1
[INFO] [stderr]    Compiling clap_lex v0.4.1
[INFO] [stderr]    Compiling overload v0.1.1
[INFO] [stderr]    Compiling regex-syntax v0.6.29
[INFO] [stderr]    Compiling indexmap v1.9.3
[INFO] [stderr]    Compiling anyhow v1.0.71
[INFO] [stderr]    Compiling same-file v1.0.6
[INFO] [stderr]    Compiling base64 v0.20.0
[INFO] [stderr]    Compiling hashbrown v0.12.3
[INFO] [stderr]    Compiling bstr v1.4.0
[INFO] [stderr]    Compiling aho-corasick v1.0.1
[INFO] [stderr]    Compiling aho-corasick v0.7.20
[INFO] [stderr]    Compiling grep-matcher v0.1.6
[INFO] [stderr]    Compiling syn v2.0.15
[INFO] [stderr]    Compiling tracing-log v0.1.3
[INFO] [stderr]    Compiling nu-ansi-term v0.46.0
[INFO] [stderr]    Compiling sharded-slab v0.1.4
[INFO] [stderr]    Compiling unsafe-libyaml v0.2.8
[INFO] [stderr]    Compiling smallvec v1.10.0
[INFO] [stderr]    Compiling encoding_rs_io v0.1.7
[INFO] [stderr]    Compiling pin-project-lite v0.2.9
[INFO] [stderr]    Compiling tracing-subscriber v0.3.17
[INFO] [stderr]    Compiling memmap2 v0.5.10
[INFO] [stderr]    Compiling atty v0.2.14
[INFO] [stderr]    Compiling grep-searcher v0.1.11
[INFO] [stderr]    Compiling regex v1.8.1
[INFO] [stderr]    Compiling globset v0.4.10
[INFO] [stderr]    Compiling grep-regex v0.1.11
[INFO] [stderr]    Compiling is-terminal v0.4.7
[INFO] [stderr]    Compiling anstream v0.3.2
[INFO] [stderr]    Compiling grep-cli v0.1.7
[INFO] [stderr]    Compiling clap_builder v4.2.7
[INFO] [stderr]    Compiling clap_derive v4.2.0
[INFO] [stderr]    Compiling tracing-attributes v0.1.24
[INFO] [stderr]    Compiling tracing v0.1.37
[INFO] [stderr]    Compiling clap v4.2.7
[INFO] [stderr]    Compiling clap-verbosity-flag v2.0.1
[INFO] [stderr]    Compiling serde_yaml v0.9.21
[INFO] [stderr]    Compiling grep-printer v0.1.7
[INFO] [stderr]    Compiling grep v0.2.11
[INFO] [stderr]    Compiling bv v0.1.0 (/opt/rustwide/workdir)
[INFO] [stdout] error: expected `;`, found `current_config`
[INFO] [stdout]   --> src/main.rs:39:6
[INFO] [stdout]    |
[INFO] [stdout] 39 |     }
[INFO] [stdout]    |      ^ help: add `;` here
[INFO] [stdout] 40 |     // Write the config out
[INFO] [stdout] 41 |     current_config.write_config(&args.config_file);
[INFO] [stdout]    |     -------------- unexpected token
[INFO] [stdout] 
[INFO] [stdout] 
[INFO] [stdout] error[E0412]: cannot find type `Bool` in this scope
[INFO] [stdout]   --> src/bvconfig.rs:32:29
[INFO] [stdout]    |
[INFO] [stdout] 32 |     pub auto_commit: Option<Bool>,
[INFO] [stdout]    |                             ^^^^
[INFO] [stdout]    |
[INFO] [stdout] help: there is an enum variant `clap::error::ContextValue::Bool` and 4 others; try using the variant's enum
[INFO] [stdout]    |
[INFO] [stdout] 32 |     pub auto_commit: Option<clap::error::ContextValue>,
[INFO] [stdout]    |                             ~~~~~~~~~~~~~~~~~~~~~~~~~
[INFO] [stdout] 32 |     pub auto_commit: Option<serde::__private::de::Content>,
[INFO] [stdout]    |                             ~~~~~~~~~~~~~~~~~~~~~~~~~~~~~
[INFO] [stdout] 32 |     pub auto_commit: Option<serde::de::Unexpected>,
[INFO] [stdout]    |                             ~~~~~~~~~~~~~~~~~~~~~
[INFO] [stdout] 32 |     pub auto_commit: Option<serde_yaml::Value>,
[INFO] [stdout]    |                             ~~~~~~~~~~~~~~~~~
[INFO] [stdout] help: a builtin type with a similar name exists
[INFO] [stdout]    |
[INFO] [stdout] 32 |     pub auto_commit: Option<bool>,
[INFO] [stdout]    |                             ~~~~
[INFO] [stdout] help: perhaps you intended to use this type
[INFO] [stdout]    |
[INFO] [stdout] 32 |     pub auto_commit: Option<bool>,
[INFO] [stdout]    |                             ~~~~
[INFO] [stdout] help: you might be missing a type parameter
[INFO] [stdout]    |
[INFO] [stdout] 31 | pub struct BvConfig<Bool> {
[INFO] [stdout]    |                    ++++++
[INFO] [stdout] 
[INFO] [stdout] 
[INFO] [stdout] error[E0412]: cannot find type `Bool` in this scope
[INFO] [stdout]   --> src/bvconfig.rs:33:26
[INFO] [stdout]    |
[INFO] [stdout] 33 |     pub auto_tag: Option<Bool>,
[INFO] [stdout]    |                          ^^^^
[INFO] [stdout]    |
[INFO] [stdout] help: there is an enum variant `clap::error::ContextValue::Bool` and 4 others; try using the variant's enum
[INFO] [stdout]    |
[INFO] [stdout] 33 |     pub auto_tag: Option<clap::error::ContextValue>,
[INFO] [stdout]    |                          ~~~~~~~~~~~~~~~~~~~~~~~~~
[INFO] [stdout] 33 |     pub auto_tag: Option<serde::__private::de::Content>,
[INFO] [stdout]    |                          ~~~~~~~~~~~~~~~~~~~~~~~~~~~~~
[INFO] [stdout] 33 |     pub auto_tag: Option<serde::de::Unexpected>,
[INFO] [stdout]    |                          ~~~~~~~~~~~~~~~~~~~~~
[INFO] [stdout] 33 |     pub auto_tag: Option<serde_yaml::Value>,
[INFO] [stdout]    |                          ~~~~~~~~~~~~~~~~~
[INFO] [stdout] help: a builtin type with a similar name exists
[INFO] [stdout]    |
[INFO] [stdout] 33 |     pub auto_tag: Option<bool>,
[INFO] [stdout]    |                          ~~~~
[INFO] [stdout] help: perhaps you intended to use this type
[INFO] [stdout]    |
[INFO] [stdout] 33 |     pub auto_tag: Option<bool>,
[INFO] [stdout]    |                          ~~~~
[INFO] [stdout] help: you might be missing a type parameter
[INFO] [stdout]    |
[INFO] [stdout] 31 | pub struct BvConfig<Bool> {
[INFO] [stdout]    |                    ++++++
[INFO] [stdout] 
[INFO] [stdout] 
[INFO] [stdout] error[E0412]: cannot find type `Bool` in this scope
[INFO] [stdout]   --> src/bvconfig.rs:32:29
[INFO] [stdout]    |
[INFO] [stdout] 32 |     pub auto_commit: Option<Bool>,
[INFO] [stdout]    |                             ^^^^
[INFO] [stdout]    |
[INFO] [stdout] help: there is an enum variant `clap::error::ContextValue::Bool` and 4 others; try using the variant's enum
[INFO] [stdout]    |
[INFO] [stdout] 32 |     pub auto_commit: Option<clap::error::ContextValue>,
[INFO] [stdout]    |                             ~~~~~~~~~~~~~~~~~~~~~~~~~
[INFO] [stdout] 32 |     pub auto_commit: Option<serde::__private::de::Content>,
[INFO] [stdout]    |                             ~~~~~~~~~~~~~~~~~~~~~~~~~~~~~
[INFO] [stdout] 32 |     pub auto_commit: Option<serde::de::Unexpected>,
[INFO] [stdout]    |                             ~~~~~~~~~~~~~~~~~~~~~
[INFO] [stdout] 32 |     pub auto_commit: Option<serde_yaml::Value>,
[INFO] [stdout]    |                             ~~~~~~~~~~~~~~~~~
[INFO] [stdout] help: a builtin type with a similar name exists
[INFO] [stdout]    |
[INFO] [stdout] 32 |     pub auto_commit: Option<bool>,
[INFO] [stdout]    |                             ~~~~
[INFO] [stdout] help: perhaps you intended to use this type
[INFO] [stdout]    |
[INFO] [stdout] 32 |     pub auto_commit: Option<bool>,
[INFO] [stdout]    |                             ~~~~
[INFO] [stdout] 
[INFO] [stdout] 
[INFO] [stdout] error[E0412]: cannot find type `Bool` in this scope
[INFO] [stdout]   --> src/bvconfig.rs:33:26
[INFO] [stdout]    |
[INFO] [stdout] 33 |     pub auto_tag: Option<Bool>,
[INFO] [stdout]    |                          ^^^^
[INFO] [stdout]    |
[INFO] [stdout] help: there is an enum variant `clap::error::ContextValue::Bool` and 4 others; try using the variant's enum
[INFO] [stdout]    |
[INFO] [stdout] 33 |     pub auto_tag: Option<clap::error::ContextValue>,
[INFO] [stdout]    |                          ~~~~~~~~~~~~~~~~~~~~~~~~~
[INFO] [stdout] 33 |     pub auto_tag: Option<serde::__private::de::Content>,
[INFO] [stdout]    |                          ~~~~~~~~~~~~~~~~~~~~~~~~~~~~~
[INFO] [stdout] 33 |     pub auto_tag: Option<serde::de::Unexpected>,
[INFO] [stdout]    |                          ~~~~~~~~~~~~~~~~~~~~~
[INFO] [stdout] 33 |     pub auto_tag: Option<serde_yaml::Value>,
[INFO] [stdout]    |                          ~~~~~~~~~~~~~~~~~
[INFO] [stdout] help: a builtin type with a similar name exists
[INFO] [stdout]    |
[INFO] [stdout] 33 |     pub auto_tag: Option<bool>,
[INFO] [stdout]    |                          ~~~~
[INFO] [stdout] help: perhaps you intended to use this type
[INFO] [stdout]    |
[INFO] [stdout] 33 |     pub auto_tag: Option<bool>,
[INFO] [stdout]    |                          ~~~~
[INFO] [stdout] 
[INFO] [stdout] 
[INFO] [stdout] error[E0412]: cannot find type `Bool` in this scope
[INFO] [stdout]   --> src/bvconfig.rs:40:29
[INFO] [stdout]    |
[INFO] [stdout] 40 |     pub auto_commit: Option<Bool>,
[INFO] [stdout]    |                             ^^^^
[INFO] [stdout]    |
[INFO] [stdout] help: there is an enum variant `clap::error::ContextValue::Bool` and 4 others; try using the variant's enum
[INFO] [stdout]    |
[INFO] [stdout] 40 |     pub auto_commit: Option<clap::error::ContextValue>,
[INFO] [stdout]    |                             ~~~~~~~~~~~~~~~~~~~~~~~~~
[INFO] [stdout] 40 |     pub auto_commit: Option<serde::__private::de::Content>,
[INFO] [stdout]    |                             ~~~~~~~~~~~~~~~~~~~~~~~~~~~~~
[INFO] [stdout] 40 |     pub auto_commit: Option<serde::de::Unexpected>,
[INFO] [stdout]    |                             ~~~~~~~~~~~~~~~~~~~~~
[INFO] [stdout] 40 |     pub auto_commit: Option<serde_yaml::Value>,
[INFO] [stdout]    |                             ~~~~~~~~~~~~~~~~~
[INFO] [stdout] help: a builtin type with a similar name exists
[INFO] [stdout]    |
[INFO] [stdout] 40 |     pub auto_commit: Option<bool>,
[INFO] [stdout]    |                             ~~~~
[INFO] [stdout] help: perhaps you intended to use this type
[INFO] [stdout]    |
[INFO] [stdout] 40 |     pub auto_commit: Option<bool>,
[INFO] [stdout]    |                             ~~~~
[INFO] [stdout] help: you might be missing a type parameter
[INFO] [stdout]    |
[INFO] [stdout] 39 | pub struct ModuleConfig<Bool> {
[INFO] [stdout]    |                        ++++++
[INFO] [stdout] 
[INFO] [stdout] 
[INFO] [stdout] error[E0412]: cannot find type `Bool` in this scope
[INFO] [stdout]   --> src/bvconfig.rs:41:26
[INFO] [stdout]    |
[INFO] [stdout] 41 |     pub auto_tag: Option<Bool>,
[INFO] [stdout]    |                          ^^^^
[INFO] [stdout]    |
[INFO] [stdout] help: there is an enum variant `clap::error::ContextValue::Bool` and 4 others; try using the variant's enum
[INFO] [stdout]    |
[INFO] [stdout] 41 |     pub auto_tag: Option<clap::error::ContextValue>,
[INFO] [stdout]    |                          ~~~~~~~~~~~~~~~~~~~~~~~~~
[INFO] [stdout] 41 |     pub auto_tag: Option<serde::__private::de::Content>,
[INFO] [stdout]    |                          ~~~~~~~~~~~~~~~~~~~~~~~~~~~~~
[INFO] [stdout] 41 |     pub auto_tag: Option<serde::de::Unexpected>,
[INFO] [stdout]    |                          ~~~~~~~~~~~~~~~~~~~~~
[INFO] [stdout] 41 |     pub auto_tag: Option<serde_yaml::Value>,
[INFO] [stdout]    |                          ~~~~~~~~~~~~~~~~~
[INFO] [stdout] help: a builtin type with a similar name exists
[INFO] [stdout]    |
[INFO] [stdout] 41 |     pub auto_tag: Option<bool>,
[INFO] [stdout]    |                          ~~~~
[INFO] [stdout] help: perhaps you intended to use this type
[INFO] [stdout]    |
[INFO] [stdout] 41 |     pub auto_tag: Option<bool>,
[INFO] [stdout]    |                          ~~~~
[INFO] [stdout] help: you might be missing a type parameter
[INFO] [stdout]    |
[INFO] [stdout] 39 | pub struct ModuleConfig<Bool> {
[INFO] [stdout]    |                        ++++++
[INFO] [stdout] 
[INFO] [stdout] 
[INFO] [stdout] error[E0412]: cannot find type `Bool` in this scope
[INFO] [stdout]   --> src/bvconfig.rs:40:29
[INFO] [stdout]    |
[INFO] [stdout] 40 |     pub auto_commit: Option<Bool>,
[INFO] [stdout]    |                             ^^^^
[INFO] [stdout]    |
[INFO] [stdout] help: there is an enum variant `clap::error::ContextValue::Bool` and 4 others; try using the variant's enum
[INFO] [stdout]    |
[INFO] [stdout] 40 |     pub auto_commit: Option<clap::error::ContextValue>,
[INFO] [stdout]    |                             ~~~~~~~~~~~~~~~~~~~~~~~~~
[INFO] [stdout] 40 |     pub auto_commit: Option<serde::__private::de::Content>,
[INFO] [stdout]    |                             ~~~~~~~~~~~~~~~~~~~~~~~~~~~~~
[INFO] [stdout] 40 |     pub auto_commit: Option<serde::de::Unexpected>,
[INFO] [stdout]    |                             ~~~~~~~~~~~~~~~~~~~~~
[INFO] [stdout] 40 |     pub auto_commit: Option<serde_yaml::Value>,
[INFO] [stdout]    |                             ~~~~~~~~~~~~~~~~~
[INFO] [stdout] help: a builtin type with a similar name exists
[INFO] [stdout]    |
[INFO] [stdout] 40 |     pub auto_commit: Option<bool>,
[INFO] [stdout]    |                             ~~~~
[INFO] [stdout] help: perhaps you intended to use this type
[INFO] [stdout]    |
[INFO] [stdout] 40 |     pub auto_commit: Option<bool>,
[INFO] [stdout]    |                             ~~~~
[INFO] [stdout] 
[INFO] [stdout] 
[INFO] [stdout] error[E0412]: cannot find type `Bool` in this scope
[INFO] [stdout]   --> src/bvconfig.rs:41:26
[INFO] [stdout]    |
[INFO] [stdout] 41 |     pub auto_tag: Option<Bool>,
[INFO] [stdout]    |                          ^^^^
[INFO] [stdout]    |
[INFO] [stdout] help: there is an enum variant `clap::error::ContextValue::Bool` and 4 others; try using the variant's enum
[INFO] [stdout]    |
[INFO] [stdout] 41 |     pub auto_tag: Option<clap::error::ContextValue>,
[INFO] [stdout]    |                          ~~~~~~~~~~~~~~~~~~~~~~~~~
[INFO] [stdout] 41 |     pub auto_tag: Option<serde::__private::de::Content>,
[INFO] [stdout]    |                          ~~~~~~~~~~~~~~~~~~~~~~~~~~~~~
[INFO] [stdout] 41 |     pub auto_tag: Option<serde::de::Unexpected>,
[INFO] [stdout]    |                          ~~~~~~~~~~~~~~~~~~~~~
[INFO] [stdout] 41 |     pub auto_tag: Option<serde_yaml::Value>,
[INFO] [stdout]    |                          ~~~~~~~~~~~~~~~~~
[INFO] [stdout] help: a builtin type with a similar name exists
[INFO] [stdout]    |
[INFO] [stdout] 41 |     pub auto_tag: Option<bool>,
[INFO] [stdout]    |                          ~~~~
[INFO] [stdout] help: perhaps you intended to use this type
[INFO] [stdout]    |
[INFO] [stdout] 41 |     pub auto_tag: Option<bool>,
[INFO] [stdout]    |                          ~~~~
[INFO] [stdout] 
[INFO] [stdout] 
[INFO] [stdout] warning: unused imports: `Args`, `ValueEnum`
[INFO] [stdout]  --> src/cli.rs:9:12
[INFO] [stdout]   |
[INFO] [stdout] 9 | use clap::{Args, Parser, Subcommand, ValueEnum};
[INFO] [stdout]   |            ^^^^                      ^^^^^^^^^
[INFO] [stdout]   |
[INFO] [stdout]   = note: `#[warn(unused_imports)]` on by default
[INFO] [stdout] 
[INFO] [stdout] 
[INFO] [stdout] warning: unused import: `std::path::PathBuf`
[INFO] [stdout]   --> src/main.rs:15:5
[INFO] [stdout]    |
[INFO] [stdout] 15 | use std::path::PathBuf;
[INFO] [stdout]    |     ^^^^^^^^^^^^^^^^^^
[INFO] [stdout] 
[INFO] [stdout] 
[INFO] [stdout] warning: unused imports: `debug`, `error`, `info`, `warn`
[INFO] [stdout]   --> src/main.rs:16:15
[INFO] [stdout]    |
[INFO] [stdout] 16 | use tracing::{debug, error, info, trace, warn};
[INFO] [stdout]    |               ^^^^^  ^^^^^  ^^^^         ^^^^
[INFO] [stdout] 
[INFO] [stdout] 
[INFO] [stdout] error[E0277]: `SupportedVCS` doesn't implement `std::fmt::Debug`
[INFO] [stdout]   --> src/bvconfig.rs:35:5
[INFO] [stdout]    |
[INFO] [stdout] 30 | #[derive(Debug, Deserialize, PartialEq, Serialize)]
[INFO] [stdout]    |          ----- in this derive macro expansion
[INFO] [stdout] ...
[INFO] [stdout] 35 |     pub vcs: Option<SupportedVCS>,
[INFO] [stdout]    |     ^^^^^^^^^^^^^^^^^^^^^^^^^^^^^ `SupportedVCS` cannot be formatted using `{:?}`
[INFO] [stdout]    |
[INFO] [stdout]    = help: the trait `std::fmt::Debug` is not implemented for `SupportedVCS`
[INFO] [stdout]    = note: add `#[derive(Debug)]` to `SupportedVCS` or manually `impl std::fmt::Debug for SupportedVCS`
[INFO] [stdout]    = help: the trait `std::fmt::Debug` is implemented for `std::option::Option<T>`
[INFO] [stdout]    = note: this error originates in the derive macro `Debug` (in Nightly builds, run with -Z macro-backtrace for more info)
[INFO] [stdout] help: consider annotating `SupportedVCS` with `#[derive(Debug)]`
[INFO] [stdout]    |
[INFO] [stdout] 77 + #[derive(Debug)]
[INFO] [stdout] 78 | pub enum SupportedVCS {
[INFO] [stdout]    |
[INFO] [stdout] 
[INFO] [stdout] 
[INFO] [stdout] error[E0277]: the trait bound `SupportedVCS: Deserialize<'_>` is not satisfied
[INFO] [stdout]     --> src/bvconfig.rs:35:14
[INFO] [stdout]      |
[INFO] [stdout] 35   |     pub vcs: Option<SupportedVCS>,
[INFO] [stdout]      |              ^^^^^^^^^^^^^^^^^^^^ the trait `Deserialize<'_>` is not implemented for `SupportedVCS`
[INFO] [stdout]      |
[INFO] [stdout]      = help: the following other types implement trait `Deserialize<'de>`:
[INFO] [stdout]                bool
[INFO] [stdout]                char
[INFO] [stdout]                isize
[INFO] [stdout]                i8
[INFO] [stdout]                i16
[INFO] [stdout]                i32
[INFO] [stdout]                i64
[INFO] [stdout]                i128
[INFO] [stdout]              and 142 others
[INFO] [stdout]      = note: required for `std::option::Option<SupportedVCS>` to implement `Deserialize<'_>`
[INFO] [stdout] note: required by a bound in `next_element`
[INFO] [stdout]     --> /opt/rustwide/cargo-home/registry/src/index.crates.io-6f17d22bba15001f/serde-1.0.162/src/de/mod.rs:1729:12
[INFO] [stdout]      |
[INFO] [stdout] 1727 |     fn next_element<T>(&mut self) -> Result<Option<T>, Self::Error>
[INFO] [stdout]      |        ------------ required by a bound in this associated function
[INFO] [stdout] 1728 |     where
[INFO] [stdout] 1729 |         T: Deserialize<'de>,
[INFO] [stdout]      |            ^^^^^^^^^^^^^^^^ required by this bound in `SeqAccess::next_element`
[INFO] [stdout] 
[INFO] [stdout] 
[INFO] [stdout] error[E0277]: the trait bound `SupportedVCS: Deserialize<'_>` is not satisfied
[INFO] [stdout]     --> src/bvconfig.rs:35:14
[INFO] [stdout]      |
[INFO] [stdout] 35   |     pub vcs: Option<SupportedVCS>,
[INFO] [stdout]      |              ^^^^^^^^^^^^^^^^^^^^ the trait `Deserialize<'_>` is not implemented for `SupportedVCS`
[INFO] [stdout]      |
[INFO] [stdout]      = help: the following other types implement trait `Deserialize<'de>`:
[INFO] [stdout]                bool
[INFO] [stdout]                char
[INFO] [stdout]                isize
[INFO] [stdout]                i8
[INFO] [stdout]                i16
[INFO] [stdout]                i32
[INFO] [stdout]                i64
[INFO] [stdout]                i128
[INFO] [stdout]              and 142 others
[INFO] [stdout]      = note: required for `std::option::Option<SupportedVCS>` to implement `Deserialize<'_>`
[INFO] [stdout] note: required by a bound in `next_value`
[INFO] [stdout]     --> /opt/rustwide/cargo-home/registry/src/index.crates.io-6f17d22bba15001f/serde-1.0.162/src/de/mod.rs:1868:12
[INFO] [stdout]      |
[INFO] [stdout] 1866 |     fn next_value<V>(&mut self) -> Result<V, Self::Error>
[INFO] [stdout]      |        ---------- required by a bound in this associated function
[INFO] [stdout] 1867 |     where
[INFO] [stdout] 1868 |         V: Deserialize<'de>,
[INFO] [stdout]      |            ^^^^^^^^^^^^^^^^ required by this bound in `MapAccess::next_value`
[INFO] [stdout] 
[INFO] [stdout] 
[INFO] [stdout] error[E0277]: the trait bound `SupportedVCS: Deserialize<'_>` is not satisfied
[INFO] [stdout]   --> src/bvconfig.rs:35:5
[INFO] [stdout]    |
[INFO] [stdout] 35 |     pub vcs: Option<SupportedVCS>,
[INFO] [stdout]    |     ^^^ the trait `Deserialize<'_>` is not implemented for `SupportedVCS`
[INFO] [stdout]    |
[INFO] [stdout]    = help: the following other types implement trait `Deserialize<'de>`:
[INFO] [stdout]              bool
[INFO] [stdout]              char
[INFO] [stdout]              isize
[INFO] [stdout]              i8
[INFO] [stdout]              i16
[INFO] [stdout]              i32
[INFO] [stdout]              i64
[INFO] [stdout]              i128
[INFO] [stdout]            and 142 others
[INFO] [stdout]    = note: required for `std::option::Option<SupportedVCS>` to implement `Deserialize<'_>`
[INFO] [stdout] note: required by a bound in `bvconfig::_::_serde::__private::de::missing_field`
[INFO] [stdout]   --> /opt/rustwide/cargo-home/registry/src/index.crates.io-6f17d22bba15001f/serde-1.0.162/src/private/de.rs:22:8
[INFO] [stdout]    |
[INFO] [stdout] 20 | pub fn missing_field<'de, V, E>(field: &'static str) -> Result<V, E>
[INFO] [stdout]    |        ------------- required by a bound in this function
[INFO] [stdout] 21 | where
[INFO] [stdout] 22 |     V: Deserialize<'de>,
[INFO] [stdout]    |        ^^^^^^^^^^^^^^^^ required by this bound in `missing_field`
[INFO] [stdout] 
[INFO] [stdout] 
[INFO] [stdout] error[E0369]: binary operation `==` cannot be applied to type `std::option::Option<SupportedVCS>`
[INFO] [stdout]   --> src/bvconfig.rs:35:5
[INFO] [stdout]    |
[INFO] [stdout] 30 | #[derive(Debug, Deserialize, PartialEq, Serialize)]
[INFO] [stdout]    |                              --------- in this derive macro expansion
[INFO] [stdout] ...
[INFO] [stdout] 35 |     pub vcs: Option<SupportedVCS>,
[INFO] [stdout]    |     ^^^^^^^^^^^^^^^^^^^^^^^^^^^^^
[INFO] [stdout]    |
[INFO] [stdout] note: an implementation of `PartialEq` might be missing for `SupportedVCS`
[INFO] [stdout]   --> src/bvconfig.rs:77:1
[INFO] [stdout]    |
[INFO] [stdout] 77 | pub enum SupportedVCS {
[INFO] [stdout]    | ^^^^^^^^^^^^^^^^^^^^^ must implement `PartialEq`
[INFO] [stdout]    = note: this error originates in the derive macro `PartialEq` (in Nightly builds, run with -Z macro-backtrace for more info)
[INFO] [stdout] help: consider annotating `SupportedVCS` with `#[derive(PartialEq)]`
[INFO] [stdout]    |
[INFO] [stdout] 77 + #[derive(PartialEq)]
[INFO] [stdout] 78 | pub enum SupportedVCS {
[INFO] [stdout]    |
[INFO] [stdout] 
[INFO] [stdout] 
[INFO] [stdout] error[E0277]: the trait bound `SupportedVCS: Serialize` is not satisfied
[INFO] [stdout]     --> src/bvconfig.rs:30:41
[INFO] [stdout]      |
[INFO] [stdout] 30   | #[derive(Debug, Deserialize, PartialEq, Serialize)]
[INFO] [stdout]      |                                         ^^^^^^^^^ the trait `Serialize` is not implemented for `SupportedVCS`
[INFO] [stdout] ...
[INFO] [stdout] 35   |     pub vcs: Option<SupportedVCS>,
[INFO] [stdout]      |     --- required by a bound introduced by this call
[INFO] [stdout]      |
[INFO] [stdout]      = help: the following other types implement trait `Serialize`:
[INFO] [stdout]                bool
[INFO] [stdout]                char
[INFO] [stdout]                isize
[INFO] [stdout]                i8
[INFO] [stdout]                i16
[INFO] [stdout]                i32
[INFO] [stdout]                i64
[INFO] [stdout]                i128
[INFO] [stdout]              and 145 others
[INFO] [stdout]      = note: required for `std::option::Option<SupportedVCS>` to implement `Serialize`
[INFO] [stdout] note: required by a bound in `bvconfig::_::_serde::ser::SerializeStruct::serialize_field`
[INFO] [stdout]     --> /opt/rustwide/cargo-home/registry/src/index.crates.io-6f17d22bba15001f/serde-1.0.162/src/ser/mod.rs:1901:12
[INFO] [stdout]      |
[INFO] [stdout] 1895 |     fn serialize_field<T: ?Sized>(
[INFO] [stdout]      |        --------------- required by a bound in this associated function
[INFO] [stdout] ...
[INFO] [stdout] 1901 |         T: Serialize;
[INFO] [stdout]      |            ^^^^^^^^^ required by this bound in `SerializeStruct::serialize_field`
[INFO] [stdout] 
[INFO] [stdout] 
[INFO] [stdout] error[E0308]: mismatched types
[INFO] [stdout]    --> src/bvconfig.rs:47:41
[INFO] [stdout]     |
[INFO] [stdout] 47  | #[derive(Debug, Deserialize, PartialEq, Serialize)]
[INFO] [stdout]     |                                         ^^^^^^^^^ expected `&RegexPatterns`, found `&Option<RegexPatterns>`
[INFO] [stdout] ...
[INFO] [stdout] 50  |     #[serde(default, skip_serializing_if = "is_default_regex_patterns")]
[INFO] [stdout]     |                                            --------------------------- arguments to this function are incorrect
[INFO] [stdout]     |
[INFO] [stdout]     = note: expected reference `&RegexPatterns`
[INFO] [stdout]                found reference `&std::option::Option<RegexPatterns>`
[INFO] [stdout] note: function defined here
[INFO] [stdout]    --> src/bvconfig.rs:179:4
[INFO] [stdout]     |
[INFO] [stdout] 179 | fn is_default_regex_patterns(data: &RegexPatterns) -> bool {
[INFO] [stdout]     |    ^^^^^^^^^^^^^^^^^^^^^^^^^ --------------------
[INFO] [stdout]     = note: this error originates in the derive macro `Serialize` (in Nightly builds, run with -Z macro-backtrace for more info)
[INFO] [stdout] 
[INFO] [stdout] 
[INFO] [stdout] error[E0063]: missing fields `auto_commit`, `auto_tag` and `vcs` in initializer of `bvconfig::BvConfig`
[INFO] [stdout]   --> src/bvconfig.rs:84:9
[INFO] [stdout]    |
[INFO] [stdout] 84 |         Self{
[INFO] [stdout]    |         ^^^^ missing `auto_commit`, `auto_tag` and `vcs`
[INFO] [stdout] 
[INFO] [stdout] 
[INFO] [stdout] error[E0063]: missing fields `replace_pattern` and `search_pattern` in initializer of `RegexPatterns`
[INFO] [stdout]   --> src/bvconfig.rs:92:9
[INFO] [stdout]    |
[INFO] [stdout] 92 |         Self{}
[INFO] [stdout]    |         ^^^^ missing `replace_pattern` and `search_pattern`
[INFO] [stdout] 
[INFO] [stdout] 
[INFO] [stdout] error[E0061]: this enum variant takes 1 argument but 0 arguments were supplied
[INFO] [stdout]   --> src/modules.rs:11:5
[INFO] [stdout]    |
[INFO] [stdout] 11 |     Ok()
[INFO] [stdout]    |     ^^-- an argument of type `()` is missing
[INFO] [stdout]    |
[INFO] [stdout] note: tuple variant defined here
[INFO] [stdout]   --> /rustc/82e1608dfa6e0b5569232559e3d385fea5a93112/library/core/src/result.rs:506:5
[INFO] [stdout] help: provide the argument
[INFO] [stdout]    |
[INFO] [stdout] 11 |     Ok(())
[INFO] [stdout]    |       ~~~~
[INFO] [stdout] 
[INFO] [stdout] 
[INFO] [stdout] error[E0061]: this enum variant takes 1 argument but 0 arguments were supplied
[INFO] [stdout]   --> src/modules.rs:16:5
[INFO] [stdout]    |
[INFO] [stdout] 16 |     Ok()
[INFO] [stdout]    |     ^^-- an argument of type `()` is missing
[INFO] [stdout]    |
[INFO] [stdout] note: tuple variant defined here
[INFO] [stdout]   --> /rustc/82e1608dfa6e0b5569232559e3d385fea5a93112/library/core/src/result.rs:506:5
[INFO] [stdout] help: provide the argument
[INFO] [stdout]    |
[INFO] [stdout] 16 |     Ok(())
[INFO] [stdout]    |       ~~~~
[INFO] [stdout] 
[INFO] [stdout] 
[INFO] [stdout] error: aborting due to 20 previous errors; 3 warnings emitted
[INFO] [stdout] 
[INFO] [stdout] 
[INFO] [stdout] Some errors have detailed explanations: E0061, E0063, E0277, E0308, E0369, E0412.
[INFO] [stdout] 
[INFO] [stdout] For more information about an error, try `rustc --explain E0061`.
[INFO] [stdout] 
[INFO] [stderr] error: could not compile `bv` (bin "bv") due to 21 previous errors; 3 warnings emitted
[INFO] running `Command { std: "docker" "inspect" "4a3bc970bec7a76fd57127534aa5591c715c6a7e5a10a7bc88bcb33755eefb43", kill_on_drop: false }`
[INFO] running `Command { std: "docker" "rm" "-f" "4a3bc970bec7a76fd57127534aa5591c715c6a7e5a10a7bc88bcb33755eefb43", kill_on_drop: false }`
[INFO] [stdout] 4a3bc970bec7a76fd57127534aa5591c715c6a7e5a10a7bc88bcb33755eefb43
[INFO] testing DarkLight-Ventures/bv against beta-2023-12-22 for beta-1.76-1
[INFO] running `Command { std: "git" "clone" "/workspace/cache/git-repos/https%3A%2F%2Fgithub.com%2FDarkLight-Ventures%2Fbv" "/workspace/builds/worker-4-tc2/source", kill_on_drop: false }`
[INFO] [stderr] Cloning into '/workspace/builds/worker-4-tc2/source'...
[INFO] [stderr] done.
[INFO] validating manifest of git repo https://github.com/DarkLight-Ventures/bv on toolchain beta-2023-12-22
[INFO] running `Command { std: CARGO_HOME="/workspace/cargo-home" RUSTUP_HOME="/workspace/rustup-home" "/workspace/cargo-home/bin/cargo" "+beta-2023-12-22" "metadata" "--manifest-path" "Cargo.toml" "--no-deps", kill_on_drop: false }`
[INFO] started tweaking git repo https://github.com/DarkLight-Ventures/bv
[INFO] finished tweaking git repo https://github.com/DarkLight-Ventures/bv
[INFO] tweaked toml for git repo https://github.com/DarkLight-Ventures/bv written to /workspace/builds/worker-4-tc2/source/Cargo.toml
[INFO] crate git repo https://github.com/DarkLight-Ventures/bv already has a lockfile, it will not be regenerated
[INFO] running `Command { std: CARGO_HOME="/workspace/cargo-home" RUSTUP_HOME="/workspace/rustup-home" "/workspace/cargo-home/bin/cargo" "+beta-2023-12-22" "fetch" "--manifest-path" "Cargo.toml", kill_on_drop: false }`
[INFO] running `Command { std: "docker" "create" "-v" "/var/lib/crater-agent-workspace/builds/worker-4-tc2/target:/opt/rustwide/target:rw,Z" "-v" "/var/lib/crater-agent-workspace/builds/worker-4-tc2/source:/opt/rustwide/workdir:ro,Z" "-v" "/var/lib/crater-agent-workspace/cargo-home:/opt/rustwide/cargo-home:ro,Z" "-v" "/var/lib/crater-agent-workspace/rustup-home:/opt/rustwide/rustup-home:ro,Z" "-e" "SOURCE_DIR=/opt/rustwide/workdir" "-e" "CARGO_TARGET_DIR=/opt/rustwide/target" "-e" "CARGO_HOME=/opt/rustwide/cargo-home" "-e" "RUSTUP_HOME=/opt/rustwide/rustup-home" "-w" "/opt/rustwide/workdir" "-m" "1610612736" "--user" "0:0" "--network" "none" "ghcr.io/rust-lang/crates-build-env/linux@sha256:2788e3201cd34a07e3172128adcd8b3090168a8e3bcc40d7c032b9dda1df7d1c" "/opt/rustwide/cargo-home/bin/cargo" "+beta-2023-12-22" "metadata" "--no-deps" "--format-version=1", kill_on_drop: false }`
[INFO] [stdout] 7e7e6fbe5ad299afa0da07e187f21378cd3b2d86926054786a7d405f05b27d09
[INFO] running `Command { std: "docker" "start" "-a" "7e7e6fbe5ad299afa0da07e187f21378cd3b2d86926054786a7d405f05b27d09", kill_on_drop: false }`
[INFO] running `Command { std: "docker" "inspect" "7e7e6fbe5ad299afa0da07e187f21378cd3b2d86926054786a7d405f05b27d09", kill_on_drop: false }`
[INFO] running `Command { std: "docker" "rm" "-f" "7e7e6fbe5ad299afa0da07e187f21378cd3b2d86926054786a7d405f05b27d09", kill_on_drop: false }`
[INFO] [stdout] 7e7e6fbe5ad299afa0da07e187f21378cd3b2d86926054786a7d405f05b27d09
[INFO] running `Command { std: "docker" "create" "-v" "/var/lib/crater-agent-workspace/builds/worker-4-tc2/target:/opt/rustwide/target:rw,Z" "-v" "/var/lib/crater-agent-workspace/builds/worker-4-tc2/source:/opt/rustwide/workdir:ro,Z" "-v" "/var/lib/crater-agent-workspace/cargo-home:/opt/rustwide/cargo-home:ro,Z" "-v" "/var/lib/crater-agent-workspace/rustup-home:/opt/rustwide/rustup-home:ro,Z" "-e" "SOURCE_DIR=/opt/rustwide/workdir" "-e" "CARGO_TARGET_DIR=/opt/rustwide/target" "-e" "CARGO_INCREMENTAL=0" "-e" "RUST_BACKTRACE=full" "-e" "RUSTFLAGS=--cap-lints=warn" "-e" "RUSTDOCFLAGS=--cap-lints=warn" "-e" "CARGO_HOME=/opt/rustwide/cargo-home" "-e" "RUSTUP_HOME=/opt/rustwide/rustup-home" "-w" "/opt/rustwide/workdir" "-m" "1610612736" "--user" "0:0" "--network" "none" "ghcr.io/rust-lang/crates-build-env/linux@sha256:2788e3201cd34a07e3172128adcd8b3090168a8e3bcc40d7c032b9dda1df7d1c" "/opt/rustwide/cargo-home/bin/cargo" "+beta-2023-12-22" "build" "--frozen" "--message-format=json", kill_on_drop: false }`
[INFO] [stdout] a27ab2820ac9aa6a55aec8935b096ada3b1e352021f9427ad5c517a08a47f79f
[INFO] running `Command { std: "docker" "start" "-a" "a27ab2820ac9aa6a55aec8935b096ada3b1e352021f9427ad5c517a08a47f79f", kill_on_drop: false }`
[INFO] [stderr]    Compiling libc v0.2.144
[INFO] [stderr]    Compiling proc-macro2 v1.0.56
[INFO] [stderr]    Compiling cfg-if v1.0.0
[INFO] [stderr]    Compiling once_cell v1.17.1
[INFO] [stderr]    Compiling unicode-ident v1.0.8
[INFO] [stderr]    Compiling quote v1.0.27
[INFO] [stderr]    Compiling memchr v2.5.0
[INFO] [stderr]    Compiling log v0.4.17
[INFO] [stderr]    Compiling io-lifetimes v1.0.10
[INFO] [stderr]    Compiling serde_derive v1.0.162
[INFO] [stderr]    Compiling regex-automata v0.1.10
[INFO] [stderr]    Compiling rustix v0.37.19
[INFO] [stderr]    Compiling serde v1.0.162
[INFO] [stderr]    Compiling linux-raw-sys v0.3.7
[INFO] [stderr]    Compiling bitflags v1.3.2
[INFO] [stderr]    Compiling utf8parse v0.2.1
[INFO] [stderr]    Compiling lazy_static v1.4.0
[INFO] [stderr]    Compiling regex-syntax v0.7.1
[INFO] [stderr]    Compiling anstyle-parse v0.2.0
[INFO] [stderr]    Compiling encoding_rs v0.8.32
[INFO] [stderr]    Compiling autocfg v1.1.0
[INFO] [stderr]    Compiling colorchoice v1.0.0
[INFO] [stderr]    Compiling itoa v1.0.6
[INFO] [stderr]    Compiling anstyle v1.0.0
[INFO] [stderr]    Compiling serde_json v1.0.96
[INFO] [stderr]    Compiling anstyle-query v1.0.0
[INFO] [stderr]    Compiling ryu v1.0.13
[INFO] [stderr]    Compiling tracing-core v0.1.30
[INFO] [stderr]    Compiling thread_local v1.1.7
[INFO] [stderr]    Compiling fnv v1.0.7
[INFO] [stderr]    Compiling termcolor v1.2.0
[INFO] [stderr]    Compiling bytecount v0.6.3
[INFO] [stderr]    Compiling indexmap v1.9.3
[INFO] [stderr]    Compiling clap_lex v0.4.1
[INFO] [stderr]    Compiling heck v0.4.1
[INFO] [stderr]    Compiling strsim v0.10.0
[INFO] [stderr]    Compiling regex-syntax v0.6.29
[INFO] [stderr]    Compiling same-file v1.0.6
[INFO] [stderr]    Compiling base64 v0.20.0
[INFO] [stderr]    Compiling overload v0.1.1
[INFO] [stderr]    Compiling anyhow v1.0.71
[INFO] [stderr]    Compiling hashbrown v0.12.3
[INFO] [stderr]    Compiling nu-ansi-term v0.46.0
[INFO] [stderr]    Compiling sharded-slab v0.1.4
[INFO] [stderr]    Compiling unsafe-libyaml v0.2.8
[INFO] [stderr]    Compiling bstr v1.4.0
[INFO] [stderr]    Compiling aho-corasick v1.0.1
[INFO] [stderr]    Compiling syn v2.0.15
[INFO] [stderr]    Compiling aho-corasick v0.7.20
[INFO] [stderr]    Compiling grep-matcher v0.1.6
[INFO] [stderr]    Compiling tracing-log v0.1.3
[INFO] [stderr]    Compiling pin-project-lite v0.2.9
[INFO] [stderr]    Compiling smallvec v1.10.0
[INFO] [stderr]    Compiling encoding_rs_io v0.1.7
[INFO] [stderr]    Compiling tracing-subscriber v0.3.17
[INFO] [stderr]    Compiling memmap2 v0.5.10
[INFO] [stderr]    Compiling atty v0.2.14
[INFO] [stderr]    Compiling grep-searcher v0.1.11
[INFO] [stderr]    Compiling regex v1.8.1
[INFO] [stderr]    Compiling is-terminal v0.4.7
[INFO] [stderr]    Compiling anstream v0.3.2
[INFO] [stderr]    Compiling globset v0.4.10
[INFO] [stderr]    Compiling grep-regex v0.1.11
[INFO] [stderr]    Compiling clap_builder v4.2.7
[INFO] [stderr]    Compiling grep-cli v0.1.7
[INFO] [stderr]    Compiling clap_derive v4.2.0
[INFO] [stderr]    Compiling tracing-attributes v0.1.24
[INFO] [stderr]    Compiling tracing v0.1.37
[INFO] [stderr]    Compiling clap v4.2.7
[INFO] [stderr]    Compiling clap-verbosity-flag v2.0.1
[INFO] [stderr]    Compiling serde_yaml v0.9.21
[INFO] [stderr]    Compiling grep-printer v0.1.7
[INFO] [stderr]    Compiling grep v0.2.11
[INFO] [stderr]    Compiling bv v0.1.0 (/opt/rustwide/workdir)
[INFO] [stdout] error: expected `;`, found `current_config`
[INFO] [stdout]   --> src/main.rs:39:6
[INFO] [stdout]    |
[INFO] [stdout] 39 |     }
[INFO] [stdout]    |      ^ help: add `;` here
[INFO] [stdout] 40 |     // Write the config out
[INFO] [stdout] 41 |     current_config.write_config(&args.config_file);
[INFO] [stdout]    |     -------------- unexpected token
[INFO] [stdout] 
[INFO] [stdout] 
[INFO] [stdout] error[E0412]: cannot find type `Bool` in this scope
[INFO] [stdout]   --> src/bvconfig.rs:32:29
[INFO] [stdout]    |
[INFO] [stdout] 32 |     pub auto_commit: Option<Bool>,
[INFO] [stdout]    |                             ^^^^
[INFO] [stdout]    |
[INFO] [stdout] help: there is an enum variant `clap::error::ContextValue::Bool` and 4 others; try using the variant's enum
[INFO] [stdout]    |
[INFO] [stdout] 32 |     pub auto_commit: Option<clap::error::ContextValue>,
[INFO] [stdout]    |                             ~~~~~~~~~~~~~~~~~~~~~~~~~
[INFO] [stdout] 32 |     pub auto_commit: Option<serde::__private::de::Content>,
[INFO] [stdout]    |                             ~~~~~~~~~~~~~~~~~~~~~~~~~~~~~
[INFO] [stdout] 32 |     pub auto_commit: Option<serde::de::Unexpected>,
[INFO] [stdout]    |                             ~~~~~~~~~~~~~~~~~~~~~
[INFO] [stdout] 32 |     pub auto_commit: Option<serde_yaml::Value>,
[INFO] [stdout]    |                             ~~~~~~~~~~~~~~~~~
[INFO] [stdout] help: a builtin type with a similar name exists
[INFO] [stdout]    |
[INFO] [stdout] 32 |     pub auto_commit: Option<bool>,
[INFO] [stdout]    |                             ~~~~
[INFO] [stdout] help: perhaps you intended to use this type
[INFO] [stdout]    |
[INFO] [stdout] 32 |     pub auto_commit: Option<bool>,
[INFO] [stdout]    |                             ~~~~
[INFO] [stdout] help: you might be missing a type parameter
[INFO] [stdout]    |
[INFO] [stdout] 31 | pub struct BvConfig<Bool> {
[INFO] [stdout]    |                    ++++++
[INFO] [stdout] 
[INFO] [stdout] 
[INFO] [stdout] error[E0412]: cannot find type `Bool` in this scope
[INFO] [stdout]   --> src/bvconfig.rs:33:26
[INFO] [stdout]    |
[INFO] [stdout] 33 |     pub auto_tag: Option<Bool>,
[INFO] [stdout]    |                          ^^^^
[INFO] [stdout]    |
[INFO] [stdout] help: there is an enum variant `clap::error::ContextValue::Bool` and 4 others; try using the variant's enum
[INFO] [stdout]    |
[INFO] [stdout] 33 |     pub auto_tag: Option<clap::error::ContextValue>,
[INFO] [stdout]    |                          ~~~~~~~~~~~~~~~~~~~~~~~~~
[INFO] [stdout] 33 |     pub auto_tag: Option<serde::__private::de::Content>,
[INFO] [stdout]    |                          ~~~~~~~~~~~~~~~~~~~~~~~~~~~~~
[INFO] [stdout] 33 |     pub auto_tag: Option<serde::de::Unexpected>,
[INFO] [stdout]    |                          ~~~~~~~~~~~~~~~~~~~~~
[INFO] [stdout] 33 |     pub auto_tag: Option<serde_yaml::Value>,
[INFO] [stdout]    |                          ~~~~~~~~~~~~~~~~~
[INFO] [stdout] help: a builtin type with a similar name exists
[INFO] [stdout]    |
[INFO] [stdout] 33 |     pub auto_tag: Option<bool>,
[INFO] [stdout]    |                          ~~~~
[INFO] [stdout] help: perhaps you intended to use this type
[INFO] [stdout]    |
[INFO] [stdout] 33 |     pub auto_tag: Option<bool>,
[INFO] [stdout]    |                          ~~~~
[INFO] [stdout] help: you might be missing a type parameter
[INFO] [stdout]    |
[INFO] [stdout] 31 | pub struct BvConfig<Bool> {
[INFO] [stdout]    |                    ++++++
[INFO] [stdout] 
[INFO] [stdout] 
[INFO] [stdout] error[E0412]: cannot find type `Bool` in this scope
[INFO] [stdout]   --> src/bvconfig.rs:32:29
[INFO] [stdout]    |
[INFO] [stdout] 32 |     pub auto_commit: Option<Bool>,
[INFO] [stdout]    |                             ^^^^
[INFO] [stdout]    |
[INFO] [stdout] help: there is an enum variant `clap::error::ContextValue::Bool` and 4 others; try using the variant's enum
[INFO] [stdout]    |
[INFO] [stdout] 32 |     pub auto_commit: Option<clap::error::ContextValue>,
[INFO] [stdout]    |                             ~~~~~~~~~~~~~~~~~~~~~~~~~
[INFO] [stdout] 32 |     pub auto_commit: Option<serde::__private::de::Content>,
[INFO] [stdout]    |                             ~~~~~~~~~~~~~~~~~~~~~~~~~~~~~
[INFO] [stdout] 32 |     pub auto_commit: Option<serde::de::Unexpected>,
[INFO] [stdout]    |                             ~~~~~~~~~~~~~~~~~~~~~
[INFO] [stdout] 32 |     pub auto_commit: Option<serde_yaml::Value>,
[INFO] [stdout]    |                             ~~~~~~~~~~~~~~~~~
[INFO] [stdout] help: a builtin type with a similar name exists
[INFO] [stdout]    |
[INFO] [stdout] 32 |     pub auto_commit: Option<bool>,
[INFO] [stdout]    |                             ~~~~
[INFO] [stdout] help: perhaps you intended to use this type
[INFO] [stdout]    |
[INFO] [stdout] 32 |     pub auto_commit: Option<bool>,
[INFO] [stdout]    |                             ~~~~
[INFO] [stdout] 
[INFO] [stdout] 
[INFO] [stdout] error[E0412]: cannot find type `Bool` in this scope
[INFO] [stdout]   --> src/bvconfig.rs:33:26
[INFO] [stdout]    |
[INFO] [stdout] 33 |     pub auto_tag: Option<Bool>,
[INFO] [stdout]    |                          ^^^^
[INFO] [stdout]    |
[INFO] [stdout] help: there is an enum variant `clap::error::ContextValue::Bool` and 4 others; try using the variant's enum
[INFO] [stdout]    |
[INFO] [stdout] 33 |     pub auto_tag: Option<clap::error::ContextValue>,
[INFO] [stdout]    |                          ~~~~~~~~~~~~~~~~~~~~~~~~~
[INFO] [stdout] 33 |     pub auto_tag: Option<serde::__private::de::Content>,
[INFO] [stdout]    |                          ~~~~~~~~~~~~~~~~~~~~~~~~~~~~~
[INFO] [stdout] 33 |     pub auto_tag: Option<serde::de::Unexpected>,
[INFO] [stdout]    |                          ~~~~~~~~~~~~~~~~~~~~~
[INFO] [stdout] 33 |     pub auto_tag: Option<serde_yaml::Value>,
[INFO] [stdout]    |                          ~~~~~~~~~~~~~~~~~
[INFO] [stdout] help: a builtin type with a similar name exists
[INFO] [stdout]    |
[INFO] [stdout] 33 |     pub auto_tag: Option<bool>,
[INFO] [stdout]    |                          ~~~~
[INFO] [stdout] help: perhaps you intended to use this type
[INFO] [stdout]    |
[INFO] [stdout] 33 |     pub auto_tag: Option<bool>,
[INFO] [stdout]    |                          ~~~~
[INFO] [stdout] 
[INFO] [stdout] 
[INFO] [stdout] error[E0412]: cannot find type `Bool` in this scope
[INFO] [stdout]   --> src/bvconfig.rs:40:29
[INFO] [stdout]    |
[INFO] [stdout] 40 |     pub auto_commit: Option<Bool>,
[INFO] [stdout]    |                             ^^^^
[INFO] [stdout]    |
[INFO] [stdout] help: there is an enum variant `clap::error::ContextValue::Bool` and 4 others; try using the variant's enum
[INFO] [stdout]    |
[INFO] [stdout] 40 |     pub auto_commit: Option<clap::error::ContextValue>,
[INFO] [stdout]    |                             ~~~~~~~~~~~~~~~~~~~~~~~~~
[INFO] [stdout] 40 |     pub auto_commit: Option<serde::__private::de::Content>,
[INFO] [stdout]    |                             ~~~~~~~~~~~~~~~~~~~~~~~~~~~~~
[INFO] [stdout] 40 |     pub auto_commit: Option<serde::de::Unexpected>,
[INFO] [stdout]    |                             ~~~~~~~~~~~~~~~~~~~~~
[INFO] [stdout] 40 |     pub auto_commit: Option<serde_yaml::Value>,
[INFO] [stdout]    |                             ~~~~~~~~~~~~~~~~~
[INFO] [stdout] help: a builtin type with a similar name exists
[INFO] [stdout]    |
[INFO] [stdout] 40 |     pub auto_commit: Option<bool>,
[INFO] [stdout]    |                             ~~~~
[INFO] [stdout] help: perhaps you intended to use this type
[INFO] [stdout]    |
[INFO] [stdout] 40 |     pub auto_commit: Option<bool>,
[INFO] [stdout]    |                             ~~~~
[INFO] [stdout] help: you might be missing a type parameter
[INFO] [stdout]    |
[INFO] [stdout] 39 | pub struct ModuleConfig<Bool> {
[INFO] [stdout]    |                        ++++++
[INFO] [stdout] 
[INFO] [stdout] 
[INFO] [stdout] error[E0412]: cannot find type `Bool` in this scope
[INFO] [stdout]   --> src/bvconfig.rs:41:26
[INFO] [stdout]    |
[INFO] [stdout] 41 |     pub auto_tag: Option<Bool>,
[INFO] [stdout]    |                          ^^^^
[INFO] [stdout]    |
[INFO] [stdout] help: there is an enum variant `clap::error::ContextValue::Bool` and 4 others; try using the variant's enum
[INFO] [stdout]    |
[INFO] [stdout] 41 |     pub auto_tag: Option<clap::error::ContextValue>,
[INFO] [stdout]    |                          ~~~~~~~~~~~~~~~~~~~~~~~~~
[INFO] [stdout] 41 |     pub auto_tag: Option<serde::__private::de::Content>,
[INFO] [stdout]    |                          ~~~~~~~~~~~~~~~~~~~~~~~~~~~~~
[INFO] [stdout] 41 |     pub auto_tag: Option<serde::de::Unexpected>,
[INFO] [stdout]    |                          ~~~~~~~~~~~~~~~~~~~~~
[INFO] [stdout] 41 |     pub auto_tag: Option<serde_yaml::Value>,
[INFO] [stdout]    |                          ~~~~~~~~~~~~~~~~~
[INFO] [stdout] help: a builtin type with a similar name exists
[INFO] [stdout]    |
[INFO] [stdout] 41 |     pub auto_tag: Option<bool>,
[INFO] [stdout]    |                          ~~~~
[INFO] [stdout] help: perhaps you intended to use this type
[INFO] [stdout]    |
[INFO] [stdout] 41 |     pub auto_tag: Option<bool>,
[INFO] [stdout]    |                          ~~~~
[INFO] [stdout] help: you might be missing a type parameter
[INFO] [stdout]    |
[INFO] [stdout] 39 | pub struct ModuleConfig<Bool> {
[INFO] [stdout]    |                        ++++++
[INFO] [stdout] 
[INFO] [stdout] 
[INFO] [stdout] error[E0412]: cannot find type `Bool` in this scope
[INFO] [stdout]   --> src/bvconfig.rs:40:29
[INFO] [stdout]    |
[INFO] [stdout] 40 |     pub auto_commit: Option<Bool>,
[INFO] [stdout]    |                             ^^^^
[INFO] [stdout]    |
[INFO] [stdout] help: there is an enum variant `clap::error::ContextValue::Bool` and 4 others; try using the variant's enum
[INFO] [stdout]    |
[INFO] [stdout] 40 |     pub auto_commit: Option<clap::error::ContextValue>,
[INFO] [stdout]    |                             ~~~~~~~~~~~~~~~~~~~~~~~~~
[INFO] [stdout] 40 |     pub auto_commit: Option<serde::__private::de::Content>,
[INFO] [stdout]    |                             ~~~~~~~~~~~~~~~~~~~~~~~~~~~~~
[INFO] [stdout] 40 |     pub auto_commit: Option<serde::de::Unexpected>,
[INFO] [stdout]    |                             ~~~~~~~~~~~~~~~~~~~~~
[INFO] [stdout] 40 |     pub auto_commit: Option<serde_yaml::Value>,
[INFO] [stdout]    |                             ~~~~~~~~~~~~~~~~~
[INFO] [stdout] help: a builtin type with a similar name exists
[INFO] [stdout]    |
[INFO] [stdout] 40 |     pub auto_commit: Option<bool>,
[INFO] [stdout]    |                             ~~~~
[INFO] [stdout] help: perhaps you intended to use this type
[INFO] [stdout]    |
[INFO] [stdout] 40 |     pub auto_commit: Option<bool>,
[INFO] [stdout]    |                             ~~~~
[INFO] [stdout] 
[INFO] [stdout] 
[INFO] [stdout] error[E0412]: cannot find type `Bool` in this scope
[INFO] [stdout]   --> src/bvconfig.rs:41:26
[INFO] [stdout]    |
[INFO] [stdout] 41 |     pub auto_tag: Option<Bool>,
[INFO] [stdout]    |                          ^^^^
[INFO] [stdout]    |
[INFO] [stdout] help: there is an enum variant `clap::error::ContextValue::Bool` and 4 others; try using the variant's enum
[INFO] [stdout]    |
[INFO] [stdout] 41 |     pub auto_tag: Option<clap::error::ContextValue>,
[INFO] [stdout]    |                          ~~~~~~~~~~~~~~~~~~~~~~~~~
[INFO] [stdout] 41 |     pub auto_tag: Option<serde::__private::de::Content>,
[INFO] [stdout]    |                          ~~~~~~~~~~~~~~~~~~~~~~~~~~~~~
[INFO] [stdout] 41 |     pub auto_tag: Option<serde::de::Unexpected>,
[INFO] [stdout]    |                          ~~~~~~~~~~~~~~~~~~~~~
[INFO] [stdout] 41 |     pub auto_tag: Option<serde_yaml::Value>,
[INFO] [stdout]    |                          ~~~~~~~~~~~~~~~~~
[INFO] [stdout] help: a builtin type with a similar name exists
[INFO] [stdout]    |
[INFO] [stdout] 41 |     pub auto_tag: Option<bool>,
[INFO] [stdout]    |                          ~~~~
[INFO] [stdout] help: perhaps you intended to use this type
[INFO] [stdout]    |
[INFO] [stdout] 41 |     pub auto_tag: Option<bool>,
[INFO] [stdout]    |                          ~~~~
[INFO] [stdout] 
[INFO] [stdout] 
[INFO] [stdout] warning: unused imports: `Args`, `ValueEnum`
[INFO] [stdout]  --> src/cli.rs:9:12
[INFO] [stdout]   |
[INFO] [stdout] 9 | use clap::{Args, Parser, Subcommand, ValueEnum};
[INFO] [stdout]   |            ^^^^                      ^^^^^^^^^
[INFO] [stdout]   |
[INFO] [stdout]   = note: `#[warn(unused_imports)]` on by default
[INFO] [stdout] 
[INFO] [stdout] 
[INFO] [stdout] warning: unused import: `std::path::PathBuf`
[INFO] [stdout]   --> src/main.rs:15:5
[INFO] [stdout]    |
[INFO] [stdout] 15 | use std::path::PathBuf;
[INFO] [stdout]    |     ^^^^^^^^^^^^^^^^^^
[INFO] [stdout] 
[INFO] [stdout] 
[INFO] [stdout] warning: unused imports: `debug`, `error`, `info`, `warn`
[INFO] [stdout]   --> src/main.rs:16:15
[INFO] [stdout]    |
[INFO] [stdout] 16 | use tracing::{debug, error, info, trace, warn};
[INFO] [stdout]    |               ^^^^^  ^^^^^  ^^^^         ^^^^
[INFO] [stdout] 
[INFO] [stdout] 
[INFO] [stdout] error[E0277]: `SupportedVCS` doesn't implement `std::fmt::Debug`
[INFO] [stdout]   --> src/bvconfig.rs:35:5
[INFO] [stdout]    |
[INFO] [stdout] 30 | #[derive(Debug, Deserialize, PartialEq, Serialize)]
[INFO] [stdout]    |          ----- in this derive macro expansion
[INFO] [stdout] ...
[INFO] [stdout] 35 |     pub vcs: Option<SupportedVCS>,
[INFO] [stdout]    |     ^^^^^^^^^^^^^^^^^^^^^^^^^^^^^ `SupportedVCS` cannot be formatted using `{:?}`
[INFO] [stdout]    |
[INFO] [stdout]    = help: the trait `std::fmt::Debug` is not implemented for `SupportedVCS`
[INFO] [stdout]    = note: add `#[derive(Debug)]` to `SupportedVCS` or manually `impl std::fmt::Debug for SupportedVCS`
[INFO] [stdout]    = help: the trait `std::fmt::Debug` is implemented for `std::option::Option<T>`
[INFO] [stdout]    = note: this error originates in the derive macro `Debug` (in Nightly builds, run with -Z macro-backtrace for more info)
[INFO] [stdout] help: consider annotating `SupportedVCS` with `#[derive(Debug)]`
[INFO] [stdout]    |
[INFO] [stdout] 77 + #[derive(Debug)]
[INFO] [stdout] 78 | pub enum SupportedVCS {
[INFO] [stdout]    |
[INFO] [stdout] 
[INFO] [stdout] 
[INFO] [stdout] error[E0277]: the trait bound `SupportedVCS: Deserialize<'_>` is not satisfied
[INFO] [stdout]     --> src/bvconfig.rs:35:14
[INFO] [stdout]      |
[INFO] [stdout] 35   |     pub vcs: Option<SupportedVCS>,
[INFO] [stdout]      |              ^^^^^^^^^^^^^^^^^^^^ the trait `Deserialize<'_>` is not implemented for `SupportedVCS`
[INFO] [stdout]      |
[INFO] [stdout]      = help: the following other types implement trait `Deserialize<'de>`:
[INFO] [stdout]                bool
[INFO] [stdout]                char
[INFO] [stdout]                isize
[INFO] [stdout]                i8
[INFO] [stdout]                i16
[INFO] [stdout]                i32
[INFO] [stdout]                i64
[INFO] [stdout]                i128
[INFO] [stdout]              and 142 others
[INFO] [stdout]      = note: required for `std::option::Option<SupportedVCS>` to implement `Deserialize<'_>`
[INFO] [stdout] note: required by a bound in `next_element`
[INFO] [stdout]     --> /opt/rustwide/cargo-home/registry/src/index.crates.io-6f17d22bba15001f/serde-1.0.162/src/de/mod.rs:1729:12
[INFO] [stdout]      |
[INFO] [stdout] 1727 |     fn next_element<T>(&mut self) -> Result<Option<T>, Self::Error>
[INFO] [stdout]      |        ------------ required by a bound in this associated function
[INFO] [stdout] 1728 |     where
[INFO] [stdout] 1729 |         T: Deserialize<'de>,
[INFO] [stdout]      |            ^^^^^^^^^^^^^^^^ required by this bound in `SeqAccess::next_element`
[INFO] [stdout] 
[INFO] [stdout] 
[INFO] [stdout] error[E0277]: the trait bound `SupportedVCS: Deserialize<'_>` is not satisfied
[INFO] [stdout]     --> src/bvconfig.rs:35:14
[INFO] [stdout]      |
[INFO] [stdout] 35   |     pub vcs: Option<SupportedVCS>,
[INFO] [stdout]      |              ^^^^^^^^^^^^^^^^^^^^ the trait `Deserialize<'_>` is not implemented for `SupportedVCS`
[INFO] [stdout]      |
[INFO] [stdout]      = help: the following other types implement trait `Deserialize<'de>`:
[INFO] [stdout]                bool
[INFO] [stdout]                char
[INFO] [stdout]                isize
[INFO] [stdout]                i8
[INFO] [stdout]                i16
[INFO] [stdout]                i32
[INFO] [stdout]                i64
[INFO] [stdout]                i128
[INFO] [stdout]              and 142 others
[INFO] [stdout]      = note: required for `std::option::Option<SupportedVCS>` to implement `Deserialize<'_>`
[INFO] [stdout] note: required by a bound in `next_value`
[INFO] [stdout]     --> /opt/rustwide/cargo-home/registry/src/index.crates.io-6f17d22bba15001f/serde-1.0.162/src/de/mod.rs:1868:12
[INFO] [stdout]      |
[INFO] [stdout] 1866 |     fn next_value<V>(&mut self) -> Result<V, Self::Error>
[INFO] [stdout]      |        ---------- required by a bound in this associated function
[INFO] [stdout] 1867 |     where
[INFO] [stdout] 1868 |         V: Deserialize<'de>,
[INFO] [stdout]      |            ^^^^^^^^^^^^^^^^ required by this bound in `MapAccess::next_value`
[INFO] [stdout] 
[INFO] [stdout] 
[INFO] [stdout] error[E0277]: the trait bound `SupportedVCS: Deserialize<'_>` is not satisfied
[INFO] [stdout]   --> src/bvconfig.rs:35:5
[INFO] [stdout]    |
[INFO] [stdout] 35 |     pub vcs: Option<SupportedVCS>,
[INFO] [stdout]    |     ^^^ the trait `Deserialize<'_>` is not implemented for `SupportedVCS`
[INFO] [stdout]    |
[INFO] [stdout]    = help: the following other types implement trait `Deserialize<'de>`:
[INFO] [stdout]              bool
[INFO] [stdout]              char
[INFO] [stdout]              isize
[INFO] [stdout]              i8
[INFO] [stdout]              i16
[INFO] [stdout]              i32
[INFO] [stdout]              i64
[INFO] [stdout]              i128
[INFO] [stdout]            and 142 others
[INFO] [stdout]    = note: required for `std::option::Option<SupportedVCS>` to implement `Deserialize<'_>`
[INFO] [stdout] note: required by a bound in `bvconfig::_::_serde::__private::de::missing_field`
[INFO] [stdout]   --> /opt/rustwide/cargo-home/registry/src/index.crates.io-6f17d22bba15001f/serde-1.0.162/src/private/de.rs:22:8
[INFO] [stdout]    |
[INFO] [stdout] 20 | pub fn missing_field<'de, V, E>(field: &'static str) -> Result<V, E>
[INFO] [stdout]    |        ------------- required by a bound in this function
[INFO] [stdout] 21 | where
[INFO] [stdout] 22 |     V: Deserialize<'de>,
[INFO] [stdout]    |        ^^^^^^^^^^^^^^^^ required by this bound in `missing_field`
[INFO] [stdout] 
[INFO] [stdout] 
[INFO] [stdout] error[E0369]: binary operation `==` cannot be applied to type `std::option::Option<SupportedVCS>`
[INFO] [stdout]   --> src/bvconfig.rs:35:5
[INFO] [stdout]    |
[INFO] [stdout] 30 | #[derive(Debug, Deserialize, PartialEq, Serialize)]
[INFO] [stdout]    |                              --------- in this derive macro expansion
[INFO] [stdout] ...
[INFO] [stdout] 35 |     pub vcs: Option<SupportedVCS>,
[INFO] [stdout]    |     ^^^^^^^^^^^^^^^^^^^^^^^^^^^^^
[INFO] [stdout]    |
[INFO] [stdout] note: an implementation of `PartialEq` might be missing for `SupportedVCS`
[INFO] [stdout]   --> src/bvconfig.rs:77:1
[INFO] [stdout]    |
[INFO] [stdout] 77 | pub enum SupportedVCS {
[INFO] [stdout]    | ^^^^^^^^^^^^^^^^^^^^^ must implement `PartialEq`
[INFO] [stdout]    = note: this error originates in the derive macro `PartialEq` (in Nightly builds, run with -Z macro-backtrace for more info)
[INFO] [stdout] help: consider annotating `SupportedVCS` with `#[derive(PartialEq)]`
[INFO] [stdout]    |
[INFO] [stdout] 77 + #[derive(PartialEq)]
[INFO] [stdout] 78 | pub enum SupportedVCS {
[INFO] [stdout]    |
[INFO] [stdout] 
[INFO] [stdout] 
[INFO] [stdout] error[E0277]: the trait bound `SupportedVCS: Serialize` is not satisfied
[INFO] [stdout]     --> src/bvconfig.rs:30:41
[INFO] [stdout]      |
[INFO] [stdout] 30   | #[derive(Debug, Deserialize, PartialEq, Serialize)]
[INFO] [stdout]      |                                         ^^^^^^^^^ the trait `Serialize` is not implemented for `SupportedVCS`
[INFO] [stdout] ...
[INFO] [stdout] 35   |     pub vcs: Option<SupportedVCS>,
[INFO] [stdout]      |     --- required by a bound introduced by this call
[INFO] [stdout]      |
[INFO] [stdout]      = help: the following other types implement trait `Serialize`:
[INFO] [stdout]                bool
[INFO] [stdout]                char
[INFO] [stdout]                isize
[INFO] [stdout]                i8
[INFO] [stdout]                i16
[INFO] [stdout]                i32
[INFO] [stdout]                i64
[INFO] [stdout]                i128
[INFO] [stdout]              and 145 others
[INFO] [stdout]      = note: required for `std::option::Option<SupportedVCS>` to implement `Serialize`
[INFO] [stdout] note: required by a bound in `bvconfig::_::_serde::ser::SerializeStruct::serialize_field`
[INFO] [stdout]     --> /opt/rustwide/cargo-home/registry/src/index.crates.io-6f17d22bba15001f/serde-1.0.162/src/ser/mod.rs:1901:12
[INFO] [stdout]      |
[INFO] [stdout] 1895 |     fn serialize_field<T: ?Sized>(
[INFO] [stdout]      |        --------------- required by a bound in this associated function
[INFO] [stdout] ...
[INFO] [stdout] 1901 |         T: Serialize;
[INFO] [stdout]      |            ^^^^^^^^^ required by this bound in `SerializeStruct::serialize_field`
[INFO] [stdout] 
[INFO] [stdout] 
[INFO] [stdout] error[E0308]: mismatched types
[INFO] [stdout]    --> src/bvconfig.rs:47:41
[INFO] [stdout]     |
[INFO] [stdout] 47  | #[derive(Debug, Deserialize, PartialEq, Serialize)]
[INFO] [stdout]     |                                         ^^^^^^^^^ expected `&RegexPatterns`, found `&Option<RegexPatterns>`
[INFO] [stdout] ...
[INFO] [stdout] 50  |     #[serde(default, skip_serializing_if = "is_default_regex_patterns")]
[INFO] [stdout]     |                                            --------------------------- arguments to this function are incorrect
[INFO] [stdout]     |
[INFO] [stdout]     = note: expected reference `&RegexPatterns`
[INFO] [stdout]                found reference `&std::option::Option<RegexPatterns>`
[INFO] [stdout] note: function defined here
[INFO] [stdout]    --> src/bvconfig.rs:179:4
[INFO] [stdout]     |
[INFO] [stdout] 179 | fn is_default_regex_patterns(data: &RegexPatterns) -> bool {
[INFO] [stdout]     |    ^^^^^^^^^^^^^^^^^^^^^^^^^ --------------------
[INFO] [stdout]     = note: this error originates in the derive macro `Serialize` (in Nightly builds, run with -Z macro-backtrace for more info)
[INFO] [stdout] 
[INFO] [stdout] 
[INFO] [stdout] error[E0063]: missing fields `auto_commit`, `auto_tag` and `vcs` in initializer of `bvconfig::BvConfig`
[INFO] [stdout]   --> src/bvconfig.rs:84:9
[INFO] [stdout]    |
[INFO] [stdout] 84 |         Self{
[INFO] [stdout]    |         ^^^^ missing `auto_commit`, `auto_tag` and `vcs`
[INFO] [stdout] 
[INFO] [stdout] 
[INFO] [stdout] error[E0063]: missing fields `replace_pattern` and `search_pattern` in initializer of `RegexPatterns`
[INFO] [stdout]   --> src/bvconfig.rs:92:9
[INFO] [stdout]    |
[INFO] [stdout] 92 |         Self{}
[INFO] [stdout]    |         ^^^^ missing `replace_pattern` and `search_pattern`
[INFO] [stdout] 
[INFO] [stdout] 
[INFO] [stdout] error[E0061]: this enum variant takes 1 argument but 0 arguments were supplied
[INFO] [stdout]   --> src/modules.rs:11:5
[INFO] [stdout]    |
[INFO] [stdout] 11 |     Ok()
[INFO] [stdout]    |     ^^-- an argument of type `()` is missing
[INFO] [stdout]    |
[INFO] [stdout] note: tuple variant defined here
[INFO] [stdout]   --> /rustc/0e09125c6c3c2fd70d7de961bcf0e51575235fad/library/core/src/result.rs:506:5
[INFO] [stdout] help: provide the argument
[INFO] [stdout]    |
[INFO] [stdout] 11 |     Ok(())
[INFO] [stdout]    |       ~~~~
[INFO] [stdout] 
[INFO] [stdout] 
[INFO] [stdout] error[E0061]: this enum variant takes 1 argument but 0 arguments were supplied
[INFO] [stdout]   --> src/modules.rs:16:5
[INFO] [stdout]    |
[INFO] [stdout] 16 |     Ok()
[INFO] [stdout]    |     ^^-- an argument of type `()` is missing
[INFO] [stdout]    |
[INFO] [stdout] note: tuple variant defined here
[INFO] [stdout]   --> /rustc/0e09125c6c3c2fd70d7de961bcf0e51575235fad/library/core/src/result.rs:506:5
[INFO] [stdout] help: provide the argument
[INFO] [stdout]    |
[INFO] [stdout] 16 |     Ok(())
[INFO] [stdout]    |       ~~~~
[INFO] [stdout] 
[INFO] [stdout] 
[INFO] [stdout] error: aborting due to 20 previous errors; 3 warnings emitted
[INFO] [stdout] 
[INFO] [stdout] 
[INFO] [stdout] Some errors have detailed explanations: E0061, E0063, E0277, E0308, E0369, E0412.
[INFO] [stdout] 
[INFO] [stdout] For more information about an error, try `rustc --explain E0061`.
[INFO] [stdout] 
[INFO] [stderr] error: could not compile `bv` (bin "bv") due to 21 previous errors; 3 warnings emitted
[INFO] running `Command { std: "docker" "inspect" "a27ab2820ac9aa6a55aec8935b096ada3b1e352021f9427ad5c517a08a47f79f", kill_on_drop: false }`
[INFO] running `Command { std: "docker" "rm" "-f" "a27ab2820ac9aa6a55aec8935b096ada3b1e352021f9427ad5c517a08a47f79f", kill_on_drop: false }`
[INFO] [stdout] a27ab2820ac9aa6a55aec8935b096ada3b1e352021f9427ad5c517a08a47f79f
